79.127.134.133 - - [21/Jul/2026:18:30:52 +0000] "GET /video/rhyon-california/ HTTP/2" 200 18231 "-" "Mozilla/5.0 (compatible; MJ12bot/v1.4.8; http://mj12bot.com/)"
79.127.134.130 - - [21/Jul/2026:18:30:54 +0000] "GET /video/rick-ross-born-to-kill/ HTTP/2" 200 18278 "-" "Mozilla/5.0 (compatible; MJ12bot/v1.4.8; http://mj12bot.com/)"
79.127.237.132 - - [21/Jul/2026:18:30:55 +0000] "GET /items/G722336396/ HTTP/2" 404 14952 "-" "Mozilla/5.0 (compatible; AhrefsBot/7.0; +http://ahrefs.com/robot/)"
79.127.134.130 - - [21/Jul/2026:18:30:57 +0000] "GET /video/rick-ross-fascinated/ HTTP/2" 200 18313 "-" "Mozilla/5.0 (compatible; MJ12bot/v1.4.8; http://mj12bot.com/)"
79.127.237.132 - - [21/Jul/2026:18:30:59 +0000] "GET /items/G721555774/ HTTP/2" 404 14952 "-" "Mozilla/5.0 (compatible; AhrefsBot/7.0; +http://ahrefs.com/robot/)"
143.244.56.54 - - [21/Jul/2026:18:30:59 +0000] "GET /video/sami-beigi-hmg/ HTTP/2" 200 18225 "-" "Mozilla/5.0 (compatible; MJ12bot/v1.4.8; http://mj12bot.com/)"
143.244.56.57 - - [21/Jul/2026:18:31:02 +0000] "GET /video/sami-beigi-padeshah/ HTTP/2" 200 18080 "-" "Mozilla/5.0 (compatible; MJ12bot/v1.4.8; http://mj12bot.com/)"
79.127.237.132 - - [21/Jul/2026:18:31:03 +0000] "GET /items/G724286817/ HTTP/2" 404 14952 "-" "Mozilla/5.0 (compatible; AhrefsBot/7.0; +http://ahrefs.com/robot/)"
79.127.134.234 - - [21/Jul/2026:18:31:05 +0000] "GET /video/sami-beigi-unike-midoone/ HTTP/2" 200 18180 "-" "Mozilla/5.0 (compatible; MJ12bot/v1.4.8; http://mj12bot.com/)"
79.127.134.229 - - [21/Jul/2026:18:31:07 +0000] "GET /video/samsung-bespoke/ HTTP/2" 200 17945 "-" "Mozilla/5.0 (compatible; MJ12bot/v1.4.8; http://mj12bot.com/)"
79.127.237.104 - - [21/Jul/2026:18:31:08 +0000] "GET /items/G721067007/ HTTP/2" 404 14952 "-" "Mozilla/5.0 (compatible; AhrefsBot/7.0; +http://ahrefs.com/robot/)"
79.127.134.133 - - [21/Jul/2026:18:31:10 +0000] "GET /video/samsung-galaxy-book-4-pro/ HTTP/2" 200 18190 "-" "Mozilla/5.0 (compatible; MJ12bot/v1.4.8; http://mj12bot.com/)"
84.17.63.178 - - [21/Jul/2026:18:31:10 +0000] "GET /video/the-magicians-raincoat HTTP/2" 301 5 "-" "Mozilla/5.0 AppleWebKit/537.36 (KHTML, like Gecko; compatible; SleepBot/1.0; +http://sleepbot.com/) Chrome/131.0.0.0 Safari/537.36"
143.244.38.134 - - [21/Jul/2026:18:31:11 +0000] "GET /items/G724203312/ HTTP/2" 404 14952 "-" "Mozilla/5.0 (compatible; AhrefsBot/7.0; +http://ahrefs.com/robot/)"
84.17.63.178 - - [21/Jul/2026:18:31:12 +0000] "GET /video/the-magicians-raincoat/ HTTP/2" 200 18082 "https://azfilmz.com/video/the-magicians-raincoat" "Mozilla/5.0 AppleWebKit/537.36 (KHTML, like Gecko; compatible; SleepBot/1.0; +http://sleepbot.com/) Chrome/131.0.0.0 Safari/537.36"
143.244.56.57 - - [21/Jul/2026:18:31:12 +0000] "GET /video/samsung-galaxy-s25-ultra-all-ready-lady-emma/ HTTP/2" 200 18046 "-" "Mozilla/5.0 (compatible; MJ12bot/v1.4.8; http://mj12bot.com/)"
79.127.134.133 - - [21/Jul/2026:18:31:14 +0000] "GET /video/samsung-instant-slow-mo/ HTTP/2" 200 18057 "-" "Mozilla/5.0 (compatible; MJ12bot/v1.4.8; http://mj12bot.com/)"
79.127.237.104 - - [21/Jul/2026:18:31:15 +0000] "GET /items/G723964836/ HTTP/2" 404 14952 "-" "Mozilla/5.0 (compatible; AhrefsBot/7.0; +http://ahrefs.com/robot/)"
79.127.134.130 - - [21/Jul/2026:18:31:17 +0000] "GET /video/samsung-live-effect/ HTTP/2" 200 18000 "-" "Mozilla/5.0 (compatible; MJ12bot/v1.4.8; http://mj12bot.com/)"
79.127.237.104 - - [21/Jul/2026:18:31:18 +0000] "GET /goods/212395393514 HTTP/2" 404 14952 "-" "Mozilla/5.0 (compatible; AhrefsBot/7.0; +http://ahrefs.com/robot/)"
79.127.134.129 - - [21/Jul/2026:18:31:19 +0000] "GET /video/samsung-neo-qled-8k-tv/ HTTP/2" 200 18040 "-" "Mozilla/5.0 (compatible; MJ12bot/v1.4.8; http://mj12bot.com/)"
208.91.111.227 - - [21/Jul/2026:18:31:20 +0000] "GET /video/cristian-marchi-nari-milani-ft-maxc-i-got-you/ HTTP/1.1" 200 18353 "-" "Mozilla/5.0 AppleWebKit/537.36 (KHTML, like Gecko; compatible; ClaudeBot/1.0; +claudebot@anthropic.com)"
143.244.56.55 - - [21/Jul/2026:18:31:22 +0000] "GET /video/samsung-qled-design-story-film/ HTTP/2" 200 18111 "-" "Mozilla/5.0 (compatible; MJ12bot/v1.4.8; http://mj12bot.com/)"
79.127.237.104 - - [21/Jul/2026:18:31:24 +0000] "GET /items/G723934217/ HTTP/2" 404 14952 "-" "Mozilla/5.0 (compatible; AhrefsBot/7.0; +http://ahrefs.com/robot/)"
79.127.134.132 - - [21/Jul/2026:18:31:24 +0000] "GET /video/sasy-doctor/ HTTP/2" 200 18164 "-" "Mozilla/5.0 (compatible; MJ12bot/v1.4.8; http://mj12bot.com/)"
185.93.2.245 - - [21/Jul/2026:18:31:27 +0000] "GET /video/sasy-maman-mano-bebakhsh/ HTTP/2" 200 18229 "-" "Mozilla/5.0 (compatible; MJ12bot/v1.4.8; http://mj12bot.com/)"
143.244.38.134 - - [21/Jul/2026:18:31:27 +0000] "GET /items/G723684573/ HTTP/2" 404 14951 "-" "Mozilla/5.0 (compatible; AhrefsBot/7.0; +http://ahrefs.com/robot/)"
79.127.134.234 - - [21/Jul/2026:18:31:29 +0000] "GET /video/sasy-noosh/ HTTP/2" 200 18195 "-" "Mozilla/5.0 (compatible; MJ12bot/v1.4.8; http://mj12bot.com/)"
79.127.237.104 - - [21/Jul/2026:18:31:31 +0000] "GET /items/G723539509/ HTTP/2" 404 14951 "-" "Mozilla/5.0 (compatible; AhrefsBot/7.0; +http://ahrefs.com/robot/)"
79.127.134.234 - - [21/Jul/2026:18:31:32 +0000] "GET /video/sasy-tehran-tokyo/ HTTP/2" 200 18249 "-" "Mozilla/5.0 (compatible; MJ12bot/v1.4.8; http://mj12bot.com/)"
143.244.56.57 - - [21/Jul/2026:18:31:34 +0000] "GET /video/scandal/ HTTP/2" 200 17789 "-" "Mozilla/5.0 (compatible; MJ12bot/v1.4.8; http://mj12bot.com/)"
143.244.38.134 - - [21/Jul/2026:18:31:35 +0000] "GET /goods/207575923065 HTTP/2" 404 14952 "-" "Mozilla/5.0 (compatible; AhrefsBot/7.0; +http://ahrefs.com/robot/)"
208.91.111.227 - - [21/Jul/2026:18:31:37 +0000] "GET /?p=13537 HTTP/1.1" 301 5 "-" "Mozilla/5.0 AppleWebKit/537.36 (KHTML, like Gecko; compatible; ClaudeBot/1.0; +claudebot@anthropic.com)"
79.127.134.129 - - [21/Jul/2026:18:31:37 +0000] "GET /video/sean-tizzle-abeg/ HTTP/2" 200 18093 "-" "Mozilla/5.0 (compatible; MJ12bot/v1.4.8; http://mj12bot.com/)"
208.91.111.227 - - [21/Jul/2026:18:31:37 +0000] "GET /video/mika-newton-come-out-play/ HTTP/1.1" 200 18263 "https://www.azfilmz.com/?p=13537" "Mozilla/5.0 AppleWebKit/537.36 (KHTML, like Gecko; compatible; ClaudeBot/1.0; +claudebot@anthropic.com)"
143.244.56.49 - - [21/Jul/2026:18:31:40 +0000] "GET /video/shahab-tiam-bi-hashiyeh/ HTTP/2" 200 18004 "-" "Mozilla/5.0 (compatible; MJ12bot/v1.4.8; http://mj12bot.com/)"
79.127.237.104 - - [21/Jul/2026:18:31:40 +0000] "GET /goods/201169413528 HTTP/2" 404 14952 "-" "Mozilla/5.0 (compatible; AhrefsBot/7.0; +http://ahrefs.com/robot/)"
208.91.111.227 - - [21/Jul/2026:18:31:41 +0000] "GET /video/mansour-ahay-divooneh/ HTTP/1.1" 200 18186 "-" "Mozilla/5.0 AppleWebKit/537.36 (KHTML, like Gecko; compatible; ClaudeBot/1.0; +claudebot@anthropic.com)"
185.93.2.244 - - [21/Jul/2026:18:31:42 +0000] "GET /video/shahab-tiam-manoto/ HTTP/2" 200 18302 "-" "Mozilla/5.0 (compatible; MJ12bot/v1.4.8; http://mj12bot.com/)"
79.127.237.132 - - [21/Jul/2026:18:31:43 +0000] "GET /items/G723347414/ HTTP/2" 404 14952 "-" "Mozilla/5.0 (compatible; AhrefsBot/7.0; +http://ahrefs.com/robot/)"
79.127.134.133 - - [21/Jul/2026:18:31:45 +0000] "GET /video/shahab-tiam-sue-tafahom/ HTTP/2" 200 18020 "-" "Mozilla/5.0 (compatible; MJ12bot/v1.4.8; http://mj12bot.com/)"
79.127.237.104 - - [21/Jul/2026:18:31:47 +0000] "GET /items/G723316573/ HTTP/2" 404 14952 "-" "Mozilla/5.0 (compatible; AhrefsBot/7.0; +http://ahrefs.com/robot/)"
185.93.2.243 - - [21/Jul/2026:18:31:47 +0000] "GET /video/somebody-help-me-2/ HTTP/2" 200 17969 "-" "Mozilla/5.0 (compatible; MJ12bot/v1.4.8; http://mj12bot.com/)"
143.244.56.50 - - [21/Jul/2026:18:31:50 +0000] "GET /video/sorority-party-massacre/ HTTP/2" 200 17895 "-" "Mozilla/5.0 (compatible; MJ12bot/v1.4.8; http://mj12bot.com/)"
79.127.237.132 - - [21/Jul/2026:18:31:51 +0000] "GET /items/G723080762/ HTTP/2" 404 14952 "-" "Mozilla/5.0 (compatible; AhrefsBot/7.0; +http://ahrefs.com/robot/)"
143.244.56.54 - - [21/Jul/2026:18:31:53 +0000] "GET /video/stafford-brothers-ft-lil-wayne-christina-milian-hello/ HTTP/2" 200 18355 "-" "Mozilla/5.0 (compatible; MJ12bot/v1.4.8; http://mj12bot.com/)"
185.93.2.245 - - [21/Jul/2026:18:31:55 +0000] "GET /video/star-trek-discovery/ HTTP/2" 200 17829 "-" "Mozilla/5.0 (compatible; MJ12bot/v1.4.8; http://mj12bot.com/)"
79.127.237.104 - - [21/Jul/2026:18:31:56 +0000] "GET /items/G722816790/ HTTP/2" 404 14951 "-" "Mozilla/5.0 (compatible; AhrefsBot/7.0; +http://ahrefs.com/robot/)"
185.93.2.246 - - [21/Jul/2026:18:31:58 +0000] "GET /video/starbucks-pike-place-roast/ HTTP/2" 200 18080 "-" "Mozilla/5.0 (compatible; MJ12bot/v1.4.8; http://mj12bot.com/)"
79.127.237.132 - - [21/Jul/2026:18:31:59 +0000] "GET /items/G722808617/ HTTP/2" 404 14952 "-" "Mozilla/5.0 (compatible; AhrefsBot/7.0; +http://ahrefs.com/robot/)"
185.93.2.243 - - [21/Jul/2026:18:32:00 +0000] "GET /video/suits/ HTTP/2" 200 17827 "-" "Mozilla/5.0 (compatible; MJ12bot/v1.4.8; http://mj12bot.com/)"
79.127.134.228 - - [21/Jul/2026:18:32:03 +0000] "GET /video/summer-ft-snoop-dogg-summer-time/ HTTP/2" 200 18250 "-" "Mozilla/5.0 (compatible; MJ12bot/v1.4.8; http://mj12bot.com/)"
143.244.38.134 - - [21/Jul/2026:18:32:04 +0000] "GET /items/G722739993/ HTTP/2" 404 14952 "-" "Mozilla/5.0 (compatible; AhrefsBot/7.0; +http://ahrefs.com/robot/)"
79.127.134.234 - - [21/Jul/2026:18:32:06 +0000] "GET /video/teeflii-change-your-world/ HTTP/2" 200 18229 "-" "Mozilla/5.0 (compatible; MJ12bot/v1.4.8; http://mj12bot.com/)"
79.127.237.104 - - [21/Jul/2026:18:32:07 +0000] "GET /items/G722548798/ HTTP/2" 404 14952 "-" "Mozilla/5.0 (compatible; AhrefsBot/7.0; +http://ahrefs.com/robot/)"
143.244.56.51 - - [21/Jul/2026:18:32:09 +0000] "GET /video/the-adventures-of-ari-my-robot-friend/ HTTP/2" 200 18060 "-" "Mozilla/5.0 (compatible; MJ12bot/v1.4.8; http://mj12bot.com/)"
143.244.56.54 - - [21/Jul/2026:18:32:11 +0000] "GET /video/the-amityville-terror/ HTTP/2" 200 18070 "-" "Mozilla/5.0 (compatible; MJ12bot/v1.4.8; http://mj12bot.com/)"
79.127.237.104 - - [21/Jul/2026:18:32:12 +0000] "GET /items/G722155768/ HTTP/2" 404 14952 "-" "Mozilla/5.0 (compatible; AhrefsBot/7.0; +http://ahrefs.com/robot/)"
79.127.134.129 - - [21/Jul/2026:18:32:13 +0000] "GET /video/the-demonologist/ HTTP/2" 200 18095 "-" "Mozilla/5.0 (compatible; MJ12bot/v1.4.8; http://mj12bot.com/)"
79.127.237.104 - - [21/Jul/2026:18:32:15 +0000] "GET /items/G722140974/ HTTP/2" 404 14952 "-" "Mozilla/5.0 (compatible; AhrefsBot/7.0; +http://ahrefs.com/robot/)"
79.127.134.225 - - [21/Jul/2026:18:32:16 +0000] "GET /video/the-handmaids-tale/ HTTP/2" 200 17853 "-" "Mozilla/5.0 (compatible; MJ12bot/v1.4.8; http://mj12bot.com/)"
185.93.2.251 - - [21/Jul/2026:18:32:19 +0000] "GET /video/the-kia-ev4-your-edge-in-motion/ HTTP/2" 200 17932 "-" "Mozilla/5.0 (compatible; MJ12bot/v1.4.8; http://mj12bot.com/)"
79.127.237.104 - - [21/Jul/2026:18:32:19 +0000] "GET /items/G721016715/ HTTP/2" 404 14952 "-" "Mozilla/5.0 (compatible; AhrefsBot/7.0; +http://ahrefs.com/robot/)"
185.93.2.248 - - [21/Jul/2026:18:32:22 +0000] "GET /video/the-kia-tasman-break-the-original/ HTTP/2" 200 17969 "-" "Mozilla/5.0 (compatible; MJ12bot/v1.4.8; http://mj12bot.com/)"
79.127.237.132 - - [21/Jul/2026:18:32:23 +0000] "GET /goods/37990989623 HTTP/2" 404 14952 "-" "Mozilla/5.0 (compatible; AhrefsBot/7.0; +http://ahrefs.com/robot/)"
79.127.134.228 - - [21/Jul/2026:18:32:24 +0000] "GET /video/the-kid-heat-ft-krayzie-bone-kief-brown/ HTTP/2" 200 18312 "-" "Mozilla/5.0 (compatible; MJ12bot/v1.4.8; http://mj12bot.com/)"
143.244.56.49 - - [21/Jul/2026:18:32:26 +0000] "GET /video/the-last-exorcist/ HTTP/2" 200 18059 "-" "Mozilla/5.0 (compatible; MJ12bot/v1.4.8; http://mj12bot.com/)"
79.127.237.132 - - [21/Jul/2026:18:32:28 +0000] "GET /goods/367225493150 HTTP/2" 404 14952 "-" "Mozilla/5.0 (compatible; AhrefsBot/7.0; +http://ahrefs.com/robot/)"
143.244.56.53 - - [21/Jul/2026:18:32:29 +0000] "GET /video/the-magicians-raincoat/ HTTP/2" 200 18035 "-" "Mozilla/5.0 (compatible; MJ12bot/v1.4.8; http://mj12bot.com/)"
79.127.237.132 - - [21/Jul/2026:18:32:31 +0000] "GET /goods/326881532974 HTTP/2" 404 14952 "-" "Mozilla/5.0 (compatible; AhrefsBot/7.0; +http://ahrefs.com/robot/)"
185.93.2.246 - - [21/Jul/2026:18:32:32 +0000] "GET /video/the-ouija-exorcism/ HTTP/2" 200 18040 "-" "Mozilla/5.0 (compatible; MJ12bot/v1.4.8; http://mj12bot.com/)"
79.127.134.226 - - [21/Jul/2026:18:32:35 +0000] "GET /video/the-path/ HTTP/2" 200 17879 "-" "Mozilla/5.0 (compatible; MJ12bot/v1.4.8; http://mj12bot.com/)"
79.127.237.132 - - [21/Jul/2026:18:32:35 +0000] "GET /goods/315203167364 HTTP/2" 404 14952 "-" "Mozilla/5.0 (compatible; AhrefsBot/7.0; +http://ahrefs.com/robot/)"
79.127.134.227 - - [21/Jul/2026:18:32:37 +0000] "GET /video/the-quest-for-tom-sawyers-gold/ HTTP/2" 200 18209 "-" "Mozilla/5.0 (compatible; MJ12bot/v1.4.8; http://mj12bot.com/)"
143.244.38.134 - - [21/Jul/2026:18:32:39 +0000] "GET /goods/211256903969 HTTP/2" 404 14952 "-" "Mozilla/5.0 (compatible; AhrefsBot/7.0; +http://ahrefs.com/robot/)"
185.93.2.244 - - [21/Jul/2026:18:32:40 +0000] "GET /video/tiana-feat-faith-evans-girl/ HTTP/2" 200 18253 "-" "Mozilla/5.0 (compatible; MJ12bot/v1.4.8; http://mj12bot.com/)"
185.93.2.251 - - [21/Jul/2026:18:32:42 +0000] "GET /video/tiana-just-my-type/ HTTP/2" 200 18222 "-" "Mozilla/5.0 (compatible; MJ12bot/v1.4.8; http://mj12bot.com/)"
143.244.38.134 - - [21/Jul/2026:18:32:44 +0000] "GET /goods/190461112603 HTTP/2" 404 14952 "-" "Mozilla/5.0 (compatible; AhrefsBot/7.0; +http://ahrefs.com/robot/)"
143.244.56.52 - - [21/Jul/2026:18:32:45 +0000] "GET /video/tiana-kocher-paint-the-town/ HTTP/2" 200 18113 "-" "Mozilla/5.0 (compatible; MJ12bot/v1.4.8; http://mj12bot.com/)"
79.127.237.132 - - [21/Jul/2026:18:32:48 +0000] "GET /goods/404842427084 HTTP/2" 404 14951 "-" "Mozilla/5.0 (compatible; AhrefsBot/7.0; +http://ahrefs.com/robot/)"
79.127.134.228 - - [21/Jul/2026:18:32:48 +0000] "GET /video/tiana-kocher-u-tried-it/ HTTP/2" 200 18133 "-" "Mozilla/5.0 (compatible; MJ12bot/v1.4.8; http://mj12bot.com/)"
79.127.134.235 - - [21/Jul/2026:18:32:50 +0000] "GET /video/tiana-kocker-ft-j-alvarez-por-tiempo/ HTTP/2" 200 18337 "-" "Mozilla/5.0 (compatible; MJ12bot/v1.4.8; http://mj12bot.com/)"
79.127.237.104 - - [21/Jul/2026:18:32:51 +0000] "GET /goods/388364745153 HTTP/2" 404 14952 "-" "Mozilla/5.0 (compatible; AhrefsBot/7.0; +http://ahrefs.com/robot/)"
143.244.56.51 - - [21/Jul/2026:18:32:53 +0000] "GET /video/tiana-kocker-ft-sage-the-gemini-take-ove/ HTTP/2" 200 18303 "-" "Mozilla/5.0 (compatible; MJ12bot/v1.4.8; http://mj12bot.com/)"
79.127.237.132 - - [21/Jul/2026:18:32:55 +0000] "GET /goods/384156536287 HTTP/2" 404 14952 "-" "Mozilla/5.0 (compatible; AhrefsBot/7.0; +http://ahrefs.com/robot/)"
79.127.134.231 - - [21/Jul/2026:18:32:56 +0000] "GET /video/tohi-ft-andy-nazanin/ HTTP/2" 200 18163 "-" "Mozilla/5.0 (compatible; MJ12bot/v1.4.8; http://mj12bot.com/)"
79.127.134.226 - - [21/Jul/2026:18:32:58 +0000] "GET /video/tohi-ft-massari-asheghet-manam/ HTTP/2" 200 18162 "-" "Mozilla/5.0 (compatible; MJ12bot/v1.4.8; http://mj12bot.com/)"
79.127.237.132 - - [21/Jul/2026:18:33:00 +0000] "GET /goods/343234963187 HTTP/2" 404 14952 "-" "Mozilla/5.0 (compatible; AhrefsBot/7.0; +http://ahrefs.com/robot/)"
79.127.134.235 - - [21/Jul/2026:18:33:01 +0000] "GET /video/treadstone/ HTTP/2" 200 17812 "-" "Mozilla/5.0 (compatible; MJ12bot/v1.4.8; http://mj12bot.com/)"
143.244.56.50 - - [21/Jul/2026:18:33:04 +0000] "GET /video/trip-com/ HTTP/2" 200 17830 "-" "Mozilla/5.0 (compatible; MJ12bot/v1.4.8; http://mj12bot.com/)"
143.244.38.134 - - [21/Jul/2026:18:33:04 +0000] "GET /goods/304953536067 HTTP/2" 404 14952 "-" "Mozilla/5.0 (compatible; AhrefsBot/7.0; +http://ahrefs.com/robot/)"
79.127.134.230 - - [21/Jul/2026:18:33:06 +0000] "GET /video/twisted-little-lies/ HTTP/2" 200 18026 "-" "Mozilla/5.0 (compatible; MJ12bot/v1.4.8; http://mj12bot.com/)"
143.244.38.134 - - [21/Jul/2026:18:33:07 +0000] "GET /goods/193932817211 HTTP/2" 404 14952 "-" "Mozilla/5.0 (compatible; AhrefsBot/7.0; +http://ahrefs.com/robot/)"
79.127.134.131 - - [21/Jul/2026:18:33:09 +0000] "GET /video/tyler-the-creator-yonkers/ HTTP/2" 200 18222 "-" "Mozilla/5.0 (compatible; MJ12bot/v1.4.8; http://mj12bot.com/)"
79.127.237.132 - - [21/Jul/2026:18:33:11 +0000] "GET /goods/201886173448 HTTP/2" 404 14952 "-" "Mozilla/5.0 (compatible; AhrefsBot/7.0; +http://ahrefs.com/robot/)"
143.244.56.52 - - [21/Jul/2026:18:33:12 +0000] "GET /video/utah-jazz-team-is-everything/ HTTP/2" 200 18121 "-" "Mozilla/5.0 (compatible; MJ12bot/v1.4.8; http://mj12bot.com/)"
185.93.2.251 - - [21/Jul/2026:18:33:15 +0000] "GET /video/vava-voom-ft-sean-kingston-supersonic/ HTTP/2" 200 18334 "-" "Mozilla/5.0 (compatible; MJ12bot/v1.4.8; http://mj12bot.com/)"
79.127.237.132 - - [21/Jul/2026:18:33:16 +0000] "GET /goods/16759698429 HTTP/2" 404 14952 "-" "Mozilla/5.0 (compatible; AhrefsBot/7.0; +http://ahrefs.com/robot/)"
185.93.2.245 - - [21/Jul/2026:18:33:18 +0000] "GET /video/victoria-kimani-ft-mi-oya/ HTTP/2" 200 18124 "-" "Mozilla/5.0 (compatible; MJ12bot/v1.4.8; http://mj12bot.com/)"
79.127.237.104 - - [21/Jul/2026:18:33:20 +0000] "GET /goods/1276935296 HTTP/2" 404 14952 "-" "Mozilla/5.0 (compatible; AhrefsBot/7.0; +http://ahrefs.com/robot/)"
79.127.134.227 - - [21/Jul/2026:18:33:20 +0000] "GET /video/waac-wackys-hollywood/ HTTP/2" 200 18030 "-" "Mozilla/5.0 (compatible; MJ12bot/v1.4.8; http://mj12bot.com/)"
79.127.134.129 - - [21/Jul/2026:18:33:23 +0000] "GET /video/waka-flocka-flame-feat-drake-round-of-applause/ HTTP/2" 200 18291 "-" "Mozilla/5.0 (compatible; MJ12bot/v1.4.8; http://mj12bot.com/)"
143.244.38.134 - - [21/Jul/2026:18:33:23 +0000] "GET /goods/127277992588 HTTP/2" 404 14952 "-" "Mozilla/5.0 (compatible; AhrefsBot/7.0; +http://ahrefs.com/robot/)"
143.244.56.51 - - [21/Jul/2026:18:33:25 +0000] "GET /video/way-wrong/ HTTP/2" 200 17968 "-" "Mozilla/5.0 (compatible; MJ12bot/v1.4.8; http://mj12bot.com/)"
143.244.38.134 - - [21/Jul/2026:18:33:27 +0000] "GET /goods/17777957437 HTTP/2" 404 14952 "-" "Mozilla/5.0 (compatible; AhrefsBot/7.0; +http://ahrefs.com/robot/)"
79.127.134.228 - - [21/Jul/2026:18:33:28 +0000] "GET /video/young-dolph-royalty/ HTTP/2" 200 18191 "-" "Mozilla/5.0 (compatible; MJ12bot/v1.4.8; http://mj12bot.com/)"
79.127.134.228 - - [21/Jul/2026:18:33:30 +0000] "GET /video/zack-atlas/ HTTP/2" 200 18010 "-" "Mozilla/5.0 (compatible; MJ12bot/v1.4.8; http://mj12bot.com/)"
79.127.237.132 - - [21/Jul/2026:18:33:32 +0000] "GET /goods/157979436303 HTTP/2" 404 14952 "-" "Mozilla/5.0 (compatible; AhrefsBot/7.0; +http://ahrefs.com/robot/)"
79.127.134.235 - - [21/Jul/2026:18:33:32 +0000] "GET /video/zynotti-embroidered-bridal/ HTTP/2" 200 18103 "-" "Mozilla/5.0 (compatible; MJ12bot/v1.4.8; http://mj12bot.com/)"
79.127.134.133 - - [21/Jul/2026:18:33:35 +0000] "GET /watch-the-sony-a9-livestream-event-online/ HTTP/2" 200 19919 "-" "Mozilla/5.0 (compatible; MJ12bot/v1.4.8; http://mj12bot.com/)"
79.127.237.132 - - [21/Jul/2026:18:33:36 +0000] "GET /goods/143592464419 HTTP/2" 404 14952 "-" "Mozilla/5.0 (compatible; AhrefsBot/7.0; +http://ahrefs.com/robot/)"
79.127.134.234 - - [21/Jul/2026:18:33:38 +0000] "GET /what-make-you-beautiful/ HTTP/2" 200 19764 "-" "Mozilla/5.0 (compatible; MJ12bot/v1.4.8; http://mj12bot.com/)"
79.127.237.132 - - [21/Jul/2026:18:33:39 +0000] "GET /goods/492702464695 HTTP/2" 404 14952 "-" "Mozilla/5.0 (compatible; AhrefsBot/7.0; +http://ahrefs.com/robot/)"
79.127.237.132 - - [21/Jul/2026:18:33:43 +0000] "GET /goods/114765116159 HTTP/2" 404 14952 "-" "Mozilla/5.0 (compatible; AhrefsBot/7.0; +http://ahrefs.com/robot/)"
79.127.237.132 - - [21/Jul/2026:18:33:48 +0000] "GET /goods/370481357167 HTTP/2" 404 14952 "-" "Mozilla/5.0 (compatible; AhrefsBot/7.0; +http://ahrefs.com/robot/)"
79.127.237.132 - - [21/Jul/2026:18:33:52 +0000] "GET /goods/247271197571 HTTP/2" 404 14952 "-" "Mozilla/5.0 (compatible; AhrefsBot/7.0; +http://ahrefs.com/robot/)"
79.127.237.104 - - [21/Jul/2026:18:33:55 +0000] "GET /goods/230341703385 HTTP/2" 404 14952 "-" "Mozilla/5.0 (compatible; AhrefsBot/7.0; +http://ahrefs.com/robot/)"
79.127.237.132 - - [21/Jul/2026:18:33:59 +0000] "GET /goods/423625235149 HTTP/2" 404 14952 "-" "Mozilla/5.0 (compatible; AhrefsBot/7.0; +http://ahrefs.com/robot/)"
38.32.110.58 - - [21/Jul/2026:18:34:01 +0000] "GET /wp-login.php?redirect_to=https%3A%2F%2Fwww.azfilmz.com%2Fare-you-ready-to-make-it-awesome%2F HTTP/2" 200 1942 "-" "Scrapy/2.16.0 (+https://scrapy.org)"
79.127.237.132 - - [21/Jul/2026:18:34:04 +0000] "GET /goods/151224340684 HTTP/2" 404 14952 "-" "Mozilla/5.0 (compatible; AhrefsBot/7.0; +http://ahrefs.com/robot/)"
79.127.237.104 - - [21/Jul/2026:18:34:08 +0000] "GET /items/G722287810/ HTTP/2" 404 14952 "-" "Mozilla/5.0 (compatible; AhrefsBot/7.0; +http://ahrefs.com/robot/)"
79.127.237.104 - - [21/Jul/2026:18:34:12 +0000] "GET /goods/500858681824 HTTP/2" 404 14952 "-" "Mozilla/5.0 (compatible; AhrefsBot/7.0; +http://ahrefs.com/robot/)"
79.127.237.104 - - [21/Jul/2026:18:34:15 +0000] "GET /items/G721268456/ HTTP/2" 404 14952 "-" "Mozilla/5.0 (compatible; AhrefsBot/7.0; +http://ahrefs.com/robot/)"
143.244.38.134 - - [21/Jul/2026:18:34:20 +0000] "GET /goods/425944057609 HTTP/2" 404 14952 "-" "Mozilla/5.0 (compatible; AhrefsBot/7.0; +http://ahrefs.com/robot/)"
79.127.237.132 - - [21/Jul/2026:18:34:24 +0000] "GET /goods/416851450651 HTTP/2" 404 14952 "-" "Mozilla/5.0 (compatible; AhrefsBot/7.0; +http://ahrefs.com/robot/)"
143.244.38.134 - - [21/Jul/2026:18:34:28 +0000] "GET /items/G724303306/ HTTP/2" 404 14952 "-" "Mozilla/5.0 (compatible; AhrefsBot/7.0; +http://ahrefs.com/robot/)"
208.91.111.227 - - [21/Jul/2026:18:34:28 +0000] "GET /video/prince-malik-ft-sean-kingston-here-to-drink/ HTTP/1.1" 200 18372 "-" "Mozilla/5.0 AppleWebKit/537.36 (KHTML, like Gecko; compatible; ClaudeBot/1.0; +claudebot@anthropic.com)"
79.127.237.132 - - [21/Jul/2026:18:34:32 +0000] "GET /goods/40718332880 HTTP/2" 404 14952 "-" "Mozilla/5.0 (compatible; AhrefsBot/7.0; +http://ahrefs.com/robot/)"
79.127.237.104 - - [21/Jul/2026:18:34:36 +0000] "GET /items/G724125682/ HTTP/2" 404 14952 "-" "Mozilla/5.0 (compatible; AhrefsBot/7.0; +http://ahrefs.com/robot/)"
79.127.237.104 - - [21/Jul/2026:18:34:40 +0000] "GET /items/G723976089/ HTTP/2" 404 14952 "-" "Mozilla/5.0 (compatible; AhrefsBot/7.0; +http://ahrefs.com/robot/)"
79.127.237.132 - - [21/Jul/2026:18:34:44 +0000] "GET /items/G723769813/ HTTP/2" 404 14952 "-" "Mozilla/5.0 (compatible; AhrefsBot/7.0; +http://ahrefs.com/robot/)"
79.127.237.132 - - [21/Jul/2026:18:34:47 +0000] "GET /items/G723363754/ HTTP/2" 404 14952 "-" "Mozilla/5.0 (compatible; AhrefsBot/7.0; +http://ahrefs.com/robot/)"
79.127.237.104 - - [21/Jul/2026:18:34:52 +0000] "GET /items/G723262992/ HTTP/2" 404 14951 "-" "Mozilla/5.0 (compatible; AhrefsBot/7.0; +http://ahrefs.com/robot/)"
79.127.237.132 - - [21/Jul/2026:18:34:56 +0000] "GET /goods/224520245802 HTTP/2" 404 14952 "-" "Mozilla/5.0 (compatible; AhrefsBot/7.0; +http://ahrefs.com/robot/)"
79.127.237.104 - - [21/Jul/2026:18:35:00 +0000] "GET /items/G723181003/ HTTP/2" 404 14951 "-" "Mozilla/5.0 (compatible; AhrefsBot/7.0; +http://ahrefs.com/robot/)"
79.127.237.104 - - [21/Jul/2026:18:35:03 +0000] "GET /items/G723131734/ HTTP/2" 404 14952 "-" "Mozilla/5.0 (compatible; AhrefsBot/7.0; +http://ahrefs.com/robot/)"
79.127.237.132 - - [21/Jul/2026:18:35:08 +0000] "GET /items/G722593663/ HTTP/2" 404 14952 "-" "Mozilla/5.0 (compatible; AhrefsBot/7.0; +http://ahrefs.com/robot/)"
143.244.38.134 - - [21/Jul/2026:18:35:12 +0000] "GET /items/G724700500/ HTTP/2" 404 14951 "-" "Mozilla/5.0 (compatible; AhrefsBot/7.0; +http://ahrefs.com/robot/)"
79.127.237.132 - - [21/Jul/2026:18:35:16 +0000] "GET /items/G722184064/ HTTP/2" 404 14952 "-" "Mozilla/5.0 (compatible; AhrefsBot/7.0; +http://ahrefs.com/robot/)"
79.127.237.104 - - [21/Jul/2026:18:35:19 +0000] "GET /items/G721254218/ HTTP/2" 404 14952 "-" "Mozilla/5.0 (compatible; AhrefsBot/7.0; +http://ahrefs.com/robot/)"
79.127.237.104 - - [21/Jul/2026:18:35:24 +0000] "GET /items/G724566574/ HTTP/2" 404 14952 "-" "Mozilla/5.0 (compatible; AhrefsBot/7.0; +http://ahrefs.com/robot/)"
79.127.237.132 - - [21/Jul/2026:18:35:28 +0000] "GET /items/G721031947/ HTTP/2" 404 14952 "-" "Mozilla/5.0 (compatible; AhrefsBot/7.0; +http://ahrefs.com/robot/)"
79.127.237.132 - - [21/Jul/2026:18:35:32 +0000] "GET /items/G724442401/ HTTP/2" 404 14952 "-" "Mozilla/5.0 (compatible; AhrefsBot/7.0; +http://ahrefs.com/robot/)"
79.127.237.104 - - [21/Jul/2026:18:35:35 +0000] "GET /items/G724218610/ HTTP/2" 404 14952 "-" "Mozilla/5.0 (compatible; AhrefsBot/7.0; +http://ahrefs.com/robot/)"
79.127.237.132 - - [21/Jul/2026:18:35:40 +0000] "GET /items/G723899679/ HTTP/2" 404 14952 "-" "Mozilla/5.0 (compatible; AhrefsBot/7.0; +http://ahrefs.com/robot/)"
79.127.237.104 - - [21/Jul/2026:18:35:44 +0000] "GET /items/G723895048/ HTTP/2" 404 14952 "-" "Mozilla/5.0 (compatible; AhrefsBot/7.0; +http://ahrefs.com/robot/)"
79.127.237.132 - - [21/Jul/2026:18:35:48 +0000] "GET /items/G723721773/ HTTP/2" 404 14952 "-" "Mozilla/5.0 (compatible; AhrefsBot/7.0; +http://ahrefs.com/robot/)"
79.127.237.104 - - [21/Jul/2026:18:35:51 +0000] "GET /items/G723703794/ HTTP/2" 404 14952 "-" "Mozilla/5.0 (compatible; AhrefsBot/7.0; +http://ahrefs.com/robot/)"
79.127.237.104 - - [21/Jul/2026:18:35:57 +0000] "GET /items/G723671727/ HTTP/2" 404 14952 "-" "Mozilla/5.0 (compatible; AhrefsBot/7.0; +http://ahrefs.com/robot/)"
143.244.38.134 - - [21/Jul/2026:18:36:00 +0000] "GET /items/G723535925/ HTTP/2" 404 14951 "-" "Mozilla/5.0 (compatible; AhrefsBot/7.0; +http://ahrefs.com/robot/)"
79.127.237.104 - - [21/Jul/2026:18:36:04 +0000] "GET /items/G723290851/ HTTP/2" 404 14952 "-" "Mozilla/5.0 (compatible; AhrefsBot/7.0; +http://ahrefs.com/robot/)"
79.127.237.104 - - [21/Jul/2026:18:36:07 +0000] "GET /items/G723201058/ HTTP/2" 404 14952 "-" "Mozilla/5.0 (compatible; AhrefsBot/7.0; +http://ahrefs.com/robot/)"
79.127.237.132 - - [21/Jul/2026:18:36:13 +0000] "GET /items/G722905502/ HTTP/2" 404 14952 "-" "Mozilla/5.0 (compatible; AhrefsBot/7.0; +http://ahrefs.com/robot/)"
79.127.237.104 - - [21/Jul/2026:18:36:16 +0000] "GET /items/G722885747/ HTTP/2" 404 14952 "-" "Mozilla/5.0 (compatible; AhrefsBot/7.0; +http://ahrefs.com/robot/)"
79.127.237.132 - - [21/Jul/2026:18:36:20 +0000] "GET /items/G722790548/ HTTP/2" 404 14952 "-" "Mozilla/5.0 (compatible; AhrefsBot/7.0; +http://ahrefs.com/robot/)"
79.127.237.104 - - [21/Jul/2026:18:36:23 +0000] "GET /goods/51697474740 HTTP/2" 404 14952 "-" "Mozilla/5.0 (compatible; AhrefsBot/7.0; +http://ahrefs.com/robot/)"
79.127.237.104 - - [21/Jul/2026:18:36:29 +0000] "GET /items/G722784879/ HTTP/2" 404 14952 "-" "Mozilla/5.0 (compatible; AhrefsBot/7.0; +http://ahrefs.com/robot/)"
79.127.237.104 - - [21/Jul/2026:18:36:32 +0000] "GET /items/G722728868/ HTTP/2" 404 14952 "-" "Mozilla/5.0 (compatible; AhrefsBot/7.0; +http://ahrefs.com/robot/)"
208.91.111.227 - - [21/Jul/2026:18:36:33 +0000] "GET /video/vava-voom-ft-sean-kingston-supersonic/ HTTP/1.1" 200 18371 "-" "Mozilla/5.0 AppleWebKit/537.36 (KHTML, like Gecko; compatible; ClaudeBot/1.0; +claudebot@anthropic.com)"
79.127.237.104 - - [21/Jul/2026:18:36:36 +0000] "GET /items/G722716646/ HTTP/2" 404 14952 "-" "Mozilla/5.0 (compatible; AhrefsBot/7.0; +http://ahrefs.com/robot/)"
143.244.38.134 - - [21/Jul/2026:18:36:40 +0000] "GET /items/G722692326/ HTTP/2" 404 14952 "-" "Mozilla/5.0 (compatible; AhrefsBot/7.0; +http://ahrefs.com/robot/)"
79.127.237.104 - - [21/Jul/2026:18:36:45 +0000] "GET /items/G722673879/ HTTP/2" 404 14952 "-" "Mozilla/5.0 (compatible; AhrefsBot/7.0; +http://ahrefs.com/robot/)"
79.127.237.132 - - [21/Jul/2026:18:36:48 +0000] "GET /items/G722673525/ HTTP/2" 404 14952 "-" "Mozilla/5.0 (compatible; AhrefsBot/7.0; +http://ahrefs.com/robot/)"
79.127.237.104 - - [21/Jul/2026:18:36:52 +0000] "GET /items/G722593844/ HTTP/2" 404 14952 "-" "Mozilla/5.0 (compatible; AhrefsBot/7.0; +http://ahrefs.com/robot/)"
79.127.237.132 - - [21/Jul/2026:18:36:56 +0000] "GET /items/G722589257/ HTTP/2" 404 14952 "-" "Mozilla/5.0 (compatible; AhrefsBot/7.0; +http://ahrefs.com/robot/)"
79.127.237.132 - - [21/Jul/2026:18:37:01 +0000] "GET /items/G722563060/ HTTP/2" 404 14952 "-" "Mozilla/5.0 (compatible; AhrefsBot/7.0; +http://ahrefs.com/robot/)"
79.127.237.104 - - [21/Jul/2026:18:37:05 +0000] "GET /items/G722288798/ HTTP/2" 404 14952 "-" "Mozilla/5.0 (compatible; AhrefsBot/7.0; +http://ahrefs.com/robot/)"
79.127.237.132 - - [21/Jul/2026:18:37:09 +0000] "GET /goods/313737001771 HTTP/2" 404 14951 "-" "Mozilla/5.0 (compatible; AhrefsBot/7.0; +http://ahrefs.com/robot/)"
79.127.237.104 - - [21/Jul/2026:18:37:12 +0000] "GET /items/G722249893/ HTTP/2" 404 14952 "-" "Mozilla/5.0 (compatible; AhrefsBot/7.0; +http://ahrefs.com/robot/)"
143.244.38.134 - - [21/Jul/2026:18:37:17 +0000] "GET /items/G722247964/ HTTP/2" 404 14952 "-" "Mozilla/5.0 (compatible; AhrefsBot/7.0; +http://ahrefs.com/robot/)"
143.244.38.134 - - [21/Jul/2026:18:37:21 +0000] "GET /items/G722123693/ HTTP/2" 404 14952 "-" "Mozilla/5.0 (compatible; AhrefsBot/7.0; +http://ahrefs.com/robot/)"
79.127.237.132 - - [21/Jul/2026:18:37:25 +0000] "GET /items/G721994614/ HTTP/2" 404 14951 "-" "Mozilla/5.0 (compatible; AhrefsBot/7.0; +http://ahrefs.com/robot/)"
143.244.38.134 - - [21/Jul/2026:18:37:28 +0000] "GET /items/G721961646/ HTTP/2" 404 14952 "-" "Mozilla/5.0 (compatible; AhrefsBot/7.0; +http://ahrefs.com/robot/)"
79.127.237.104 - - [21/Jul/2026:18:37:33 +0000] "GET /items/G721502369/ HTTP/2" 404 14952 "-" "Mozilla/5.0 (compatible; AhrefsBot/7.0; +http://ahrefs.com/robot/)"
143.244.38.134 - - [21/Jul/2026:18:37:37 +0000] "GET /items/G721410423/ HTTP/2" 404 14952 "-" "Mozilla/5.0 (compatible; AhrefsBot/7.0; +http://ahrefs.com/robot/)"
79.127.237.132 - - [21/Jul/2026:18:37:41 +0000] "GET /items/G721152638/ HTTP/2" 404 14952 "-" "Mozilla/5.0 (compatible; AhrefsBot/7.0; +http://ahrefs.com/robot/)"
143.244.38.134 - - [21/Jul/2026:18:37:44 +0000] "GET /items/G721062066/ HTTP/2" 404 14952 "-" "Mozilla/5.0 (compatible; AhrefsBot/7.0; +http://ahrefs.com/robot/)"
79.127.237.104 - - [21/Jul/2026:18:37:50 +0000] "GET /goods/24352941196 HTTP/2" 404 14952 "-" "Mozilla/5.0 (compatible; AhrefsBot/7.0; +http://ahrefs.com/robot/)"
128.1.52.179 - - [21/Jul/2026:18:37:51 +0000] "GET /.env HTTP/2" 403 19352 "-" "Mozilla/5.0 (Windows NT 10.0; Win64; x64) AppleWebKit/537.36"
103.76.88.36 - - [21/Jul/2026:18:37:51 +0000] "GET /.env HTTP/1.1" 403 5812 "-" "Mozilla/5.0 (Windows NT 10.0; Win64; x64) AppleWebKit/537.36"
79.127.237.104 - - [21/Jul/2026:18:37:53 +0000] "GET /goods/317076478579 HTTP/2" 404 14952 "-" "Mozilla/5.0 (compatible; AhrefsBot/7.0; +http://ahrefs.com/robot/)"
79.127.237.104 - - [21/Jul/2026:18:37:57 +0000] "GET /goods/217250419881 HTTP/2" 404 14952 "-" "Mozilla/5.0 (compatible; AhrefsBot/7.0; +http://ahrefs.com/robot/)"
143.244.38.134 - - [21/Jul/2026:18:38:00 +0000] "GET /items/G723616779/ HTTP/2" 404 14952 "-" "Mozilla/5.0 (compatible; AhrefsBot/7.0; +http://ahrefs.com/robot/)"
143.244.38.134 - - [21/Jul/2026:18:38:05 +0000] "GET /items/G723039450/ HTTP/2" 404 14952 "-" "Mozilla/5.0 (compatible; AhrefsBot/7.0; +http://ahrefs.com/robot/)"
79.127.237.104 - - [21/Jul/2026:18:38:09 +0000] "GET /items/G722942311/ HTTP/2" 404 14952 "-" "Mozilla/5.0 (compatible; AhrefsBot/7.0; +http://ahrefs.com/robot/)"
79.127.237.104 - - [21/Jul/2026:18:38:13 +0000] "GET /goods/494282578721 HTTP/2" 404 14952 "-" "Mozilla/5.0 (compatible; AhrefsBot/7.0; +http://ahrefs.com/robot/)"
79.127.237.132 - - [21/Jul/2026:18:38:16 +0000] "GET /items/G722742131/ HTTP/2" 404 14952 "-" "Mozilla/5.0 (compatible; AhrefsBot/7.0; +http://ahrefs.com/robot/)"
79.127.237.104 - - [21/Jul/2026:18:38:21 +0000] "GET /items/G722260098/ HTTP/2" 404 14952 "-" "Mozilla/5.0 (compatible; AhrefsBot/7.0; +http://ahrefs.com/robot/)"
143.244.38.134 - - [21/Jul/2026:18:38:25 +0000] "GET /items/G722183424/ HTTP/2" 404 14952 "-" "Mozilla/5.0 (compatible; AhrefsBot/7.0; +http://ahrefs.com/robot/)"
79.127.237.132 - - [21/Jul/2026:18:38:29 +0000] "GET /items/G722023985/ HTTP/2" 404 14952 "-" "Mozilla/5.0 (compatible; AhrefsBot/7.0; +http://ahrefs.com/robot/)"
79.127.237.132 - - [21/Jul/2026:18:38:32 +0000] "GET /items/G721987538/ HTTP/2" 404 14952 "-" "Mozilla/5.0 (compatible; AhrefsBot/7.0; +http://ahrefs.com/robot/)"
79.127.237.104 - - [21/Jul/2026:18:38:37 +0000] "GET /items/G723856271/ HTTP/2" 404 14952 "-" "Mozilla/5.0 (compatible; AhrefsBot/7.0; +http://ahrefs.com/robot/)"
143.244.38.134 - - [21/Jul/2026:18:38:41 +0000] "GET /items/G724542587/ HTTP/2" 404 14952 "-" "Mozilla/5.0 (compatible; AhrefsBot/7.0; +http://ahrefs.com/robot/)"
79.127.237.104 - - [21/Jul/2026:18:38:45 +0000] "GET /items/G721152317/ HTTP/2" 404 14952 "-" "Mozilla/5.0 (compatible; AhrefsBot/7.0; +http://ahrefs.com/robot/)"
79.127.237.132 - - [21/Jul/2026:18:38:48 +0000] "GET /items/G723747265/ HTTP/2" 404 14952 "-" "Mozilla/5.0 (compatible; AhrefsBot/7.0; +http://ahrefs.com/robot/)"
79.127.237.132 - - [21/Jul/2026:18:38:53 +0000] "GET /items/G723426694/ HTTP/2" 404 14952 "-" "Mozilla/5.0 (compatible; AhrefsBot/7.0; +http://ahrefs.com/robot/)"
79.127.237.104 - - [21/Jul/2026:18:38:57 +0000] "GET /items/G723213315/ HTTP/2" 404 14952 "-" "Mozilla/5.0 (compatible; AhrefsBot/7.0; +http://ahrefs.com/robot/)"
79.127.237.104 - - [21/Jul/2026:18:39:01 +0000] "GET /items/G722445880/ HTTP/2" 404 14952 "-" "Mozilla/5.0 (compatible; AhrefsBot/7.0; +http://ahrefs.com/robot/)"
79.127.237.132 - - [21/Jul/2026:18:39:05 +0000] "GET /items/G724333078/ HTTP/2" 404 14951 "-" "Mozilla/5.0 (compatible; AhrefsBot/7.0; +http://ahrefs.com/robot/)"
79.127.237.104 - - [21/Jul/2026:18:39:10 +0000] "GET /items/G722257960/ HTTP/2" 404 14952 "-" "Mozilla/5.0 (compatible; AhrefsBot/7.0; +http://ahrefs.com/robot/)"
79.127.237.132 - - [21/Jul/2026:18:39:13 +0000] "GET /items/G722256283/ HTTP/2" 404 14952 "-" "Mozilla/5.0 (compatible; AhrefsBot/7.0; +http://ahrefs.com/robot/)"
79.127.237.104 - - [21/Jul/2026:18:39:17 +0000] "GET /items/G721657856/ HTTP/2" 404 14952 "-" "Mozilla/5.0 (compatible; AhrefsBot/7.0; +http://ahrefs.com/robot/)"
79.127.237.104 - - [21/Jul/2026:18:39:20 +0000] "GET /goods/472606595552 HTTP/2" 404 14952 "-" "Mozilla/5.0 (compatible; AhrefsBot/7.0; +http://ahrefs.com/robot/)"
143.244.38.134 - - [21/Jul/2026:18:39:26 +0000] "GET /items/G724228861/ HTTP/2" 404 14952 "-" "Mozilla/5.0 (compatible; AhrefsBot/7.0; +http://ahrefs.com/robot/)"
38.32.110.58 - - [21/Jul/2026:18:39:26 +0000] "GET /post-link HTTP/2" 301 5 "-" "Scrapy/2.16.0 (+https://scrapy.org)"
143.244.38.134 - - [21/Jul/2026:18:39:29 +0000] "GET /items/G723953362/ HTTP/2" 404 14951 "-" "Mozilla/5.0 (compatible; AhrefsBot/7.0; +http://ahrefs.com/robot/)"
79.127.237.132 - - [21/Jul/2026:18:39:33 +0000] "GET /items/G723868603/ HTTP/2" 404 14952 "-" "Mozilla/5.0 (compatible; AhrefsBot/7.0; +http://ahrefs.com/robot/)"
79.127.237.104 - - [21/Jul/2026:18:39:36 +0000] "GET /goods/365394729589 HTTP/2" 404 14952 "-" "Mozilla/5.0 (compatible; AhrefsBot/7.0; +http://ahrefs.com/robot/)"
79.127.237.132 - - [21/Jul/2026:18:39:42 +0000] "GET /items/G723836910/ HTTP/2" 404 14952 "-" "Mozilla/5.0 (compatible; AhrefsBot/7.0; +http://ahrefs.com/robot/)"
79.127.237.132 - - [21/Jul/2026:18:39:45 +0000] "GET /goods/322833005975 HTTP/2" 404 14952 "-" "Mozilla/5.0 (compatible; AhrefsBot/7.0; +http://ahrefs.com/robot/)"
79.127.237.132 - - [21/Jul/2026:18:39:49 +0000] "GET /items/G724653256/ HTTP/2" 404 14952 "-" "Mozilla/5.0 (compatible; AhrefsBot/7.0; +http://ahrefs.com/robot/)"
143.244.38.134 - - [21/Jul/2026:18:39:53 +0000] "GET /items/G724588882/ HTTP/2" 404 14952 "-" "Mozilla/5.0 (compatible; AhrefsBot/7.0; +http://ahrefs.com/robot/)"
143.244.38.134 - - [21/Jul/2026:18:39:58 +0000] "GET /items/G724330066/ HTTP/2" 404 14952 "-" "Mozilla/5.0 (compatible; AhrefsBot/7.0; +http://ahrefs.com/robot/)"
208.91.111.227 - - [21/Jul/2026:18:39:59 +0000] "GET /video/big-l-a-ft-glasses-malone-jah-free-amazing/ HTTP/1.1" 200 18418 "-" "Mozilla/5.0 AppleWebKit/537.36 (KHTML, like Gecko; compatible; ClaudeBot/1.0; +claudebot@anthropic.com)"
143.244.38.134 - - [21/Jul/2026:18:40:02 +0000] "GET /items/G724223261/ HTTP/2" 404 14952 "-" "Mozilla/5.0 (compatible; AhrefsBot/7.0; +http://ahrefs.com/robot/)"
79.127.237.104 - - [21/Jul/2026:18:40:05 +0000] "GET /items/G724065187/ HTTP/2" 404 14952 "-" "Mozilla/5.0 (compatible; AhrefsBot/7.0; +http://ahrefs.com/robot/)"
79.127.237.132 - - [21/Jul/2026:18:40:09 +0000] "GET /items/G723971211/ HTTP/2" 404 14952 "-" "Mozilla/5.0 (compatible; AhrefsBot/7.0; +http://ahrefs.com/robot/)"
38.32.110.58 - - [21/Jul/2026:18:40:12 +0000] "GET /post-link/ HTTP/2" 200 18418 "https://www.azfilmz.com/post-link" "Scrapy/2.16.0 (+https://scrapy.org)"
79.127.237.132 - - [21/Jul/2026:18:40:14 +0000] "GET /items/G723950812/ HTTP/2" 404 14952 "-" "Mozilla/5.0 (compatible; AhrefsBot/7.0; +http://ahrefs.com/robot/)"
143.244.38.134 - - [21/Jul/2026:18:40:18 +0000] "GET /items/G723944034/ HTTP/2" 404 14952 "-" "Mozilla/5.0 (compatible; AhrefsBot/7.0; +http://ahrefs.com/robot/)"
79.127.237.132 - - [21/Jul/2026:18:40:22 +0000] "GET /items/G723774072/ HTTP/2" 404 14952 "-" "Mozilla/5.0 (compatible; AhrefsBot/7.0; +http://ahrefs.com/robot/)"
79.127.237.104 - - [21/Jul/2026:18:40:25 +0000] "GET /items/G723659304/ HTTP/2" 404 15020 "-" "Mozilla/5.0 (compatible; AhrefsBot/7.0; +http://ahrefs.com/robot/)"
79.127.237.104 - - [21/Jul/2026:18:40:30 +0000] "GET /sitemap.xml HTTP/2" 200 146 "-" "Mozilla/5.0 (compatible; AhrefsBot/7.0; +http://ahrefs.com/robot/)"
79.127.237.132 - - [21/Jul/2026:18:40:38 +0000] "GET /items/G723488339/ HTTP/2" 404 14952 "-" "Mozilla/5.0 (compatible; AhrefsBot/7.0; +http://ahrefs.com/robot/)"
79.127.237.132 - - [21/Jul/2026:18:40:51 +0000] "GET /items/G723434921/ HTTP/2" 404 14952 "-" "Mozilla/5.0 (compatible; AhrefsBot/7.0; +http://ahrefs.com/robot/)"
143.244.38.134 - - [21/Jul/2026:18:40:59 +0000] "GET /items/G723242841/ HTTP/2" 404 14952 "-" "Mozilla/5.0 (compatible; AhrefsBot/7.0; +http://ahrefs.com/robot/)"
79.127.237.104 - - [21/Jul/2026:18:41:08 +0000] "GET /items/G723794209/ HTTP/2" 404 14952 "-" "Mozilla/5.0 (compatible; AhrefsBot/7.0; +http://ahrefs.com/robot/)"
79.127.237.132 - - [21/Jul/2026:18:41:18 +0000] "GET /items/G723073325/ HTTP/2" 404 14952 "-" "Mozilla/5.0 (compatible; AhrefsBot/7.0; +http://ahrefs.com/robot/)"
79.127.237.132 - - [21/Jul/2026:18:41:23 +0000] "GET /items/G723065594/ HTTP/2" 404 14952 "-" "Mozilla/5.0 (compatible; AhrefsBot/7.0; +http://ahrefs.com/robot/)"
79.127.237.104 - - [21/Jul/2026:18:41:33 +0000] "GET /items/G723018598/ HTTP/2" 404 14952 "-" "Mozilla/5.0 (compatible; AhrefsBot/7.0; +http://ahrefs.com/robot/)"
84.17.63.178 - - [21/Jul/2026:18:41:35 +0000] "GET /video/the-demonologist HTTP/2" 301 5 "-" "Mozilla/5.0 AppleWebKit/537.36 (KHTML, like Gecko; compatible; SleepBot/1.0; +http://sleepbot.com/) Chrome/131.0.0.0 Safari/537.36"
84.17.63.178 - - [21/Jul/2026:18:41:37 +0000] "GET /video/the-demonologist/ HTTP/2" 200 18191 "https://azfilmz.com/video/the-demonologist" "Mozilla/5.0 AppleWebKit/537.36 (KHTML, like Gecko; compatible; SleepBot/1.0; +http://sleepbot.com/) Chrome/131.0.0.0 Safari/537.36"
79.127.237.104 - - [21/Jul/2026:18:41:39 +0000] "GET /items/G722908729/ HTTP/2" 404 14951 "-" "Mozilla/5.0 (compatible; AhrefsBot/7.0; +http://ahrefs.com/robot/)"
143.244.38.134 - - [21/Jul/2026:18:41:45 +0000] "GET /items/G722856738/ HTTP/2" 404 15020 "-" "Mozilla/5.0 (compatible; AhrefsBot/7.0; +http://ahrefs.com/robot/)"
143.244.38.134 - - [21/Jul/2026:18:41:51 +0000] "GET /items/G722780431/ HTTP/2" 404 14952 "-" "Mozilla/5.0 (compatible; AhrefsBot/7.0; +http://ahrefs.com/robot/)"
143.244.38.134 - - [21/Jul/2026:18:42:02 +0000] "GET /goods/15296094695 HTTP/2" 404 14952 "-" "Mozilla/5.0 (compatible; AhrefsBot/7.0; +http://ahrefs.com/robot/)"
79.127.237.104 - - [21/Jul/2026:18:42:10 +0000] "GET /items/G722657599/ HTTP/2" 404 14952 "-" "Mozilla/5.0 (compatible; AhrefsBot/7.0; +http://ahrefs.com/robot/)"
79.127.237.132 - - [21/Jul/2026:18:42:21 +0000] "GET /items/G722498200/ HTTP/2" 404 14952 "-" "Mozilla/5.0 (compatible; AhrefsBot/7.0; +http://ahrefs.com/robot/)"
79.127.237.104 - - [21/Jul/2026:18:42:27 +0000] "GET /items/G722480549/ HTTP/2" 404 14952 "-" "Mozilla/5.0 (compatible; AhrefsBot/7.0; +http://ahrefs.com/robot/)"
79.127.237.104 - - [21/Jul/2026:18:42:32 +0000] "GET /items/G722265040/ HTTP/2" 404 14952 "-" "Mozilla/5.0 (compatible; AhrefsBot/7.0; +http://ahrefs.com/robot/)"
79.127.237.132 - - [21/Jul/2026:18:42:42 +0000] "GET /items/G722021308/ HTTP/2" 404 14952 "-" "Mozilla/5.0 (compatible; AhrefsBot/7.0; +http://ahrefs.com/robot/)"
79.127.237.132 - - [21/Jul/2026:18:42:51 +0000] "GET /items/G721852380/ HTTP/2" 404 14952 "-" "Mozilla/5.0 (compatible; AhrefsBot/7.0; +http://ahrefs.com/robot/)"
79.127.237.132 - - [21/Jul/2026:18:43:05 +0000] "GET /items/G721742834/ HTTP/2" 404 14952 "-" "Mozilla/5.0 (compatible; AhrefsBot/7.0; +http://ahrefs.com/robot/)"
143.244.38.134 - - [21/Jul/2026:18:43:16 +0000] "GET /items/G721646778/ HTTP/2" 404 14952 "-" "Mozilla/5.0 (compatible; AhrefsBot/7.0; +http://ahrefs.com/robot/)"
143.244.38.134 - - [21/Jul/2026:18:43:26 +0000] "GET /items/G721418815/ HTTP/2" 404 14952 "-" "Mozilla/5.0 (compatible; AhrefsBot/7.0; +http://ahrefs.com/robot/)"
79.127.237.104 - - [21/Jul/2026:18:43:33 +0000] "GET /items/G721366890/ HTTP/2" 404 14952 "-" "Mozilla/5.0 (compatible; AhrefsBot/7.0; +http://ahrefs.com/robot/)"
79.127.237.132 - - [21/Jul/2026:18:43:39 +0000] "GET /items/G721294233/ HTTP/2" 404 14952 "-" "Mozilla/5.0 (compatible; AhrefsBot/7.0; +http://ahrefs.com/robot/)"
143.244.49.179 - - [21/Jul/2026:18:43:40 +0000] "POST /wp-login.php HTTP/2" 200 2279 "-" "Mozilla/5.0 (Windows NT 6.1; Win64; x64; rv:109.0) Gecko/20100101 Firefox/115.0 [ip:79.49.113.54]"
79.127.237.132 - - [21/Jul/2026:18:43:49 +0000] "GET /goods/494933869844 HTTP/2" 404 14952 "-" "Mozilla/5.0 (compatible; AhrefsBot/7.0; +http://ahrefs.com/robot/)"
79.127.237.132 - - [21/Jul/2026:18:43:55 +0000] "GET /items/G721123660/ HTTP/2" 404 14952 "-" "Mozilla/5.0 (compatible; AhrefsBot/7.0; +http://ahrefs.com/robot/)"
79.127.237.132 - - [21/Jul/2026:18:44:02 +0000] "GET /items/G721119230/ HTTP/2" 404 14952 "-" "Mozilla/5.0 (compatible; AhrefsBot/7.0; +http://ahrefs.com/robot/)"
208.91.111.227 - - [21/Jul/2026:18:44:03 +0000] "GET /video/behzad-leito-to-chi-baalaaei/ HTTP/1.1" 200 18049 "-" "Mozilla/5.0 AppleWebKit/537.36 (KHTML, like Gecko; compatible; ClaudeBot/1.0; +claudebot@anthropic.com)"
79.127.237.104 - - [21/Jul/2026:18:44:10 +0000] "GET /goods/482956920254 HTTP/2" 404 14952 "-" "Mozilla/5.0 (compatible; AhrefsBot/7.0; +http://ahrefs.com/robot/)"
143.244.38.134 - - [21/Jul/2026:18:44:16 +0000] "GET /goods/418493373553 HTTP/2" 404 14952 "-" "Mozilla/5.0 (compatible; AhrefsBot/7.0; +http://ahrefs.com/robot/)"
79.127.237.132 - - [21/Jul/2026:18:44:25 +0000] "GET /items/G724595673/ HTTP/2" 404 14952 "-" "Mozilla/5.0 (compatible; AhrefsBot/7.0; +http://ahrefs.com/robot/)"
37.19.207.37 - - [21/Jul/2026:18:44:33 +0000] "GET /wp-content/uploads/2021/05/img-detail-21-768x480.jpg HTTP/2" 200 55089 "-" "Mozilla/5.0 AppleWebKit/537.36 (KHTML, like Gecko; compatible; Amazonbot/0.1; +https://developer.amazon.com/support/amazonbot) Chrome/119.0.6045.214 Safari/537.36"
79.127.237.132 - - [21/Jul/2026:18:44:34 +0000] "GET /items/G723453238/ HTTP/2" 404 14952 "-" "Mozilla/5.0 (compatible; AhrefsBot/7.0; +http://ahrefs.com/robot/)"
143.244.38.134 - - [21/Jul/2026:18:44:41 +0000] "GET /goods/162928302073 HTTP/2" 404 14952 "-" "Mozilla/5.0 (compatible; AhrefsBot/7.0; +http://ahrefs.com/robot/)"
79.127.237.104 - - [21/Jul/2026:18:44:52 +0000] "GET /items/G724332513/ HTTP/2" 404 14952 "-" "Mozilla/5.0 (compatible; AhrefsBot/7.0; +http://ahrefs.com/robot/)"
79.127.237.104 - - [21/Jul/2026:18:44:58 +0000] "GET /goods/484084894805 HTTP/2" 404 14952 "-" "Mozilla/5.0 (compatible; AhrefsBot/7.0; +http://ahrefs.com/robot/)"
79.127.237.132 - - [21/Jul/2026:18:45:06 +0000] "GET /items/G723354846/ HTTP/2" 404 14952 "-" "Mozilla/5.0 (compatible; AhrefsBot/7.0; +http://ahrefs.com/robot/)"
79.127.237.132 - - [21/Jul/2026:18:45:12 +0000] "GET /goods/461628085559 HTTP/2" 404 14952 "-" "Mozilla/5.0 (compatible; AhrefsBot/7.0; +http://ahrefs.com/robot/)"
79.127.237.132 - - [21/Jul/2026:18:45:18 +0000] "GET /items/G724278132/ HTTP/2" 404 14952 "-" "Mozilla/5.0 (compatible; AhrefsBot/7.0; +http://ahrefs.com/robot/)"
143.244.38.134 - - [21/Jul/2026:18:45:28 +0000] "GET /items/G723300023/ HTTP/2" 404 14952 "-" "Mozilla/5.0 (compatible; AhrefsBot/7.0; +http://ahrefs.com/robot/)"
79.127.237.132 - - [21/Jul/2026:18:45:41 +0000] "GET /items/G723298247/ HTTP/2" 404 14952 "-" "Mozilla/5.0 (compatible; AhrefsBot/7.0; +http://ahrefs.com/robot/)"
79.127.237.104 - - [21/Jul/2026:18:45:50 +0000] "GET /goods/475336844648 HTTP/2" 404 14951 "-" "Mozilla/5.0 (compatible; AhrefsBot/7.0; +http://ahrefs.com/robot/)"
143.244.38.134 - - [21/Jul/2026:18:46:00 +0000] "GET /goods/144875717507 HTTP/2" 404 14952 "-" "Mozilla/5.0 (compatible; AhrefsBot/7.0; +http://ahrefs.com/robot/)"
143.244.38.134 - - [21/Jul/2026:18:46:12 +0000] "GET /goods/502907328195 HTTP/2" 404 14952 "-" "Mozilla/5.0 (compatible; AhrefsBot/7.0; +http://ahrefs.com/robot/)"
79.127.237.104 - - [21/Jul/2026:18:46:19 +0000] "GET /goods/448302569317 HTTP/2" 404 14952 "-" "Mozilla/5.0 (compatible; AhrefsBot/7.0; +http://ahrefs.com/robot/)"
79.127.237.132 - - [21/Jul/2026:18:46:31 +0000] "GET /goods/370983096695 HTTP/2" 404 14952 "-" "Mozilla/5.0 (compatible; AhrefsBot/7.0; +http://ahrefs.com/robot/)"
79.127.237.104 - - [21/Jul/2026:18:46:39 +0000] "GET /items/G724163092/ HTTP/2" 404 14952 "-" "Mozilla/5.0 (compatible; AhrefsBot/7.0; +http://ahrefs.com/robot/)"
208.91.111.227 - - [21/Jul/2026:18:46:42 +0000] "GET /video/shahab-tiam-manoto/ HTTP/1.1" 200 18162 "-" "Mozilla/5.0 AppleWebKit/537.36 (KHTML, like Gecko; compatible; ClaudeBot/1.0; +claudebot@anthropic.com)"
143.244.38.134 - - [21/Jul/2026:18:46:47 +0000] "GET /items/G723056810/ HTTP/2" 404 14952 "-" "Mozilla/5.0 (compatible; AhrefsBot/7.0; +http://ahrefs.com/robot/)"
79.127.237.104 - - [21/Jul/2026:18:46:54 +0000] "GET /goods/159991864005 HTTP/2" 404 14952 "-" "Mozilla/5.0 (compatible; AhrefsBot/7.0; +http://ahrefs.com/robot/)"
79.127.237.104 - - [21/Jul/2026:18:47:00 +0000] "GET /items/G722977984/ HTTP/2" 404 14952 "-" "Mozilla/5.0 (compatible; AhrefsBot/7.0; +http://ahrefs.com/robot/)"
208.91.111.227 - - [21/Jul/2026:18:47:07 +0000] "GET /video/tohi-ft-massari-asheghet-manam/ HTTP/1.1" 200 18203 "-" "Mozilla/5.0 AppleWebKit/537.36 (KHTML, like Gecko; compatible; ClaudeBot/1.0; +claudebot@anthropic.com)"
79.127.237.132 - - [21/Jul/2026:18:47:08 +0000] "GET /goods/159544309919 HTTP/2" 404 14952 "-" "Mozilla/5.0 (compatible; AhrefsBot/7.0; +http://ahrefs.com/robot/)"
79.127.237.132 - - [21/Jul/2026:18:47:15 +0000] "GET /items/G722881216/ HTTP/2" 404 14952 "-" "Mozilla/5.0 (compatible; AhrefsBot/7.0; +http://ahrefs.com/robot/)"
143.244.38.134 - - [21/Jul/2026:18:47:26 +0000] "GET /goods/29099475079 HTTP/2" 404 14952 "-" "Mozilla/5.0 (compatible; AhrefsBot/7.0; +http://ahrefs.com/robot/)"
79.127.237.132 - - [21/Jul/2026:18:47:33 +0000] "GET /items/G724047357/ HTTP/2" 404 14952 "-" "Mozilla/5.0 (compatible; AhrefsBot/7.0; +http://ahrefs.com/robot/)"
79.127.237.132 - - [21/Jul/2026:18:47:38 +0000] "GET /items/G724535837/ HTTP/2" 404 14952 "-" "Mozilla/5.0 (compatible; AhrefsBot/7.0; +http://ahrefs.com/robot/)"
79.127.237.104 - - [21/Jul/2026:18:47:45 +0000] "GET /items/G722829413/ HTTP/2" 404 14952 "-" "Mozilla/5.0 (compatible; AhrefsBot/7.0; +http://ahrefs.com/robot/)"
79.127.237.132 - - [21/Jul/2026:18:47:53 +0000] "GET /items/G724503300/ HTTP/2" 404 14951 "-" "Mozilla/5.0 (compatible; AhrefsBot/7.0; +http://ahrefs.com/robot/)"
79.127.237.132 - - [21/Jul/2026:18:48:02 +0000] "GET /items/G722703213/ HTTP/2" 404 14951 "-" "Mozilla/5.0 (compatible; AhrefsBot/7.0; +http://ahrefs.com/robot/)"
79.127.237.132 - - [21/Jul/2026:18:48:09 +0000] "GET /items/G722418459/ HTTP/2" 404 14952 "-" "Mozilla/5.0 (compatible; AhrefsBot/7.0; +http://ahrefs.com/robot/)"
84.17.63.178 - - [21/Jul/2026:18:48:12 +0000] "GET /hello-world HTTP/2" 301 5 "-" "Mozilla/5.0 AppleWebKit/537.36 (KHTML, like Gecko; compatible; SleepBot/1.0; +http://sleepbot.com/) Chrome/131.0.0.0 Safari/537.36"
84.17.63.178 - - [21/Jul/2026:18:48:14 +0000] "GET /hello-world/ HTTP/2" 200 18530 "https://azfilmz.com/hello-world" "Mozilla/5.0 AppleWebKit/537.36 (KHTML, like Gecko; compatible; SleepBot/1.0; +http://sleepbot.com/) Chrome/131.0.0.0 Safari/537.36"
79.127.237.104 - - [21/Jul/2026:18:48:20 +0000] "GET /items/G724344769/ HTTP/2" 404 14952 "-" "Mozilla/5.0 (compatible; AhrefsBot/7.0; +http://ahrefs.com/robot/)"
79.127.237.104 - - [21/Jul/2026:18:48:27 +0000] "GET /items/G722283298/ HTTP/2" 404 14952 "-" "Mozilla/5.0 (compatible; AhrefsBot/7.0; +http://ahrefs.com/robot/)"
143.244.38.134 - - [21/Jul/2026:18:48:33 +0000] "GET /items/G723944776/ HTTP/2" 404 14952 "-" "Mozilla/5.0 (compatible; AhrefsBot/7.0; +http://ahrefs.com/robot/)"
143.244.38.134 - - [21/Jul/2026:18:48:38 +0000] "GET /items/G721896569/ HTTP/2" 404 14952 "-" "Mozilla/5.0 (compatible; AhrefsBot/7.0; +http://ahrefs.com/robot/)"
79.127.237.104 - - [21/Jul/2026:18:48:48 +0000] "GET /items/G723952488/ HTTP/2" 404 14952 "-" "Mozilla/5.0 (compatible; AhrefsBot/7.0; +http://ahrefs.com/robot/)"
143.244.38.134 - - [21/Jul/2026:18:48:56 +0000] "GET /items/G723731608/ HTTP/2" 404 14952 "-" "Mozilla/5.0 (compatible; AhrefsBot/7.0; +http://ahrefs.com/robot/)"
79.127.237.104 - - [21/Jul/2026:18:49:03 +0000] "GET /items/G721650876/ HTTP/2" 404 14952 "-" "Mozilla/5.0 (compatible; AhrefsBot/7.0; +http://ahrefs.com/robot/)"
79.127.237.104 - - [21/Jul/2026:18:49:10 +0000] "GET /items/G723708127/ HTTP/2" 404 14952 "-" "Mozilla/5.0 (compatible; AhrefsBot/7.0; +http://ahrefs.com/robot/)"
