141.164.35.160 - - [21/Jul/2026:15:53:47 +0000] "GET / HTTP/2" 301 5 "-" "Mozilla/5.0 (Windows NT 10.0; Win64; x64) AppleWebKit/537.36 (KHTML, like Gecko) Chrome/111.0.0.0 Safari/537.36"
141.164.35.160 - - [21/Jul/2026:15:53:51 +0000] "GET / HTTP/2" 200 20111 "-" "Mozilla/5.0 (Windows NT 10.0; Win64; x64) AppleWebKit/537.36 (KHTML, like Gecko) Chrome/111.0.0.0 Safari/537.36"
141.164.35.160 - - [21/Jul/2026:15:53:52 +0000] "GET / HTTP/2" 301 5 "-" "Mozilla/5.0 (Windows NT 10.0; Win64; x64) AppleWebKit/537.36 (KHTML, like Gecko) Chrome/111.0.0.0 Safari/537.36"
141.164.35.160 - - [21/Jul/2026:15:53:52 +0000] "GET / HTTP/2" 301 5 "-" "Mozilla/5.0 (Windows NT 10.0; Win64; x64) AppleWebKit/537.36 (KHTML, like Gecko) Chrome/111.0.0.0 Safari/537.36"
141.164.35.160 - - [21/Jul/2026:15:53:53 +0000] "GET / HTTP/2" 200 20088 "-" "Mozilla/5.0 (Windows NT 10.0; Win64; x64) AppleWebKit/537.36 (KHTML, like Gecko) Chrome/111.0.0.0 Safari/537.36"
141.164.35.160 - - [21/Jul/2026:15:53:54 +0000] "GET / HTTP/2" 301 5 "-" "Mozilla/5.0 (Windows NT 10.0; Win64; x64) AppleWebKit/537.36 (KHTML, like Gecko) Chrome/111.0.0.0 Safari/537.36"
141.164.35.160 - - [21/Jul/2026:15:53:55 +0000] "GET / HTTP/2" 200 20088 "-" "Mozilla/5.0 (Windows NT 10.0; Win64; x64) AppleWebKit/537.36 (KHTML, like Gecko) Chrome/111.0.0.0 Safari/537.36"
141.164.35.160 - - [21/Jul/2026:15:53:55 +0000] "GET / HTTP/2" 200 20082 "-" "Mozilla/5.0 (Windows NT 10.0; Win64; x64) AppleWebKit/537.36 (KHTML, like Gecko) Chrome/111.0.0.0 Safari/537.36"
141.164.35.160 - - [21/Jul/2026:15:53:56 +0000] "GET / HTTP/2" 200 20082 "-" "Mozilla/5.0 (Windows NT 10.0; Win64; x64) AppleWebKit/537.36 (KHTML, like Gecko) Chrome/111.0.0.0 Safari/537.36"
141.164.35.160 - - [21/Jul/2026:15:53:57 +0000] "GET / HTTP/2" 301 5 "-" "Mozilla/5.0 (Windows NT 10.0; Win64; x64) AppleWebKit/537.36 (KHTML, like Gecko) Chrome/111.0.0.0 Safari/537.36"
141.164.35.160 - - [21/Jul/2026:15:53:58 +0000] "GET / HTTP/2" 200 20088 "-" "Mozilla/5.0 (Windows NT 10.0; Win64; x64) AppleWebKit/537.36 (KHTML, like Gecko) Chrome/111.0.0.0 Safari/537.36"
141.164.35.160 - - [21/Jul/2026:15:53:59 +0000] "GET / HTTP/2" 301 5 "-" "Mozilla/5.0 (Windows NT 10.0; Win64; x64) AppleWebKit/537.36 (KHTML, like Gecko) Chrome/111.0.0.0 Safari/537.36"
141.164.35.160 - - [21/Jul/2026:15:54:00 +0000] "GET / HTTP/2" 200 20083 "-" "Mozilla/5.0 (Windows NT 10.0; Win64; x64) AppleWebKit/537.36 (KHTML, like Gecko) Chrome/111.0.0.0 Safari/537.36"
141.164.35.160 - - [21/Jul/2026:15:54:01 +0000] "GET / HTTP/2" 200 20082 "-" "Mozilla/5.0 (Windows NT 10.0; Win64; x64) AppleWebKit/537.36 (KHTML, like Gecko) Chrome/111.0.0.0 Safari/537.36"
143.244.38.134 - - [21/Jul/2026:15:54:06 +0000] "GET /items/G723902149/ HTTP/2" 404 14952 "-" "Mozilla/5.0 (compatible; AhrefsBot/7.0; +http://ahrefs.com/robot/)"
37.19.207.37 - - [21/Jul/2026:15:54:09 +0000] "GET / HTTP/2" 200 20085 "-" "Mozilla/5.0 (compatible; CMS-Checker/1.0; +https://example.com)"
208.91.111.227 - - [21/Jul/2026:15:54:23 +0000] "GET /dp/4e1553664537 HTTP/1.1" 404 14952 "-" "Mozilla/5.0 AppleWebKit/537.36 (KHTML, like Gecko; compatible; ClaudeBot/1.0; +claudebot@anthropic.com)"
143.244.38.134 - - [21/Jul/2026:15:54:28 +0000] "GET /items/G723837247/ HTTP/2" 404 14952 "-" "Mozilla/5.0 (compatible; AhrefsBot/7.0; +http://ahrefs.com/robot/)"
79.127.237.132 - - [21/Jul/2026:15:54:56 +0000] "GET /goods/350725469400 HTTP/2" 404 14952 "-" "Mozilla/5.0 (compatible; AhrefsBot/7.0; +http://ahrefs.com/robot/)"
208.91.111.227 - - [21/Jul/2026:15:54:58 +0000] "GET /sitemap-2.xml HTTP/1.1" 200 146 "-" "Mozilla/5.0 AppleWebKit/537.36 (KHTML, like Gecko; compatible; ClaudeBot/1.0; +claudebot@anthropic.com)"
79.127.237.132 - - [21/Jul/2026:15:55:32 +0000] "GET /items/G723752020/ HTTP/2" 404 14951 "-" "Mozilla/5.0 (compatible; AhrefsBot/7.0; +http://ahrefs.com/robot/)"
79.127.237.132 - - [21/Jul/2026:15:56:10 +0000] "GET /items/G722894379/ HTTP/2" 404 14951 "-" "Mozilla/5.0 (compatible; AhrefsBot/7.0; +http://ahrefs.com/robot/)"
79.127.237.104 - - [21/Jul/2026:15:56:38 +0000] "GET /items/G723724593/ HTTP/2" 404 14952 "-" "Mozilla/5.0 (compatible; AhrefsBot/7.0; +http://ahrefs.com/robot/)"
79.127.237.132 - - [21/Jul/2026:15:57:10 +0000] "GET /items/G722851461/ HTTP/2" 404 14951 "-" "Mozilla/5.0 (compatible; AhrefsBot/7.0; +http://ahrefs.com/robot/)"
79.127.237.104 - - [21/Jul/2026:15:57:30 +0000] "GET /items/G723665783/ HTTP/2" 404 14952 "-" "Mozilla/5.0 (compatible; AhrefsBot/7.0; +http://ahrefs.com/robot/)"
79.127.237.132 - - [21/Jul/2026:15:57:51 +0000] "GET /items/G723460182/ HTTP/2" 404 14952 "-" "Mozilla/5.0 (compatible; AhrefsBot/7.0; +http://ahrefs.com/robot/)"
79.127.243.187 - - [21/Jul/2026:15:57:59 +0000] "GET / HTTP/2" 200 20083 "https://www.linkedin.com/company/azfilmz/" "Mozilla/5.0 (Macintosh; Intel Mac OS X 10_15_7) AppleWebKit/537.36 (KHTML, like Gecko) Chrome/144.0.0.0 Safari/537.36"
79.127.237.104 - - [21/Jul/2026:15:58:09 +0000] "GET /items/G723252063/ HTTP/2" 404 14952 "-" "Mozilla/5.0 (compatible; AhrefsBot/7.0; +http://ahrefs.com/robot/)"
143.244.38.134 - - [21/Jul/2026:15:58:37 +0000] "GET /items/G722831572/ HTTP/2" 404 14952 "-" "Mozilla/5.0 (compatible; AhrefsBot/7.0; +http://ahrefs.com/robot/)"
79.127.237.132 - - [21/Jul/2026:15:58:56 +0000] "GET /goods/370467606257 HTTP/2" 404 14952 "-" "Mozilla/5.0 (compatible; AhrefsBot/7.0; +http://ahrefs.com/robot/)"
79.127.237.132 - - [21/Jul/2026:15:59:14 +0000] "GET /items/G723190830/ HTTP/2" 404 15020 "-" "Mozilla/5.0 (compatible; AhrefsBot/7.0; +http://ahrefs.com/robot/)"
79.127.237.104 - - [21/Jul/2026:15:59:35 +0000] "GET /items/G722803850/ HTTP/2" 404 14952 "-" "Mozilla/5.0 (compatible; AhrefsBot/7.0; +http://ahrefs.com/robot/)"
79.127.237.104 - - [21/Jul/2026:16:00:07 +0000] "GET /items/G723087461/ HTTP/2" 404 14952 "-" "Mozilla/5.0 (compatible; AhrefsBot/7.0; +http://ahrefs.com/robot/)"
79.127.237.104 - - [21/Jul/2026:16:00:46 +0000] "GET /items/G722670921/ HTTP/2" 404 14952 "-" "Mozilla/5.0 (compatible; AhrefsBot/7.0; +http://ahrefs.com/robot/)"
143.244.38.134 - - [21/Jul/2026:16:01:27 +0000] "GET /items/G722640733/ HTTP/2" 404 14952 "-" "Mozilla/5.0 (compatible; AhrefsBot/7.0; +http://ahrefs.com/robot/)"
79.127.237.132 - - [21/Jul/2026:16:01:54 +0000] "GET /items/G722846232/ HTTP/2" 404 14952 "-" "Mozilla/5.0 (compatible; AhrefsBot/7.0; +http://ahrefs.com/robot/)"
79.127.237.132 - - [21/Jul/2026:16:02:04 +0000] "GET /items/G722609497/ HTTP/2" 404 14952 "-" "Mozilla/5.0 (compatible; AhrefsBot/7.0; +http://ahrefs.com/robot/)"
208.91.111.227 - - [21/Jul/2026:16:02:15 +0000] "GET /dp/145491454635 HTTP/1.1" 404 14952 "-" "Mozilla/5.0 AppleWebKit/537.36 (KHTML, like Gecko; compatible; ClaudeBot/1.0; +claudebot@anthropic.com)"
79.127.237.132 - - [21/Jul/2026:16:02:15 +0000] "GET /items/G722742676/ HTTP/2" 404 14952 "-" "Mozilla/5.0 (compatible; AhrefsBot/7.0; +http://ahrefs.com/robot/)"
79.127.237.132 - - [21/Jul/2026:16:02:28 +0000] "GET /items/G722361605/ HTTP/2" 404 14952 "-" "Mozilla/5.0 (compatible; AhrefsBot/7.0; +http://ahrefs.com/robot/)"
79.127.237.132 - - [21/Jul/2026:16:02:43 +0000] "GET /items/G722633764/ HTTP/2" 404 14952 "-" "Mozilla/5.0 (compatible; AhrefsBot/7.0; +http://ahrefs.com/robot/)"
79.127.237.132 - - [21/Jul/2026:16:02:56 +0000] "GET /items/G722350485/ HTTP/2" 404 14952 "-" "Mozilla/5.0 (compatible; AhrefsBot/7.0; +http://ahrefs.com/robot/)"
79.127.237.104 - - [21/Jul/2026:16:03:10 +0000] "GET /items/G722237659/ HTTP/2" 404 14952 "-" "Mozilla/5.0 (compatible; AhrefsBot/7.0; +http://ahrefs.com/robot/)"
143.244.38.134 - - [21/Jul/2026:16:03:19 +0000] "GET /goods/367919119012 HTTP/2" 404 14952 "-" "Mozilla/5.0 (compatible; AhrefsBot/7.0; +http://ahrefs.com/robot/)"
79.127.237.104 - - [21/Jul/2026:16:03:28 +0000] "GET /items/G722240836/ HTTP/2" 404 14952 "-" "Mozilla/5.0 (compatible; AhrefsBot/7.0; +http://ahrefs.com/robot/)"
79.127.237.132 - - [21/Jul/2026:16:03:38 +0000] "GET /items/G722094764/ HTTP/2" 404 14952 "-" "Mozilla/5.0 (compatible; AhrefsBot/7.0; +http://ahrefs.com/robot/)"
79.127.237.104 - - [21/Jul/2026:16:03:47 +0000] "GET /items/G721906199/ HTTP/2" 404 14952 "-" "Mozilla/5.0 (compatible; AhrefsBot/7.0; +http://ahrefs.com/robot/)"
79.127.237.104 - - [21/Jul/2026:16:03:56 +0000] "GET /items/G722176184/ HTTP/2" 404 14951 "-" "Mozilla/5.0 (compatible; AhrefsBot/7.0; +http://ahrefs.com/robot/)"
79.127.237.104 - - [21/Jul/2026:16:04:06 +0000] "GET /items/G721829949/ HTTP/2" 404 14952 "-" "Mozilla/5.0 (compatible; AhrefsBot/7.0; +http://ahrefs.com/robot/)"
79.127.237.132 - - [21/Jul/2026:16:04:14 +0000] "GET /items/G722169175/ HTTP/2" 404 14952 "-" "Mozilla/5.0 (compatible; AhrefsBot/7.0; +http://ahrefs.com/robot/)"
79.127.237.104 - - [21/Jul/2026:16:04:24 +0000] "GET /items/G721829632/ HTTP/2" 404 14952 "-" "Mozilla/5.0 (compatible; AhrefsBot/7.0; +http://ahrefs.com/robot/)"
143.244.38.134 - - [21/Jul/2026:16:04:37 +0000] "GET /items/G722076877/ HTTP/2" 404 14952 "-" "Mozilla/5.0 (compatible; AhrefsBot/7.0; +http://ahrefs.com/robot/)"
79.127.237.132 - - [21/Jul/2026:16:04:47 +0000] "GET /items/G721825073/ HTTP/2" 404 14952 "-" "Mozilla/5.0 (compatible; AhrefsBot/7.0; +http://ahrefs.com/robot/)"
138.199.24.219 - - [21/Jul/2026:16:04:54 +0000] "GET /wp-content/uploads/2022/12/squid.jpg HTTP/2" 200 93822 "https://www.azfilmz.com/wp-content/uploads/2022/12/squid.jpg" "Mozilla/5.0 (Macintosh; Intel Mac OS X 10_15_7) AppleWebKit/537.36 (KHTML, like Gecko) Chrome/118.0.0.0 Safari/537.36"
79.127.237.132 - - [21/Jul/2026:16:05:01 +0000] "GET /items/G722027319/ HTTP/2" 404 14951 "-" "Mozilla/5.0 (compatible; AhrefsBot/7.0; +http://ahrefs.com/robot/)"
143.244.38.134 - - [21/Jul/2026:16:05:02 +0000] "POST /wp-cron.php?doing_wp_cron=1784649902.1658968925476074218750 HTTP/2" 200 0 "-" "WordPress/7.0.2; https://www.azfilmz.com"
79.127.237.104 - - [21/Jul/2026:16:05:18 +0000] "GET /items/G721697953/ HTTP/2" 404 14952 "-" "Mozilla/5.0 (compatible; AhrefsBot/7.0; +http://ahrefs.com/robot/)"
79.127.237.104 - - [21/Jul/2026:16:05:30 +0000] "GET /items/G721464636/ HTTP/2" 404 14952 "-" "Mozilla/5.0 (compatible; AhrefsBot/7.0; +http://ahrefs.com/robot/)"
79.127.237.132 - - [21/Jul/2026:16:05:41 +0000] "GET /items/G721422781/ HTTP/2" 404 14952 "-" "Mozilla/5.0 (compatible; AhrefsBot/7.0; +http://ahrefs.com/robot/)"
143.244.38.134 - - [21/Jul/2026:16:05:50 +0000] "GET /items/G721320852/ HTTP/2" 404 14952 "-" "Mozilla/5.0 (compatible; AhrefsBot/7.0; +http://ahrefs.com/robot/)"
141.164.35.160 - - [21/Jul/2026:16:05:51 +0000] "GET / HTTP/2" 301 5 "-" "Mozilla/5.0 (Windows NT 10.0; Win64; x64) AppleWebKit/537.36 (KHTML, like Gecko) Chrome/111.0.0.0 Safari/537.36"
141.164.35.160 - - [21/Jul/2026:16:05:53 +0000] "GET / HTTP/2" 200 20088 "-" "Mozilla/5.0 (Windows NT 10.0; Win64; x64) AppleWebKit/537.36 (KHTML, like Gecko) Chrome/111.0.0.0 Safari/537.36"
141.164.35.160 - - [21/Jul/2026:16:05:58 +0000] "GET / HTTP/2" 301 5 "-" "Mozilla/5.0 (Windows NT 10.0; Win64; x64) AppleWebKit/537.36 (KHTML, like Gecko) Chrome/111.0.0.0 Safari/537.36"
141.164.35.160 - - [21/Jul/2026:16:05:59 +0000] "GET / HTTP/2" 200 20112 "-" "Mozilla/5.0 (Windows NT 10.0; Win64; x64) AppleWebKit/537.36 (KHTML, like Gecko) Chrome/111.0.0.0 Safari/537.36"
141.164.35.160 - - [21/Jul/2026:16:06:00 +0000] "GET / HTTP/2" 301 5 "-" "Mozilla/5.0 (Windows NT 10.0; Win64; x64) AppleWebKit/537.36 (KHTML, like Gecko) Chrome/111.0.0.0 Safari/537.36"
79.127.237.132 - - [21/Jul/2026:16:06:00 +0000] "GET /items/G721314538/ HTTP/2" 404 14952 "-" "Mozilla/5.0 (compatible; AhrefsBot/7.0; +http://ahrefs.com/robot/)"
141.164.35.160 - - [21/Jul/2026:16:06:01 +0000] "GET / HTTP/2" 200 20083 "-" "Mozilla/5.0 (Windows NT 10.0; Win64; x64) AppleWebKit/537.36 (KHTML, like Gecko) Chrome/111.0.0.0 Safari/537.36"
141.164.35.160 - - [21/Jul/2026:16:06:02 +0000] "GET / HTTP/2" 200 20088 "-" "Mozilla/5.0 (Windows NT 10.0; Win64; x64) AppleWebKit/537.36 (KHTML, like Gecko) Chrome/111.0.0.0 Safari/537.36"
143.244.38.134 - - [21/Jul/2026:16:06:12 +0000] "GET /items/G721302226/ HTTP/2" 404 14952 "-" "Mozilla/5.0 (compatible; AhrefsBot/7.0; +http://ahrefs.com/robot/)"
79.127.237.132 - - [21/Jul/2026:16:06:24 +0000] "GET /items/G721253233/ HTTP/2" 404 14952 "-" "Mozilla/5.0 (compatible; AhrefsBot/7.0; +http://ahrefs.com/robot/)"
79.127.237.132 - - [21/Jul/2026:16:06:36 +0000] "GET /items/G721016375/ HTTP/2" 404 14952 "-" "Mozilla/5.0 (compatible; AhrefsBot/7.0; +http://ahrefs.com/robot/)"
79.127.237.104 - - [21/Jul/2026:16:06:47 +0000] "GET /items/G724116523/ HTTP/2" 404 14952 "-" "Mozilla/5.0 (compatible; AhrefsBot/7.0; +http://ahrefs.com/robot/)"
79.127.237.104 - - [21/Jul/2026:16:06:54 +0000] "GET /goods/124440540556 HTTP/2" 404 14952 "-" "Mozilla/5.0 (compatible; AhrefsBot/7.0; +http://ahrefs.com/robot/)"
79.127.237.132 - - [21/Jul/2026:16:07:04 +0000] "GET /goods/202940163488 HTTP/2" 404 14952 "-" "Mozilla/5.0 (compatible; AhrefsBot/7.0; +http://ahrefs.com/robot/)"
79.127.237.104 - - [21/Jul/2026:16:07:11 +0000] "GET /goods/16771578064 HTTP/2" 404 14952 "-" "Mozilla/5.0 (compatible; AhrefsBot/7.0; +http://ahrefs.com/robot/)"
79.127.237.132 - - [21/Jul/2026:16:07:23 +0000] "GET /goods/268129777616 HTTP/2" 404 14952 "-" "Mozilla/5.0 (compatible; AhrefsBot/7.0; +http://ahrefs.com/robot/)"
79.127.237.104 - - [21/Jul/2026:16:07:29 +0000] "GET /goods/227493234128 HTTP/2" 404 14952 "-" "Mozilla/5.0 (compatible; AhrefsBot/7.0; +http://ahrefs.com/robot/)"
143.244.49.178 - - [21/Jul/2026:16:07:37 +0000] "POST /wp-login.php HTTP/2" 200 2279 "-" "chrome|Mozilla/5.0 (Windows; U; Windows NT 6.2; x64; en-US) AppleWebKit/533.22 (KHTML, like Gecko) Chrome/47.0.3324.238 Safari/602"
143.244.38.134 - - [21/Jul/2026:16:07:38 +0000] "GET /items/G724404818/ HTTP/2" 404 14952 "-" "Mozilla/5.0 (compatible; AhrefsBot/7.0; +http://ahrefs.com/robot/)"
79.127.237.104 - - [21/Jul/2026:16:07:45 +0000] "GET /items/G724403530/ HTTP/2" 404 14952 "-" "Mozilla/5.0 (compatible; AhrefsBot/7.0; +http://ahrefs.com/robot/)"
79.127.237.132 - - [21/Jul/2026:16:07:52 +0000] "GET /goods/523952376296 HTTP/2" 404 14952 "-" "Mozilla/5.0 (compatible; AhrefsBot/7.0; +http://ahrefs.com/robot/)"
143.244.38.134 - - [21/Jul/2026:16:08:04 +0000] "GET /items/G724349684/ HTTP/2" 404 14952 "-" "Mozilla/5.0 (compatible; AhrefsBot/7.0; +http://ahrefs.com/robot/)"
79.127.237.104 - - [21/Jul/2026:16:08:11 +0000] "GET /items/G724335124/ HTTP/2" 404 14952 "-" "Mozilla/5.0 (compatible; AhrefsBot/7.0; +http://ahrefs.com/robot/)"
143.244.38.134 - - [21/Jul/2026:16:08:18 +0000] "GET /items/G724277207/ HTTP/2" 404 14952 "-" "Mozilla/5.0 (compatible; AhrefsBot/7.0; +http://ahrefs.com/robot/)"
79.127.237.132 - - [21/Jul/2026:16:08:25 +0000] "GET /items/G724248326/ HTTP/2" 404 14952 "-" "Mozilla/5.0 (compatible; AhrefsBot/7.0; +http://ahrefs.com/robot/)"
143.244.38.134 - - [21/Jul/2026:16:08:33 +0000] "GET /items/G723864777/ HTTP/2" 404 14952 "-" "Mozilla/5.0 (compatible; AhrefsBot/7.0; +http://ahrefs.com/robot/)"
212.102.40.120 - - [21/Jul/2026:16:08:40 +0000] "GET /items/G724486173/ HTTP/2" 404 14952 "-" "Mozilla/5.0 (Windows NT 10.0; Win64; x64) AppleWebKit/537.36 (KHTML, like Gecko) Chrome/145.0.0.0 Safari/537.36 (compatible; meta-externalagent/1.1 (+https://developers.facebook.com/docs/sharing/webmasters/crawler))"
79.127.237.104 - - [21/Jul/2026:16:08:41 +0000] "GET /items/G723863262/ HTTP/2" 404 14952 "-" "Mozilla/5.0 (compatible; AhrefsBot/7.0; +http://ahrefs.com/robot/)"
37.19.207.37 - - [21/Jul/2026:16:08:42 +0000] "GET /items/G721931960/ HTTP/2" 404 14952 "-" "Mozilla/5.0 (Macintosh; Intel Mac OS X 10_15_7) AppleWebKit/537.36 (KHTML, like Gecko) Chrome/145.0.0.0 Safari/537.36 (compatible; meta-externalagent/1.1 (+https://developers.facebook.com/docs/sharing/webmasters/crawler))"
37.19.207.37 - - [21/Jul/2026:16:08:43 +0000] "GET /items/G721192350/ HTTP/2" 404 14952 "-" "Mozilla/5.0 (Macintosh; Intel Mac OS X 10_15_7) AppleWebKit/537.36 (KHTML, like Gecko) Chrome/145.0.0.0 Safari/537.36 (compatible; meta-externalagent/1.1 (+https://developers.facebook.com/docs/sharing/webmasters/crawler))"
212.102.40.120 - - [21/Jul/2026:16:08:46 +0000] "GET /items/G724435216/ HTTP/2" 404 14952 "-" "Mozilla/5.0 (Windows NT 10.0; Win64; x64) AppleWebKit/537.36 (KHTML, like Gecko) Chrome/145.0.0.0 Safari/537.36 (compatible; meta-externalagent/1.1 (+https://developers.facebook.com/docs/sharing/webmasters/crawler))"
79.127.237.104 - - [21/Jul/2026:16:08:48 +0000] "GET /items/G723595431/ HTTP/2" 404 14952 "-" "Mozilla/5.0 (compatible; AhrefsBot/7.0; +http://ahrefs.com/robot/)"
143.244.38.134 - - [21/Jul/2026:16:08:57 +0000] "GET /items/G723537008/ HTTP/2" 404 14952 "-" "Mozilla/5.0 (compatible; AhrefsBot/7.0; +http://ahrefs.com/robot/)"
79.127.237.132 - - [21/Jul/2026:16:09:04 +0000] "GET /items/G723432333/ HTTP/2" 404 14952 "-" "Mozilla/5.0 (compatible; AhrefsBot/7.0; +http://ahrefs.com/robot/)"
79.127.237.104 - - [21/Jul/2026:16:09:11 +0000] "GET /goods/218102991465 HTTP/2" 404 14952 "-" "Mozilla/5.0 (compatible; AhrefsBot/7.0; +http://ahrefs.com/robot/)"
143.244.38.134 - - [21/Jul/2026:16:09:24 +0000] "GET /items/G722756578/ HTTP/2" 404 14952 "-" "Mozilla/5.0 (compatible; AhrefsBot/7.0; +http://ahrefs.com/robot/)"
79.127.237.132 - - [21/Jul/2026:16:09:26 +0000] "GET /goods/426497845372 HTTP/2" 404 14952 "-" "Mozilla/5.0 (compatible; AhrefsBot/7.0; +http://ahrefs.com/robot/)"
79.127.237.104 - - [21/Jul/2026:16:09:33 +0000] "GET /items/G722515750/ HTTP/2" 404 14952 "-" "Mozilla/5.0 (compatible; AhrefsBot/7.0; +http://ahrefs.com/robot/)"
79.127.237.104 - - [21/Jul/2026:16:09:40 +0000] "GET /items/G722333120/ HTTP/2" 404 14952 "-" "Mozilla/5.0 (compatible; AhrefsBot/7.0; +http://ahrefs.com/robot/)"
79.127.237.104 - - [21/Jul/2026:16:09:48 +0000] "GET /items/G722035617/ HTTP/2" 404 14952 "-" "Mozilla/5.0 (compatible; AhrefsBot/7.0; +http://ahrefs.com/robot/)"
79.127.237.132 - - [21/Jul/2026:16:09:55 +0000] "GET /items/G721860235/ HTTP/2" 404 14952 "-" "Mozilla/5.0 (compatible; AhrefsBot/7.0; +http://ahrefs.com/robot/)"
79.127.237.104 - - [21/Jul/2026:16:10:02 +0000] "GET /goods/324565003217 HTTP/2" 404 14952 "-" "Mozilla/5.0 (compatible; AhrefsBot/7.0; +http://ahrefs.com/robot/)"
79.127.237.132 - - [21/Jul/2026:16:10:10 +0000] "GET /items/G721510252/ HTTP/2" 404 14952 "-" "Mozilla/5.0 (compatible; AhrefsBot/7.0; +http://ahrefs.com/robot/)"
68.178.160.25 - - [21/Jul/2026:16:10:11 +0000] "GET /wp-json/wp/v2/users?_fields=slug&per_page=100&page=1 HTTP/2" 200 22 "-" "Mozilla/5.0 (Windows NT 10.0; Win64; x64) AppleWebKit/537.36 (KHTML, like Gecko) Chrome/133.0.0.0 Safari/537.36"
160.187.68.132 - - [21/Jul/2026:16:10:13 +0000] "GET /wp-json/webmention/1.0 HTTP/2" 404 105 "-" "Mozilla/5.0 (Windows NT 10.0; Win64; x64) AppleWebKit/537.36 (KHTML, like Gecko) Chrome/133.0.0.0 Safari/537.36"
143.244.38.134 - - [21/Jul/2026:16:10:18 +0000] "GET /items/G721293384/ HTTP/2" 404 14952 "-" "Mozilla/5.0 (compatible; AhrefsBot/7.0; +http://ahrefs.com/robot/)"
160.187.68.132 - - [21/Jul/2026:16:10:21 +0000] "GET /?rest_route=/wp/v2/users&_jsonp=callback&per_page=100&_fields=id,slug HTTP/2" 200 43 "-" "Mozilla/5.0 (Windows NT 10.0; Win64; x64) AppleWebKit/537.36 (KHTML, like Gecko) Chrome/133.0.0.0 Safari/537.36"
79.127.237.104 - - [21/Jul/2026:16:10:25 +0000] "GET /goods/264887968944 HTTP/2" 404 14952 "-" "Mozilla/5.0 (compatible; AhrefsBot/7.0; +http://ahrefs.com/robot/)"
79.127.237.104 - - [21/Jul/2026:16:10:42 +0000] "GET /sitemap-1.xml HTTP/2" 200 146 "-" "Mozilla/5.0 (compatible; AhrefsBot/7.0; +http://ahrefs.com/robot/)"
124.55.178.99 - - [21/Jul/2026:16:10:55 +0000] "POST /graphql HTTP/2" 404 14972 "-" "Mozilla/5.0 (Windows NT 10.0; Win64; x64) AppleWebKit/537.36 (KHTML, like Gecko) Chrome/133.0.0.0 Safari/537.36"
79.127.237.132 - - [21/Jul/2026:16:11:06 +0000] "GET /goods/332868653310 HTTP/2" 404 14952 "-" "Mozilla/5.0 (compatible; AhrefsBot/7.0; +http://ahrefs.com/robot/)"
138.199.46.65 - - [21/Jul/2026:16:11:10 +0000] "GET /items/G722601439/ HTTP/2" 404 14952 "-" "Mozilla/5.0 (compatible; YandexBot/3.0; +http://yandex.com/bots)"
84.17.63.178 - - [21/Jul/2026:16:11:24 +0000] "GET /video/coven-2020 HTTP/2" 301 5 "-" "Mozilla/5.0 AppleWebKit/537.36 (KHTML, like Gecko; compatible; SleepBot/1.0; +http://sleepbot.com/) Chrome/131.0.0.0 Safari/537.36"
79.127.237.104 - - [21/Jul/2026:16:11:24 +0000] "GET /items/G724672876/ HTTP/2" 404 14952 "-" "Mozilla/5.0 (compatible; AhrefsBot/7.0; +http://ahrefs.com/robot/)"
84.17.63.178 - - [21/Jul/2026:16:11:26 +0000] "GET /video/coven-2020/ HTTP/2" 200 18177 "https://azfilmz.com/video/coven-2020" "Mozilla/5.0 AppleWebKit/537.36 (KHTML, like Gecko; compatible; SleepBot/1.0; +http://sleepbot.com/) Chrome/131.0.0.0 Safari/537.36"
79.127.237.104 - - [21/Jul/2026:16:11:45 +0000] "GET /goods/14801674031 HTTP/2" 404 14952 "-" "Mozilla/5.0 (compatible; AhrefsBot/7.0; +http://ahrefs.com/robot/)"
195.181.166.158 - - [21/Jul/2026:16:11:52 +0000] "GET /dp/89ba89240 HTTP/2" 404 14952 "-" "Mozilla/5.0 (compatible; SERankingBacklinksBot/1.0; +https://seranking.com/backlinks-crawler)"
79.127.237.132 - - [21/Jul/2026:16:12:07 +0000] "GET /items/G721258469/ HTTP/2" 404 14952 "-" "Mozilla/5.0 (compatible; AhrefsBot/7.0; +http://ahrefs.com/robot/)"
79.127.237.104 - - [21/Jul/2026:16:12:37 +0000] "GET /goods/110282759598 HTTP/2" 404 14952 "-" "Mozilla/5.0 (compatible; AhrefsBot/7.0; +http://ahrefs.com/robot/)"
79.127.237.104 - - [21/Jul/2026:16:12:58 +0000] "GET /goods/456464453277 HTTP/2" 404 14952 "-" "Mozilla/5.0 (compatible; AhrefsBot/7.0; +http://ahrefs.com/robot/)"
38.104.169.186 - - [21/Jul/2026:16:13:22 +0000] "GET / HTTP/2" 301 5 "-" "Mozilla/5.0 (Windows NT 10.0; Win64; x64) AppleWebKit/537.36 (KHTML, like Gecko) Chrome/78.0.3904.108 Safari/537.36"
79.127.237.104 - - [21/Jul/2026:16:13:22 +0000] "GET /items/G724294234/ HTTP/2" 404 14952 "-" "Mozilla/5.0 (compatible; AhrefsBot/7.0; +http://ahrefs.com/robot/)"
38.104.169.186 - - [21/Jul/2026:16:13:23 +0000] "GET //wp-includes/wlwmanifest.xml HTTP/2" 403 5137 "-" "Mozilla/5.0 (Windows NT 10.0; Win64; x64) AppleWebKit/537.36 (KHTML, like Gecko) Chrome/78.0.3904.108 Safari/537.36"
38.104.169.186 - - [21/Jul/2026:16:13:24 +0000] "GET //xmlrpc.php?rsd HTTP/2" 403 1242 "-" "Mozilla/5.0 (Windows NT 10.0; Win64; x64) AppleWebKit/537.36 (KHTML, like Gecko) Chrome/78.0.3904.108 Safari/537.36"
38.104.169.186 - - [21/Jul/2026:16:13:24 +0000] "GET / HTTP/2" 200 20083 "-" "Mozilla/5.0 (Windows NT 10.0; Win64; x64) AppleWebKit/537.36 (KHTML, like Gecko) Chrome/78.0.3904.108 Safari/537.36"
38.104.169.186 - - [21/Jul/2026:16:13:25 +0000] "GET //?author=1 HTTP/2" 301 5 "-" "Mozilla/5.0 (Windows NT 10.0; Win64; x64) AppleWebKit/537.36 (KHTML, like Gecko) Chrome/78.0.3904.108 Safari/537.36"
38.104.169.186 - - [21/Jul/2026:16:13:26 +0000] "GET //?author=2 HTTP/2" 301 5 "-" "Mozilla/5.0 (Windows NT 10.0; Win64; x64) AppleWebKit/537.36 (KHTML, like Gecko) Chrome/78.0.3904.108 Safari/537.36"
38.104.169.186 - - [21/Jul/2026:16:13:27 +0000] "GET //wp-json/wp/v2/users/ HTTP/2" 200 335 "-" "Mozilla/5.0 (Windows NT 10.0; Win64; x64) AppleWebKit/537.36 (KHTML, like Gecko) Chrome/78.0.3904.108 Safari/537.36"
38.104.169.186 - - [21/Jul/2026:16:13:28 +0000] "POST //xmlrpc.php HTTP/2" 403 1242 "-" "Mozilla/5.0 (Windows NT 10.0; Win64; x64) AppleWebKit/537.36 (KHTML, like Gecko) Chrome/78.0.3904.108 Safari/537.36"
208.91.111.227 - - [21/Jul/2026:16:13:45 +0000] "GET /dp/e89852802449 HTTP/1.1" 404 14952 "-" "Mozilla/5.0 AppleWebKit/537.36 (KHTML, like Gecko; compatible; ClaudeBot/1.0; +claudebot@anthropic.com)"
143.244.38.134 - - [21/Jul/2026:16:14:08 +0000] "GET /items/G723928725/ HTTP/2" 404 14952 "-" "Mozilla/5.0 (compatible; AhrefsBot/7.0; +http://ahrefs.com/robot/)"
143.244.38.134 - - [21/Jul/2026:16:14:40 +0000] "GET /items/G723669898/ HTTP/2" 404 14952 "-" "Mozilla/5.0 (compatible; AhrefsBot/7.0; +http://ahrefs.com/robot/)"
79.127.237.132 - - [21/Jul/2026:16:15:00 +0000] "GET /items/G723554848/ HTTP/2" 404 14952 "-" "Mozilla/5.0 (compatible; AhrefsBot/7.0; +http://ahrefs.com/robot/)"
79.127.237.104 - - [21/Jul/2026:16:15:37 +0000] "GET /goods/455422943486 HTTP/2" 404 14952 "-" "Mozilla/5.0 (compatible; AhrefsBot/7.0; +http://ahrefs.com/robot/)"
79.127.237.104 - - [21/Jul/2026:16:16:02 +0000] "GET /items/G721197476/ HTTP/2" 404 14951 "-" "Mozilla/5.0 (compatible; AhrefsBot/7.0; +http://ahrefs.com/robot/)"
143.244.38.134 - - [21/Jul/2026:16:16:27 +0000] "GET /goods/40455500605 HTTP/2" 404 14952 "-" "Mozilla/5.0 (compatible; AhrefsBot/7.0; +http://ahrefs.com/robot/)"
143.244.38.134 - - [21/Jul/2026:16:17:11 +0000] "GET /items/G721911393/ HTTP/2" 404 14952 "-" "Mozilla/5.0 (compatible; AhrefsBot/7.0; +http://ahrefs.com/robot/)"
208.91.111.227 - - [21/Jul/2026:16:17:45 +0000] "GET /sitemap-6.xml HTTP/1.1" 200 146 "-" "Mozilla/5.0 AppleWebKit/537.36 (KHTML, like Gecko; compatible; ClaudeBot/1.0; +claudebot@anthropic.com)"
143.244.38.134 - - [21/Jul/2026:16:17:57 +0000] "GET /items/G721647421/ HTTP/2" 404 14952 "-" "Mozilla/5.0 (compatible; AhrefsBot/7.0; +http://ahrefs.com/robot/)"
143.244.38.134 - - [21/Jul/2026:16:18:20 +0000] "GET /goods/277664454318 HTTP/2" 404 14952 "-" "Mozilla/5.0 (compatible; AhrefsBot/7.0; +http://ahrefs.com/robot/)"
208.91.111.227 - - [21/Jul/2026:16:18:40 +0000] "GET /sitemap-2.xml HTTP/1.1" 200 146 "-" "Mozilla/5.0 AppleWebKit/537.36 (KHTML, like Gecko; compatible; ClaudeBot/1.0; +claudebot@anthropic.com)"
79.127.237.132 - - [21/Jul/2026:16:18:46 +0000] "GET /items/G721176978/ HTTP/2" 404 14952 "-" "Mozilla/5.0 (compatible; AhrefsBot/7.0; +http://ahrefs.com/robot/)"
208.91.111.227 - - [21/Jul/2026:16:18:54 +0000] "GET /sitemap-9.xml HTTP/1.1" 200 146 "-" "Mozilla/5.0 AppleWebKit/537.36 (KHTML, like Gecko; compatible; ClaudeBot/1.0; +claudebot@anthropic.com)"
79.127.237.104 - - [21/Jul/2026:16:19:15 +0000] "GET /goods/23447007963 HTTP/2" 404 14952 "-" "Mozilla/5.0 (compatible; AhrefsBot/7.0; +http://ahrefs.com/robot/)"
79.127.237.132 - - [21/Jul/2026:16:20:00 +0000] "GET /items/G724703522/ HTTP/2" 404 14952 "-" "Mozilla/5.0 (compatible; AhrefsBot/7.0; +http://ahrefs.com/robot/)"
143.244.38.134 - - [21/Jul/2026:16:20:01 +0000] "GET /video/invitation-to-a-murder-2023 HTTP/2" 301 5 "-" "uk-nhs-data/0.0 (internal fraud-research)"
79.127.237.132 - - [21/Jul/2026:16:20:03 +0000] "GET /video/invitation-to-a-murder-2023/ HTTP/2" 200 18143 "-" "uk-nhs-data/0.0 (internal fraud-research)"
79.127.237.104 - - [21/Jul/2026:16:20:41 +0000] "GET /goods/225221657024 HTTP/2" 404 14952 "-" "Mozilla/5.0 (compatible; AhrefsBot/7.0; +http://ahrefs.com/robot/)"
208.91.111.227 - - [21/Jul/2026:16:20:58 +0000] "GET /sitemap-3.xml HTTP/1.1" 200 146 "-" "Mozilla/5.0 AppleWebKit/537.36 (KHTML, like Gecko; compatible; ClaudeBot/1.0; +claudebot@anthropic.com)"
79.127.237.104 - - [21/Jul/2026:16:21:11 +0000] "GET /items/G724467053/ HTTP/2" 404 14952 "-" "Mozilla/5.0 (compatible; AhrefsBot/7.0; +http://ahrefs.com/robot/)"
79.127.237.132 - - [21/Jul/2026:16:21:59 +0000] "GET /items/G724363109/ HTTP/2" 404 14952 "-" "Mozilla/5.0 (compatible; AhrefsBot/7.0; +http://ahrefs.com/robot/)"
79.127.237.132 - - [21/Jul/2026:16:22:22 +0000] "GET /goods/103533651459 HTTP/2" 404 14952 "-" "Mozilla/5.0 (compatible; AhrefsBot/7.0; +http://ahrefs.com/robot/)"
37.19.207.37 - - [21/Jul/2026:16:22:36 +0000] "GET / HTTP/2" 301 5 "http://azfilmz.com/" "Mozilla/5.0 (Windows NT 10.0; Win64; x64; rv:133.0) Gecko/20100101 Firefox/133.0"
37.19.207.37 - - [21/Jul/2026:16:22:37 +0000] "GET / HTTP/2" 200 20088 "https://azfilmz.com/" "Mozilla/5.0 (Windows NT 10.0; Win64; x64; rv:133.0) Gecko/20100101 Firefox/133.0"
37.19.207.34 - - [21/Jul/2026:16:22:39 +0000] "POST /?rest_route=/batch/v1 HTTP/2" 400 119 "http://azfilmz.com/?rest_route=/batch/v1" "Mozilla/5.0 (Windows NT 10.0; Win64; x64; rv:133.0) Gecko/20100101 Firefox/133.0"
79.127.237.132 - - [21/Jul/2026:16:23:00 +0000] "GET /goods/247326538762 HTTP/2" 404 14952 "-" "Mozilla/5.0 (compatible; AhrefsBot/7.0; +http://ahrefs.com/robot/)"
208.91.111.227 - - [21/Jul/2026:16:23:15 +0000] "GET /sitemap-7.xml HTTP/1.1" 200 146 "-" "Mozilla/5.0 AppleWebKit/537.36 (KHTML, like Gecko; compatible; ClaudeBot/1.0; +claudebot@anthropic.com)"
79.127.237.104 - - [21/Jul/2026:16:23:29 +0000] "GET /items/G721086809/ HTTP/2" 404 14952 "-" "Mozilla/5.0 (compatible; AhrefsBot/7.0; +http://ahrefs.com/robot/)"
143.244.38.134 - - [21/Jul/2026:16:23:57 +0000] "GET /goods/205837779710 HTTP/2" 404 14951 "-" "Mozilla/5.0 (compatible; AhrefsBot/7.0; +http://ahrefs.com/robot/)"
143.244.56.57 - - [21/Jul/2026:16:24:12 +0000] "GET / HTTP/2" 301 5 "-" "Mozilla/5.0 (Macintosh; Intel Mac OS X 10_10_5) AppleWebKit/603.3.8 (KHTML, like Gecko) Version/10.1.2 Safari/603.3.8"
79.127.134.229 - - [21/Jul/2026:16:24:13 +0000] "GET / HTTP/2" 200 20083 "https://azfilmz.com/" "Mozilla/5.0 (Macintosh; Intel Mac OS X 10_10_5) AppleWebKit/603.3.8 (KHTML, like Gecko) Version/10.1.2 Safari/603.3.8"
208.91.111.227 - - [21/Jul/2026:16:24:16 +0000] "GET /sitemap-8.xml HTTP/1.1" 200 146 "-" "Mozilla/5.0 AppleWebKit/537.36 (KHTML, like Gecko; compatible; ClaudeBot/1.0; +claudebot@anthropic.com)"
79.127.237.104 - - [21/Jul/2026:16:24:35 +0000] "GET /items/G724289944/ HTTP/2" 404 14952 "-" "Mozilla/5.0 (compatible; AhrefsBot/7.0; +http://ahrefs.com/robot/)"
79.127.237.104 - - [21/Jul/2026:16:24:59 +0000] "GET /items/G724268918/ HTTP/2" 404 14952 "-" "Mozilla/5.0 (compatible; AhrefsBot/7.0; +http://ahrefs.com/robot/)"
143.244.49.178 - - [21/Jul/2026:16:25:14 +0000] "POST /wp-login.php HTTP/2" 200 2279 "-" "Mozilla/5.0 (X11; U; Linux i686; en-US; rv:1.8.0.5) Gecko/20060719 Firefox/1.5.0.5"
79.127.237.104 - - [21/Jul/2026:16:25:22 +0000] "GET /items/G721049514/ HTTP/2" 404 14952 "-" "Mozilla/5.0 (compatible; AhrefsBot/7.0; +http://ahrefs.com/robot/)"
79.127.237.104 - - [21/Jul/2026:16:25:55 +0000] "GET /items/G724147961/ HTTP/2" 404 14952 "-" "Mozilla/5.0 (compatible; AhrefsBot/7.0; +http://ahrefs.com/robot/)"
79.127.237.132 - - [21/Jul/2026:16:26:32 +0000] "GET /items/G724069543/ HTTP/2" 404 14952 "-" "Mozilla/5.0 (compatible; AhrefsBot/7.0; +http://ahrefs.com/robot/)"
138.199.46.65 - - [21/Jul/2026:16:26:53 +0000] "GET /items/G723596141/ HTTP/2" 404 14952 "-" "Mozilla/5.0 (compatible; YandexBot/3.0; +http://yandex.com/bots)"
143.244.38.134 - - [21/Jul/2026:16:26:57 +0000] "GET /items/G724062938/ HTTP/2" 404 14952 "-" "Mozilla/5.0 (compatible; AhrefsBot/7.0; +http://ahrefs.com/robot/)"
84.17.63.178 - - [21/Jul/2026:16:27:21 +0000] "GET /are-you-ready-to-make-it-awesome HTTP/2" 301 5 "-" "Mozilla/5.0 AppleWebKit/537.36 (KHTML, like Gecko; compatible; SleepBot/1.0; +http://sleepbot.com/) Chrome/131.0.0.0 Safari/537.36"
84.17.63.178 - - [21/Jul/2026:16:27:22 +0000] "GET /are-you-ready-to-make-it-awesome/ HTTP/2" 200 19721 "https://azfilmz.com/are-you-ready-to-make-it-awesome" "Mozilla/5.0 AppleWebKit/537.36 (KHTML, like Gecko; compatible; SleepBot/1.0; +http://sleepbot.com/) Chrome/131.0.0.0 Safari/537.36"
79.127.237.104 - - [21/Jul/2026:16:27:24 +0000] "GET /items/G724023217/ HTTP/2" 404 14952 "-" "Mozilla/5.0 (compatible; AhrefsBot/7.0; +http://ahrefs.com/robot/)"
79.127.237.132 - - [21/Jul/2026:16:27:53 +0000] "GET /items/G723956820/ HTTP/2" 404 14952 "-" "Mozilla/5.0 (compatible; AhrefsBot/7.0; +http://ahrefs.com/robot/)"
79.127.237.104 - - [21/Jul/2026:16:28:11 +0000] "GET /items/G723067106/ HTTP/2" 404 14952 "-" "Mozilla/5.0 (compatible; AhrefsBot/7.0; +http://ahrefs.com/robot/)"
79.127.237.132 - - [21/Jul/2026:16:28:32 +0000] "GET /items/G722897120/ HTTP/2" 404 14952 "-" "Mozilla/5.0 (compatible; AhrefsBot/7.0; +http://ahrefs.com/robot/)"
79.127.237.104 - - [21/Jul/2026:16:28:53 +0000] "GET /items/G722852803/ HTTP/2" 404 14952 "-" "Mozilla/5.0 (compatible; AhrefsBot/7.0; +http://ahrefs.com/robot/)"
143.244.38.134 - - [21/Jul/2026:16:29:15 +0000] "GET /items/G722627811/ HTTP/2" 404 14952 "-" "Mozilla/5.0 (compatible; AhrefsBot/7.0; +http://ahrefs.com/robot/)"
143.244.38.134 - - [21/Jul/2026:16:29:34 +0000] "GET /goods/337137796250 HTTP/2" 404 14952 "-" "Mozilla/5.0 (compatible; AhrefsBot/7.0; +http://ahrefs.com/robot/)"
37.19.207.37 - - [21/Jul/2026:16:29:43 +0000] "GET / HTTP/2" 301 5 "-" "Mozilla/5.0 (Windows NT 10.0; Win64; x64) AppleWebKit/537.36 (KHTML, like Gecko) Chrome/78.0.3904.108 Safari/537.36"
37.19.207.34 - - [21/Jul/2026:16:29:45 +0000] "GET //wp-includes/wlwmanifest.xml HTTP/2" 403 5137 "-" "Mozilla/5.0 (Windows NT 10.0; Win64; x64) AppleWebKit/537.36 (KHTML, like Gecko) Chrome/78.0.3904.108 Safari/537.36"
37.19.207.34 - - [21/Jul/2026:16:29:46 +0000] "GET //xmlrpc.php?rsd HTTP/2" 403 1242 "-" "Mozilla/5.0 (Windows NT 10.0; Win64; x64) AppleWebKit/537.36 (KHTML, like Gecko) Chrome/78.0.3904.108 Safari/537.36"
37.19.207.37 - - [21/Jul/2026:16:29:46 +0000] "GET / HTTP/2" 200 20088 "-" "Mozilla/5.0 (Windows NT 10.0; Win64; x64) AppleWebKit/537.36 (KHTML, like Gecko) Chrome/78.0.3904.108 Safari/537.36"
37.19.207.37 - - [21/Jul/2026:16:29:48 +0000] "GET //?author=1 HTTP/2" 301 5 "-" "Mozilla/5.0 (Windows NT 10.0; Win64; x64) AppleWebKit/537.36 (KHTML, like Gecko) Chrome/78.0.3904.108 Safari/537.36"
37.19.207.37 - - [21/Jul/2026:16:29:49 +0000] "GET //?author=2 HTTP/2" 301 5 "-" "Mozilla/5.0 (Windows NT 10.0; Win64; x64) AppleWebKit/537.36 (KHTML, like Gecko) Chrome/78.0.3904.108 Safari/537.36"
79.127.237.132 - - [21/Jul/2026:16:29:49 +0000] "GET /items/G722626984/ HTTP/2" 404 14952 "-" "Mozilla/5.0 (compatible; AhrefsBot/7.0; +http://ahrefs.com/robot/)"
37.19.207.34 - - [21/Jul/2026:16:29:50 +0000] "GET //wp-json/wp/v2/users/ HTTP/2" 200 335 "-" "Mozilla/5.0 (Windows NT 10.0; Win64; x64) AppleWebKit/537.36 (KHTML, like Gecko) Chrome/78.0.3904.108 Safari/537.36"
152.233.50.1 - - [21/Jul/2026:16:29:51 +0000] "POST //xmlrpc.php HTTP/2" 403 1242 "-" "Mozilla/5.0 (Windows NT 10.0; Win64; x64) AppleWebKit/537.36 (KHTML, like Gecko) Chrome/78.0.3904.108 Safari/537.36"
208.91.111.227 - - [21/Jul/2026:16:29:52 +0000] "GET /sitemap-1.xml HTTP/1.1" 200 146 "-" "Mozilla/5.0 AppleWebKit/537.36 (KHTML, like Gecko; compatible; ClaudeBot/1.0; +claudebot@anthropic.com)"
79.127.237.132 - - [21/Jul/2026:16:30:04 +0000] "GET /items/G722392860/ HTTP/2" 404 14952 "-" "Mozilla/5.0 (compatible; AhrefsBot/7.0; +http://ahrefs.com/robot/)"
208.91.111.227 - - [21/Jul/2026:16:30:12 +0000] "GET /sitemap-11.xml HTTP/1.1" 200 146 "-" "Mozilla/5.0 AppleWebKit/537.36 (KHTML, like Gecko; compatible; ClaudeBot/1.0; +claudebot@anthropic.com)"
143.244.38.134 - - [21/Jul/2026:16:30:15 +0000] "GET /items/G722249284/ HTTP/2" 404 14952 "-" "Mozilla/5.0 (compatible; AhrefsBot/7.0; +http://ahrefs.com/robot/)"
79.127.237.132 - - [21/Jul/2026:16:30:26 +0000] "GET /items/G721507826/ HTTP/2" 404 14952 "-" "Mozilla/5.0 (compatible; AhrefsBot/7.0; +http://ahrefs.com/robot/)"
143.244.38.134 - - [21/Jul/2026:16:30:38 +0000] "GET /items/G721418682/ HTTP/2" 404 14952 "-" "Mozilla/5.0 (compatible; AhrefsBot/7.0; +http://ahrefs.com/robot/)"
79.127.237.132 - - [21/Jul/2026:16:30:53 +0000] "GET /items/G721376252/ HTTP/2" 404 14952 "-" "Mozilla/5.0 (compatible; AhrefsBot/7.0; +http://ahrefs.com/robot/)"
79.127.237.104 - - [21/Jul/2026:16:31:07 +0000] "GET /goods/122858616639 HTTP/2" 404 14952 "-" "Mozilla/5.0 (compatible; AhrefsBot/7.0; +http://ahrefs.com/robot/)"
208.91.111.227 - - [21/Jul/2026:16:31:19 +0000] "GET /sitemap-15.xml HTTP/1.1" 200 146 "-" "Mozilla/5.0 AppleWebKit/537.36 (KHTML, like Gecko; compatible; ClaudeBot/1.0; +claudebot@anthropic.com)"
79.127.237.104 - - [21/Jul/2026:16:31:26 +0000] "GET /items/G721374434/ HTTP/2" 404 14952 "-" "Mozilla/5.0 (compatible; AhrefsBot/7.0; +http://ahrefs.com/robot/)"
143.244.38.134 - - [21/Jul/2026:16:31:39 +0000] "GET /items/G721177216/ HTTP/2" 404 14952 "-" "Mozilla/5.0 (compatible; AhrefsBot/7.0; +http://ahrefs.com/robot/)"
79.127.237.104 - - [21/Jul/2026:16:31:51 +0000] "GET /items/G721133897/ HTTP/2" 404 14952 "-" "Mozilla/5.0 (compatible; AhrefsBot/7.0; +http://ahrefs.com/robot/)"
79.127.237.132 - - [21/Jul/2026:16:32:02 +0000] "GET /items/G721128903/ HTTP/2" 404 14952 "-" "Mozilla/5.0 (compatible; AhrefsBot/7.0; +http://ahrefs.com/robot/)"
79.127.237.132 - - [21/Jul/2026:16:32:12 +0000] "GET /items/G724589053/ HTTP/2" 404 14952 "-" "Mozilla/5.0 (compatible; AhrefsBot/7.0; +http://ahrefs.com/robot/)"
208.91.111.227 - - [21/Jul/2026:16:32:14 +0000] "GET /sitemap-4.xml HTTP/1.1" 200 146 "-" "Mozilla/5.0 AppleWebKit/537.36 (KHTML, like Gecko; compatible; ClaudeBot/1.0; +claudebot@anthropic.com)"
208.91.111.227 - - [21/Jul/2026:16:32:21 +0000] "GET /sitemap-12.xml HTTP/1.1" 200 146 "-" "Mozilla/5.0 AppleWebKit/537.36 (KHTML, like Gecko; compatible; ClaudeBot/1.0; +claudebot@anthropic.com)"
79.127.237.132 - - [21/Jul/2026:16:32:22 +0000] "GET /goods/447241426744 HTTP/2" 404 14952 "-" "Mozilla/5.0 (compatible; AhrefsBot/7.0; +http://ahrefs.com/robot/)"
79.127.237.104 - - [21/Jul/2026:16:32:34 +0000] "GET /items/G724475505/ HTTP/2" 404 14952 "-" "Mozilla/5.0 (compatible; AhrefsBot/7.0; +http://ahrefs.com/robot/)"
143.244.38.134 - - [21/Jul/2026:16:32:45 +0000] "GET /items/G724303624/ HTTP/2" 404 14952 "-" "Mozilla/5.0 (compatible; AhrefsBot/7.0; +http://ahrefs.com/robot/)"
143.244.38.134 - - [21/Jul/2026:16:32:54 +0000] "GET /items/G723624045/ HTTP/2" 404 14952 "-" "Mozilla/5.0 (compatible; AhrefsBot/7.0; +http://ahrefs.com/robot/)"
79.127.237.104 - - [21/Jul/2026:16:33:04 +0000] "GET /items/G724675861/ HTTP/2" 404 14952 "-" "Mozilla/5.0 (compatible; AhrefsBot/7.0; +http://ahrefs.com/robot/)"
143.244.38.134 - - [21/Jul/2026:16:33:13 +0000] "GET /items/G723502989/ HTTP/2" 404 14952 "-" "Mozilla/5.0 (compatible; AhrefsBot/7.0; +http://ahrefs.com/robot/)"
79.127.237.132 - - [21/Jul/2026:16:33:24 +0000] "GET /items/G724123334/ HTTP/2" 404 14952 "-" "Mozilla/5.0 (compatible; AhrefsBot/7.0; +http://ahrefs.com/robot/)"
79.127.237.132 - - [21/Jul/2026:16:33:34 +0000] "GET /items/G723307566/ HTTP/2" 404 14952 "-" "Mozilla/5.0 (compatible; AhrefsBot/7.0; +http://ahrefs.com/robot/)"
79.127.237.104 - - [21/Jul/2026:16:33:45 +0000] "GET /goods/90886174122 HTTP/2" 404 14952 "-" "Mozilla/5.0 (compatible; AhrefsBot/7.0; +http://ahrefs.com/robot/)"
79.127.237.132 - - [21/Jul/2026:16:33:54 +0000] "GET /items/G723796835/ HTTP/2" 404 14952 "-" "Mozilla/5.0 (compatible; AhrefsBot/7.0; +http://ahrefs.com/robot/)"
79.127.237.104 - - [21/Jul/2026:16:34:04 +0000] "GET /goods/47427487719 HTTP/2" 404 14952 "-" "Mozilla/5.0 (compatible; AhrefsBot/7.0; +http://ahrefs.com/robot/)"
79.127.237.104 - - [21/Jul/2026:16:34:13 +0000] "GET /items/G723034180/ HTTP/2" 404 14952 "-" "Mozilla/5.0 (compatible; AhrefsBot/7.0; +http://ahrefs.com/robot/)"
79.127.237.132 - - [21/Jul/2026:16:34:24 +0000] "GET /goods/440331700457 HTTP/2" 404 14952 "-" "Mozilla/5.0 (compatible; AhrefsBot/7.0; +http://ahrefs.com/robot/)"
79.127.237.132 - - [21/Jul/2026:16:34:33 +0000] "GET /items/G722348634/ HTTP/2" 404 14952 "-" "Mozilla/5.0 (compatible; AhrefsBot/7.0; +http://ahrefs.com/robot/)"
79.127.237.104 - - [21/Jul/2026:16:34:43 +0000] "GET /items/G723533757/ HTTP/2" 404 14952 "-" "Mozilla/5.0 (compatible; AhrefsBot/7.0; +http://ahrefs.com/robot/)"
79.127.237.132 - - [21/Jul/2026:16:34:52 +0000] "GET /goods/434965716491 HTTP/2" 404 14952 "-" "Mozilla/5.0 (compatible; AhrefsBot/7.0; +http://ahrefs.com/robot/)"
79.127.237.132 - - [21/Jul/2026:16:35:03 +0000] "GET /items/G722226000/ HTTP/2" 404 14952 "-" "Mozilla/5.0 (compatible; AhrefsBot/7.0; +http://ahrefs.com/robot/)"
143.244.38.134 - - [21/Jul/2026:16:35:13 +0000] "GET /items/G723374589/ HTTP/2" 404 14952 "-" "Mozilla/5.0 (compatible; AhrefsBot/7.0; +http://ahrefs.com/robot/)"
79.127.237.104 - - [21/Jul/2026:16:35:26 +0000] "GET /goods/407795352148 HTTP/2" 404 14952 "-" "Mozilla/5.0 (compatible; AhrefsBot/7.0; +http://ahrefs.com/robot/)"
79.127.237.104 - - [21/Jul/2026:16:35:36 +0000] "GET /goods/530826017744 HTTP/2" 404 14952 "-" "Mozilla/5.0 (compatible; AhrefsBot/7.0; +http://ahrefs.com/robot/)"
208.91.111.227 - - [21/Jul/2026:16:35:42 +0000] "GET /sitemap.xml HTTP/1.1" 200 146 "-" "Mozilla/5.0 AppleWebKit/537.36 (KHTML, like Gecko; compatible; ClaudeBot/1.0; +claudebot@anthropic.com)"
79.127.237.104 - - [21/Jul/2026:16:35:49 +0000] "GET /items/G722842064/ HTTP/2" 404 14952 "-" "Mozilla/5.0 (compatible; AhrefsBot/7.0; +http://ahrefs.com/robot/)"
143.244.38.134 - - [21/Jul/2026:16:36:02 +0000] "GET /goods/382333410554 HTTP/2" 404 14952 "-" "Mozilla/5.0 (compatible; AhrefsBot/7.0; +http://ahrefs.com/robot/)"
143.244.38.134 - - [21/Jul/2026:16:36:12 +0000] "GET /items/G722835754/ HTTP/2" 404 14951 "-" "Mozilla/5.0 (compatible; AhrefsBot/7.0; +http://ahrefs.com/robot/)"
79.127.237.132 - - [21/Jul/2026:16:36:21 +0000] "GET /goods/453815753848 HTTP/2" 404 14952 "-" "Mozilla/5.0 (compatible; AhrefsBot/7.0; +http://ahrefs.com/robot/)"
79.127.237.104 - - [21/Jul/2026:16:36:31 +0000] "GET /items/G721582932/ HTTP/2" 404 14952 "-" "Mozilla/5.0 (compatible; AhrefsBot/7.0; +http://ahrefs.com/robot/)"
143.244.38.134 - - [21/Jul/2026:16:36:40 +0000] "GET /items/G722301428/ HTTP/2" 404 14952 "-" "Mozilla/5.0 (compatible; AhrefsBot/7.0; +http://ahrefs.com/robot/)"
185.93.1.249 - - [21/Jul/2026:16:36:49 +0000] "GET /wp-json/gravitysmtp/v1/tests/mock-data?page=gravitysmtp-settings HTTP/2" 404 105 "-" "Go-http-client/1.1"
185.93.1.249 - - [21/Jul/2026:16:36:51 +0000] "GET /wp-json/gravitysmtp/v1/tests/mock-data?page=gravitysmtp-settings HTTP/2" 404 105 "http://azfilmz.com/wp-json/gravitysmtp/v1/tests/mock-data?page=gravitysmtp-settings" "Go-http-client/1.1"
143.244.38.134 - - [21/Jul/2026:16:36:51 +0000] "GET /goods/303740000328 HTTP/2" 404 14952 "-" "Mozilla/5.0 (compatible; AhrefsBot/7.0; +http://ahrefs.com/robot/)"
185.93.1.244 - - [21/Jul/2026:16:36:53 +0000] "GET /wp-json/gravitysmtp/v1/tests/mock-data?page=gravitysmtp-settings HTTP/2" 404 105 "-" "Go-http-client/1.1"
143.244.60.195 - - [21/Jul/2026:16:36:54 +0000] "GET /?rest_route=/gravitysmtp/v1/tests/mock-data&page=gravitysmtp-settings HTTP/2" 404 105 "-" "Go-http-client/1.1"
79.127.237.132 - - [21/Jul/2026:16:37:00 +0000] "GET /goods/360655049216 HTTP/2" 404 14952 "-" "Mozilla/5.0 (compatible; AhrefsBot/7.0; +http://ahrefs.com/robot/)"
143.244.38.134 - - [21/Jul/2026:16:37:11 +0000] "GET /goods/267336008577 HTTP/2" 404 14952 "-" "Mozilla/5.0 (compatible; AhrefsBot/7.0; +http://ahrefs.com/robot/)"
79.127.237.104 - - [21/Jul/2026:16:37:20 +0000] "GET /goods/156119669967 HTTP/2" 404 14952 "-" "Mozilla/5.0 (compatible; AhrefsBot/7.0; +http://ahrefs.com/robot/)"
79.127.237.132 - - [21/Jul/2026:16:37:31 +0000] "GET /goods/387391849705 HTTP/2" 404 14952 "-" "Mozilla/5.0 (compatible; AhrefsBot/7.0; +http://ahrefs.com/robot/)"
79.127.237.104 - - [21/Jul/2026:16:37:40 +0000] "GET /items/G722215344/ HTTP/2" 404 14952 "-" "Mozilla/5.0 (compatible; AhrefsBot/7.0; +http://ahrefs.com/robot/)"
79.127.237.104 - - [21/Jul/2026:16:37:51 +0000] "GET /goods/22729343540 HTTP/2" 404 14952 "-" "Mozilla/5.0 (compatible; AhrefsBot/7.0; +http://ahrefs.com/robot/)"
79.127.237.104 - - [21/Jul/2026:16:38:00 +0000] "GET /goods/201198035031 HTTP/2" 404 14952 "-" "Mozilla/5.0 (compatible; AhrefsBot/7.0; +http://ahrefs.com/robot/)"
79.127.237.104 - - [21/Jul/2026:16:38:11 +0000] "GET /items/G721248088/ HTTP/2" 404 14952 "-" "Mozilla/5.0 (compatible; AhrefsBot/7.0; +http://ahrefs.com/robot/)"
79.127.237.132 - - [21/Jul/2026:16:38:20 +0000] "GET /goods/153382840422 HTTP/2" 404 14952 "-" "Mozilla/5.0 (compatible; AhrefsBot/7.0; +http://ahrefs.com/robot/)"
84.17.63.178 - - [21/Jul/2026:16:38:23 +0000] "GET /commercial HTTP/2" 301 5 "-" "Mozilla/5.0 AppleWebKit/537.36 (KHTML, like Gecko; compatible; SleepBot/1.0; +http://sleepbot.com/) Chrome/131.0.0.0 Safari/537.36"
84.17.63.178 - - [21/Jul/2026:16:38:24 +0000] "GET /commercial/ HTTP/2" 200 22375 "https://azfilmz.com/commercial" "Mozilla/5.0 AppleWebKit/537.36 (KHTML, like Gecko; compatible; SleepBot/1.0; +http://sleepbot.com/) Chrome/131.0.0.0 Safari/537.36"
79.127.237.132 - - [21/Jul/2026:16:38:30 +0000] "GET /items/G721893641/ HTTP/2" 404 14952 "-" "Mozilla/5.0 (compatible; AhrefsBot/7.0; +http://ahrefs.com/robot/)"
79.127.237.132 - - [21/Jul/2026:16:38:40 +0000] "GET /goods/450890905855 HTTP/2" 404 14952 "-" "Mozilla/5.0 (compatible; AhrefsBot/7.0; +http://ahrefs.com/robot/)"
143.244.38.134 - - [21/Jul/2026:16:38:51 +0000] "GET /items/G721607331/ HTTP/2" 404 14952 "-" "Mozilla/5.0 (compatible; AhrefsBot/7.0; +http://ahrefs.com/robot/)"
79.127.237.132 - - [21/Jul/2026:16:39:00 +0000] "GET /items/G721409955/ HTTP/2" 404 14952 "-" "Mozilla/5.0 (compatible; AhrefsBot/7.0; +http://ahrefs.com/robot/)"
79.127.237.104 - - [21/Jul/2026:16:39:11 +0000] "GET /items/G721305969/ HTTP/2" 404 14952 "-" "Mozilla/5.0 (compatible; AhrefsBot/7.0; +http://ahrefs.com/robot/)"
79.127.237.132 - - [21/Jul/2026:16:39:20 +0000] "GET /items/G721059156/ HTTP/2" 404 14952 "-" "Mozilla/5.0 (compatible; AhrefsBot/7.0; +http://ahrefs.com/robot/)"
143.244.38.134 - - [21/Jul/2026:16:39:31 +0000] "GET /items/G722774912/ HTTP/2" 404 14952 "-" "Mozilla/5.0 (compatible; AhrefsBot/7.0; +http://ahrefs.com/robot/)"
79.127.237.132 - - [21/Jul/2026:16:39:40 +0000] "GET /goods/447291380460 HTTP/2" 404 14952 "-" "Mozilla/5.0 (compatible; AhrefsBot/7.0; +http://ahrefs.com/robot/)"
79.127.237.104 - - [21/Jul/2026:16:39:51 +0000] "GET /goods/119459418897 HTTP/2" 404 14952 "-" "Mozilla/5.0 (compatible; AhrefsBot/7.0; +http://ahrefs.com/robot/)"
79.127.237.132 - - [21/Jul/2026:16:40:00 +0000] "GET /items/G723332918/ HTTP/2" 404 14952 "-" "Mozilla/5.0 (compatible; AhrefsBot/7.0; +http://ahrefs.com/robot/)"
143.244.38.134 - - [21/Jul/2026:16:40:10 +0000] "GET /items/G722906158/ HTTP/2" 404 14952 "-" "Mozilla/5.0 (compatible; AhrefsBot/7.0; +http://ahrefs.com/robot/)"
79.127.237.132 - - [21/Jul/2026:16:40:20 +0000] "GET /items/G722818423/ HTTP/2" 404 14952 "-" "Mozilla/5.0 (compatible; AhrefsBot/7.0; +http://ahrefs.com/robot/)"
212.102.46.118 - - [21/Jul/2026:16:40:20 +0000] "GET /video/quantico/ HTTP/2" 200 17796 "-" "Mozilla/5.0 (compatible; DotBot/1.2; +https://opensiteexplorer.org/dotbot; help@moz.com)"
79.127.237.104 - - [21/Jul/2026:16:40:38 +0000] "GET /goods/357258672424 HTTP/2" 404 14951 "-" "Mozilla/5.0 (compatible; AhrefsBot/7.0; +http://ahrefs.com/robot/)"
79.127.237.104 - - [21/Jul/2026:16:41:02 +0000] "GET /items/G722637852/ HTTP/2" 404 14951 "-" "Mozilla/5.0 (compatible; AhrefsBot/7.0; +http://ahrefs.com/robot/)"
79.127.237.132 - - [21/Jul/2026:16:41:25 +0000] "GET /items/G722037527/ HTTP/2" 404 14952 "-" "Mozilla/5.0 (compatible; AhrefsBot/7.0; +http://ahrefs.com/robot/)"
79.127.237.104 - - [21/Jul/2026:16:41:58 +0000] "GET /items/G721451348/ HTTP/2" 404 14952 "-" "Mozilla/5.0 (compatible; AhrefsBot/7.0; +http://ahrefs.com/robot/)"
79.127.237.104 - - [21/Jul/2026:16:42:27 +0000] "GET /items/G721367916/ HTTP/2" 404 14952 "-" "Mozilla/5.0 (compatible; AhrefsBot/7.0; +http://ahrefs.com/robot/)"
143.244.50.82 - - [21/Jul/2026:16:43:04 +0000] "POST /wp-login.php HTTP/2" 200 2279 "-" "firefox|Mozilla/5.0 (Linux; Linux i586 ; en-US) Gecko/20100101 Firefox/74.5"
79.127.237.104 - - [21/Jul/2026:16:43:15 +0000] "GET /items/G725385436/ HTTP/2" 404 14952 "-" "Mozilla/5.0 (compatible; AhrefsBot/7.0; +http://ahrefs.com/robot/)"
208.91.111.227 - - [21/Jul/2026:16:43:52 +0000] "GET /dp/395c53568898 HTTP/1.1" 404 14952 "-" "Mozilla/5.0 AppleWebKit/537.36 (KHTML, like Gecko; compatible; ClaudeBot/1.0; +claudebot@anthropic.com)"
79.127.237.104 - - [21/Jul/2026:16:43:53 +0000] "GET /items/G725216594/ HTTP/2" 404 14952 "-" "Mozilla/5.0 (compatible; AhrefsBot/7.0; +http://ahrefs.com/robot/)"
79.127.237.104 - - [21/Jul/2026:16:44:18 +0000] "GET /items/G724699222/ HTTP/2" 404 14952 "-" "Mozilla/5.0 (compatible; AhrefsBot/7.0; +http://ahrefs.com/robot/)"
143.244.38.134 - - [21/Jul/2026:16:44:45 +0000] "GET /items/G724662599/ HTTP/2" 404 14952 "-" "Mozilla/5.0 (compatible; AhrefsBot/7.0; +http://ahrefs.com/robot/)"
79.127.237.104 - - [21/Jul/2026:16:45:09 +0000] "GET /items/G724613745/ HTTP/2" 404 14952 "-" "Mozilla/5.0 (compatible; AhrefsBot/7.0; +http://ahrefs.com/robot/)"
79.127.237.132 - - [21/Jul/2026:16:45:32 +0000] "GET /items/G724560459/ HTTP/2" 404 14952 "-" "Mozilla/5.0 (compatible; AhrefsBot/7.0; +http://ahrefs.com/robot/)"
79.127.237.104 - - [21/Jul/2026:16:45:50 +0000] "GET /goods/315287822774 HTTP/2" 404 14952 "-" "Mozilla/5.0 (compatible; AhrefsBot/7.0; +http://ahrefs.com/robot/)"
79.127.237.104 - - [21/Jul/2026:16:46:09 +0000] "GET /items/G724402866/ HTTP/2" 404 14952 "-" "Mozilla/5.0 (compatible; AhrefsBot/7.0; +http://ahrefs.com/robot/)"
208.91.111.227 - - [21/Jul/2026:16:46:20 +0000] "GET /dp/058a93356631 HTTP/1.1" 404 14952 "-" "Mozilla/5.0 AppleWebKit/537.36 (KHTML, like Gecko; compatible; ClaudeBot/1.0; +claudebot@anthropic.com)"
208.91.111.227 - - [21/Jul/2026:16:46:20 +0000] "GET /dp/d16123561908 HTTP/1.1" 404 14952 "-" "Mozilla/5.0 AppleWebKit/537.36 (KHTML, like Gecko; compatible; ClaudeBot/1.0; +claudebot@anthropic.com)"
79.127.237.132 - - [21/Jul/2026:16:46:32 +0000] "GET /items/G724287542/ HTTP/2" 404 14952 "-" "Mozilla/5.0 (compatible; AhrefsBot/7.0; +http://ahrefs.com/robot/)"
143.244.38.134 - - [21/Jul/2026:16:46:54 +0000] "GET /items/G724049215/ HTTP/2" 404 14952 "-" "Mozilla/5.0 (compatible; AhrefsBot/7.0; +http://ahrefs.com/robot/)"
208.91.111.227 - - [21/Jul/2026:16:47:15 +0000] "GET /sitemap-5.xml HTTP/1.1" 200 146 "-" "Mozilla/5.0 AppleWebKit/537.36 (KHTML, like Gecko; compatible; ClaudeBot/1.0; +claudebot@anthropic.com)"
79.127.237.132 - - [21/Jul/2026:16:47:16 +0000] "GET /items/G723800419/ HTTP/2" 404 14952 "-" "Mozilla/5.0 (compatible; AhrefsBot/7.0; +http://ahrefs.com/robot/)"
208.91.111.227 - - [21/Jul/2026:16:47:29 +0000] "GET /dp/9820c470261 HTTP/1.1" 404 14952 "-" "Mozilla/5.0 AppleWebKit/537.36 (KHTML, like Gecko; compatible; ClaudeBot/1.0; +claudebot@anthropic.com)"
