79.127.237.132 - - [21/Jul/2026:18:10:37 +0000] "GET /goods/39904459716 HTTP/2" 404 14952 "-" "Mozilla/5.0 (compatible; AhrefsBot/7.0; +http://ahrefs.com/robot/)"
143.244.38.134 - - [21/Jul/2026:18:10:45 +0000] "GET /goods/349125968660 HTTP/2" 404 14952 "-" "Mozilla/5.0 (compatible; AhrefsBot/7.0; +http://ahrefs.com/robot/)"
79.127.237.132 - - [21/Jul/2026:18:10:54 +0000] "GET /items/G721240077/ HTTP/2" 404 14952 "-" "Mozilla/5.0 (compatible; AhrefsBot/7.0; +http://ahrefs.com/robot/)"
208.91.111.227 - - [21/Jul/2026:18:10:59 +0000] "GET /video/tiana-kocker-ft-sage-the-gemini-take-ove/ HTTP/1.1" 200 18406 "-" "Mozilla/5.0 AppleWebKit/537.36 (KHTML, like Gecko; compatible; ClaudeBot/1.0; +claudebot@anthropic.com)"
79.127.237.132 - - [21/Jul/2026:18:11:03 +0000] "GET /items/G723840851/ HTTP/2" 404 14952 "-" "Mozilla/5.0 (compatible; AhrefsBot/7.0; +http://ahrefs.com/robot/)"
79.127.237.104 - - [21/Jul/2026:18:11:10 +0000] "GET /items/G723251324/ HTTP/2" 404 14952 "-" "Mozilla/5.0 (compatible; AhrefsBot/7.0; +http://ahrefs.com/robot/)"
79.127.237.104 - - [21/Jul/2026:18:11:17 +0000] "GET /items/G721190141/ HTTP/2" 404 14952 "-" "Mozilla/5.0 (compatible; AhrefsBot/7.0; +http://ahrefs.com/robot/)"
79.127.237.132 - - [21/Jul/2026:18:11:26 +0000] "GET /items/G723011329/ HTTP/2" 404 14952 "-" "Mozilla/5.0 (compatible; AhrefsBot/7.0; +http://ahrefs.com/robot/)"
143.244.38.134 - - [21/Jul/2026:18:11:32 +0000] "GET /goods/128843753250 HTTP/2" 404 14952 "-" "Mozilla/5.0 (compatible; AhrefsBot/7.0; +http://ahrefs.com/robot/)"
143.244.38.134 - - [21/Jul/2026:18:11:38 +0000] "GET /items/G723121417/ HTTP/2" 404 14951 "-" "Mozilla/5.0 (compatible; AhrefsBot/7.0; +http://ahrefs.com/robot/)"
79.127.237.132 - - [21/Jul/2026:18:11:43 +0000] "GET /items/G721157188/ HTTP/2" 404 14952 "-" "Mozilla/5.0 (compatible; AhrefsBot/7.0; +http://ahrefs.com/robot/)"
79.127.237.132 - - [21/Jul/2026:18:11:52 +0000] "GET /goods/260009874148 HTTP/2" 404 14952 "-" "Mozilla/5.0 (compatible; AhrefsBot/7.0; +http://ahrefs.com/robot/)"
79.127.237.104 - - [21/Jul/2026:18:12:05 +0000] "GET /items/G721130215/ HTTP/2" 404 14952 "-" "Mozilla/5.0 (compatible; AhrefsBot/7.0; +http://ahrefs.com/robot/)"
79.127.237.104 - - [21/Jul/2026:18:12:08 +0000] "GET /items/G723108373/ HTTP/2" 404 14952 "-" "Mozilla/5.0 (compatible; AhrefsBot/7.0; +http://ahrefs.com/robot/)"
143.244.38.134 - - [21/Jul/2026:18:12:17 +0000] "GET /items/G724205084/ HTTP/2" 404 14952 "-" "Mozilla/5.0 (compatible; AhrefsBot/7.0; +http://ahrefs.com/robot/)"
79.127.237.104 - - [21/Jul/2026:18:12:21 +0000] "GET /items/G722815328/ HTTP/2" 404 14951 "-" "Mozilla/5.0 (compatible; AhrefsBot/7.0; +http://ahrefs.com/robot/)"
79.127.237.132 - - [21/Jul/2026:18:12:28 +0000] "GET /items/G722589237/ HTTP/2" 404 14952 "-" "Mozilla/5.0 (compatible; AhrefsBot/7.0; +http://ahrefs.com/robot/)"
143.244.38.134 - - [21/Jul/2026:18:12:35 +0000] "GET /items/G722520229/ HTTP/2" 404 14952 "-" "Mozilla/5.0 (compatible; AhrefsBot/7.0; +http://ahrefs.com/robot/)"
79.127.237.132 - - [21/Jul/2026:18:12:40 +0000] "GET /goods/175845088926 HTTP/2" 404 14952 "-" "Mozilla/5.0 (compatible; AhrefsBot/7.0; +http://ahrefs.com/robot/)"
143.244.38.134 - - [21/Jul/2026:18:12:49 +0000] "GET /items/G721252008/ HTTP/2" 404 14952 "-" "Mozilla/5.0 (compatible; AhrefsBot/7.0; +http://ahrefs.com/robot/)"
143.244.38.134 - - [21/Jul/2026:18:12:56 +0000] "GET /goods/89759000814 HTTP/2" 404 14952 "-" "Mozilla/5.0 (compatible; AhrefsBot/7.0; +http://ahrefs.com/robot/)"
79.127.237.104 - - [21/Jul/2026:18:13:02 +0000] "GET /goods/87068331168 HTTP/2" 404 14952 "-" "Mozilla/5.0 (compatible; AhrefsBot/7.0; +http://ahrefs.com/robot/)"
79.127.237.132 - - [21/Jul/2026:18:13:08 +0000] "GET /goods/525222680165 HTTP/2" 404 14952 "-" "Mozilla/5.0 (compatible; AhrefsBot/7.0; +http://ahrefs.com/robot/)"
143.244.38.134 - - [21/Jul/2026:18:13:15 +0000] "GET /goods/519560392993 HTTP/2" 404 14952 "-" "Mozilla/5.0 (compatible; AhrefsBot/7.0; +http://ahrefs.com/robot/)"
79.127.237.132 - - [21/Jul/2026:18:13:24 +0000] "GET /goods/413985833827 HTTP/2" 404 14952 "-" "Mozilla/5.0 (compatible; AhrefsBot/7.0; +http://ahrefs.com/robot/)"
79.127.237.132 - - [21/Jul/2026:18:13:31 +0000] "GET /items/G724111205/ HTTP/2" 404 14952 "-" "Mozilla/5.0 (compatible; AhrefsBot/7.0; +http://ahrefs.com/robot/)"
79.127.237.104 - - [21/Jul/2026:18:13:42 +0000] "GET /items/G723131533/ HTTP/2" 404 14952 "-" "Mozilla/5.0 (compatible; AhrefsBot/7.0; +http://ahrefs.com/robot/)"
207.211.214.145 - - [21/Jul/2026:18:13:49 +0000] "GET /video-category/commercial/?orderby=date HTTP/2" 200 18016 "-" "Dragonfly/1.0 (+https://publisherdiscovery.com/bots)"
207.211.214.145 - - [21/Jul/2026:18:13:50 +0000] "GET /video-category/commercial/?orderby=title HTTP/2" 200 18237 "-" "Dragonfly/1.0 (+https://publisherdiscovery.com/bots)"
207.211.214.145 - - [21/Jul/2026:18:13:51 +0000] "GET /video-category/films/?orderby=date HTTP/2" 200 18206 "-" "Dragonfly/1.0 (+https://publisherdiscovery.com/bots)"
207.211.214.145 - - [21/Jul/2026:18:13:52 +0000] "GET /video-category/films/?orderby=title HTTP/2" 200 18240 "-" "Dragonfly/1.0 (+https://publisherdiscovery.com/bots)"
79.127.237.132 - - [21/Jul/2026:18:13:52 +0000] "GET /items/G722195365/ HTTP/2" 404 14952 "-" "Mozilla/5.0 (compatible; AhrefsBot/7.0; +http://ahrefs.com/robot/)"
207.211.214.145 - - [21/Jul/2026:18:13:52 +0000] "GET /video-category/music-videos/?orderby=date HTTP/2" 200 18660 "-" "Dragonfly/1.0 (+https://publisherdiscovery.com/bots)"
207.211.214.145 - - [21/Jul/2026:18:13:53 +0000] "GET /video-category/music-videos/?orderby=title HTTP/2" 200 18657 "-" "Dragonfly/1.0 (+https://publisherdiscovery.com/bots)"
207.211.214.145 - - [21/Jul/2026:18:13:54 +0000] "GET /video-category/tv-shows/?orderby=date HTTP/2" 200 18003 "-" "Dragonfly/1.0 (+https://publisherdiscovery.com/bots)"
208.91.111.227 - - [21/Jul/2026:18:13:54 +0000] "GET /sitemap-2.xml HTTP/1.1" 200 146 "-" "Mozilla/5.0 AppleWebKit/537.36 (KHTML, like Gecko; compatible; ClaudeBot/1.0; +claudebot@anthropic.com)"
207.211.214.145 - - [21/Jul/2026:18:13:55 +0000] "GET /video-category/tv-shows/?orderby=title HTTP/2" 200 18090 "-" "Dragonfly/1.0 (+https://publisherdiscovery.com/bots)"
207.211.214.145 - - [21/Jul/2026:18:13:56 +0000] "GET / HTTP/2" 200 20087 "-" "Dragonfly/1.0 (+https://publisherdiscovery.com/bots)"
207.211.214.145 - - [21/Jul/2026:18:13:57 +0000] "GET /?p=2322/ HTTP/2" 404 14952 "-" "Dragonfly/1.0 (+https://publisherdiscovery.com/bots)"
207.211.214.145 - - [21/Jul/2026:18:13:58 +0000] "GET /?p=2325/ HTTP/2" 404 14952 "-" "Dragonfly/1.0 (+https://publisherdiscovery.com/bots)"
207.211.214.145 - - [21/Jul/2026:18:13:59 +0000] "GET /?p=2329/ HTTP/2" 404 14952 "-" "Dragonfly/1.0 (+https://publisherdiscovery.com/bots)"
207.211.214.145 - - [21/Jul/2026:18:14:00 +0000] "GET /?p=2336/ HTTP/2" 404 14952 "-" "Dragonfly/1.0 (+https://publisherdiscovery.com/bots)"
207.211.214.145 - - [21/Jul/2026:18:14:01 +0000] "GET /?p=2340/ HTTP/2" 404 14951 "-" "Dragonfly/1.0 (+https://publisherdiscovery.com/bots)"
79.127.237.132 - - [21/Jul/2026:18:14:01 +0000] "GET /items/G721946046/ HTTP/2" 404 14952 "-" "Mozilla/5.0 (compatible; AhrefsBot/7.0; +http://ahrefs.com/robot/)"
79.127.237.132 - - [21/Jul/2026:18:14:09 +0000] "GET /items/G721100455/ HTTP/2" 404 14951 "-" "Mozilla/5.0 (compatible; AhrefsBot/7.0; +http://ahrefs.com/robot/)"
79.127.237.104 - - [21/Jul/2026:18:14:15 +0000] "GET /goods/114383256752 HTTP/2" 404 14952 "-" "Mozilla/5.0 (compatible; AhrefsBot/7.0; +http://ahrefs.com/robot/)"
79.127.237.104 - - [21/Jul/2026:18:14:24 +0000] "GET /goods/278080797603 HTTP/2" 404 14952 "-" "Mozilla/5.0 (compatible; AhrefsBot/7.0; +http://ahrefs.com/robot/)"
79.127.237.104 - - [21/Jul/2026:18:14:33 +0000] "GET /goods/247761971673 HTTP/2" 404 14952 "-" "Mozilla/5.0 (compatible; AhrefsBot/7.0; +http://ahrefs.com/robot/)"
79.127.237.104 - - [21/Jul/2026:18:14:43 +0000] "GET /items/G724683762/ HTTP/2" 404 14952 "-" "Mozilla/5.0 (compatible; AhrefsBot/7.0; +http://ahrefs.com/robot/)"
79.127.237.132 - - [21/Jul/2026:18:14:53 +0000] "GET /items/G724563037/ HTTP/2" 404 14952 "-" "Mozilla/5.0 (compatible; AhrefsBot/7.0; +http://ahrefs.com/robot/)"
79.127.237.104 - - [21/Jul/2026:18:15:01 +0000] "GET /items/G724329078/ HTTP/2" 404 14951 "-" "Mozilla/5.0 (compatible; AhrefsBot/7.0; +http://ahrefs.com/robot/)"
79.127.237.132 - - [21/Jul/2026:18:15:11 +0000] "GET /items/G724113208/ HTTP/2" 404 14952 "-" "Mozilla/5.0 (compatible; AhrefsBot/7.0; +http://ahrefs.com/robot/)"
143.244.38.134 - - [21/Jul/2026:18:15:23 +0000] "GET /goods/369417543274 HTTP/2" 404 14952 "-" "Mozilla/5.0 (compatible; AhrefsBot/7.0; +http://ahrefs.com/robot/)"
79.127.237.104 - - [21/Jul/2026:18:15:29 +0000] "GET /items/G724022990/ HTTP/2" 404 14952 "-" "Mozilla/5.0 (compatible; AhrefsBot/7.0; +http://ahrefs.com/robot/)"
79.127.237.104 - - [21/Jul/2026:18:15:39 +0000] "GET /items/G723827444/ HTTP/2" 404 14952 "-" "Mozilla/5.0 (compatible; AhrefsBot/7.0; +http://ahrefs.com/robot/)"
79.127.237.104 - - [21/Jul/2026:18:15:49 +0000] "GET /items/G724549159/ HTTP/2" 404 14952 "-" "Mozilla/5.0 (compatible; AhrefsBot/7.0; +http://ahrefs.com/robot/)"
79.127.237.132 - - [21/Jul/2026:18:15:57 +0000] "GET /goods/310472245767 HTTP/2" 404 14952 "-" "Mozilla/5.0 (compatible; AhrefsBot/7.0; +http://ahrefs.com/robot/)"
79.127.237.132 - - [21/Jul/2026:18:16:07 +0000] "GET /items/G723007523/ HTTP/2" 404 14952 "-" "Mozilla/5.0 (compatible; AhrefsBot/7.0; +http://ahrefs.com/robot/)"
79.127.237.132 - - [21/Jul/2026:18:16:15 +0000] "GET /items/G722618510/ HTTP/2" 404 14952 "-" "Mozilla/5.0 (compatible; AhrefsBot/7.0; +http://ahrefs.com/robot/)"
79.127.237.132 - - [21/Jul/2026:18:16:21 +0000] "GET /items/G721845396/ HTTP/2" 404 14951 "-" "Mozilla/5.0 (compatible; AhrefsBot/7.0; +http://ahrefs.com/robot/)"
79.127.237.132 - - [21/Jul/2026:18:16:28 +0000] "GET /goods/294246001798 HTTP/2" 404 14952 "-" "Mozilla/5.0 (compatible; AhrefsBot/7.0; +http://ahrefs.com/robot/)"
79.127.237.132 - - [21/Jul/2026:18:16:33 +0000] "GET /items/G721524723/ HTTP/2" 404 14952 "-" "Mozilla/5.0 (compatible; AhrefsBot/7.0; +http://ahrefs.com/robot/)"
143.244.38.134 - - [21/Jul/2026:18:16:40 +0000] "GET /items/G723821812/ HTTP/2" 404 14952 "-" "Mozilla/5.0 (compatible; AhrefsBot/7.0; +http://ahrefs.com/robot/)"
143.244.38.134 - - [21/Jul/2026:18:16:45 +0000] "GET /items/G721206897/ HTTP/2" 404 14952 "-" "Mozilla/5.0 (compatible; AhrefsBot/7.0; +http://ahrefs.com/robot/)"
79.127.237.132 - - [21/Jul/2026:18:16:51 +0000] "GET /items/G723649249/ HTTP/2" 404 14952 "-" "Mozilla/5.0 (compatible; AhrefsBot/7.0; +http://ahrefs.com/robot/)"
143.244.38.134 - - [21/Jul/2026:18:17:00 +0000] "GET /items/G723501758/ HTTP/2" 404 14952 "-" "Mozilla/5.0 (compatible; AhrefsBot/7.0; +http://ahrefs.com/robot/)"
143.244.38.134 - - [21/Jul/2026:18:17:07 +0000] "GET /items/G723498643/ HTTP/2" 404 14952 "-" "Mozilla/5.0 (compatible; AhrefsBot/7.0; +http://ahrefs.com/robot/)"
79.127.237.104 - - [21/Jul/2026:18:17:14 +0000] "GET /goods/172552190250 HTTP/2" 404 14952 "-" "Mozilla/5.0 (compatible; AhrefsBot/7.0; +http://ahrefs.com/robot/)"
143.244.38.134 - - [21/Jul/2026:18:17:20 +0000] "GET /items/G723006960/ HTTP/2" 404 14951 "-" "Mozilla/5.0 (compatible; AhrefsBot/7.0; +http://ahrefs.com/robot/)"
79.127.237.132 - - [21/Jul/2026:18:17:27 +0000] "GET /items/G722933265/ HTTP/2" 404 14952 "-" "Mozilla/5.0 (compatible; AhrefsBot/7.0; +http://ahrefs.com/robot/)"
79.127.237.132 - - [21/Jul/2026:18:17:31 +0000] "GET /items/G724293197/ HTTP/2" 404 14952 "-" "Mozilla/5.0 (compatible; AhrefsBot/7.0; +http://ahrefs.com/robot/)"
141.164.35.160 - - [21/Jul/2026:18:17:35 +0000] "GET / HTTP/2" 301 5 "-" "Mozilla/5.0 (Windows NT 10.0; Win64; x64) AppleWebKit/537.36 (KHTML, like Gecko) Chrome/111.0.0.0 Safari/537.36"
141.164.35.160 - - [21/Jul/2026:18:17:37 +0000] "GET / HTTP/2" 200 20088 "-" "Mozilla/5.0 (Windows NT 10.0; Win64; x64) AppleWebKit/537.36 (KHTML, like Gecko) Chrome/111.0.0.0 Safari/537.36"
79.127.237.132 - - [21/Jul/2026:18:17:37 +0000] "GET /items/G723649678/ HTTP/2" 404 14952 "-" "Mozilla/5.0 (compatible; AhrefsBot/7.0; +http://ahrefs.com/robot/)"
141.164.35.160 - - [21/Jul/2026:18:17:42 +0000] "GET / HTTP/2" 301 5 "-" "Mozilla/5.0 (Windows NT 10.0; Win64; x64) AppleWebKit/537.36 (KHTML, like Gecko) Chrome/111.0.0.0 Safari/537.36"
141.164.35.160 - - [21/Jul/2026:18:17:43 +0000] "GET / HTTP/2" 200 20082 "-" "Mozilla/5.0 (Windows NT 10.0; Win64; x64) AppleWebKit/537.36 (KHTML, like Gecko) Chrome/111.0.0.0 Safari/537.36"
141.164.35.160 - - [21/Jul/2026:18:17:46 +0000] "GET / HTTP/2" 301 5 "-" "Mozilla/5.0 (Windows NT 10.0; Win64; x64) AppleWebKit/537.36 (KHTML, like Gecko) Chrome/111.0.0.0 Safari/537.36"
141.164.35.160 - - [21/Jul/2026:18:17:47 +0000] "GET / HTTP/2" 200 20088 "-" "Mozilla/5.0 (Windows NT 10.0; Win64; x64) AppleWebKit/537.36 (KHTML, like Gecko) Chrome/111.0.0.0 Safari/537.36"
143.244.38.134 - - [21/Jul/2026:18:17:48 +0000] "GET /items/G723588427/ HTTP/2" 404 14952 "-" "Mozilla/5.0 (compatible; AhrefsBot/7.0; +http://ahrefs.com/robot/)"
141.164.35.160 - - [21/Jul/2026:18:17:48 +0000] "GET / HTTP/2" 200 20088 "-" "Mozilla/5.0 (Windows NT 10.0; Win64; x64) AppleWebKit/537.36 (KHTML, like Gecko) Chrome/111.0.0.0 Safari/537.36"
208.91.111.227 - - [21/Jul/2026:18:17:49 +0000] "GET /video/kamran-hooman-khode-hamooni-ke-mikhami/ HTTP/1.1" 200 18193 "-" "Mozilla/5.0 AppleWebKit/537.36 (KHTML, like Gecko; compatible; ClaudeBot/1.0; +claudebot@anthropic.com)"
143.244.38.134 - - [21/Jul/2026:18:17:54 +0000] "GET /goods/395729294484 HTTP/2" 404 14952 "-" "Mozilla/5.0 (compatible; AhrefsBot/7.0; +http://ahrefs.com/robot/)"
79.127.237.132 - - [21/Jul/2026:18:18:01 +0000] "GET /items/G721067935/ HTTP/2" 404 14952 "-" "Mozilla/5.0 (compatible; AhrefsBot/7.0; +http://ahrefs.com/robot/)"
79.127.237.104 - - [21/Jul/2026:18:18:10 +0000] "GET /items/G722757827/ HTTP/2" 404 14952 "-" "Mozilla/5.0 (compatible; AhrefsBot/7.0; +http://ahrefs.com/robot/)"
208.91.111.227 - - [21/Jul/2026:18:18:18 +0000] "GET /video/stafford-brothers-ft-lil-wayne-christina-milian-hello/ HTTP/1.1" 200 18384 "-" "Mozilla/5.0 AppleWebKit/537.36 (KHTML, like Gecko; compatible; ClaudeBot/1.0; +claudebot@anthropic.com)"
143.244.38.134 - - [21/Jul/2026:18:18:18 +0000] "GET /goods/380606910510 HTTP/2" 404 14952 "-" "Mozilla/5.0 (compatible; AhrefsBot/7.0; +http://ahrefs.com/robot/)"
79.127.237.104 - - [21/Jul/2026:18:18:28 +0000] "GET /items/G722659839/ HTTP/2" 404 14952 "-" "Mozilla/5.0 (compatible; AhrefsBot/7.0; +http://ahrefs.com/robot/)"
79.127.237.132 - - [21/Jul/2026:18:18:34 +0000] "GET /goods/324694912205 HTTP/2" 404 14951 "-" "Mozilla/5.0 (compatible; AhrefsBot/7.0; +http://ahrefs.com/robot/)"
200.25.57.5 - - [21/Jul/2026:18:18:37 +0000] "GET / HTTP/2" 302 5 "-" "Mozilla/5.0 (iPhone; CPU iPhone OS 13_2_3 like Mac OS X) AppleWebKit/605.1.15 (KHTML, like Gecko) Version/13.0.3 Mobile/15E148 Safari/604.1"
79.127.237.104 - - [21/Jul/2026:18:18:42 +0000] "GET /items/G722506866/ HTTP/2" 404 14952 "-" "Mozilla/5.0 (compatible; AhrefsBot/7.0; +http://ahrefs.com/robot/)"
79.127.237.104 - - [21/Jul/2026:18:18:48 +0000] "GET /items/G724542642/ HTTP/2" 404 14952 "-" "Mozilla/5.0 (compatible; AhrefsBot/7.0; +http://ahrefs.com/robot/)"
79.127.237.132 - - [21/Jul/2026:18:18:55 +0000] "GET /items/G724464622/ HTTP/2" 404 14952 "-" "Mozilla/5.0 (compatible; AhrefsBot/7.0; +http://ahrefs.com/robot/)"
79.127.237.104 - - [21/Jul/2026:18:19:01 +0000] "GET /items/G724411137/ HTTP/2" 404 14952 "-" "Mozilla/5.0 (compatible; AhrefsBot/7.0; +http://ahrefs.com/robot/)"
143.244.38.134 - - [21/Jul/2026:18:19:11 +0000] "GET /items/G724270241/ HTTP/2" 404 14952 "-" "Mozilla/5.0 (compatible; AhrefsBot/7.0; +http://ahrefs.com/robot/)"
79.127.237.132 - - [21/Jul/2026:18:19:17 +0000] "GET /items/G723015666/ HTTP/2" 404 14952 "-" "Mozilla/5.0 (compatible; AhrefsBot/7.0; +http://ahrefs.com/robot/)"
79.127.237.132 - - [21/Jul/2026:18:19:26 +0000] "GET /items/G724189418/ HTTP/2" 404 14952 "-" "Mozilla/5.0 (compatible; AhrefsBot/7.0; +http://ahrefs.com/robot/)"
143.244.38.134 - - [21/Jul/2026:18:19:34 +0000] "GET /items/G724111063/ HTTP/2" 404 14952 "-" "Mozilla/5.0 (compatible; AhrefsBot/7.0; +http://ahrefs.com/robot/)"
79.127.237.132 - - [21/Jul/2026:18:19:43 +0000] "GET /items/G723565758/ HTTP/2" 404 14952 "-" "Mozilla/5.0 (compatible; AhrefsBot/7.0; +http://ahrefs.com/robot/)"
79.127.237.104 - - [21/Jul/2026:18:19:49 +0000] "GET /items/G723906457/ HTTP/2" 404 14952 "-" "Mozilla/5.0 (compatible; AhrefsBot/7.0; +http://ahrefs.com/robot/)"
143.244.38.134 - - [21/Jul/2026:18:19:54 +0000] "GET /items/G722478102/ HTTP/2" 404 14951 "-" "Mozilla/5.0 (compatible; AhrefsBot/7.0; +http://ahrefs.com/robot/)"
79.127.237.132 - - [21/Jul/2026:18:20:02 +0000] "GET /items/G723809452/ HTTP/2" 404 14952 "-" "Mozilla/5.0 (compatible; AhrefsBot/7.0; +http://ahrefs.com/robot/)"
79.127.237.132 - - [21/Jul/2026:18:20:06 +0000] "GET /items/G723777112/ HTTP/2" 404 14952 "-" "Mozilla/5.0 (compatible; AhrefsBot/7.0; +http://ahrefs.com/robot/)"
143.244.38.134 - - [21/Jul/2026:18:20:15 +0000] "GET /items/G724423495/ HTTP/2" 404 14952 "-" "Mozilla/5.0 (compatible; AhrefsBot/7.0; +http://ahrefs.com/robot/)"
79.127.237.132 - - [21/Jul/2026:18:20:21 +0000] "GET /items/G723486478/ HTTP/2" 404 14952 "-" "Mozilla/5.0 (compatible; AhrefsBot/7.0; +http://ahrefs.com/robot/)"
79.127.237.104 - - [21/Jul/2026:18:20:29 +0000] "GET /items/G723440496/ HTTP/2" 404 14952 "-" "Mozilla/5.0 (compatible; AhrefsBot/7.0; +http://ahrefs.com/robot/)"
79.127.237.132 - - [21/Jul/2026:18:20:34 +0000] "GET /items/G723070689/ HTTP/2" 404 14952 "-" "Mozilla/5.0 (compatible; AhrefsBot/7.0; +http://ahrefs.com/robot/)"
79.127.237.132 - - [21/Jul/2026:18:20:39 +0000] "GET /items/G722546517/ HTTP/2" 404 14952 "-" "Mozilla/5.0 (compatible; AhrefsBot/7.0; +http://ahrefs.com/robot/)"
143.244.50.82 - - [21/Jul/2026:18:20:41 +0000] "POST /wp-login.php HTTP/2" 200 2279 "-" "iphone|Mozilla/5.0 (iPhone; CPU iPhone OS 9_5_6; like Mac OS X) AppleWebKit/601.49 (KHTML, like Gecko) Chrome/52.0.1846.379 Mobile Safari/603.3"
79.127.237.132 - - [21/Jul/2026:18:20:46 +0000] "GET /items/G722281553/ HTTP/2" 404 14952 "-" "Mozilla/5.0 (compatible; AhrefsBot/7.0; +http://ahrefs.com/robot/)"
79.127.237.132 - - [21/Jul/2026:18:20:50 +0000] "GET /items/G722167508/ HTTP/2" 404 14952 "-" "Mozilla/5.0 (compatible; AhrefsBot/7.0; +http://ahrefs.com/robot/)"
79.127.237.104 - - [21/Jul/2026:18:20:57 +0000] "GET /items/G722145844/ HTTP/2" 404 14952 "-" "Mozilla/5.0 (compatible; AhrefsBot/7.0; +http://ahrefs.com/robot/)"
79.127.237.104 - - [21/Jul/2026:18:21:04 +0000] "GET /items/G724403728/ HTTP/2" 404 14952 "-" "Mozilla/5.0 (compatible; AhrefsBot/7.0; +http://ahrefs.com/robot/)"
79.127.237.104 - - [21/Jul/2026:18:21:15 +0000] "GET /items/G722121381/ HTTP/2" 404 14952 "-" "Mozilla/5.0 (compatible; AhrefsBot/7.0; +http://ahrefs.com/robot/)"
79.127.237.132 - - [21/Jul/2026:18:21:24 +0000] "GET /items/G722652019/ HTTP/2" 404 14952 "-" "Mozilla/5.0 (compatible; AhrefsBot/7.0; +http://ahrefs.com/robot/)"
79.127.237.104 - - [21/Jul/2026:18:21:35 +0000] "GET /items/G722094249/ HTTP/2" 404 14952 "-" "Mozilla/5.0 (compatible; AhrefsBot/7.0; +http://ahrefs.com/robot/)"
79.127.237.104 - - [21/Jul/2026:18:21:43 +0000] "GET /items/G722073569/ HTTP/2" 404 14952 "-" "Mozilla/5.0 (compatible; AhrefsBot/7.0; +http://ahrefs.com/robot/)"
79.127.237.132 - - [21/Jul/2026:18:21:50 +0000] "GET /items/G721853531/ HTTP/2" 404 14952 "-" "Mozilla/5.0 (compatible; AhrefsBot/7.0; +http://ahrefs.com/robot/)"
79.127.237.104 - - [21/Jul/2026:18:21:59 +0000] "GET /items/G724342156/ HTTP/2" 404 14952 "-" "Mozilla/5.0 (compatible; AhrefsBot/7.0; +http://ahrefs.com/robot/)"
79.127.237.132 - - [21/Jul/2026:18:22:09 +0000] "GET /items/G721808676/ HTTP/2" 404 14952 "-" "Mozilla/5.0 (compatible; AhrefsBot/7.0; +http://ahrefs.com/robot/)"
79.127.237.104 - - [21/Jul/2026:18:22:19 +0000] "GET /goods/364249144719 HTTP/2" 404 14952 "-" "Mozilla/5.0 (compatible; AhrefsBot/7.0; +http://ahrefs.com/robot/)"
79.127.237.104 - - [21/Jul/2026:18:22:30 +0000] "GET /items/G721429521/ HTTP/2" 404 14952 "-" "Mozilla/5.0 (compatible; AhrefsBot/7.0; +http://ahrefs.com/robot/)"
79.127.237.104 - - [21/Jul/2026:18:22:38 +0000] "GET /items/G721427599/ HTTP/2" 404 14952 "-" "Mozilla/5.0 (compatible; AhrefsBot/7.0; +http://ahrefs.com/robot/)"
79.127.237.132 - - [21/Jul/2026:18:22:46 +0000] "GET /items/G721399908/ HTTP/2" 404 14952 "-" "Mozilla/5.0 (compatible; AhrefsBot/7.0; +http://ahrefs.com/robot/)"
208.91.111.227 - - [21/Jul/2026:18:22:54 +0000] "GET /sitemap.xml HTTP/1.1" 200 146 "-" "Mozilla/5.0 AppleWebKit/537.36 (KHTML, like Gecko; compatible; ClaudeBot/1.0; +claudebot@anthropic.com)"
79.127.237.132 - - [21/Jul/2026:18:22:56 +0000] "GET /items/G721383889/ HTTP/2" 404 14952 "-" "Mozilla/5.0 (compatible; AhrefsBot/7.0; +http://ahrefs.com/robot/)"
79.127.237.132 - - [21/Jul/2026:18:23:06 +0000] "GET /items/G721208779/ HTTP/2" 404 14951 "-" "Mozilla/5.0 (compatible; AhrefsBot/7.0; +http://ahrefs.com/robot/)"
79.127.237.132 - - [21/Jul/2026:18:23:14 +0000] "GET /items/G721187603/ HTTP/2" 404 14952 "-" "Mozilla/5.0 (compatible; AhrefsBot/7.0; +http://ahrefs.com/robot/)"
208.91.111.227 - - [21/Jul/2026:18:23:19 +0000] "GET /sitemap-7.xml HTTP/1.1" 200 146 "-" "Mozilla/5.0 AppleWebKit/537.36 (KHTML, like Gecko; compatible; ClaudeBot/1.0; +claudebot@anthropic.com)"
208.91.111.227 - - [21/Jul/2026:18:23:21 +0000] "GET /sitemap-14.xml HTTP/1.1" 200 146 "-" "Mozilla/5.0 AppleWebKit/537.36 (KHTML, like Gecko; compatible; ClaudeBot/1.0; +claudebot@anthropic.com)"
79.127.237.104 - - [21/Jul/2026:18:23:26 +0000] "GET /items/G724322674/ HTTP/2" 404 14952 "-" "Mozilla/5.0 (compatible; AhrefsBot/7.0; +http://ahrefs.com/robot/)"
143.244.38.134 - - [21/Jul/2026:18:23:30 +0000] "GET /items/G721185323/ HTTP/2" 404 14951 "-" "Mozilla/5.0 (compatible; AhrefsBot/7.0; +http://ahrefs.com/robot/)"
79.127.237.132 - - [21/Jul/2026:18:23:34 +0000] "GET /items/G721180668/ HTTP/2" 404 14952 "-" "Mozilla/5.0 (compatible; AhrefsBot/7.0; +http://ahrefs.com/robot/)"
79.127.237.132 - - [21/Jul/2026:18:23:39 +0000] "GET /items/G721056571/ HTTP/2" 404 14952 "-" "Mozilla/5.0 (compatible; AhrefsBot/7.0; +http://ahrefs.com/robot/)"
143.244.38.134 - - [21/Jul/2026:18:23:43 +0000] "GET /items/G721013190/ HTTP/2" 404 14952 "-" "Mozilla/5.0 (compatible; AhrefsBot/7.0; +http://ahrefs.com/robot/)"
79.127.237.104 - - [21/Jul/2026:18:23:48 +0000] "GET /items/G724218018/ HTTP/2" 404 14952 "-" "Mozilla/5.0 (compatible; AhrefsBot/7.0; +http://ahrefs.com/robot/)"
79.127.237.132 - - [21/Jul/2026:18:23:52 +0000] "GET /items/G722031329/ HTTP/2" 404 14952 "-" "Mozilla/5.0 (compatible; AhrefsBot/7.0; +http://ahrefs.com/robot/)"
143.244.38.134 - - [21/Jul/2026:18:23:56 +0000] "GET /items/G723982155/ HTTP/2" 404 14952 "-" "Mozilla/5.0 (compatible; AhrefsBot/7.0; +http://ahrefs.com/robot/)"
79.127.237.104 - - [21/Jul/2026:18:24:01 +0000] "GET /items/G723286740/ HTTP/2" 404 14951 "-" "Mozilla/5.0 (compatible; AhrefsBot/7.0; +http://ahrefs.com/robot/)"
79.127.237.104 - - [21/Jul/2026:18:24:04 +0000] "GET /items/G723263633/ HTTP/2" 404 14952 "-" "Mozilla/5.0 (compatible; AhrefsBot/7.0; +http://ahrefs.com/robot/)"
79.127.237.104 - - [21/Jul/2026:18:24:09 +0000] "GET /items/G721865876/ HTTP/2" 404 14952 "-" "Mozilla/5.0 (compatible; AhrefsBot/7.0; +http://ahrefs.com/robot/)"
79.127.237.104 - - [21/Jul/2026:18:24:13 +0000] "GET /goods/164269800610 HTTP/2" 404 14952 "-" "Mozilla/5.0 (compatible; AhrefsBot/7.0; +http://ahrefs.com/robot/)"
143.244.38.134 - - [21/Jul/2026:18:24:18 +0000] "GET /items/G723177604/ HTTP/2" 404 14952 "-" "Mozilla/5.0 (compatible; AhrefsBot/7.0; +http://ahrefs.com/robot/)"
143.244.38.134 - - [21/Jul/2026:18:24:22 +0000] "GET /items/G723113918/ HTTP/2" 404 14952 "-" "Mozilla/5.0 (compatible; AhrefsBot/7.0; +http://ahrefs.com/robot/)"
143.244.38.134 - - [21/Jul/2026:18:24:26 +0000] "GET /items/G721809425/ HTTP/2" 404 14952 "-" "Mozilla/5.0 (compatible; AhrefsBot/7.0; +http://ahrefs.com/robot/)"
143.244.38.134 - - [21/Jul/2026:18:24:31 +0000] "GET /items/G722705667/ HTTP/2" 404 14952 "-" "Mozilla/5.0 (compatible; AhrefsBot/7.0; +http://ahrefs.com/robot/)"
79.127.237.104 - - [21/Jul/2026:18:24:35 +0000] "GET /items/G721623646/ HTTP/2" 404 14952 "-" "Mozilla/5.0 (compatible; AhrefsBot/7.0; +http://ahrefs.com/robot/)"
79.127.237.104 - - [21/Jul/2026:18:24:40 +0000] "GET /items/G722622431/ HTTP/2" 404 14952 "-" "Mozilla/5.0 (compatible; AhrefsBot/7.0; +http://ahrefs.com/robot/)"
79.127.237.132 - - [21/Jul/2026:18:24:45 +0000] "GET /items/G722595054/ HTTP/2" 404 14952 "-" "Mozilla/5.0 (compatible; AhrefsBot/7.0; +http://ahrefs.com/robot/)"
79.127.237.104 - - [21/Jul/2026:18:24:49 +0000] "GET /goods/259614625911 HTTP/2" 404 14952 "-" "Mozilla/5.0 (compatible; AhrefsBot/7.0; +http://ahrefs.com/robot/)"
79.127.237.132 - - [21/Jul/2026:18:24:53 +0000] "GET /items/G722500702/ HTTP/2" 404 14952 "-" "Mozilla/5.0 (compatible; AhrefsBot/7.0; +http://ahrefs.com/robot/)"
79.127.237.132 - - [21/Jul/2026:18:24:57 +0000] "GET /goods/207966870014 HTTP/2" 404 14952 "-" "Mozilla/5.0 (compatible; AhrefsBot/7.0; +http://ahrefs.com/robot/)"
79.127.237.132 - - [21/Jul/2026:18:25:01 +0000] "GET /items/G722460505/ HTTP/2" 404 14952 "-" "Mozilla/5.0 (compatible; AhrefsBot/7.0; +http://ahrefs.com/robot/)"
79.127.237.104 - - [21/Jul/2026:18:25:06 +0000] "GET /items/G722389625/ HTTP/2" 404 14952 "-" "Mozilla/5.0 (compatible; AhrefsBot/7.0; +http://ahrefs.com/robot/)"
79.127.237.104 - - [21/Jul/2026:18:25:11 +0000] "GET /items/G722309898/ HTTP/2" 404 14952 "-" "Mozilla/5.0 (compatible; AhrefsBot/7.0; +http://ahrefs.com/robot/)"
79.127.237.104 - - [21/Jul/2026:18:25:14 +0000] "GET /goods/15801251257 HTTP/2" 404 14952 "-" "Mozilla/5.0 (compatible; AhrefsBot/7.0; +http://ahrefs.com/robot/)"
79.127.237.104 - - [21/Jul/2026:18:25:19 +0000] "GET /items/G722295169/ HTTP/2" 404 14951 "-" "Mozilla/5.0 (compatible; AhrefsBot/7.0; +http://ahrefs.com/robot/)"
79.127.237.132 - - [21/Jul/2026:18:25:23 +0000] "GET /goods/92210176305 HTTP/2" 404 14952 "-" "Mozilla/5.0 (compatible; AhrefsBot/7.0; +http://ahrefs.com/robot/)"
79.127.237.132 - - [21/Jul/2026:18:25:28 +0000] "GET /items/G722228916/ HTTP/2" 404 14952 "-" "Mozilla/5.0 (compatible; AhrefsBot/7.0; +http://ahrefs.com/robot/)"
79.127.237.132 - - [21/Jul/2026:18:25:32 +0000] "GET /goods/472628855197 HTTP/2" 404 14952 "-" "Mozilla/5.0 (compatible; AhrefsBot/7.0; +http://ahrefs.com/robot/)"
79.127.237.104 - - [21/Jul/2026:18:25:36 +0000] "GET /goods/210039000693 HTTP/2" 404 14952 "-" "Mozilla/5.0 (compatible; AhrefsBot/7.0; +http://ahrefs.com/robot/)"
79.127.237.132 - - [21/Jul/2026:18:25:40 +0000] "GET /items/G721962734/ HTTP/2" 404 14952 "-" "Mozilla/5.0 (compatible; AhrefsBot/7.0; +http://ahrefs.com/robot/)"
143.244.38.134 - - [21/Jul/2026:18:25:45 +0000] "GET /items/G721781503/ HTTP/2" 404 14952 "-" "Mozilla/5.0 (compatible; AhrefsBot/7.0; +http://ahrefs.com/robot/)"
79.127.237.132 - - [21/Jul/2026:18:25:49 +0000] "GET /items/G721119448/ HTTP/2" 404 14952 "-" "Mozilla/5.0 (compatible; AhrefsBot/7.0; +http://ahrefs.com/robot/)"
79.127.237.132 - - [21/Jul/2026:18:25:54 +0000] "GET /goods/458056346211 HTTP/2" 404 14952 "-" "Mozilla/5.0 (compatible; AhrefsBot/7.0; +http://ahrefs.com/robot/)"
143.244.38.134 - - [21/Jul/2026:18:25:58 +0000] "GET /items/G721066719/ HTTP/2" 404 14952 "-" "Mozilla/5.0 (compatible; AhrefsBot/7.0; +http://ahrefs.com/robot/)"
79.127.237.132 - - [21/Jul/2026:18:26:02 +0000] "GET /goods/404223814499 HTTP/2" 404 14952 "-" "Mozilla/5.0 (compatible; AhrefsBot/7.0; +http://ahrefs.com/robot/)"
79.127.237.104 - - [21/Jul/2026:18:26:06 +0000] "GET /goods/366566351214 HTTP/2" 404 14952 "-" "Mozilla/5.0 (compatible; AhrefsBot/7.0; +http://ahrefs.com/robot/)"
79.127.237.104 - - [21/Jul/2026:18:26:11 +0000] "GET /goods/319669404656 HTTP/2" 404 14952 "-" "Mozilla/5.0 (compatible; AhrefsBot/7.0; +http://ahrefs.com/robot/)"
79.127.237.132 - - [21/Jul/2026:18:26:15 +0000] "GET /items/G724651146/ HTTP/2" 404 14952 "-" "Mozilla/5.0 (compatible; AhrefsBot/7.0; +http://ahrefs.com/robot/)"
79.127.237.132 - - [21/Jul/2026:18:26:19 +0000] "GET /items/G724449544/ HTTP/2" 404 14952 "-" "Mozilla/5.0 (compatible; AhrefsBot/7.0; +http://ahrefs.com/robot/)"
208.91.111.227 - - [21/Jul/2026:18:26:21 +0000] "GET /?p=13260 HTTP/1.1" 301 5 "-" "Mozilla/5.0 AppleWebKit/537.36 (KHTML, like Gecko; compatible; ClaudeBot/1.0; +claudebot@anthropic.com)"
208.91.111.227 - - [21/Jul/2026:18:26:22 +0000] "GET /video/kamran-hooman-bargard/ HTTP/1.1" 200 18192 "https://www.azfilmz.com/?p=13260" "Mozilla/5.0 AppleWebKit/537.36 (KHTML, like Gecko; compatible; ClaudeBot/1.0; +claudebot@anthropic.com)"
79.127.237.104 - - [21/Jul/2026:18:26:23 +0000] "GET /items/G724041432/ HTTP/2" 404 14952 "-" "Mozilla/5.0 (compatible; AhrefsBot/7.0; +http://ahrefs.com/robot/)"
79.127.237.132 - - [21/Jul/2026:18:26:27 +0000] "GET /items/G723340988/ HTTP/2" 404 14952 "-" "Mozilla/5.0 (compatible; AhrefsBot/7.0; +http://ahrefs.com/robot/)"
79.127.237.132 - - [21/Jul/2026:18:26:32 +0000] "GET /items/G723085294/ HTTP/2" 404 14952 "-" "Mozilla/5.0 (compatible; AhrefsBot/7.0; +http://ahrefs.com/robot/)"
143.244.38.134 - - [21/Jul/2026:18:26:36 +0000] "GET /items/G722793568/ HTTP/2" 404 14952 "-" "Mozilla/5.0 (compatible; AhrefsBot/7.0; +http://ahrefs.com/robot/)"
79.127.237.104 - - [21/Jul/2026:18:26:41 +0000] "GET /items/G722654074/ HTTP/2" 404 14952 "-" "Mozilla/5.0 (compatible; AhrefsBot/7.0; +http://ahrefs.com/robot/)"
79.127.237.132 - - [21/Jul/2026:18:26:45 +0000] "GET /items/G722215434/ HTTP/2" 404 14952 "-" "Mozilla/5.0 (compatible; AhrefsBot/7.0; +http://ahrefs.com/robot/)"
79.127.237.104 - - [21/Jul/2026:18:26:49 +0000] "GET /goods/62676133341 HTTP/2" 404 14952 "-" "Mozilla/5.0 (compatible; AhrefsBot/7.0; +http://ahrefs.com/robot/)"
79.127.237.104 - - [21/Jul/2026:18:26:53 +0000] "GET /items/G722379816/ HTTP/2" 404 14952 "-" "Mozilla/5.0 (compatible; AhrefsBot/7.0; +http://ahrefs.com/robot/)"
208.91.111.227 - - [21/Jul/2026:18:26:56 +0000] "GET /video/kamran-hooman-bargard/feed/ HTTP/1.1" 200 401 "-" "Mozilla/5.0 AppleWebKit/537.36 (KHTML, like Gecko; compatible; ClaudeBot/1.0; +claudebot@anthropic.com)"
79.127.237.132 - - [21/Jul/2026:18:26:58 +0000] "GET /items/G724700323/ HTTP/2" 404 14952 "-" "Mozilla/5.0 (compatible; AhrefsBot/7.0; +http://ahrefs.com/robot/)"
79.127.237.104 - - [21/Jul/2026:18:27:02 +0000] "GET /goods/3275112357 HTTP/2" 404 14952 "-" "Mozilla/5.0 (compatible; AhrefsBot/7.0; +http://ahrefs.com/robot/)"
79.127.237.132 - - [21/Jul/2026:18:27:07 +0000] "GET /items/G724648831/ HTTP/2" 404 14952 "-" "Mozilla/5.0 (compatible; AhrefsBot/7.0; +http://ahrefs.com/robot/)"
143.244.38.134 - - [21/Jul/2026:18:27:11 +0000] "GET /items/G724203910/ HTTP/2" 404 14952 "-" "Mozilla/5.0 (compatible; AhrefsBot/7.0; +http://ahrefs.com/robot/)"
79.127.237.132 - - [21/Jul/2026:18:27:15 +0000] "GET /items/G724164862/ HTTP/2" 404 14952 "-" "Mozilla/5.0 (compatible; AhrefsBot/7.0; +http://ahrefs.com/robot/)"
79.127.237.132 - - [21/Jul/2026:18:27:19 +0000] "GET /items/G724133323/ HTTP/2" 404 14952 "-" "Mozilla/5.0 (compatible; AhrefsBot/7.0; +http://ahrefs.com/robot/)"
79.127.237.104 - - [21/Jul/2026:18:27:24 +0000] "GET /items/G724057505/ HTTP/2" 404 14952 "-" "Mozilla/5.0 (compatible; AhrefsBot/7.0; +http://ahrefs.com/robot/)"
208.91.111.227 - - [21/Jul/2026:18:27:29 +0000] "GET /video/baby-bash-frankie-j-vamonos/feed/ HTTP/1.1" 200 423 "-" "Mozilla/5.0 AppleWebKit/537.36 (KHTML, like Gecko; compatible; ClaudeBot/1.0; +claudebot@anthropic.com)"
79.127.237.132 - - [21/Jul/2026:18:27:28 +0000] "GET /items/G723931885/ HTTP/2" 404 14952 "-" "Mozilla/5.0 (compatible; AhrefsBot/7.0; +http://ahrefs.com/robot/)"
79.127.237.132 - - [21/Jul/2026:18:27:32 +0000] "GET /goods/327053173150 HTTP/2" 404 14952 "-" "Mozilla/5.0 (compatible; AhrefsBot/7.0; +http://ahrefs.com/robot/)"
208.91.111.227 - - [21/Jul/2026:18:27:34 +0000] "GET /?p=13743 HTTP/1.1" 301 5 "-" "Mozilla/5.0 AppleWebKit/537.36 (KHTML, like Gecko; compatible; ClaudeBot/1.0; +claudebot@anthropic.com)"
208.91.111.227 - - [21/Jul/2026:18:27:35 +0000] "GET /video/dj-kane-corazon-partido/ HTTP/1.1" 200 18060 "https://www.azfilmz.com/?p=13743" "Mozilla/5.0 AppleWebKit/537.36 (KHTML, like Gecko; compatible; ClaudeBot/1.0; +claudebot@anthropic.com)"
79.127.237.104 - - [21/Jul/2026:18:27:37 +0000] "GET /items/G723525515/ HTTP/2" 404 14952 "-" "Mozilla/5.0 (compatible; AhrefsBot/7.0; +http://ahrefs.com/robot/)"
143.244.38.134 - - [21/Jul/2026:18:27:41 +0000] "GET /items/G724582002/ HTTP/2" 404 14951 "-" "Mozilla/5.0 (compatible; AhrefsBot/7.0; +http://ahrefs.com/robot/)"
79.127.237.132 - - [21/Jul/2026:18:27:45 +0000] "GET /items/G723431290/ HTTP/2" 404 14952 "-" "Mozilla/5.0 (compatible; AhrefsBot/7.0; +http://ahrefs.com/robot/)"
79.127.237.132 - - [21/Jul/2026:18:27:49 +0000] "GET /items/G723311122/ HTTP/2" 404 14952 "-" "Mozilla/5.0 (compatible; AhrefsBot/7.0; +http://ahrefs.com/robot/)"
143.244.38.134 - - [21/Jul/2026:18:27:54 +0000] "GET /items/G723186822/ HTTP/2" 404 14952 "-" "Mozilla/5.0 (compatible; AhrefsBot/7.0; +http://ahrefs.com/robot/)"
79.127.237.104 - - [21/Jul/2026:18:27:58 +0000] "GET /items/G723088641/ HTTP/2" 404 14952 "-" "Mozilla/5.0 (compatible; AhrefsBot/7.0; +http://ahrefs.com/robot/)"
79.127.237.132 - - [21/Jul/2026:18:28:02 +0000] "GET /items/G723079985/ HTTP/2" 404 14952 "-" "Mozilla/5.0 (compatible; AhrefsBot/7.0; +http://ahrefs.com/robot/)"
79.127.237.132 - - [21/Jul/2026:18:28:07 +0000] "GET /items/G722839916/ HTTP/2" 404 14952 "-" "Mozilla/5.0 (compatible; AhrefsBot/7.0; +http://ahrefs.com/robot/)"
143.244.56.56 - - [21/Jul/2026:18:28:09 +0000] "GET /category/harutheme/ HTTP/2" 200 18455 "-" "Mozilla/5.0 (compatible; MJ12bot/v1.4.8; http://mj12bot.com/)"
79.127.237.132 - - [21/Jul/2026:18:28:11 +0000] "GET /items/G722825448/ HTTP/2" 404 14952 "-" "Mozilla/5.0 (compatible; AhrefsBot/7.0; +http://ahrefs.com/robot/)"
185.93.2.246 - - [21/Jul/2026:18:28:13 +0000] "GET /eodem-modo-typi-qui-nunc-nobis-videntur-parum-clari/ HTTP/2" 200 19793 "-" "Mozilla/5.0 (compatible; MJ12bot/v1.4.8; http://mj12bot.com/)"
79.127.237.132 - - [21/Jul/2026:18:28:15 +0000] "GET /items/G722824431/ HTTP/2" 404 14952 "-" "Mozilla/5.0 (compatible; AhrefsBot/7.0; +http://ahrefs.com/robot/)"
79.127.134.230 - - [21/Jul/2026:18:28:16 +0000] "GET /let-say-it-your-way/ HTTP/2" 200 19896 "-" "Mozilla/5.0 (compatible; MJ12bot/v1.4.8; http://mj12bot.com/)"
79.127.237.104 - - [21/Jul/2026:18:28:20 +0000] "GET /items/G722636296/ HTTP/2" 404 14952 "-" "Mozilla/5.0 (compatible; AhrefsBot/7.0; +http://ahrefs.com/robot/)"
79.127.134.129 - - [21/Jul/2026:18:28:19 +0000] "GET /mirum-est-notare-quam-littera-gothica/ HTTP/2" 200 20392 "-" "Mozilla/5.0 (compatible; MJ12bot/v1.4.8; http://mj12bot.com/)"
143.244.56.57 - - [21/Jul/2026:18:28:23 +0000] "GET /post-audio/ HTTP/2" 200 19008 "-" "Mozilla/5.0 (compatible; MJ12bot/v1.4.8; http://mj12bot.com/)"
79.127.237.104 - - [21/Jul/2026:18:28:25 +0000] "GET /items/G722473273/ HTTP/2" 404 14952 "-" "Mozilla/5.0 (compatible; AhrefsBot/7.0; +http://ahrefs.com/robot/)"
143.244.56.54 - - [21/Jul/2026:18:28:27 +0000] "GET /post-gallery/ HTTP/2" 200 18689 "-" "Mozilla/5.0 (compatible; MJ12bot/v1.4.8; http://mj12bot.com/)"
79.127.237.104 - - [21/Jul/2026:18:28:28 +0000] "GET /items/G722339644/ HTTP/2" 404 14952 "-" "Mozilla/5.0 (compatible; AhrefsBot/7.0; +http://ahrefs.com/robot/)"
143.244.56.56 - - [21/Jul/2026:18:28:29 +0000] "GET /post-link/ HTTP/2" 200 18418 "-" "Mozilla/5.0 (compatible; MJ12bot/v1.4.8; http://mj12bot.com/)"
79.127.134.234 - - [21/Jul/2026:18:28:32 +0000] "GET /post-quote/ HTTP/2" 200 18539 "-" "Mozilla/5.0 (compatible; MJ12bot/v1.4.8; http://mj12bot.com/)"
79.127.237.132 - - [21/Jul/2026:18:28:33 +0000] "GET /items/G722227790/ HTTP/2" 404 14952 "-" "Mozilla/5.0 (compatible; AhrefsBot/7.0; +http://ahrefs.com/robot/)"
79.127.134.131 - - [21/Jul/2026:18:28:35 +0000] "GET /post-video/ HTTP/2" 200 18652 "-" "Mozilla/5.0 (compatible; MJ12bot/v1.4.8; http://mj12bot.com/)"
143.244.38.134 - - [21/Jul/2026:18:28:37 +0000] "GET /items/G722142059/ HTTP/2" 404 14952 "-" "Mozilla/5.0 (compatible; AhrefsBot/7.0; +http://ahrefs.com/robot/)"
185.93.2.248 - - [21/Jul/2026:18:28:38 +0000] "GET /tag/actor/ HTTP/2" 200 18656 "-" "Mozilla/5.0 (compatible; MJ12bot/v1.4.8; http://mj12bot.com/)"
79.127.237.132 - - [21/Jul/2026:18:28:41 +0000] "GET /items/G722061258/ HTTP/2" 404 14952 "-" "Mozilla/5.0 (compatible; AhrefsBot/7.0; +http://ahrefs.com/robot/)"
79.127.134.230 - - [21/Jul/2026:18:28:42 +0000] "GET /tag/director/ HTTP/2" 200 18736 "-" "Mozilla/5.0 (compatible; MJ12bot/v1.4.8; http://mj12bot.com/)"
143.244.56.55 - - [21/Jul/2026:18:28:44 +0000] "GET /tag/film-maker/ HTTP/2" 200 19142 "-" "Mozilla/5.0 (compatible; MJ12bot/v1.4.8; http://mj12bot.com/)"
79.127.237.104 - - [21/Jul/2026:18:28:45 +0000] "GET /items/G721918006/ HTTP/2" 404 14952 "-" "Mozilla/5.0 (compatible; AhrefsBot/7.0; +http://ahrefs.com/robot/)"
185.93.2.246 - - [21/Jul/2026:18:28:48 +0000] "GET /tag/film-online/ HTTP/2" 200 17247 "-" "Mozilla/5.0 (compatible; MJ12bot/v1.4.8; http://mj12bot.com/)"
79.127.237.132 - - [21/Jul/2026:18:28:50 +0000] "GET /items/G721609595/ HTTP/2" 404 14952 "-" "Mozilla/5.0 (compatible; AhrefsBot/7.0; +http://ahrefs.com/robot/)"
143.244.56.50 - - [21/Jul/2026:18:28:51 +0000] "GET /tag/film-studio/ HTTP/2" 200 19240 "-" "Mozilla/5.0 (compatible; MJ12bot/v1.4.8; http://mj12bot.com/)"
79.127.134.235 - - [21/Jul/2026:18:28:54 +0000] "GET /tag/frames/ HTTP/2" 200 17176 "-" "Mozilla/5.0 (compatible; MJ12bot/v1.4.8; http://mj12bot.com/)"
79.127.237.132 - - [21/Jul/2026:18:28:55 +0000] "GET /goods/171893844613 HTTP/2" 404 14952 "-" "Mozilla/5.0 (compatible; AhrefsBot/7.0; +http://ahrefs.com/robot/)"
79.127.134.235 - - [21/Jul/2026:18:28:57 +0000] "GET /tag/harutheme/ HTTP/2" 200 17250 "-" "Mozilla/5.0 (compatible; MJ12bot/v1.4.8; http://mj12bot.com/)"
79.127.237.132 - - [21/Jul/2026:18:28:59 +0000] "GET /items/G721443835/ HTTP/2" 404 14952 "-" "Mozilla/5.0 (compatible; AhrefsBot/7.0; +http://ahrefs.com/robot/)"
185.93.2.244 - - [21/Jul/2026:18:28:59 +0000] "GET /ut-wisi-enim-ad-minim-veniam/ HTTP/2" 200 19824 "-" "Mozilla/5.0 (compatible; MJ12bot/v1.4.8; http://mj12bot.com/)"
79.127.134.129 - - [21/Jul/2026:18:29:02 +0000] "GET /video/asiana-airlines-new-york-city/ HTTP/2" 200 18081 "-" "Mozilla/5.0 (compatible; MJ12bot/v1.4.8; http://mj12bot.com/)"
143.244.56.50 - - [21/Jul/2026:18:29:04 +0000] "GET /video/baby-bash-break-it-down-ft-too-hort-clyde-carson/ HTTP/2" 200 18232 "-" "Mozilla/5.0 (compatible; MJ12bot/v1.4.8; http://mj12bot.com/)"
143.244.38.134 - - [21/Jul/2026:18:29:03 +0000] "GET /goods/383262010504 HTTP/2" 404 14952 "-" "Mozilla/5.0 (compatible; AhrefsBot/7.0; +http://ahrefs.com/robot/)"
143.244.56.53 - - [21/Jul/2026:18:29:07 +0000] "GET /video/baby-bash-dance-all-night-ft-problem/ HTTP/2" 200 18043 "-" "Mozilla/5.0 (compatible; MJ12bot/v1.4.8; http://mj12bot.com/)"
143.244.38.134 - - [21/Jul/2026:18:29:07 +0000] "GET /items/G721415452/ HTTP/2" 404 14952 "-" "Mozilla/5.0 (compatible; AhrefsBot/7.0; +http://ahrefs.com/robot/)"
143.244.56.54 - - [21/Jul/2026:18:29:09 +0000] "GET /video/baby-bash-frankie-j-vamonos/ HTTP/2" 200 18223 "-" "Mozilla/5.0 (compatible; MJ12bot/v1.4.8; http://mj12bot.com/)"
79.127.237.104 - - [21/Jul/2026:18:29:12 +0000] "GET /items/G721341011/ HTTP/2" 404 14952 "-" "Mozilla/5.0 (compatible; AhrefsBot/7.0; +http://ahrefs.com/robot/)"
79.127.134.130 - - [21/Jul/2026:18:29:12 +0000] "GET /video/baby-bash-ft-stooie-bros-slim-thug-swanananana/ HTTP/2" 200 18329 "-" "Mozilla/5.0 (compatible; MJ12bot/v1.4.8; http://mj12bot.com/)"
143.244.56.49 - - [21/Jul/2026:18:29:15 +0000] "GET /video/baby-bash-low-key-ft-ty-dolla-ign-raw-smoov/ HTTP/2" 200 18144 "-" "Mozilla/5.0 (compatible; MJ12bot/v1.4.8; http://mj12bot.com/)"
79.127.237.132 - - [21/Jul/2026:18:29:17 +0000] "GET /items/G721115086/ HTTP/2" 404 14952 "-" "Mozilla/5.0 (compatible; AhrefsBot/7.0; +http://ahrefs.com/robot/)"
79.127.134.132 - - [21/Jul/2026:18:29:17 +0000] "GET /video/baran-lanat/ HTTP/2" 200 18238 "-" "Mozilla/5.0 (compatible; MJ12bot/v1.4.8; http://mj12bot.com/)"
79.127.134.231 - - [21/Jul/2026:18:29:20 +0000] "GET /video/battlefield-america/ HTTP/2" 200 17967 "-" "Mozilla/5.0 (compatible; MJ12bot/v1.4.8; http://mj12bot.com/)"
79.127.237.104 - - [21/Jul/2026:18:29:21 +0000] "GET /goods/500673734650 HTTP/2" 404 14952 "-" "Mozilla/5.0 (compatible; AhrefsBot/7.0; +http://ahrefs.com/robot/)"
79.127.134.227 - - [21/Jul/2026:18:29:23 +0000] "GET /video/beast-rezvani/ HTTP/2" 200 17929 "-" "Mozilla/5.0 (compatible; MJ12bot/v1.4.8; http://mj12bot.com/)"
79.127.237.104 - - [21/Jul/2026:18:29:26 +0000] "GET /items/G722334915/ HTTP/2" 404 14952 "-" "Mozilla/5.0 (compatible; AhrefsBot/7.0; +http://ahrefs.com/robot/)"
79.127.134.130 - - [21/Jul/2026:18:29:26 +0000] "GET /video/bee-b-confidence/ HTTP/2" 200 18178 "-" "Mozilla/5.0 (compatible; MJ12bot/v1.4.8; http://mj12bot.com/)"
79.127.134.229 - - [21/Jul/2026:18:29:28 +0000] "GET /video/behzad-leito-ft-anita-hamintori/ HTTP/2" 200 17992 "-" "Mozilla/5.0 (compatible; MJ12bot/v1.4.8; http://mj12bot.com/)"
143.244.38.134 - - [21/Jul/2026:18:29:30 +0000] "GET /goods/460799676247 HTTP/2" 404 14952 "-" "Mozilla/5.0 (compatible; AhrefsBot/7.0; +http://ahrefs.com/robot/)"
185.93.2.248 - - [21/Jul/2026:18:29:31 +0000] "GET /video/behzad-leito-to-chi-baalaaei/ HTTP/2" 200 18075 "-" "Mozilla/5.0 (compatible; MJ12bot/v1.4.8; http://mj12bot.com/)"
143.244.56.52 - - [21/Jul/2026:18:29:34 +0000] "GET /video/betboro/ HTTP/2" 200 18018 "-" "Mozilla/5.0 (compatible; MJ12bot/v1.4.8; http://mj12bot.com/)"
143.244.38.134 - - [21/Jul/2026:18:29:34 +0000] "GET /goods/37890538958 HTTP/2" 404 14952 "-" "Mozilla/5.0 (compatible; AhrefsBot/7.0; +http://ahrefs.com/robot/)"
143.244.56.55 - - [21/Jul/2026:18:29:36 +0000] "GET /video/betrayed-by-my-bridesmaid-2022/ HTTP/2" 200 18033 "-" "Mozilla/5.0 (compatible; MJ12bot/v1.4.8; http://mj12bot.com/)"
79.127.237.132 - - [21/Jul/2026:18:29:39 +0000] "GET /items/G723780477/ HTTP/2" 404 14952 "-" "Mozilla/5.0 (compatible; AhrefsBot/7.0; +http://ahrefs.com/robot/)"
79.127.134.129 - - [21/Jul/2026:18:29:39 +0000] "GET /video/big-l-a-ft-glasses-malone-jah-free-amazing/ HTTP/2" 200 18388 "-" "Mozilla/5.0 (compatible; MJ12bot/v1.4.8; http://mj12bot.com/)"
79.127.134.229 - - [21/Jul/2026:18:29:41 +0000] "GET /video/billiboi-feat-baby-bash-punchlines-buttons/ HTTP/2" 200 18275 "-" "Mozilla/5.0 (compatible; MJ12bot/v1.4.8; http://mj12bot.com/)"
79.127.237.132 - - [21/Jul/2026:18:29:42 +0000] "GET /goods/239216254719 HTTP/2" 404 14952 "-" "Mozilla/5.0 (compatible; AhrefsBot/7.0; +http://ahrefs.com/robot/)"
79.127.134.235 - - [21/Jul/2026:18:29:43 +0000] "GET /video/black-mask-rum/ HTTP/2" 200 18016 "-" "Mozilla/5.0 (compatible; MJ12bot/v1.4.8; http://mj12bot.com/)"
185.93.2.244 - - [21/Jul/2026:18:29:46 +0000] "GET /video/blindspot/ HTTP/2" 200 17800 "-" "Mozilla/5.0 (compatible; MJ12bot/v1.4.8; http://mj12bot.com/)"
79.127.237.104 - - [21/Jul/2026:18:29:47 +0000] "GET /goods/140058284079 HTTP/2" 404 14952 "-" "Mozilla/5.0 (compatible; AhrefsBot/7.0; +http://ahrefs.com/robot/)"
143.244.56.50 - - [21/Jul/2026:18:29:49 +0000] "GET /video/camron-10000-miles/ HTTP/2" 200 18181 "-" "Mozilla/5.0 (compatible; MJ12bot/v1.4.8; http://mj12bot.com/)"
143.244.38.134 - - [21/Jul/2026:18:29:51 +0000] "GET /goods/277958610842 HTTP/2" 404 14952 "-" "Mozilla/5.0 (compatible; AhrefsBot/7.0; +http://ahrefs.com/robot/)"
79.127.134.130 - - [21/Jul/2026:18:29:51 +0000] "GET /video/captured-2017/ HTTP/2" 200 18110 "-" "Mozilla/5.0 (compatible; MJ12bot/v1.4.8; http://mj12bot.com/)"
143.244.56.53 - - [21/Jul/2026:18:29:54 +0000] "GET /video/clickbait/ HTTP/2" 200 17785 "-" "Mozilla/5.0 (compatible; MJ12bot/v1.4.8; http://mj12bot.com/)"
79.127.237.104 - - [21/Jul/2026:18:29:55 +0000] "GET /goods/5668215211 HTTP/2" 404 14952 "-" "Mozilla/5.0 (compatible; AhrefsBot/7.0; +http://ahrefs.com/robot/)"
79.127.134.130 - - [21/Jul/2026:18:29:56 +0000] "GET /video/meek-mill-feat-rick-ross-tupac-back/ HTTP/2" 200 18233 "-" "Mozilla/5.0 (compatible; MJ12bot/v1.4.8; http://mj12bot.com/)"
79.127.237.132 - - [21/Jul/2026:18:29:59 +0000] "GET /items/G724673833/ HTTP/2" 404 14952 "-" "Mozilla/5.0 (compatible; AhrefsBot/7.0; +http://ahrefs.com/robot/)"
185.93.2.244 - - [21/Jul/2026:18:29:59 +0000] "GET /video/missha-elizabeth-olsen-2/ HTTP/2" 200 18080 "-" "Mozilla/5.0 (compatible; MJ12bot/v1.4.8; http://mj12bot.com/)"
79.127.134.231 - - [21/Jul/2026:18:30:01 +0000] "GET /video/morvarid-ba-to/ HTTP/2" 200 17978 "-" "Mozilla/5.0 (compatible; MJ12bot/v1.4.8; http://mj12bot.com/)"
143.244.38.134 - - [21/Jul/2026:18:30:03 +0000] "GET /goods/474309364249 HTTP/2" 404 14952 "-" "Mozilla/5.0 (compatible; AhrefsBot/7.0; +http://ahrefs.com/robot/)"
143.244.56.51 - - [21/Jul/2026:18:30:04 +0000] "GET /video/murder-at-the-embassy/ HTTP/2" 200 17942 "-" "Mozilla/5.0 (compatible; MJ12bot/v1.4.8; http://mj12bot.com/)"
143.244.56.52 - - [21/Jul/2026:18:30:07 +0000] "GET /video/nature-republic/ HTTP/2" 200 18023 "-" "Mozilla/5.0 (compatible; MJ12bot/v1.4.8; http://mj12bot.com/)"
79.127.237.132 - - [21/Jul/2026:18:30:07 +0000] "GET /items/G724655705/ HTTP/2" 404 14952 "-" "Mozilla/5.0 (compatible; AhrefsBot/7.0; +http://ahrefs.com/robot/)"
79.127.134.131 - - [21/Jul/2026:18:30:10 +0000] "GET /video/newtons-cradle/ HTTP/2" 200 17978 "-" "Mozilla/5.0 (compatible; MJ12bot/v1.4.8; http://mj12bot.com/)"
79.127.237.104 - - [21/Jul/2026:18:30:11 +0000] "GET /items/G724459097/ HTTP/2" 404 14952 "-" "Mozilla/5.0 (compatible; AhrefsBot/7.0; +http://ahrefs.com/robot/)"
79.127.134.129 - - [21/Jul/2026:18:30:12 +0000] "GET /video/nikita-berim-jelo/ HTTP/2" 200 18195 "-" "Mozilla/5.0 (compatible; MJ12bot/v1.4.8; http://mj12bot.com/)"
79.127.237.104 - - [21/Jul/2026:18:30:14 +0000] "GET /items/G724391397/ HTTP/2" 404 14952 "-" "Mozilla/5.0 (compatible; AhrefsBot/7.0; +http://ahrefs.com/robot/)"
79.127.134.235 - - [21/Jul/2026:18:30:15 +0000] "GET /video/no-vacancy/ HTTP/2" 200 17985 "-" "Mozilla/5.0 (compatible; MJ12bot/v1.4.8; http://mj12bot.com/)"
185.93.2.244 - - [21/Jul/2026:18:30:17 +0000] "GET /video/olu-maintain-nawti/ HTTP/2" 200 18230 "-" "Mozilla/5.0 (compatible; MJ12bot/v1.4.8; http://mj12bot.com/)"
143.244.38.134 - - [21/Jul/2026:18:30:19 +0000] "GET /items/G724355978/ HTTP/2" 404 14952 "-" "Mozilla/5.0 (compatible; AhrefsBot/7.0; +http://ahrefs.com/robot/)"
143.244.56.54 - - [21/Jul/2026:18:30:20 +0000] "GET /video/omid-khosh-ghadam/ HTTP/2" 200 18161 "-" "Mozilla/5.0 (compatible; MJ12bot/v1.4.8; http://mj12bot.com/)"
185.93.2.245 - - [21/Jul/2026:18:30:23 +0000] "GET /video/one-of-us-is-lying/ HTTP/2" 200 17994 "-" "Mozilla/5.0 (compatible; MJ12bot/v1.4.8; http://mj12bot.com/)"
79.127.237.104 - - [21/Jul/2026:18:30:23 +0000] "GET /items/G723917532/ HTTP/2" 404 14952 "-" "Mozilla/5.0 (compatible; AhrefsBot/7.0; +http://ahrefs.com/robot/)"
79.127.134.133 - - [21/Jul/2026:18:30:25 +0000] "GET /video/opus-of-an-angel/ HTTP/2" 200 18106 "-" "Mozilla/5.0 (compatible; MJ12bot/v1.4.8; http://mj12bot.com/)"
79.127.237.104 - - [21/Jul/2026:18:30:27 +0000] "GET /items/G723798318/ HTTP/2" 404 14952 "-" "Mozilla/5.0 (compatible; AhrefsBot/7.0; +http://ahrefs.com/robot/)"
143.244.56.58 - - [21/Jul/2026:18:30:28 +0000] "GET /video/our-flag-means-death/ HTTP/2" 200 17903 "-" "Mozilla/5.0 (compatible; MJ12bot/v1.4.8; http://mj12bot.com/)"
79.127.237.104 - - [21/Jul/2026:18:30:30 +0000] "GET /items/G723788869/ HTTP/2" 404 14952 "-" "Mozilla/5.0 (compatible; AhrefsBot/7.0; +http://ahrefs.com/robot/)"
79.127.134.227 - - [21/Jul/2026:18:30:31 +0000] "GET /video/perception/ HTTP/2" 200 17817 "-" "Mozilla/5.0 (compatible; MJ12bot/v1.4.8; http://mj12bot.com/)"
185.93.2.245 - - [21/Jul/2026:18:30:33 +0000] "GET /video/prince-malik-ft-sean-kingston-here-to-drink/ HTTP/2" 200 18372 "-" "Mozilla/5.0 (compatible; MJ12bot/v1.4.8; http://mj12bot.com/)"
79.127.237.104 - - [21/Jul/2026:18:30:35 +0000] "GET /items/G722915458/ HTTP/2" 404 14952 "-" "Mozilla/5.0 (compatible; AhrefsBot/7.0; +http://ahrefs.com/robot/)"
79.127.134.225 - - [21/Jul/2026:18:30:36 +0000] "GET /video/pubg-erangel-classic-movie/ HTTP/2" 200 18074 "-" "Mozilla/5.0 (compatible; MJ12bot/v1.4.8; http://mj12bot.com/)"
143.244.56.55 - - [21/Jul/2026:18:30:39 +0000] "GET /video/quantico/ HTTP/2" 200 17804 "-" "Mozilla/5.0 (compatible; MJ12bot/v1.4.8; http://mj12bot.com/)"
143.244.38.134 - - [21/Jul/2026:18:30:39 +0000] "GET /items/G722853254/ HTTP/2" 404 14952 "-" "Mozilla/5.0 (compatible; AhrefsBot/7.0; +http://ahrefs.com/robot/)"
79.127.134.230 - - [21/Jul/2026:18:30:42 +0000] "GET /video/quantum-leap/ HTTP/2" 200 17810 "-" "Mozilla/5.0 (compatible; MJ12bot/v1.4.8; http://mj12bot.com/)"
79.127.237.132 - - [21/Jul/2026:18:30:43 +0000] "GET /items/G722703954/ HTTP/2" 404 14952 "-" "Mozilla/5.0 (compatible; AhrefsBot/7.0; +http://ahrefs.com/robot/)"
79.127.134.129 - - [21/Jul/2026:18:30:44 +0000] "GET /video/queen-of-the-south/ HTTP/2" 200 17822 "-" "Mozilla/5.0 (compatible; MJ12bot/v1.4.8; http://mj12bot.com/)"
79.127.237.104 - - [21/Jul/2026:18:30:46 +0000] "GET /items/G724351230/ HTTP/2" 404 14952 "-" "Mozilla/5.0 (compatible; AhrefsBot/7.0; +http://ahrefs.com/robot/)"
79.127.134.228 - - [21/Jul/2026:18:30:47 +0000] "GET /video/resident-alien/ HTTP/2" 200 17800 "-" "Mozilla/5.0 (compatible; MJ12bot/v1.4.8; http://mj12bot.com/)"
79.127.134.231 - - [21/Jul/2026:18:30:49 +0000] "GET /video/rezvani-hercules/ HTTP/2" 200 18024 "-" "Mozilla/5.0 (compatible; MJ12bot/v1.4.8; http://mj12bot.com/)"
79.127.237.132 - - [21/Jul/2026:18:30:51 +0000] "GET /items/G722695917/ HTTP/2" 404 14952 "-" "Mozilla/5.0 (compatible; AhrefsBot/7.0; +http://ahrefs.com/robot/)"
