208.91.111.227 - - [21/Jul/2026:22:27:12 +0000] "GET /video/mansour-bavar-nemikardam/ HTTP/2" 200 18164 "-" "Mozilla/5.0 AppleWebKit/537.36 (KHTML, like Gecko; compatible; ClaudeBot/1.0; +claudebot@anthropic.com)"
143.244.38.134 - - [21/Jul/2026:22:27:19 +0000] "GET /goods/276082854539 HTTP/2" 404 14952 "-" "Mozilla/5.0 (compatible; AhrefsBot/7.0; +http://ahrefs.com/robot/)"
79.127.237.132 - - [21/Jul/2026:22:27:27 +0000] "GET /goods/226175529655 HTTP/2" 404 14952 "-" "Mozilla/5.0 (compatible; AhrefsBot/7.0; +http://ahrefs.com/robot/)"
79.127.237.104 - - [21/Jul/2026:22:27:35 +0000] "GET /items/G721105331/ HTTP/2" 404 14952 "-" "Mozilla/5.0 (compatible; AhrefsBot/7.0; +http://ahrefs.com/robot/)"
143.244.38.134 - - [21/Jul/2026:22:27:43 +0000] "GET /goods/21542150977 HTTP/2" 404 14952 "-" "Mozilla/5.0 (compatible; AhrefsBot/7.0; +http://ahrefs.com/robot/)"
79.127.237.104 - - [21/Jul/2026:22:27:52 +0000] "GET /goods/134771754730 HTTP/2" 404 14952 "-" "Mozilla/5.0 (compatible; AhrefsBot/7.0; +http://ahrefs.com/robot/)"
208.91.111.227 - - [21/Jul/2026:22:27:57 +0000] "GET /?p=13558 HTTP/2" 301 5 "-" "Mozilla/5.0 AppleWebKit/537.36 (KHTML, like Gecko; compatible; ClaudeBot/1.0; +claudebot@anthropic.com)"
208.91.111.227 - - [21/Jul/2026:22:27:58 +0000] "GET /?p=13263 HTTP/2" 301 5 "-" "Mozilla/5.0 AppleWebKit/537.36 (KHTML, like Gecko; compatible; ClaudeBot/1.0; +claudebot@anthropic.com)"
208.91.111.227 - - [21/Jul/2026:22:27:59 +0000] "GET /video/adl-ft-snoop-dogg-international-love/ HTTP/2" 200 18231 "https://www.azfilmz.com/?p=13558" "Mozilla/5.0 AppleWebKit/537.36 (KHTML, like Gecko; compatible; ClaudeBot/1.0; +claudebot@anthropic.com)"
79.127.237.132 - - [21/Jul/2026:22:28:00 +0000] "GET /goods/492120346142 HTTP/2" 404 14952 "-" "Mozilla/5.0 (compatible; AhrefsBot/7.0; +http://ahrefs.com/robot/)"
208.91.111.227 - - [21/Jul/2026:22:28:02 +0000] "GET /video/mansour-ahay-divooneh/ HTTP/2" 200 18234 "https://www.azfilmz.com/?p=13263" "Mozilla/5.0 AppleWebKit/537.36 (KHTML, like Gecko; compatible; ClaudeBot/1.0; +claudebot@anthropic.com)"
79.127.237.132 - - [21/Jul/2026:22:28:08 +0000] "GET /items/G723010885/ HTTP/2" 404 14952 "-" "Mozilla/5.0 (compatible; AhrefsBot/7.0; +http://ahrefs.com/robot/)"
79.127.237.104 - - [21/Jul/2026:22:28:16 +0000] "GET /goods/18946401974 HTTP/2" 404 14952 "-" "Mozilla/5.0 (compatible; AhrefsBot/7.0; +http://ahrefs.com/robot/)"
79.127.237.104 - - [21/Jul/2026:22:28:25 +0000] "GET /goods/310704618465 HTTP/2" 404 14952 "-" "Mozilla/5.0 (compatible; AhrefsBot/7.0; +http://ahrefs.com/robot/)"
79.127.237.132 - - [21/Jul/2026:22:28:33 +0000] "GET /items/G722538827/ HTTP/2" 404 14952 "-" "Mozilla/5.0 (compatible; AhrefsBot/7.0; +http://ahrefs.com/robot/)"
79.127.237.132 - - [21/Jul/2026:22:28:41 +0000] "GET /items/G722475674/ HTTP/2" 404 14952 "-" "Mozilla/5.0 (compatible; AhrefsBot/7.0; +http://ahrefs.com/robot/)"
79.127.237.132 - - [21/Jul/2026:22:28:49 +0000] "GET /items/G722463428/ HTTP/2" 404 14952 "-" "Mozilla/5.0 (compatible; AhrefsBot/7.0; +http://ahrefs.com/robot/)"
79.127.237.132 - - [21/Jul/2026:22:28:58 +0000] "GET /items/G722310765/ HTTP/2" 404 14952 "-" "Mozilla/5.0 (compatible; AhrefsBot/7.0; +http://ahrefs.com/robot/)"
143.244.38.134 - - [21/Jul/2026:22:29:06 +0000] "GET /items/G722277963/ HTTP/2" 404 14952 "-" "Mozilla/5.0 (compatible; AhrefsBot/7.0; +http://ahrefs.com/robot/)"
79.127.237.132 - - [21/Jul/2026:22:29:14 +0000] "GET /items/G721997636/ HTTP/2" 404 14952 "-" "Mozilla/5.0 (compatible; AhrefsBot/7.0; +http://ahrefs.com/robot/)"
79.127.237.132 - - [21/Jul/2026:22:29:22 +0000] "GET /goods/118537609024 HTTP/2" 404 14952 "-" "Mozilla/5.0 (compatible; AhrefsBot/7.0; +http://ahrefs.com/robot/)"
143.244.38.134 - - [21/Jul/2026:22:29:31 +0000] "GET /items/G721954557/ HTTP/2" 404 14952 "-" "Mozilla/5.0 (compatible; AhrefsBot/7.0; +http://ahrefs.com/robot/)"
79.127.237.104 - - [21/Jul/2026:22:29:39 +0000] "GET /goods/110375885387 HTTP/2" 404 14952 "-" "Mozilla/5.0 (compatible; AhrefsBot/7.0; +http://ahrefs.com/robot/)"
79.127.237.104 - - [21/Jul/2026:22:29:47 +0000] "GET /goods/426303256833 HTTP/2" 404 14952 "-" "Mozilla/5.0 (compatible; AhrefsBot/7.0; +http://ahrefs.com/robot/)"
79.127.237.132 - - [21/Jul/2026:22:29:55 +0000] "GET /items/G721761537/ HTTP/2" 404 14952 "-" "Mozilla/5.0 (compatible; AhrefsBot/7.0; +http://ahrefs.com/robot/)"
79.127.237.132 - - [21/Jul/2026:22:30:04 +0000] "GET /items/G724297315/ HTTP/2" 404 14952 "-" "Mozilla/5.0 (compatible; AhrefsBot/7.0; +http://ahrefs.com/robot/)"
79.127.237.104 - - [21/Jul/2026:22:30:12 +0000] "GET /items/G724254148/ HTTP/2" 404 14952 "-" "Mozilla/5.0 (compatible; AhrefsBot/7.0; +http://ahrefs.com/robot/)"
79.127.237.104 - - [21/Jul/2026:22:30:20 +0000] "GET /goods/372514033017 HTTP/2" 404 14952 "-" "Mozilla/5.0 (compatible; AhrefsBot/7.0; +http://ahrefs.com/robot/)"
143.244.38.134 - - [21/Jul/2026:22:30:28 +0000] "GET /items/G724072501/ HTTP/2" 404 14952 "-" "Mozilla/5.0 (compatible; AhrefsBot/7.0; +http://ahrefs.com/robot/)"
185.111.111.154 - - [21/Jul/2026:22:30:29 +0000] "GET /dp/8fed42116 HTTP/2" 404 14952 "-" "Mozilla/5.0 (compatible; SERankingBacklinksBot/1.0; +https://seranking.com/backlinks-crawler)"
79.127.237.104 - - [21/Jul/2026:22:30:37 +0000] "GET /goods/366710641106 HTTP/2" 404 14952 "-" "Mozilla/5.0 (compatible; AhrefsBot/7.0; +http://ahrefs.com/robot/)"
79.127.237.132 - - [21/Jul/2026:22:30:45 +0000] "GET /items/G723852398/ HTTP/2" 404 14952 "-" "Mozilla/5.0 (compatible; AhrefsBot/7.0; +http://ahrefs.com/robot/)"
79.127.237.104 - - [21/Jul/2026:22:30:53 +0000] "GET /items/G723817763/ HTTP/2" 404 14952 "-" "Mozilla/5.0 (compatible; AhrefsBot/7.0; +http://ahrefs.com/robot/)"
208.91.111.227 - - [21/Jul/2026:22:30:53 +0000] "GET /?p=13551 HTTP/2" 301 5 "-" "Mozilla/5.0 AppleWebKit/537.36 (KHTML, like Gecko; compatible; ClaudeBot/1.0; +claudebot@anthropic.com)"
208.91.111.227 - - [21/Jul/2026:22:30:54 +0000] "GET /video/tiana-kocker-ft-sage-the-gemini-take-ove/ HTTP/2" 200 18222 "https://www.azfilmz.com/?p=13551" "Mozilla/5.0 AppleWebKit/537.36 (KHTML, like Gecko; compatible; ClaudeBot/1.0; +claudebot@anthropic.com)"
79.127.237.132 - - [21/Jul/2026:22:31:01 +0000] "GET /goods/202653073358 HTTP/2" 404 14952 "-" "Mozilla/5.0 (compatible; AhrefsBot/7.0; +http://ahrefs.com/robot/)"
79.127.237.104 - - [21/Jul/2026:22:31:09 +0000] "GET /items/G723481548/ HTTP/2" 404 14952 "-" "Mozilla/5.0 (compatible; AhrefsBot/7.0; +http://ahrefs.com/robot/)"
79.127.237.132 - - [21/Jul/2026:22:31:16 +0000] "GET /items/G721515059/ HTTP/2" 404 14952 "-" "Mozilla/5.0 (compatible; AhrefsBot/7.0; +http://ahrefs.com/robot/)"
79.127.237.104 - - [21/Jul/2026:22:31:24 +0000] "GET /items/G723457846/ HTTP/2" 404 14952 "-" "Mozilla/5.0 (compatible; AhrefsBot/7.0; +http://ahrefs.com/robot/)"
143.244.38.134 - - [21/Jul/2026:22:31:32 +0000] "GET /items/G723426542/ HTTP/2" 404 14952 "-" "Mozilla/5.0 (compatible; AhrefsBot/7.0; +http://ahrefs.com/robot/)"
79.127.237.132 - - [21/Jul/2026:22:31:39 +0000] "GET /items/G723378745/ HTTP/2" 404 14952 "-" "Mozilla/5.0 (compatible; AhrefsBot/7.0; +http://ahrefs.com/robot/)"
79.127.237.132 - - [21/Jul/2026:22:31:47 +0000] "GET /items/G723347544/ HTTP/2" 404 14952 "-" "Mozilla/5.0 (compatible; AhrefsBot/7.0; +http://ahrefs.com/robot/)"
79.127.237.132 - - [21/Jul/2026:22:31:54 +0000] "GET /items/G721291280/ HTTP/2" 404 14951 "-" "Mozilla/5.0 (compatible; AhrefsBot/7.0; +http://ahrefs.com/robot/)"
143.244.38.134 - - [21/Jul/2026:22:32:02 +0000] "GET /items/G723346410/ HTTP/2" 404 14952 "-" "Mozilla/5.0 (compatible; AhrefsBot/7.0; +http://ahrefs.com/robot/)"
79.127.237.104 - - [21/Jul/2026:22:32:10 +0000] "GET /items/G723076602/ HTTP/2" 404 14952 "-" "Mozilla/5.0 (compatible; AhrefsBot/7.0; +http://ahrefs.com/robot/)"
79.127.237.132 - - [21/Jul/2026:22:32:17 +0000] "GET /items/G723040633/ HTTP/2" 404 14951 "-" "Mozilla/5.0 (compatible; AhrefsBot/7.0; +http://ahrefs.com/robot/)"
143.244.38.134 - - [21/Jul/2026:22:32:25 +0000] "GET /items/G723020391/ HTTP/2" 404 14952 "-" "Mozilla/5.0 (compatible; AhrefsBot/7.0; +http://ahrefs.com/robot/)"
143.244.38.134 - - [21/Jul/2026:22:32:32 +0000] "GET /items/G723013995/ HTTP/2" 404 14952 "-" "Mozilla/5.0 (compatible; AhrefsBot/7.0; +http://ahrefs.com/robot/)"
79.127.237.104 - - [21/Jul/2026:22:32:40 +0000] "GET /items/G721284639/ HTTP/2" 404 14952 "-" "Mozilla/5.0 (compatible; AhrefsBot/7.0; +http://ahrefs.com/robot/)"
143.244.38.134 - - [21/Jul/2026:22:32:48 +0000] "GET /items/G722907434/ HTTP/2" 404 14952 "-" "Mozilla/5.0 (compatible; AhrefsBot/7.0; +http://ahrefs.com/robot/)"
208.91.111.227 - - [21/Jul/2026:22:32:52 +0000] "GET /video/sami-beigi-padeshah/feed/ HTTP/2" 200 393 "-" "Mozilla/5.0 AppleWebKit/537.36 (KHTML, like Gecko; compatible; ClaudeBot/1.0; +claudebot@anthropic.com)"
79.127.237.132 - - [21/Jul/2026:22:32:55 +0000] "GET /items/G722569290/ HTTP/2" 404 14952 "-" "Mozilla/5.0 (compatible; AhrefsBot/7.0; +http://ahrefs.com/robot/)"
79.127.237.104 - - [21/Jul/2026:22:33:03 +0000] "GET /items/G722255059/ HTTP/2" 404 14952 "-" "Mozilla/5.0 (compatible; AhrefsBot/7.0; +http://ahrefs.com/robot/)"
79.127.237.132 - - [21/Jul/2026:22:33:11 +0000] "GET /goods/34074483841 HTTP/2" 404 14952 "-" "Mozilla/5.0 (compatible; AhrefsBot/7.0; +http://ahrefs.com/robot/)"
79.127.237.132 - - [21/Jul/2026:22:33:19 +0000] "GET /items/G722222841/ HTTP/2" 404 14952 "-" "Mozilla/5.0 (compatible; AhrefsBot/7.0; +http://ahrefs.com/robot/)"
79.127.237.132 - - [21/Jul/2026:22:33:27 +0000] "GET /items/G721169812/ HTTP/2" 404 14952 "-" "Mozilla/5.0 (compatible; AhrefsBot/7.0; +http://ahrefs.com/robot/)"
79.127.237.104 - - [21/Jul/2026:22:33:34 +0000] "GET /items/G721976752/ HTTP/2" 404 14952 "-" "Mozilla/5.0 (compatible; AhrefsBot/7.0; +http://ahrefs.com/robot/)"
79.127.237.132 - - [21/Jul/2026:22:33:42 +0000] "GET /items/G721256842/ HTTP/2" 404 14952 "-" "Mozilla/5.0 (compatible; AhrefsBot/7.0; +http://ahrefs.com/robot/)"
143.244.38.134 - - [21/Jul/2026:22:33:49 +0000] "GET /items/G721137228/ HTTP/2" 404 14952 "-" "Mozilla/5.0 (compatible; AhrefsBot/7.0; +http://ahrefs.com/robot/)"
143.244.38.134 - - [21/Jul/2026:22:33:57 +0000] "GET /goods/438056627062 HTTP/2" 404 14952 "-" "Mozilla/5.0 (compatible; AhrefsBot/7.0; +http://ahrefs.com/robot/)"
79.127.237.104 - - [21/Jul/2026:22:34:06 +0000] "GET /goods/402099797632 HTTP/2" 404 14952 "-" "Mozilla/5.0 (compatible; AhrefsBot/7.0; +http://ahrefs.com/robot/)"
79.127.237.104 - - [21/Jul/2026:22:34:13 +0000] "GET /items/G721107996/ HTTP/2" 404 14952 "-" "Mozilla/5.0 (compatible; AhrefsBot/7.0; +http://ahrefs.com/robot/)"
79.127.237.132 - - [21/Jul/2026:22:34:21 +0000] "GET /goods/322428703369 HTTP/2" 404 14952 "-" "Mozilla/5.0 (compatible; AhrefsBot/7.0; +http://ahrefs.com/robot/)"
79.127.237.104 - - [21/Jul/2026:22:34:28 +0000] "GET /goods/149323911959 HTTP/2" 404 14951 "-" "Mozilla/5.0 (compatible; AhrefsBot/7.0; +http://ahrefs.com/robot/)"
79.127.237.104 - - [21/Jul/2026:22:34:36 +0000] "GET /items/G724499768/ HTTP/2" 404 14952 "-" "Mozilla/5.0 (compatible; AhrefsBot/7.0; +http://ahrefs.com/robot/)"
79.127.237.132 - - [21/Jul/2026:22:34:44 +0000] "GET /goods/387967837954 HTTP/2" 404 14952 "-" "Mozilla/5.0 (compatible; AhrefsBot/7.0; +http://ahrefs.com/robot/)"
208.91.111.227 - - [21/Jul/2026:22:34:47 +0000] "GET /?p=13003 HTTP/2" 301 5 "-" "Mozilla/5.0 AppleWebKit/537.36 (KHTML, like Gecko; compatible; ClaudeBot/1.0; +claudebot@anthropic.com)"
208.91.111.227 - - [21/Jul/2026:22:34:48 +0000] "GET /video/sami-beigi-padeshah/ HTTP/2" 200 18139 "https://www.azfilmz.com/?p=13003" "Mozilla/5.0 AppleWebKit/537.36 (KHTML, like Gecko; compatible; ClaudeBot/1.0; +claudebot@anthropic.com)"
79.127.237.104 - - [21/Jul/2026:22:34:51 +0000] "GET /items/G723788725/ HTTP/2" 404 14952 "-" "Mozilla/5.0 (compatible; AhrefsBot/7.0; +http://ahrefs.com/robot/)"
143.244.38.134 - - [21/Jul/2026:22:34:59 +0000] "GET /items/G723125563/ HTTP/2" 404 14952 "-" "Mozilla/5.0 (compatible; AhrefsBot/7.0; +http://ahrefs.com/robot/)"
79.127.237.132 - - [21/Jul/2026:22:35:06 +0000] "GET /goods/156412187194 HTTP/2" 404 14952 "-" "Mozilla/5.0 (compatible; AhrefsBot/7.0; +http://ahrefs.com/robot/)"
143.244.38.134 - - [21/Jul/2026:22:35:14 +0000] "GET /items/G723056892/ HTTP/2" 404 14952 "-" "Mozilla/5.0 (compatible; AhrefsBot/7.0; +http://ahrefs.com/robot/)"
79.127.237.104 - - [21/Jul/2026:22:35:22 +0000] "GET /items/G721778370/ HTTP/2" 404 14952 "-" "Mozilla/5.0 (compatible; AhrefsBot/7.0; +http://ahrefs.com/robot/)"
79.127.237.104 - - [21/Jul/2026:22:35:30 +0000] "GET /goods/531626049550 HTTP/2" 404 14952 "-" "Mozilla/5.0 (compatible; AhrefsBot/7.0; +http://ahrefs.com/robot/)"
79.127.237.132 - - [21/Jul/2026:22:35:37 +0000] "GET /items/G721697136/ HTTP/2" 404 14952 "-" "Mozilla/5.0 (compatible; AhrefsBot/7.0; +http://ahrefs.com/robot/)"
143.244.50.84 - - [21/Jul/2026:22:35:41 +0000] "POST /wp-login.php HTTP/2" 200 2279 "-" "Mozilla/5.0 (Linux; Android 11; SAMSUNG SM-G970W) AppleWebKit/537.36 (KHTML, like Gecko) SamsungBrowser/13.2 Chrome/83.0.4103.106 Mobile Safari/537.36"
79.127.237.132 - - [21/Jul/2026:22:35:44 +0000] "GET /items/G721260768/ HTTP/2" 404 14951 "-" "Mozilla/5.0 (compatible; AhrefsBot/7.0; +http://ahrefs.com/robot/)"
79.127.237.104 - - [21/Jul/2026:22:35:52 +0000] "GET /goods/477552870133 HTTP/2" 404 14952 "-" "Mozilla/5.0 (compatible; AhrefsBot/7.0; +http://ahrefs.com/robot/)"
79.127.237.104 - - [21/Jul/2026:22:36:01 +0000] "GET /goods/205960557311 HTTP/2" 404 14952 "-" "Mozilla/5.0 (compatible; AhrefsBot/7.0; +http://ahrefs.com/robot/)"
79.127.237.104 - - [21/Jul/2026:22:36:08 +0000] "GET /goods/194156318356 HTTP/2" 404 14952 "-" "Mozilla/5.0 (compatible; AhrefsBot/7.0; +http://ahrefs.com/robot/)"
79.127.237.132 - - [21/Jul/2026:22:36:16 +0000] "GET /items/G721938946/ HTTP/2" 404 14952 "-" "Mozilla/5.0 (compatible; AhrefsBot/7.0; +http://ahrefs.com/robot/)"
208.91.111.227 - - [21/Jul/2026:22:36:20 +0000] "GET /?p=13529 HTTP/2" 301 5 "-" "Mozilla/5.0 AppleWebKit/537.36 (KHTML, like Gecko; compatible; ClaudeBot/1.0; +claudebot@anthropic.com)"
208.91.111.227 - - [21/Jul/2026:22:36:21 +0000] "GET /video/mann-ft-t-pain-get-it-girl/ HTTP/2" 200 18371 "https://www.azfilmz.com/?p=13529" "Mozilla/5.0 AppleWebKit/537.36 (KHTML, like Gecko; compatible; ClaudeBot/1.0; +claudebot@anthropic.com)"
143.244.38.134 - - [21/Jul/2026:22:36:23 +0000] "GET /goods/412480391026 HTTP/2" 404 14952 "-" "Mozilla/5.0 (compatible; AhrefsBot/7.0; +http://ahrefs.com/robot/)"
79.127.237.104 - - [21/Jul/2026:22:36:31 +0000] "GET /goods/383490849875 HTTP/2" 404 14952 "-" "Mozilla/5.0 (compatible; AhrefsBot/7.0; +http://ahrefs.com/robot/)"
79.127.237.104 - - [21/Jul/2026:22:36:39 +0000] "GET /goods/44543246207 HTTP/2" 404 14952 "-" "Mozilla/5.0 (compatible; AhrefsBot/7.0; +http://ahrefs.com/robot/)"
79.127.237.104 - - [21/Jul/2026:22:36:46 +0000] "GET /goods/391066002332 HTTP/2" 404 14952 "-" "Mozilla/5.0 (compatible; AhrefsBot/7.0; +http://ahrefs.com/robot/)"
79.127.237.132 - - [21/Jul/2026:22:36:54 +0000] "GET /goods/124485021355 HTTP/2" 404 14952 "-" "Mozilla/5.0 (compatible; AhrefsBot/7.0; +http://ahrefs.com/robot/)"
143.244.38.134 - - [21/Jul/2026:22:37:01 +0000] "GET /goods/346326956225 HTTP/2" 404 14951 "-" "Mozilla/5.0 (compatible; AhrefsBot/7.0; +http://ahrefs.com/robot/)"
143.244.38.134 - - [21/Jul/2026:22:37:09 +0000] "GET /goods/17472792409 HTTP/2" 404 14952 "-" "Mozilla/5.0 (compatible; AhrefsBot/7.0; +http://ahrefs.com/robot/)"
79.127.237.132 - - [21/Jul/2026:22:37:17 +0000] "GET /goods/488179312313 HTTP/2" 404 14952 "-" "Mozilla/5.0 (compatible; AhrefsBot/7.0; +http://ahrefs.com/robot/)"
79.127.237.132 - - [21/Jul/2026:22:37:24 +0000] "GET /goods/467573563732 HTTP/2" 404 14952 "-" "Mozilla/5.0 (compatible; AhrefsBot/7.0; +http://ahrefs.com/robot/)"
79.127.237.132 - - [21/Jul/2026:22:37:32 +0000] "GET /goods/90048082072 HTTP/2" 404 14952 "-" "Mozilla/5.0 (compatible; AhrefsBot/7.0; +http://ahrefs.com/robot/)"
79.127.237.132 - - [21/Jul/2026:22:37:39 +0000] "GET /goods/75090852163 HTTP/2" 404 14952 "-" "Mozilla/5.0 (compatible; AhrefsBot/7.0; +http://ahrefs.com/robot/)"
79.127.237.104 - - [21/Jul/2026:22:37:47 +0000] "GET /goods/71198093649 HTTP/2" 404 14952 "-" "Mozilla/5.0 (compatible; AhrefsBot/7.0; +http://ahrefs.com/robot/)"
79.127.237.104 - - [21/Jul/2026:22:37:55 +0000] "GET /goods/432552952056 HTTP/2" 404 14952 "-" "Mozilla/5.0 (compatible; AhrefsBot/7.0; +http://ahrefs.com/robot/)"
79.127.237.132 - - [21/Jul/2026:22:38:03 +0000] "GET /goods/510759961149 HTTP/2" 404 14952 "-" "Mozilla/5.0 (compatible; AhrefsBot/7.0; +http://ahrefs.com/robot/)"
79.127.237.132 - - [21/Jul/2026:22:38:11 +0000] "GET /goods/226646304740 HTTP/2" 404 14952 "-" "Mozilla/5.0 (compatible; AhrefsBot/7.0; +http://ahrefs.com/robot/)"
143.244.38.134 - - [21/Jul/2026:22:38:18 +0000] "GET /goods/505425754477 HTTP/2" 404 14952 "-" "Mozilla/5.0 (compatible; AhrefsBot/7.0; +http://ahrefs.com/robot/)"
79.127.237.132 - - [21/Jul/2026:22:38:26 +0000] "GET /goods/407284434056 HTTP/2" 404 14952 "-" "Mozilla/5.0 (compatible; AhrefsBot/7.0; +http://ahrefs.com/robot/)"
208.91.111.227 - - [21/Jul/2026:22:38:34 +0000] "GET /video/adl-ft-snoop-dogg-international-love/feed/ HTTP/2" 200 434 "-" "Mozilla/5.0 AppleWebKit/537.36 (KHTML, like Gecko; compatible; ClaudeBot/1.0; +claudebot@anthropic.com)"
79.127.237.132 - - [21/Jul/2026:22:38:34 +0000] "GET /goods/20880055549 HTTP/2" 404 14952 "-" "Mozilla/5.0 (compatible; AhrefsBot/7.0; +http://ahrefs.com/robot/)"
79.127.237.132 - - [21/Jul/2026:22:38:41 +0000] "GET /items/G722953096/ HTTP/2" 404 14952 "-" "Mozilla/5.0 (compatible; AhrefsBot/7.0; +http://ahrefs.com/robot/)"
79.127.237.104 - - [21/Jul/2026:22:38:49 +0000] "GET /items/G724416565/ HTTP/2" 404 14952 "-" "Mozilla/5.0 (compatible; AhrefsBot/7.0; +http://ahrefs.com/robot/)"
79.127.237.104 - - [21/Jul/2026:22:38:56 +0000] "GET /items/G724377498/ HTTP/2" 404 14952 "-" "Mozilla/5.0 (compatible; AhrefsBot/7.0; +http://ahrefs.com/robot/)"
143.244.38.134 - - [21/Jul/2026:22:39:04 +0000] "GET /goods/115128192855 HTTP/2" 404 14952 "-" "Mozilla/5.0 (compatible; AhrefsBot/7.0; +http://ahrefs.com/robot/)"
79.127.237.132 - - [21/Jul/2026:22:39:12 +0000] "GET /items/G724365865/ HTTP/2" 404 14952 "-" "Mozilla/5.0 (compatible; AhrefsBot/7.0; +http://ahrefs.com/robot/)"
79.127.237.104 - - [21/Jul/2026:22:39:19 +0000] "GET /items/G724349945/ HTTP/2" 404 14952 "-" "Mozilla/5.0 (compatible; AhrefsBot/7.0; +http://ahrefs.com/robot/)"
79.127.237.104 - - [21/Jul/2026:22:39:27 +0000] "GET /goods/93433428094 HTTP/2" 404 14952 "-" "Mozilla/5.0 (compatible; AhrefsBot/7.0; +http://ahrefs.com/robot/)"
143.244.38.134 - - [21/Jul/2026:22:39:34 +0000] "GET /items/G723927566/ HTTP/2" 404 14952 "-" "Mozilla/5.0 (compatible; AhrefsBot/7.0; +http://ahrefs.com/robot/)"
79.127.237.104 - - [21/Jul/2026:22:39:42 +0000] "GET /items/G723683052/ HTTP/2" 404 14952 "-" "Mozilla/5.0 (compatible; AhrefsBot/7.0; +http://ahrefs.com/robot/)"
79.127.237.132 - - [21/Jul/2026:22:39:50 +0000] "GET /goods/451665923509 HTTP/2" 404 14952 "-" "Mozilla/5.0 (compatible; AhrefsBot/7.0; +http://ahrefs.com/robot/)"
79.127.237.104 - - [21/Jul/2026:22:39:57 +0000] "GET /items/G724459760/ HTTP/2" 404 14951 "-" "Mozilla/5.0 (compatible; AhrefsBot/7.0; +http://ahrefs.com/robot/)"
84.17.63.178 - - [21/Jul/2026:22:40:05 +0000] "GET /video/the-adventures-of-ari-my-robot-friend HTTP/2" 301 5 "-" "Mozilla/5.0 AppleWebKit/537.36 (KHTML, like Gecko; compatible; SleepBot/1.0; +http://sleepbot.com/) Chrome/131.0.0.0 Safari/537.36"
79.127.237.104 - - [21/Jul/2026:22:40:06 +0000] "GET /items/G724244332/ HTTP/2" 404 14952 "-" "Mozilla/5.0 (compatible; AhrefsBot/7.0; +http://ahrefs.com/robot/)"
84.17.63.178 - - [21/Jul/2026:22:40:06 +0000] "GET /video/the-adventures-of-ari-my-robot-friend/ HTTP/2" 200 18108 "https://azfilmz.com/video/the-adventures-of-ari-my-robot-friend" "Mozilla/5.0 AppleWebKit/537.36 (KHTML, like Gecko; compatible; SleepBot/1.0; +http://sleepbot.com/) Chrome/131.0.0.0 Safari/537.36"
143.244.38.134 - - [21/Jul/2026:22:40:13 +0000] "GET /items/G724206481/ HTTP/2" 404 14952 "-" "Mozilla/5.0 (compatible; AhrefsBot/7.0; +http://ahrefs.com/robot/)"
79.127.237.132 - - [21/Jul/2026:22:40:21 +0000] "GET /items/G724138942/ HTTP/2" 404 14952 "-" "Mozilla/5.0 (compatible; AhrefsBot/7.0; +http://ahrefs.com/robot/)"
79.127.237.132 - - [21/Jul/2026:22:40:29 +0000] "GET /items/G723316253/ HTTP/2" 404 14952 "-" "Mozilla/5.0 (compatible; AhrefsBot/7.0; +http://ahrefs.com/robot/)"
79.127.237.132 - - [21/Jul/2026:22:40:36 +0000] "GET /items/G724057008/ HTTP/2" 404 14952 "-" "Mozilla/5.0 (compatible; AhrefsBot/7.0; +http://ahrefs.com/robot/)"
79.127.237.104 - - [21/Jul/2026:22:40:47 +0000] "GET /items/G723852138/ HTTP/2" 404 14952 "-" "Mozilla/5.0 (compatible; AhrefsBot/7.0; +http://ahrefs.com/robot/)"
79.127.237.104 - - [21/Jul/2026:22:40:57 +0000] "GET /items/G723120005/ HTTP/2" 404 14951 "-" "Mozilla/5.0 (compatible; AhrefsBot/7.0; +http://ahrefs.com/robot/)"
143.244.38.134 - - [21/Jul/2026:22:41:09 +0000] "GET /items/G723732293/ HTTP/2" 404 14952 "-" "Mozilla/5.0 (compatible; AhrefsBot/7.0; +http://ahrefs.com/robot/)"
79.127.237.104 - - [21/Jul/2026:22:41:18 +0000] "GET /items/G723650127/ HTTP/2" 404 14952 "-" "Mozilla/5.0 (compatible; AhrefsBot/7.0; +http://ahrefs.com/robot/)"
79.127.237.104 - - [21/Jul/2026:22:41:29 +0000] "GET /items/G723571921/ HTTP/2" 404 14951 "-" "Mozilla/5.0 (compatible; AhrefsBot/7.0; +http://ahrefs.com/robot/)"
79.127.237.132 - - [21/Jul/2026:22:41:41 +0000] "GET /items/G723542701/ HTTP/2" 404 14952 "-" "Mozilla/5.0 (compatible; AhrefsBot/7.0; +http://ahrefs.com/robot/)"
79.127.237.104 - - [21/Jul/2026:22:41:52 +0000] "GET /items/G722614178/ HTTP/2" 404 14952 "-" "Mozilla/5.0 (compatible; AhrefsBot/7.0; +http://ahrefs.com/robot/)"
79.127.237.104 - - [21/Jul/2026:22:42:06 +0000] "GET /items/G723470761/ HTTP/2" 404 14952 "-" "Mozilla/5.0 (compatible; AhrefsBot/7.0; +http://ahrefs.com/robot/)"
79.127.237.132 - - [21/Jul/2026:22:42:21 +0000] "GET /items/G723398649/ HTTP/2" 404 14952 "-" "Mozilla/5.0 (compatible; AhrefsBot/7.0; +http://ahrefs.com/robot/)"
79.127.237.104 - - [21/Jul/2026:22:42:32 +0000] "GET /items/G722237037/ HTTP/2" 404 14952 "-" "Mozilla/5.0 (compatible; AhrefsBot/7.0; +http://ahrefs.com/robot/)"
143.244.38.134 - - [21/Jul/2026:22:42:44 +0000] "GET /items/G723379110/ HTTP/2" 404 14952 "-" "Mozilla/5.0 (compatible; AhrefsBot/7.0; +http://ahrefs.com/robot/)"
79.127.237.132 - - [21/Jul/2026:22:42:55 +0000] "GET /items/G723142749/ HTTP/2" 404 14952 "-" "Mozilla/5.0 (compatible; AhrefsBot/7.0; +http://ahrefs.com/robot/)"
79.127.237.132 - - [21/Jul/2026:22:43:05 +0000] "GET /goods/236788747124 HTTP/2" 404 14952 "-" "Mozilla/5.0 (compatible; AhrefsBot/7.0; +http://ahrefs.com/robot/)"
79.127.237.104 - - [21/Jul/2026:22:43:14 +0000] "GET /items/G723062836/ HTTP/2" 404 14952 "-" "Mozilla/5.0 (compatible; AhrefsBot/7.0; +http://ahrefs.com/robot/)"
143.244.38.134 - - [21/Jul/2026:22:43:26 +0000] "GET /items/G722463587/ HTTP/2" 404 14952 "-" "Mozilla/5.0 (compatible; AhrefsBot/7.0; +http://ahrefs.com/robot/)"
208.91.111.227 - - [21/Jul/2026:22:43:31 +0000] "GET /?p=13303 HTTP/2" 301 5 "-" "Mozilla/5.0 AppleWebKit/537.36 (KHTML, like Gecko; compatible; ClaudeBot/1.0; +claudebot@anthropic.com)"
208.91.111.227 - - [21/Jul/2026:22:43:33 +0000] "GET /video/prince-malik-ft-sean-kingston-here-to-drink/ HTTP/2" 200 18369 "https://www.azfilmz.com/?p=13303" "Mozilla/5.0 AppleWebKit/537.36 (KHTML, like Gecko; compatible; ClaudeBot/1.0; +claudebot@anthropic.com)"
79.127.237.104 - - [21/Jul/2026:22:43:35 +0000] "GET /items/G722108001/ HTTP/2" 404 14952 "-" "Mozilla/5.0 (compatible; AhrefsBot/7.0; +http://ahrefs.com/robot/)"
79.127.237.104 - - [21/Jul/2026:22:43:48 +0000] "GET /items/G722244044/ HTTP/2" 404 14952 "-" "Mozilla/5.0 (compatible; AhrefsBot/7.0; +http://ahrefs.com/robot/)"
208.91.111.227 - - [21/Jul/2026:22:43:53 +0000] "GET /video/stafford-brothers-ft-lil-wayne-christina-milian-hello/feed/ HTTP/2" 200 462 "-" "Mozilla/5.0 AppleWebKit/537.36 (KHTML, like Gecko; compatible; ClaudeBot/1.0; +claudebot@anthropic.com)"
79.127.237.132 - - [21/Jul/2026:22:43:58 +0000] "GET /items/G722046441/ HTTP/2" 404 14952 "-" "Mozilla/5.0 (compatible; AhrefsBot/7.0; +http://ahrefs.com/robot/)"
79.127.237.104 - - [21/Jul/2026:22:44:07 +0000] "GET /items/G721991974/ HTTP/2" 404 14952 "-" "Mozilla/5.0 (compatible; AhrefsBot/7.0; +http://ahrefs.com/robot/)"
185.152.66.247 - - [21/Jul/2026:22:44:09 +0000] "GET /sitemap-15.xml HTTP/2" 200 95 "-" "Mozilla/5.0 AppleWebKit/537.36 (KHTML, like Gecko; compatible; GPTBot/1.4; +https://openai.com/gptbot)"
79.127.237.132 - - [21/Jul/2026:22:44:17 +0000] "GET /goods/195707551850 HTTP/2" 404 14952 "-" "Mozilla/5.0 (compatible; AhrefsBot/7.0; +http://ahrefs.com/robot/)"
79.127.237.104 - - [21/Jul/2026:22:44:30 +0000] "GET /items/G721661462/ HTTP/2" 404 14952 "-" "Mozilla/5.0 (compatible; AhrefsBot/7.0; +http://ahrefs.com/robot/)"
79.127.237.132 - - [21/Jul/2026:22:44:39 +0000] "GET /items/G721272689/ HTTP/2" 404 14952 "-" "Mozilla/5.0 (compatible; AhrefsBot/7.0; +http://ahrefs.com/robot/)"
185.152.66.247 - - [21/Jul/2026:22:44:40 +0000] "GET /sitemap-6.xml HTTP/2" 200 95 "-" "Mozilla/5.0 AppleWebKit/537.36 (KHTML, like Gecko; compatible; GPTBot/1.4; +https://openai.com/gptbot)"
79.127.237.104 - - [21/Jul/2026:22:44:50 +0000] "GET /goods/477403314681 HTTP/2" 404 14952 "-" "Mozilla/5.0 (compatible; AhrefsBot/7.0; +http://ahrefs.com/robot/)"
143.244.38.134 - - [21/Jul/2026:22:45:03 +0000] "GET /items/G721334977/ HTTP/2" 404 14952 "-" "Mozilla/5.0 (compatible; AhrefsBot/7.0; +http://ahrefs.com/robot/)"
143.244.38.134 - - [21/Jul/2026:22:45:15 +0000] "GET /items/G721293601/ HTTP/2" 404 14952 "-" "Mozilla/5.0 (compatible; AhrefsBot/7.0; +http://ahrefs.com/robot/)"
79.127.237.132 - - [21/Jul/2026:22:45:33 +0000] "GET /goods/246608273041 HTTP/2" 404 14952 "-" "Mozilla/5.0 (compatible; AhrefsBot/7.0; +http://ahrefs.com/robot/)"
79.127.237.104 - - [21/Jul/2026:22:45:44 +0000] "GET /items/G721052393/ HTTP/2" 404 14952 "-" "Mozilla/5.0 (compatible; AhrefsBot/7.0; +http://ahrefs.com/robot/)"
79.127.237.132 - - [21/Jul/2026:22:45:54 +0000] "GET /items/G721051215/ HTTP/2" 404 14952 "-" "Mozilla/5.0 (compatible; AhrefsBot/7.0; +http://ahrefs.com/robot/)"
79.127.237.132 - - [21/Jul/2026:22:46:03 +0000] "GET /items/G721038233/ HTTP/2" 404 14952 "-" "Mozilla/5.0 (compatible; AhrefsBot/7.0; +http://ahrefs.com/robot/)"
79.127.237.104 - - [21/Jul/2026:22:46:14 +0000] "GET /items/G721015714/ HTTP/2" 404 14952 "-" "Mozilla/5.0 (compatible; AhrefsBot/7.0; +http://ahrefs.com/robot/)"
185.152.66.247 - - [21/Jul/2026:22:46:17 +0000] "GET /sitemap-14.xml HTTP/2" 200 95 "-" "Mozilla/5.0 AppleWebKit/537.36 (KHTML, like Gecko; compatible; GPTBot/1.4; +https://openai.com/gptbot)"
79.127.237.132 - - [21/Jul/2026:22:46:24 +0000] "GET /items/G724416825/ HTTP/2" 404 14952 "-" "Mozilla/5.0 (compatible; AhrefsBot/7.0; +http://ahrefs.com/robot/)"
138.199.24.219 - - [21/Jul/2026:22:46:25 +0000] "GET /items/G723516147/ HTTP/2" 404 14952 "-" "Mozilla/5.0 (compatible; YandexBot/3.0; +http://yandex.com/bots)"
143.244.38.134 - - [21/Jul/2026:22:46:35 +0000] "GET /goods/129189455042 HTTP/2" 404 14952 "-" "Mozilla/5.0 (compatible; AhrefsBot/7.0; +http://ahrefs.com/robot/)"
79.127.237.132 - - [21/Jul/2026:22:46:47 +0000] "GET /items/G724576379/ HTTP/2" 404 14952 "-" "Mozilla/5.0 (compatible; AhrefsBot/7.0; +http://ahrefs.com/robot/)"
79.127.237.132 - - [21/Jul/2026:22:46:57 +0000] "GET /items/G724285178/ HTTP/2" 404 14952 "-" "Mozilla/5.0 (compatible; AhrefsBot/7.0; +http://ahrefs.com/robot/)"
79.127.237.104 - - [21/Jul/2026:22:47:07 +0000] "GET /items/G723743360/ HTTP/2" 404 14952 "-" "Mozilla/5.0 (compatible; AhrefsBot/7.0; +http://ahrefs.com/robot/)"
79.127.237.132 - - [21/Jul/2026:22:47:17 +0000] "GET /goods/435367984585 HTTP/2" 404 14952 "-" "Mozilla/5.0 (compatible; AhrefsBot/7.0; +http://ahrefs.com/robot/)"
79.127.237.104 - - [21/Jul/2026:22:47:30 +0000] "GET /items/G724171842/ HTTP/2" 404 14952 "-" "Mozilla/5.0 (compatible; AhrefsBot/7.0; +http://ahrefs.com/robot/)"
79.127.237.132 - - [21/Jul/2026:22:47:39 +0000] "GET /items/G723686309/ HTTP/2" 404 14952 "-" "Mozilla/5.0 (compatible; AhrefsBot/7.0; +http://ahrefs.com/robot/)"
79.127.237.132 - - [21/Jul/2026:22:47:49 +0000] "GET /goods/408432158546 HTTP/2" 404 14952 "-" "Mozilla/5.0 (compatible; AhrefsBot/7.0; +http://ahrefs.com/robot/)"
208.91.111.227 - - [21/Jul/2026:22:47:50 +0000] "GET /?p=13526 HTTP/2" 301 5 "-" "Mozilla/5.0 AppleWebKit/537.36 (KHTML, like Gecko; compatible; ClaudeBot/1.0; +claudebot@anthropic.com)"
208.91.111.227 - - [21/Jul/2026:22:47:51 +0000] "GET /video/cristian-marchi-nari-milani-ft-maxc-i-got-you/ HTTP/2" 200 18374 "https://www.azfilmz.com/?p=13526" "Mozilla/5.0 AppleWebKit/537.36 (KHTML, like Gecko; compatible; ClaudeBot/1.0; +claudebot@anthropic.com)"
143.244.38.134 - - [21/Jul/2026:22:48:00 +0000] "GET /items/G723480205/ HTTP/2" 404 14952 "-" "Mozilla/5.0 (compatible; AhrefsBot/7.0; +http://ahrefs.com/robot/)"
79.127.237.104 - - [21/Jul/2026:22:48:10 +0000] "GET /items/G724079922/ HTTP/2" 404 14952 "-" "Mozilla/5.0 (compatible; AhrefsBot/7.0; +http://ahrefs.com/robot/)"
208.91.111.227 - - [21/Jul/2026:22:48:18 +0000] "GET /video/prince-malik-ft-sean-kingston-here-to-drink/feed/ HTTP/2" 200 430 "-" "Mozilla/5.0 AppleWebKit/537.36 (KHTML, like Gecko; compatible; ClaudeBot/1.0; +claudebot@anthropic.com)"
208.91.111.227 - - [21/Jul/2026:22:48:18 +0000] "GET /video/googoosh-sahneh/ HTTP/2" 200 18166 "-" "Mozilla/5.0 AppleWebKit/537.36 (KHTML, like Gecko; compatible; ClaudeBot/1.0; +claudebot@anthropic.com)"
79.127.237.132 - - [21/Jul/2026:22:48:24 +0000] "GET /items/G723050362/ HTTP/2" 404 14952 "-" "Mozilla/5.0 (compatible; AhrefsBot/7.0; +http://ahrefs.com/robot/)"
185.152.66.247 - - [21/Jul/2026:22:48:31 +0000] "GET /sitemap-4.xml HTTP/2" 200 95 "-" "Mozilla/5.0 AppleWebKit/537.36 (KHTML, like Gecko; compatible; GPTBot/1.4; +https://openai.com/gptbot)"
79.127.237.104 - - [21/Jul/2026:22:48:35 +0000] "GET /items/G722864891/ HTTP/2" 404 14952 "-" "Mozilla/5.0 (compatible; AhrefsBot/7.0; +http://ahrefs.com/robot/)"
79.127.237.132 - - [21/Jul/2026:22:48:43 +0000] "GET /goods/386913100515 HTTP/2" 404 14952 "-" "Mozilla/5.0 (compatible; AhrefsBot/7.0; +http://ahrefs.com/robot/)"
143.244.38.134 - - [21/Jul/2026:22:48:53 +0000] "GET /items/G723951884/ HTTP/2" 404 14952 "-" "Mozilla/5.0 (compatible; AhrefsBot/7.0; +http://ahrefs.com/robot/)"
143.244.38.134 - - [21/Jul/2026:22:49:03 +0000] "GET /items/G722409747/ HTTP/2" 404 14952 "-" "Mozilla/5.0 (compatible; AhrefsBot/7.0; +http://ahrefs.com/robot/)"
79.127.237.104 - - [21/Jul/2026:22:49:12 +0000] "GET /items/G722071730/ HTTP/2" 404 14952 "-" "Mozilla/5.0 (compatible; AhrefsBot/7.0; +http://ahrefs.com/robot/)"
79.127.237.104 - - [21/Jul/2026:22:49:23 +0000] "GET /goods/82361381656 HTTP/2" 404 14952 "-" "Mozilla/5.0 (compatible; AhrefsBot/7.0; +http://ahrefs.com/robot/)"
79.127.237.132 - - [21/Jul/2026:22:49:32 +0000] "GET /items/G723815453/ HTTP/2" 404 14952 "-" "Mozilla/5.0 (compatible; AhrefsBot/7.0; +http://ahrefs.com/robot/)"
79.127.237.132 - - [21/Jul/2026:22:49:41 +0000] "GET /goods/17580927248 HTTP/2" 404 14952 "-" "Mozilla/5.0 (compatible; AhrefsBot/7.0; +http://ahrefs.com/robot/)"
79.127.237.132 - - [21/Jul/2026:22:49:50 +0000] "GET /goods/110212588247 HTTP/2" 404 14952 "-" "Mozilla/5.0 (compatible; AhrefsBot/7.0; +http://ahrefs.com/robot/)"
79.127.237.132 - - [21/Jul/2026:22:49:59 +0000] "GET /items/G722002279/ HTTP/2" 404 14952 "-" "Mozilla/5.0 (compatible; AhrefsBot/7.0; +http://ahrefs.com/robot/)"
79.127.237.132 - - [21/Jul/2026:22:50:07 +0000] "GET /items/G723788168/ HTTP/2" 404 15020 "-" "Mozilla/5.0 (compatible; AhrefsBot/7.0; +http://ahrefs.com/robot/)"
143.244.38.134 - - [21/Jul/2026:22:50:17 +0000] "GET /items/G721773823/ HTTP/2" 404 14952 "-" "Mozilla/5.0 (compatible; AhrefsBot/7.0; +http://ahrefs.com/robot/)"
185.152.66.247 - - [21/Jul/2026:22:50:21 +0000] "GET /sitemap-8.xml HTTP/2" 200 95 "-" "Mozilla/5.0 AppleWebKit/537.36 (KHTML, like Gecko; compatible; GPTBot/1.4; +https://openai.com/gptbot)"
79.127.237.104 - - [21/Jul/2026:22:50:26 +0000] "GET /items/G723655239/ HTTP/2" 404 14952 "-" "Mozilla/5.0 (compatible; AhrefsBot/7.0; +http://ahrefs.com/robot/)"
79.127.237.132 - - [21/Jul/2026:22:50:35 +0000] "GET /goods/428258773185 HTTP/2" 404 15020 "-" "Mozilla/5.0 (compatible; AhrefsBot/7.0; +http://ahrefs.com/robot/)"
79.127.237.132 - - [21/Jul/2026:22:50:44 +0000] "GET /items/G721623727/ HTTP/2" 404 14952 "-" "Mozilla/5.0 (compatible; AhrefsBot/7.0; +http://ahrefs.com/robot/)"
79.127.237.104 - - [21/Jul/2026:22:50:53 +0000] "GET /goods/337038041187 HTTP/2" 404 14952 "-" "Mozilla/5.0 (compatible; AhrefsBot/7.0; +http://ahrefs.com/robot/)"
79.127.237.104 - - [21/Jul/2026:22:51:01 +0000] "GET /items/G723563902/ HTTP/2" 404 14952 "-" "Mozilla/5.0 (compatible; AhrefsBot/7.0; +http://ahrefs.com/robot/)"
185.152.66.247 - - [21/Jul/2026:22:51:03 +0000] "GET /sitemap-12.xml HTTP/2" 200 95 "-" "Mozilla/5.0 AppleWebKit/537.36 (KHTML, like Gecko; compatible; GPTBot/1.4; +https://openai.com/gptbot)"
208.91.111.227 - - [21/Jul/2026:22:51:08 +0000] "GET /?p=13534 HTTP/2" 301 5 "-" "Mozilla/5.0 AppleWebKit/537.36 (KHTML, like Gecko; compatible; ClaudeBot/1.0; +claudebot@anthropic.com)"
208.91.111.227 - - [21/Jul/2026:22:51:09 +0000] "GET /video/vava-voom-ft-sean-kingston-supersonic/ HTTP/2" 200 18324 "https://www.azfilmz.com/?p=13534" "Mozilla/5.0 AppleWebKit/537.36 (KHTML, like Gecko; compatible; ClaudeBot/1.0; +claudebot@anthropic.com)"
143.244.38.134 - - [21/Jul/2026:22:51:11 +0000] "GET /items/G724599983/ HTTP/2" 404 14952 "-" "Mozilla/5.0 (compatible; AhrefsBot/7.0; +http://ahrefs.com/robot/)"
143.244.38.134 - - [21/Jul/2026:22:51:19 +0000] "GET /items/G721051431/ HTTP/2" 404 14952 "-" "Mozilla/5.0 (compatible; AhrefsBot/7.0; +http://ahrefs.com/robot/)"
79.127.237.132 - - [21/Jul/2026:22:51:28 +0000] "GET /items/G724398337/ HTTP/2" 404 14952 "-" "Mozilla/5.0 (compatible; AhrefsBot/7.0; +http://ahrefs.com/robot/)"
79.127.237.104 - - [21/Jul/2026:22:51:37 +0000] "GET /items/G723468457/ HTTP/2" 404 14952 "-" "Mozilla/5.0 (compatible; AhrefsBot/7.0; +http://ahrefs.com/robot/)"
79.127.237.132 - - [21/Jul/2026:22:51:46 +0000] "GET /items/G724160127/ HTTP/2" 404 14952 "-" "Mozilla/5.0 (compatible; AhrefsBot/7.0; +http://ahrefs.com/robot/)"
79.127.237.132 - - [21/Jul/2026:22:51:54 +0000] "GET /items/G723958878/ HTTP/2" 404 14952 "-" "Mozilla/5.0 (compatible; AhrefsBot/7.0; +http://ahrefs.com/robot/)"
79.127.237.104 - - [21/Jul/2026:22:52:03 +0000] "GET /items/G723709552/ HTTP/2" 404 14951 "-" "Mozilla/5.0 (compatible; AhrefsBot/7.0; +http://ahrefs.com/robot/)"
143.244.38.134 - - [21/Jul/2026:22:52:05 +0000] "POST /wp-cron.php?doing_wp_cron=1784674324.6000280380249023437500 HTTP/2" 200 0 "-" "WordPress/7.0.2; https://www.azfilmz.com"
79.127.237.104 - - [21/Jul/2026:22:52:12 +0000] "GET /goods/525232219374 HTTP/2" 404 14951 "-" "Mozilla/5.0 (compatible; AhrefsBot/7.0; +http://ahrefs.com/robot/)"
79.127.237.132 - - [21/Jul/2026:22:52:21 +0000] "GET /items/G723515589/ HTTP/2" 404 14952 "-" "Mozilla/5.0 (compatible; AhrefsBot/7.0; +http://ahrefs.com/robot/)"
79.127.237.132 - - [21/Jul/2026:22:52:31 +0000] "GET /items/G723443017/ HTTP/2" 404 14952 "-" "Mozilla/5.0 (compatible; AhrefsBot/7.0; +http://ahrefs.com/robot/)"
79.127.237.104 - - [21/Jul/2026:22:52:38 +0000] "GET /items/G723372098/ HTTP/2" 404 14952 "-" "Mozilla/5.0 (compatible; AhrefsBot/7.0; +http://ahrefs.com/robot/)"
143.244.38.134 - - [21/Jul/2026:22:52:48 +0000] "GET /items/G723385163/ HTTP/2" 404 14952 "-" "Mozilla/5.0 (compatible; AhrefsBot/7.0; +http://ahrefs.com/robot/)"
143.244.38.134 - - [21/Jul/2026:22:52:56 +0000] "GET /items/G723384913/ HTTP/2" 404 14952 "-" "Mozilla/5.0 (compatible; AhrefsBot/7.0; +http://ahrefs.com/robot/)"
79.127.237.132 - - [21/Jul/2026:22:53:05 +0000] "GET /goods/428169521782 HTTP/2" 404 14952 "-" "Mozilla/5.0 (compatible; AhrefsBot/7.0; +http://ahrefs.com/robot/)"
143.244.38.134 - - [21/Jul/2026:22:53:14 +0000] "GET /items/G723150556/ HTTP/2" 404 14952 "-" "Mozilla/5.0 (compatible; AhrefsBot/7.0; +http://ahrefs.com/robot/)"
79.127.237.132 - - [21/Jul/2026:22:53:24 +0000] "GET /items/G722929769/ HTTP/2" 404 14952 "-" "Mozilla/5.0 (compatible; AhrefsBot/7.0; +http://ahrefs.com/robot/)"
79.127.237.104 - - [21/Jul/2026:22:53:33 +0000] "GET /items/G722314628/ HTTP/2" 404 14952 "-" "Mozilla/5.0 (compatible; AhrefsBot/7.0; +http://ahrefs.com/robot/)"
79.127.237.104 - - [21/Jul/2026:22:53:42 +0000] "GET /goods/285104035036 HTTP/2" 404 14952 "-" "Mozilla/5.0 (compatible; AhrefsBot/7.0; +http://ahrefs.com/robot/)"
79.127.237.104 - - [21/Jul/2026:22:53:50 +0000] "GET /items/G722238350/ HTTP/2" 404 14952 "-" "Mozilla/5.0 (compatible; AhrefsBot/7.0; +http://ahrefs.com/robot/)"
143.244.38.134 - - [21/Jul/2026:22:53:59 +0000] "GET /items/G723298000/ HTTP/2" 404 14951 "-" "Mozilla/5.0 (compatible; AhrefsBot/7.0; +http://ahrefs.com/robot/)"
185.152.66.247 - - [21/Jul/2026:22:54:01 +0000] "GET /sitemap-7.xml HTTP/2" 200 95 "-" "Mozilla/5.0 AppleWebKit/537.36 (KHTML, like Gecko; compatible; GPTBot/1.4; +https://openai.com/gptbot)"
79.127.237.132 - - [21/Jul/2026:22:54:08 +0000] "GET /items/G722121682/ HTTP/2" 404 14952 "-" "Mozilla/5.0 (compatible; AhrefsBot/7.0; +http://ahrefs.com/robot/)"
143.244.38.134 - - [21/Jul/2026:22:54:17 +0000] "GET /items/G721941819/ HTTP/2" 404 14952 "-" "Mozilla/5.0 (compatible; AhrefsBot/7.0; +http://ahrefs.com/robot/)"
138.199.46.65 - - [21/Jul/2026:22:54:17 +0000] "GET / HTTP/2" 200 20063 "-" "Mozilla/5.0 (compatible; YandexBot/3.0; +http://yandex.com/bots)"
79.127.237.104 - - [21/Jul/2026:22:54:26 +0000] "GET /items/G721894080/ HTTP/2" 404 14952 "-" "Mozilla/5.0 (compatible; AhrefsBot/7.0; +http://ahrefs.com/robot/)"
79.127.237.132 - - [21/Jul/2026:22:54:36 +0000] "GET /items/G721843730/ HTTP/2" 404 14952 "-" "Mozilla/5.0 (compatible; AhrefsBot/7.0; +http://ahrefs.com/robot/)"
79.127.237.132 - - [21/Jul/2026:22:54:44 +0000] "GET /items/G721648280/ HTTP/2" 404 14952 "-" "Mozilla/5.0 (compatible; AhrefsBot/7.0; +http://ahrefs.com/robot/)"
79.127.237.132 - - [21/Jul/2026:22:54:53 +0000] "GET /items/G721506648/ HTTP/2" 404 14952 "-" "Mozilla/5.0 (compatible; AhrefsBot/7.0; +http://ahrefs.com/robot/)"
143.244.38.134 - - [21/Jul/2026:22:55:01 +0000] "GET /goods/195006943711 HTTP/2" 404 14951 "-" "Mozilla/5.0 (compatible; AhrefsBot/7.0; +http://ahrefs.com/robot/)"
79.127.237.104 - - [21/Jul/2026:22:55:11 +0000] "GET /items/G721314814/ HTTP/2" 404 14952 "-" "Mozilla/5.0 (compatible; AhrefsBot/7.0; +http://ahrefs.com/robot/)"
79.127.237.132 - - [21/Jul/2026:22:55:20 +0000] "GET /items/G721218218/ HTTP/2" 404 14952 "-" "Mozilla/5.0 (compatible; AhrefsBot/7.0; +http://ahrefs.com/robot/)"
185.152.66.247 - - [21/Jul/2026:22:55:21 +0000] "GET /sitemap-9.xml HTTP/2" 200 95 "-" "Mozilla/5.0 AppleWebKit/537.36 (KHTML, like Gecko; compatible; GPTBot/1.4; +https://openai.com/gptbot)"
79.127.237.104 - - [21/Jul/2026:22:55:29 +0000] "GET /items/G723119620/ HTTP/2" 404 14952 "-" "Mozilla/5.0 (compatible; AhrefsBot/7.0; +http://ahrefs.com/robot/)"
208.91.111.227 - - [21/Jul/2026:22:55:35 +0000] "GET /video/cristian-marchi-nari-milani-ft-maxc-i-got-you/feed/ HTTP/2" 200 462 "-" "Mozilla/5.0 AppleWebKit/537.36 (KHTML, like Gecko; compatible; ClaudeBot/1.0; +claudebot@anthropic.com)"
79.127.237.104 - - [21/Jul/2026:22:55:38 +0000] "GET /items/G721217086/ HTTP/2" 404 14951 "-" "Mozilla/5.0 (compatible; AhrefsBot/7.0; +http://ahrefs.com/robot/)"
84.17.63.178 - - [21/Jul/2026:22:55:44 +0000] "GET /video/dr-death HTTP/2" 301 5 "-" "Mozilla/5.0 AppleWebKit/537.36 (KHTML, like Gecko; compatible; SleepBot/1.0; +http://sleepbot.com/) Chrome/131.0.0.0 Safari/537.36"
84.17.63.178 - - [21/Jul/2026:22:55:46 +0000] "GET /video/dr-death/ HTTP/2" 200 17816 "https://azfilmz.com/video/dr-death" "Mozilla/5.0 AppleWebKit/537.36 (KHTML, like Gecko; compatible; SleepBot/1.0; +http://sleepbot.com/) Chrome/131.0.0.0 Safari/537.36"
143.244.38.134 - - [21/Jul/2026:22:55:47 +0000] "GET /items/G721147417/ HTTP/2" 404 14952 "-" "Mozilla/5.0 (compatible; AhrefsBot/7.0; +http://ahrefs.com/robot/)"
208.91.111.227 - - [21/Jul/2026:22:55:50 +0000] "GET /?p=13554 HTTP/2" 301 5 "-" "Mozilla/5.0 AppleWebKit/537.36 (KHTML, like Gecko; compatible; ClaudeBot/1.0; +claudebot@anthropic.com)"
208.91.111.227 - - [21/Jul/2026:22:55:50 +0000] "GET /video/vava-voom-ft-sean-kingston-supersonic/feed/ HTTP/2" 200 437 "-" "Mozilla/5.0 AppleWebKit/537.36 (KHTML, like Gecko; compatible; ClaudeBot/1.0; +claudebot@anthropic.com)"
208.91.111.227 - - [21/Jul/2026:22:55:51 +0000] "GET /video/stafford-brothers-ft-lil-wayne-christina-milian-hello/ HTTP/2" 200 18323 "https://www.azfilmz.com/?p=13554" "Mozilla/5.0 AppleWebKit/537.36 (KHTML, like Gecko; compatible; ClaudeBot/1.0; +claudebot@anthropic.com)"
79.127.237.132 - - [21/Jul/2026:22:55:55 +0000] "GET /items/G722789038/ HTTP/2" 404 14952 "-" "Mozilla/5.0 (compatible; AhrefsBot/7.0; +http://ahrefs.com/robot/)"
143.244.38.134 - - [21/Jul/2026:22:56:05 +0000] "GET /items/G722781673/ HTTP/2" 404 14952 "-" "Mozilla/5.0 (compatible; AhrefsBot/7.0; +http://ahrefs.com/robot/)"
79.127.237.104 - - [21/Jul/2026:22:56:14 +0000] "GET /goods/500676204537 HTTP/2" 404 14951 "-" "Mozilla/5.0 (compatible; AhrefsBot/7.0; +http://ahrefs.com/robot/)"
143.244.38.134 - - [21/Jul/2026:22:56:23 +0000] "GET /goods/462381011478 HTTP/2" 404 14952 "-" "Mozilla/5.0 (compatible; AhrefsBot/7.0; +http://ahrefs.com/robot/)"
185.152.66.247 - - [21/Jul/2026:22:56:27 +0000] "GET /sitemap-11.xml HTTP/2" 200 95 "-" "Mozilla/5.0 AppleWebKit/537.36 (KHTML, like Gecko; compatible; GPTBot/1.4; +https://openai.com/gptbot)"
79.127.237.132 - - [21/Jul/2026:22:56:32 +0000] "GET /items/G722462204/ HTTP/2" 404 14952 "-" "Mozilla/5.0 (compatible; AhrefsBot/7.0; +http://ahrefs.com/robot/)"
79.127.237.132 - - [21/Jul/2026:22:56:41 +0000] "GET /items/G722447731/ HTTP/2" 404 14952 "-" "Mozilla/5.0 (compatible; AhrefsBot/7.0; +http://ahrefs.com/robot/)"
79.127.237.132 - - [21/Jul/2026:22:56:50 +0000] "GET /goods/320500174617 HTTP/2" 404 14952 "-" "Mozilla/5.0 (compatible; AhrefsBot/7.0; +http://ahrefs.com/robot/)"
79.127.237.104 - - [21/Jul/2026:22:56:58 +0000] "GET /items/G722048251/ HTTP/2" 404 14952 "-" "Mozilla/5.0 (compatible; AhrefsBot/7.0; +http://ahrefs.com/robot/)"
79.127.237.104 - - [21/Jul/2026:22:57:07 +0000] "GET /items/G721856843/ HTTP/2" 404 14952 "-" "Mozilla/5.0 (compatible; AhrefsBot/7.0; +http://ahrefs.com/robot/)"
79.127.237.104 - - [21/Jul/2026:22:57:17 +0000] "GET /goods/86592116256 HTTP/2" 404 14952 "-" "Mozilla/5.0 (compatible; AhrefsBot/7.0; +http://ahrefs.com/robot/)"
79.127.237.132 - - [21/Jul/2026:22:57:25 +0000] "GET /items/G721830311/ HTTP/2" 404 14951 "-" "Mozilla/5.0 (compatible; AhrefsBot/7.0; +http://ahrefs.com/robot/)"
79.127.237.104 - - [21/Jul/2026:22:57:35 +0000] "GET /items/G721814778/ HTTP/2" 404 14952 "-" "Mozilla/5.0 (compatible; AhrefsBot/7.0; +http://ahrefs.com/robot/)"
79.127.237.132 - - [21/Jul/2026:22:57:43 +0000] "GET /goods/17882556520 HTTP/2" 404 14952 "-" "Mozilla/5.0 (compatible; AhrefsBot/7.0; +http://ahrefs.com/robot/)"
79.127.237.104 - - [21/Jul/2026:22:57:52 +0000] "GET /items/G721762634/ HTTP/2" 404 14952 "-" "Mozilla/5.0 (compatible; AhrefsBot/7.0; +http://ahrefs.com/robot/)"
79.127.237.104 - - [21/Jul/2026:22:58:00 +0000] "GET /items/G721435230/ HTTP/2" 404 14952 "-" "Mozilla/5.0 (compatible; AhrefsBot/7.0; +http://ahrefs.com/robot/)"
143.244.38.134 - - [21/Jul/2026:22:58:10 +0000] "GET /items/G721266466/ HTTP/2" 404 14952 "-" "Mozilla/5.0 (compatible; AhrefsBot/7.0; +http://ahrefs.com/robot/)"
143.244.38.134 - - [21/Jul/2026:22:58:19 +0000] "GET /goods/169160619177 HTTP/2" 404 15020 "-" "Mozilla/5.0 (compatible; AhrefsBot/7.0; +http://ahrefs.com/robot/)"
185.152.66.247 - - [21/Jul/2026:22:58:22 +0000] "GET /sitemap-3.xml HTTP/2" 200 95 "-" "Mozilla/5.0 AppleWebKit/537.36 (KHTML, like Gecko; compatible; GPTBot/1.4; +https://openai.com/gptbot)"
143.244.38.134 - - [21/Jul/2026:22:58:29 +0000] "GET /items/G721193620/ HTTP/2" 404 14952 "-" "Mozilla/5.0 (compatible; AhrefsBot/7.0; +http://ahrefs.com/robot/)"
185.152.66.247 - - [21/Jul/2026:22:58:33 +0000] "GET /sitemap-5.xml HTTP/2" 200 95 "-" "Mozilla/5.0 AppleWebKit/537.36 (KHTML, like Gecko; compatible; GPTBot/1.4; +https://openai.com/gptbot)"
143.244.38.134 - - [21/Jul/2026:22:58:37 +0000] "GET /goods/81029271710 HTTP/2" 404 14952 "-" "Mozilla/5.0 (compatible; AhrefsBot/7.0; +http://ahrefs.com/robot/)"
79.127.237.132 - - [21/Jul/2026:22:58:44 +0000] "GET /goods/157250580368 HTTP/2" 404 14952 "-" "Mozilla/5.0 (compatible; AhrefsBot/7.0; +http://ahrefs.com/robot/)"
143.244.50.83 - - [21/Jul/2026:22:58:50 +0000] "POST /wp-login.php HTTP/2" 200 2279 "-" "Mozilla/5.0 (Windows NT 10.0; Win64; x64; Cortana 1.14.0.19041; 10.0.0.0.19041.572) AppleWebKit/537.36 (KHTML, like Gecko) Chrome/70.0.3538.102 Safari/537.36 Edge/18.19041"
79.127.237.104 - - [21/Jul/2026:22:58:52 +0000] "GET /goods/273919937496 HTTP/2" 404 14952 "-" "Mozilla/5.0 (compatible; AhrefsBot/7.0; +http://ahrefs.com/robot/)"
208.91.111.227 - - [21/Jul/2026:22:58:57 +0000] "GET /sitemap-16.xml HTTP/2" 200 146 "-" "Mozilla/5.0 AppleWebKit/537.36 (KHTML, like Gecko; compatible; ClaudeBot/1.0; +claudebot@anthropic.com)"
79.127.237.132 - - [21/Jul/2026:22:59:00 +0000] "GET /goods/206627372075 HTTP/2" 404 14952 "-" "Mozilla/5.0 (compatible; AhrefsBot/7.0; +http://ahrefs.com/robot/)"
143.244.38.134 - - [21/Jul/2026:22:59:07 +0000] "GET /goods/58463491775 HTTP/2" 404 14952 "-" "Mozilla/5.0 (compatible; AhrefsBot/7.0; +http://ahrefs.com/robot/)"
79.127.237.104 - - [21/Jul/2026:22:59:15 +0000] "GET /goods/4990649303 HTTP/2" 404 14952 "-" "Mozilla/5.0 (compatible; AhrefsBot/7.0; +http://ahrefs.com/robot/)"
79.127.237.132 - - [21/Jul/2026:22:59:24 +0000] "GET /goods/532244566869 HTTP/2" 404 14952 "-" "Mozilla/5.0 (compatible; AhrefsBot/7.0; +http://ahrefs.com/robot/)"
185.152.66.247 - - [21/Jul/2026:22:59:27 +0000] "GET /sitemap.xml HTTP/2" 200 95 "-" "Mozilla/5.0 AppleWebKit/537.36 (KHTML, like Gecko; compatible; GPTBot/1.4; +https://openai.com/gptbot)"
79.127.237.104 - - [21/Jul/2026:22:59:31 +0000] "GET /goods/407353993662 HTTP/2" 404 14952 "-" "Mozilla/5.0 (compatible; AhrefsBot/7.0; +http://ahrefs.com/robot/)"
185.152.66.247 - - [21/Jul/2026:22:59:36 +0000] "GET /sitemap-2.xml HTTP/2" 200 95 "-" "Mozilla/5.0 AppleWebKit/537.36 (KHTML, like Gecko; compatible; GPTBot/1.4; +https://openai.com/gptbot)"
79.127.237.132 - - [21/Jul/2026:22:59:39 +0000] "GET /goods/164544896960 HTTP/2" 404 14952 "-" "Mozilla/5.0 (compatible; AhrefsBot/7.0; +http://ahrefs.com/robot/)"
143.244.38.134 - - [21/Jul/2026:22:59:46 +0000] "GET /goods/63728559921 HTTP/2" 404 14952 "-" "Mozilla/5.0 (compatible; AhrefsBot/7.0; +http://ahrefs.com/robot/)"
79.127.237.104 - - [21/Jul/2026:22:59:54 +0000] "GET /goods/483090438976 HTTP/2" 404 14952 "-" "Mozilla/5.0 (compatible; AhrefsBot/7.0; +http://ahrefs.com/robot/)"
79.127.237.104 - - [21/Jul/2026:23:00:02 +0000] "GET /goods/480678184925 HTTP/2" 404 14952 "-" "Mozilla/5.0 (compatible; AhrefsBot/7.0; +http://ahrefs.com/robot/)"
79.127.237.104 - - [21/Jul/2026:23:00:10 +0000] "GET /goods/455080288893 HTTP/2" 404 14952 "-" "Mozilla/5.0 (compatible; AhrefsBot/7.0; +http://ahrefs.com/robot/)"
79.127.237.104 - - [21/Jul/2026:23:00:18 +0000] "GET /goods/378550015492 HTTP/2" 404 14952 "-" "Mozilla/5.0 (compatible; AhrefsBot/7.0; +http://ahrefs.com/robot/)"
79.127.237.104 - - [21/Jul/2026:23:00:25 +0000] "GET /goods/315439919980 HTTP/2" 404 14952 "-" "Mozilla/5.0 (compatible; AhrefsBot/7.0; +http://ahrefs.com/robot/)"
79.127.237.132 - - [21/Jul/2026:23:00:33 +0000] "GET /goods/382777277007 HTTP/2" 404 14952 "-" "Mozilla/5.0 (compatible; AhrefsBot/7.0; +http://ahrefs.com/robot/)"
143.244.38.134 - - [21/Jul/2026:23:00:41 +0000] "GET /goods/284063251776 HTTP/2" 404 14952 "-" "Mozilla/5.0 (compatible; AhrefsBot/7.0; +http://ahrefs.com/robot/)"
79.127.237.132 - - [21/Jul/2026:23:00:50 +0000] "GET /goods/352456054037 HTTP/2" 404 14952 "-" "Mozilla/5.0 (compatible; AhrefsBot/7.0; +http://ahrefs.com/robot/)"
79.127.237.132 - - [21/Jul/2026:23:00:57 +0000] "GET /goods/125933184643 HTTP/2" 404 14952 "-" "Mozilla/5.0 (compatible; AhrefsBot/7.0; +http://ahrefs.com/robot/)"
138.199.46.65 - - [21/Jul/2026:23:01:02 +0000] "GET / HTTP/2" 200 20089 "-" "Mozilla/5.0 (compatible; YandexBot/3.0; +http://yandex.com/bots)"
79.127.237.104 - - [21/Jul/2026:23:01:05 +0000] "GET /goods/345021165971 HTTP/2" 404 14951 "-" "Mozilla/5.0 (compatible; AhrefsBot/7.0; +http://ahrefs.com/robot/)"
79.127.237.104 - - [21/Jul/2026:23:01:13 +0000] "GET /goods/229800710002 HTTP/2" 404 14952 "-" "Mozilla/5.0 (compatible; AhrefsBot/7.0; +http://ahrefs.com/robot/)"
79.127.237.132 - - [21/Jul/2026:23:01:20 +0000] "GET /goods/167062931475 HTTP/2" 404 14952 "-" "Mozilla/5.0 (compatible; AhrefsBot/7.0; +http://ahrefs.com/robot/)"
141.164.35.160 - - [21/Jul/2026:23:01:22 +0000] "GET / HTTP/2" 301 5 "-" "Mozilla/5.0 (Windows NT 10.0; Win64; x64) AppleWebKit/537.36 (KHTML, like Gecko) Chrome/111.0.0.0 Safari/537.36"
141.164.35.160 - - [21/Jul/2026:23:01:25 +0000] "GET / HTTP/2" 200 20083 "-" "Mozilla/5.0 (Windows NT 10.0; Win64; x64) AppleWebKit/537.36 (KHTML, like Gecko) Chrome/111.0.0.0 Safari/537.36"
79.127.237.132 - - [21/Jul/2026:23:01:28 +0000] "GET /goods/103128886113 HTTP/2" 404 14951 "-" "Mozilla/5.0 (compatible; AhrefsBot/7.0; +http://ahrefs.com/robot/)"
141.164.35.160 - - [21/Jul/2026:23:01:30 +0000] "GET / HTTP/2" 301 5 "-" "Mozilla/5.0 (Windows NT 10.0; Win64; x64) AppleWebKit/537.36 (KHTML, like Gecko) Chrome/111.0.0.0 Safari/537.36"
141.164.35.160 - - [21/Jul/2026:23:01:31 +0000] "GET / HTTP/2" 200 20083 "-" "Mozilla/5.0 (Windows NT 10.0; Win64; x64) AppleWebKit/537.36 (KHTML, like Gecko) Chrome/111.0.0.0 Safari/537.36"
