79.127.237.132 - - [21/Jul/2026:12:58:28 +0000] "GET /goods/117649519782 HTTP/2" 404 14952 "-" "Mozilla/5.0 (compatible; AhrefsBot/7.0; +http://ahrefs.com/robot/)"
79.127.237.132 - - [21/Jul/2026:12:58:36 +0000] "GET /items/G723334216/ HTTP/2" 404 14952 "-" "Mozilla/5.0 (compatible; AhrefsBot/7.0; +http://ahrefs.com/robot/)"
79.127.237.104 - - [21/Jul/2026:12:58:45 +0000] "GET /items/G723055915/ HTTP/2" 404 14952 "-" "Mozilla/5.0 (compatible; AhrefsBot/7.0; +http://ahrefs.com/robot/)"
143.244.38.134 - - [21/Jul/2026:12:58:53 +0000] "GET /goods/452516629699 HTTP/2" 404 14952 "-" "Mozilla/5.0 (compatible; AhrefsBot/7.0; +http://ahrefs.com/robot/)"
143.244.38.134 - - [21/Jul/2026:12:59:02 +0000] "GET /items/G722968628/ HTTP/2" 404 14952 "-" "Mozilla/5.0 (compatible; AhrefsBot/7.0; +http://ahrefs.com/robot/)"
84.17.46.53 - - [21/Jul/2026:12:59:10 +0000] "GET /wp-login.php HTTP/2" 200 1922 "-" "Mozilla/5.0 (Windows NT 10.0; Win64; x64) AppleWebKit/537.36 (KHTML, like Gecko) Chrome/150.0.0.0 Safari/537.36"
185.229.190.147 - - [21/Jul/2026:12:59:11 +0000] "POST /wp-login.php HTTP/2" 200 2075 "https://www.azfilmz.com/wp-login.php" "Mozilla/5.0 (Windows NT 10.0; Win64; x64) AppleWebKit/537.36 (KHTML, like Gecko) Chrome/150.0.0.0 Safari/537.36"
79.127.237.132 - - [21/Jul/2026:12:59:11 +0000] "GET /items/G722930881/ HTTP/2" 404 14951 "-" "Mozilla/5.0 (compatible; AhrefsBot/7.0; +http://ahrefs.com/robot/)"
79.127.237.132 - - [21/Jul/2026:12:59:21 +0000] "GET /items/G722879911/ HTTP/2" 404 14952 "-" "Mozilla/5.0 (compatible; AhrefsBot/7.0; +http://ahrefs.com/robot/)"
79.127.237.132 - - [21/Jul/2026:12:59:29 +0000] "GET /items/G722852673/ HTTP/2" 404 14952 "-" "Mozilla/5.0 (compatible; AhrefsBot/7.0; +http://ahrefs.com/robot/)"
143.244.38.134 - - [21/Jul/2026:12:59:38 +0000] "GET /items/G722798629/ HTTP/2" 404 14952 "-" "Mozilla/5.0 (compatible; AhrefsBot/7.0; +http://ahrefs.com/robot/)"
79.127.237.132 - - [21/Jul/2026:12:59:47 +0000] "GET /items/G723942697/ HTTP/2" 404 14952 "-" "Mozilla/5.0 (compatible; AhrefsBot/7.0; +http://ahrefs.com/robot/)"
143.244.38.134 - - [21/Jul/2026:12:59:55 +0000] "GET /items/G722620115/ HTTP/2" 404 14952 "-" "Mozilla/5.0 (compatible; AhrefsBot/7.0; +http://ahrefs.com/robot/)"
79.127.237.104 - - [21/Jul/2026:13:00:05 +0000] "GET /items/G722524692/ HTTP/2" 404 14952 "-" "Mozilla/5.0 (compatible; AhrefsBot/7.0; +http://ahrefs.com/robot/)"
79.127.237.132 - - [21/Jul/2026:13:00:13 +0000] "GET /items/G723738723/ HTTP/2" 404 14952 "-" "Mozilla/5.0 (compatible; AhrefsBot/7.0; +http://ahrefs.com/robot/)"
143.244.38.134 - - [21/Jul/2026:13:00:22 +0000] "GET /items/G722357698/ HTTP/2" 404 14952 "-" "Mozilla/5.0 (compatible; AhrefsBot/7.0; +http://ahrefs.com/robot/)"
79.127.237.104 - - [21/Jul/2026:13:00:30 +0000] "GET /items/G722230745/ HTTP/2" 404 14952 "-" "Mozilla/5.0 (compatible; AhrefsBot/7.0; +http://ahrefs.com/robot/)"
208.91.111.227 - - [21/Jul/2026:13:00:36 +0000] "GET /dp/357d61264223 HTTP/1.1" 404 14952 "-" "Mozilla/5.0 AppleWebKit/537.36 (KHTML, like Gecko; compatible; ClaudeBot/1.0; +claudebot@anthropic.com)"
79.127.237.104 - - [21/Jul/2026:13:00:39 +0000] "GET /items/G723716499/ HTTP/2" 404 14952 "-" "Mozilla/5.0 (compatible; AhrefsBot/7.0; +http://ahrefs.com/robot/)"
159.65.81.207 - - [21/Jul/2026:13:00:41 +0000] "GET /wp-login.php HTTP/2" 200 1922 "-" "Mozilla/5.0 (Windows NT 10.0; Win64; x64) AppleWebKit/537.36 (KHTML, like Gecko) Chrome/150.0.0.0 Safari/537.36"
159.65.81.207 - - [21/Jul/2026:13:00:42 +0000] "POST /wp-login.php HTTP/2" 200 2075 "https://azfilmz.com.azfilmstudios.com/wp-login.php" "Mozilla/5.0 (Windows NT 10.0; Win64; x64) AppleWebKit/537.36 (KHTML, like Gecko) Chrome/150.0.0.0 Safari/537.36"
208.91.111.227 - - [21/Jul/2026:13:00:45 +0000] "GET /dp/963a01157083 HTTP/1.1" 404 14952 "-" "Mozilla/5.0 AppleWebKit/537.36 (KHTML, like Gecko; compatible; ClaudeBot/1.0; +claudebot@anthropic.com)"
208.91.111.227 - - [21/Jul/2026:13:00:45 +0000] "GET /dp/16cf11809777 HTTP/1.1" 404 14952 "-" "Mozilla/5.0 AppleWebKit/537.36 (KHTML, like Gecko; compatible; ClaudeBot/1.0; +claudebot@anthropic.com)"
79.127.237.132 - - [21/Jul/2026:13:00:48 +0000] "GET /items/G722177699/ HTTP/2" 404 14952 "-" "Mozilla/5.0 (compatible; AhrefsBot/7.0; +http://ahrefs.com/robot/)"
79.127.237.104 - - [21/Jul/2026:13:00:57 +0000] "GET /items/G722128949/ HTTP/2" 404 14952 "-" "Mozilla/5.0 (compatible; AhrefsBot/7.0; +http://ahrefs.com/robot/)"
79.127.237.104 - - [21/Jul/2026:13:01:05 +0000] "GET /items/G723176912/ HTTP/2" 404 14952 "-" "Mozilla/5.0 (compatible; AhrefsBot/7.0; +http://ahrefs.com/robot/)"
208.91.111.227 - - [21/Jul/2026:13:01:08 +0000] "GET /dp/064bd2473925 HTTP/1.1" 404 14952 "-" "Mozilla/5.0 AppleWebKit/537.36 (KHTML, like Gecko; compatible; ClaudeBot/1.0; +claudebot@anthropic.com)"
208.91.111.227 - - [21/Jul/2026:13:01:08 +0000] "GET /dp/9ec4c2639929 HTTP/1.1" 404 14952 "-" "Mozilla/5.0 AppleWebKit/537.36 (KHTML, like Gecko; compatible; ClaudeBot/1.0; +claudebot@anthropic.com)"
143.244.38.134 - - [21/Jul/2026:13:01:14 +0000] "GET /items/G721709392/ HTTP/2" 404 14952 "-" "Mozilla/5.0 (compatible; AhrefsBot/7.0; +http://ahrefs.com/robot/)"
79.127.237.104 - - [21/Jul/2026:13:01:23 +0000] "GET /items/G721534465/ HTTP/2" 404 14952 "-" "Mozilla/5.0 (compatible; AhrefsBot/7.0; +http://ahrefs.com/robot/)"
143.244.38.134 - - [21/Jul/2026:13:01:32 +0000] "GET /items/G723033120/ HTTP/2" 404 14952 "-" "Mozilla/5.0 (compatible; AhrefsBot/7.0; +http://ahrefs.com/robot/)"
79.127.237.104 - - [21/Jul/2026:13:01:41 +0000] "GET /items/G721419341/ HTTP/2" 404 14951 "-" "Mozilla/5.0 (compatible; AhrefsBot/7.0; +http://ahrefs.com/robot/)"
143.244.38.134 - - [21/Jul/2026:13:01:49 +0000] "GET /goods/407449942800 HTTP/2" 404 14952 "-" "Mozilla/5.0 (compatible; AhrefsBot/7.0; +http://ahrefs.com/robot/)"
208.91.111.227 - - [21/Jul/2026:13:01:56 +0000] "GET /dp/86a831179544 HTTP/1.1" 404 14952 "-" "Mozilla/5.0 AppleWebKit/537.36 (KHTML, like Gecko; compatible; ClaudeBot/1.0; +claudebot@anthropic.com)"
79.127.237.132 - - [21/Jul/2026:13:01:58 +0000] "GET /items/G721339326/ HTTP/2" 404 14952 "-" "Mozilla/5.0 (compatible; AhrefsBot/7.0; +http://ahrefs.com/robot/)"
79.127.237.104 - - [21/Jul/2026:13:02:07 +0000] "GET /items/G721294685/ HTTP/2" 404 14952 "-" "Mozilla/5.0 (compatible; AhrefsBot/7.0; +http://ahrefs.com/robot/)"
79.127.237.132 - - [21/Jul/2026:13:02:15 +0000] "GET /items/G723019442/ HTTP/2" 404 14952 "-" "Mozilla/5.0 (compatible; AhrefsBot/7.0; +http://ahrefs.com/robot/)"
79.127.237.104 - - [21/Jul/2026:13:02:22 +0000] "GET /items/G721279597/ HTTP/2" 404 14952 "-" "Mozilla/5.0 (compatible; AhrefsBot/7.0; +http://ahrefs.com/robot/)"
79.127.237.132 - - [21/Jul/2026:13:02:29 +0000] "GET /items/G721269049/ HTTP/2" 404 14952 "-" "Mozilla/5.0 (compatible; AhrefsBot/7.0; +http://ahrefs.com/robot/)"
143.244.38.134 - - [21/Jul/2026:13:02:37 +0000] "GET /items/G721075298/ HTTP/2" 404 14952 "-" "Mozilla/5.0 (compatible; AhrefsBot/7.0; +http://ahrefs.com/robot/)"
79.127.237.104 - - [21/Jul/2026:13:02:44 +0000] "GET /items/G722619981/ HTTP/2" 404 14952 "-" "Mozilla/5.0 (compatible; AhrefsBot/7.0; +http://ahrefs.com/robot/)"
79.127.237.104 - - [21/Jul/2026:13:02:51 +0000] "GET /goods/357133765999 HTTP/2" 404 14952 "-" "Mozilla/5.0 (compatible; AhrefsBot/7.0; +http://ahrefs.com/robot/)"
143.244.38.134 - - [21/Jul/2026:13:02:59 +0000] "GET /items/G722500588/ HTTP/2" 404 14952 "-" "Mozilla/5.0 (compatible; AhrefsBot/7.0; +http://ahrefs.com/robot/)"
143.244.38.134 - - [21/Jul/2026:13:03:06 +0000] "GET /items/G722439090/ HTTP/2" 404 14952 "-" "Mozilla/5.0 (compatible; AhrefsBot/7.0; +http://ahrefs.com/robot/)"
143.244.38.134 - - [21/Jul/2026:13:03:13 +0000] "GET /items/G722377829/ HTTP/2" 404 14952 "-" "Mozilla/5.0 (compatible; AhrefsBot/7.0; +http://ahrefs.com/robot/)"
79.127.237.104 - - [21/Jul/2026:13:03:22 +0000] "GET /items/G722302405/ HTTP/2" 404 14952 "-" "Mozilla/5.0 (compatible; AhrefsBot/7.0; +http://ahrefs.com/robot/)"
143.244.38.134 - - [21/Jul/2026:13:03:29 +0000] "GET /items/G722242655/ HTTP/2" 404 14952 "-" "Mozilla/5.0 (compatible; AhrefsBot/7.0; +http://ahrefs.com/robot/)"
208.91.111.227 - - [21/Jul/2026:13:03:30 +0000] "GET /sitemap-14.xml HTTP/1.1" 200 146 "-" "Mozilla/5.0 AppleWebKit/537.36 (KHTML, like Gecko; compatible; ClaudeBot/1.0; +claudebot@anthropic.com)"
79.127.237.104 - - [21/Jul/2026:13:03:36 +0000] "GET /goods/342393780738 HTTP/2" 404 14952 "-" "Mozilla/5.0 (compatible; AhrefsBot/7.0; +http://ahrefs.com/robot/)"
208.91.111.227 - - [21/Jul/2026:13:03:42 +0000] "GET /dp/581661481576 HTTP/1.1" 404 14952 "-" "Mozilla/5.0 AppleWebKit/537.36 (KHTML, like Gecko; compatible; ClaudeBot/1.0; +claudebot@anthropic.com)"
208.91.111.227 - - [21/Jul/2026:13:03:42 +0000] "GET /dp/7c88a1857030 HTTP/1.1" 404 14952 "-" "Mozilla/5.0 AppleWebKit/537.36 (KHTML, like Gecko; compatible; ClaudeBot/1.0; +claudebot@anthropic.com)"
79.127.237.132 - - [21/Jul/2026:13:03:44 +0000] "GET /items/G722105338/ HTTP/2" 404 14952 "-" "Mozilla/5.0 (compatible; AhrefsBot/7.0; +http://ahrefs.com/robot/)"
79.127.237.104 - - [21/Jul/2026:13:03:51 +0000] "GET /items/G722061636/ HTTP/2" 404 14951 "-" "Mozilla/5.0 (compatible; AhrefsBot/7.0; +http://ahrefs.com/robot/)"
79.127.237.104 - - [21/Jul/2026:13:03:52 +0000] "POST /wp-cron.php?doing_wp_cron=1784639031.9991710186004638671875 HTTP/2" 200 0 "-" "WordPress/7.0.2; https://www.azfilmz.com"
79.127.237.104 - - [21/Jul/2026:13:03:58 +0000] "GET /goods/224795950957 HTTP/2" 404 14952 "-" "Mozilla/5.0 (compatible; AhrefsBot/7.0; +http://ahrefs.com/robot/)"
79.127.237.104 - - [21/Jul/2026:13:04:05 +0000] "GET /items/G721658133/ HTTP/2" 404 14951 "-" "Mozilla/5.0 (compatible; AhrefsBot/7.0; +http://ahrefs.com/robot/)"
79.127.237.132 - - [21/Jul/2026:13:04:07 +0000] "POST /wp-cron.php?doing_wp_cron=1784639046.7249588966369628906250 HTTP/2" 200 0 "-" "WordPress/7.0.2; https://www.azfilmz.com"
79.127.237.104 - - [21/Jul/2026:13:04:12 +0000] "GET /items/G721478096/ HTTP/2" 404 14952 "-" "Mozilla/5.0 (compatible; AhrefsBot/7.0; +http://ahrefs.com/robot/)"
143.244.38.134 - - [21/Jul/2026:13:04:20 +0000] "GET /items/G721328172/ HTTP/2" 404 14952 "-" "Mozilla/5.0 (compatible; AhrefsBot/7.0; +http://ahrefs.com/robot/)"
79.127.237.104 - - [21/Jul/2026:13:04:27 +0000] "GET /items/G721315608/ HTTP/2" 404 14952 "-" "Mozilla/5.0 (compatible; AhrefsBot/7.0; +http://ahrefs.com/robot/)"
79.127.237.132 - - [21/Jul/2026:13:04:34 +0000] "GET /goods/114859241405 HTTP/2" 404 14952 "-" "Mozilla/5.0 (compatible; AhrefsBot/7.0; +http://ahrefs.com/robot/)"
79.127.237.132 - - [21/Jul/2026:13:04:42 +0000] "GET /items/G721210972/ HTTP/2" 404 14952 "-" "Mozilla/5.0 (compatible; AhrefsBot/7.0; +http://ahrefs.com/robot/)"
143.244.38.134 - - [21/Jul/2026:13:04:49 +0000] "GET /goods/61663610727 HTTP/2" 404 14951 "-" "Mozilla/5.0 (compatible; AhrefsBot/7.0; +http://ahrefs.com/robot/)"
79.127.237.132 - - [21/Jul/2026:13:04:56 +0000] "GET /items/G721184365/ HTTP/2" 404 14952 "-" "Mozilla/5.0 (compatible; AhrefsBot/7.0; +http://ahrefs.com/robot/)"
208.91.111.227 - - [21/Jul/2026:13:05:02 +0000] "GET /dp/5722f1099444 HTTP/1.1" 404 14952 "-" "Mozilla/5.0 AppleWebKit/537.36 (KHTML, like Gecko; compatible; ClaudeBot/1.0; +claudebot@anthropic.com)"
79.127.237.132 - - [21/Jul/2026:13:05:04 +0000] "GET /goods/385562766454 HTTP/2" 404 14952 "-" "Mozilla/5.0 (compatible; AhrefsBot/7.0; +http://ahrefs.com/robot/)"
79.127.237.132 - - [21/Jul/2026:13:05:11 +0000] "GET /items/G721164925/ HTTP/2" 404 14952 "-" "Mozilla/5.0 (compatible; AhrefsBot/7.0; +http://ahrefs.com/robot/)"
79.127.237.132 - - [21/Jul/2026:13:05:19 +0000] "GET /items/G721031218/ HTTP/2" 404 14952 "-" "Mozilla/5.0 (compatible; AhrefsBot/7.0; +http://ahrefs.com/robot/)"
79.127.237.104 - - [21/Jul/2026:13:05:26 +0000] "GET /items/G724410320/ HTTP/2" 404 14952 "-" "Mozilla/5.0 (compatible; AhrefsBot/7.0; +http://ahrefs.com/robot/)"
208.91.111.227 - - [21/Jul/2026:13:05:27 +0000] "GET /dp/008a83428959 HTTP/1.1" 404 14952 "-" "Mozilla/5.0 AppleWebKit/537.36 (KHTML, like Gecko; compatible; ClaudeBot/1.0; +claudebot@anthropic.com)"
79.127.237.104 - - [21/Jul/2026:13:05:33 +0000] "GET /items/G724133867/ HTTP/2" 404 14951 "-" "Mozilla/5.0 (compatible; AhrefsBot/7.0; +http://ahrefs.com/robot/)"
208.91.111.227 - - [21/Jul/2026:13:05:36 +0000] "GET /sitemap-12.xml HTTP/1.1" 200 146 "-" "Mozilla/5.0 AppleWebKit/537.36 (KHTML, like Gecko; compatible; ClaudeBot/1.0; +claudebot@anthropic.com)"
79.127.237.104 - - [21/Jul/2026:13:05:40 +0000] "GET /items/G723861026/ HTTP/2" 404 14952 "-" "Mozilla/5.0 (compatible; AhrefsBot/7.0; +http://ahrefs.com/robot/)"
79.127.237.104 - - [21/Jul/2026:13:05:48 +0000] "GET /goods/313464353027 HTTP/2" 404 14952 "-" "Mozilla/5.0 (compatible; AhrefsBot/7.0; +http://ahrefs.com/robot/)"
79.127.237.132 - - [21/Jul/2026:13:05:55 +0000] "GET /goods/159486215084 HTTP/2" 404 14952 "-" "Mozilla/5.0 (compatible; AhrefsBot/7.0; +http://ahrefs.com/robot/)"
79.127.237.104 - - [21/Jul/2026:13:06:02 +0000] "GET /goods/55592602956 HTTP/2" 404 14952 "-" "Mozilla/5.0 (compatible; AhrefsBot/7.0; +http://ahrefs.com/robot/)"
79.127.237.104 - - [21/Jul/2026:13:06:10 +0000] "GET /items/G723816924/ HTTP/2" 404 14952 "-" "Mozilla/5.0 (compatible; AhrefsBot/7.0; +http://ahrefs.com/robot/)"
79.127.237.104 - - [21/Jul/2026:13:06:17 +0000] "GET /items/G723763783/ HTTP/2" 404 14952 "-" "Mozilla/5.0 (compatible; AhrefsBot/7.0; +http://ahrefs.com/robot/)"
79.127.237.104 - - [21/Jul/2026:13:06:24 +0000] "GET /items/G723084766/ HTTP/2" 404 14952 "-" "Mozilla/5.0 (compatible; AhrefsBot/7.0; +http://ahrefs.com/robot/)"
79.127.237.104 - - [21/Jul/2026:13:06:32 +0000] "GET /items/G722835343/ HTTP/2" 404 14952 "-" "Mozilla/5.0 (compatible; AhrefsBot/7.0; +http://ahrefs.com/robot/)"
79.127.237.132 - - [21/Jul/2026:13:06:40 +0000] "GET /goods/518020473713 HTTP/2" 404 14952 "-" "Mozilla/5.0 (compatible; AhrefsBot/7.0; +http://ahrefs.com/robot/)"
79.127.237.104 - - [21/Jul/2026:13:06:47 +0000] "GET /items/G722467275/ HTTP/2" 404 14951 "-" "Mozilla/5.0 (compatible; AhrefsBot/7.0; +http://ahrefs.com/robot/)"
79.127.237.132 - - [21/Jul/2026:13:06:54 +0000] "GET /goods/162329950140 HTTP/2" 404 14952 "-" "Mozilla/5.0 (compatible; AhrefsBot/7.0; +http://ahrefs.com/robot/)"
79.127.237.132 - - [21/Jul/2026:13:07:02 +0000] "GET /items/G722254078/ HTTP/2" 404 14952 "-" "Mozilla/5.0 (compatible; AhrefsBot/7.0; +http://ahrefs.com/robot/)"
79.127.237.132 - - [21/Jul/2026:13:07:09 +0000] "GET /items/G721735503/ HTTP/2" 404 14951 "-" "Mozilla/5.0 (compatible; AhrefsBot/7.0; +http://ahrefs.com/robot/)"
79.127.237.132 - - [21/Jul/2026:13:07:16 +0000] "GET /goods/412482952665 HTTP/2" 404 14952 "-" "Mozilla/5.0 (compatible; AhrefsBot/7.0; +http://ahrefs.com/robot/)"
79.127.237.104 - - [21/Jul/2026:13:07:23 +0000] "GET /goods/161947512421 HTTP/2" 404 14952 "-" "Mozilla/5.0 (compatible; AhrefsBot/7.0; +http://ahrefs.com/robot/)"
79.127.237.132 - - [21/Jul/2026:13:07:31 +0000] "GET /items/G721534938/ HTTP/2" 404 14952 "-" "Mozilla/5.0 (compatible; AhrefsBot/7.0; +http://ahrefs.com/robot/)"
79.127.237.104 - - [21/Jul/2026:13:07:38 +0000] "GET /items/G721033761/ HTTP/2" 404 15020 "-" "Mozilla/5.0 (compatible; AhrefsBot/7.0; +http://ahrefs.com/robot/)"
79.127.237.104 - - [21/Jul/2026:13:07:45 +0000] "GET /goods/134530008836 HTTP/2" 404 14952 "-" "Mozilla/5.0 (compatible; AhrefsBot/7.0; +http://ahrefs.com/robot/)"
79.127.237.132 - - [21/Jul/2026:13:07:53 +0000] "GET /items/G724565728/ HTTP/2" 404 14952 "-" "Mozilla/5.0 (compatible; AhrefsBot/7.0; +http://ahrefs.com/robot/)"
79.127.237.132 - - [21/Jul/2026:13:08:00 +0000] "GET /items/G724659124/ HTTP/2" 404 14952 "-" "Mozilla/5.0 (compatible; AhrefsBot/7.0; +http://ahrefs.com/robot/)"
79.127.237.104 - - [21/Jul/2026:13:08:07 +0000] "GET /goods/447074661299 HTTP/2" 404 14951 "-" "Mozilla/5.0 (compatible; AhrefsBot/7.0; +http://ahrefs.com/robot/)"
143.244.38.134 - - [21/Jul/2026:13:08:15 +0000] "GET /goods/326471474706 HTTP/2" 404 14952 "-" "Mozilla/5.0 (compatible; AhrefsBot/7.0; +http://ahrefs.com/robot/)"
79.127.237.132 - - [21/Jul/2026:13:08:22 +0000] "GET /items/G723285182/ HTTP/2" 404 14952 "-" "Mozilla/5.0 (compatible; AhrefsBot/7.0; +http://ahrefs.com/robot/)"
79.127.237.132 - - [21/Jul/2026:13:08:29 +0000] "GET /goods/114048760842 HTTP/2" 404 14952 "-" "Mozilla/5.0 (compatible; AhrefsBot/7.0; +http://ahrefs.com/robot/)"
79.127.237.104 - - [21/Jul/2026:13:08:36 +0000] "GET /items/G724614448/ HTTP/2" 404 14952 "-" "Mozilla/5.0 (compatible; AhrefsBot/7.0; +http://ahrefs.com/robot/)"
79.127.237.132 - - [21/Jul/2026:13:08:43 +0000] "GET /items/G724591068/ HTTP/2" 404 14952 "-" "Mozilla/5.0 (compatible; AhrefsBot/7.0; +http://ahrefs.com/robot/)"
79.127.237.132 - - [21/Jul/2026:13:08:51 +0000] "GET /items/G724242044/ HTTP/2" 404 14952 "-" "Mozilla/5.0 (compatible; AhrefsBot/7.0; +http://ahrefs.com/robot/)"
79.127.237.132 - - [21/Jul/2026:13:08:58 +0000] "GET /items/G723882058/ HTTP/2" 404 14952 "-" "Mozilla/5.0 (compatible; AhrefsBot/7.0; +http://ahrefs.com/robot/)"
79.127.237.132 - - [21/Jul/2026:13:09:05 +0000] "GET /items/G723008009/ HTTP/2" 404 14952 "-" "Mozilla/5.0 (compatible; AhrefsBot/7.0; +http://ahrefs.com/robot/)"
79.127.237.132 - - [21/Jul/2026:13:09:13 +0000] "GET /items/G722510509/ HTTP/2" 404 14952 "-" "Mozilla/5.0 (compatible; AhrefsBot/7.0; +http://ahrefs.com/robot/)"
79.127.237.132 - - [21/Jul/2026:13:09:20 +0000] "GET /items/G722401858/ HTTP/2" 404 14952 "-" "Mozilla/5.0 (compatible; AhrefsBot/7.0; +http://ahrefs.com/robot/)"
79.127.237.104 - - [21/Jul/2026:13:09:27 +0000] "GET /items/G722221502/ HTTP/2" 404 14952 "-" "Mozilla/5.0 (compatible; AhrefsBot/7.0; +http://ahrefs.com/robot/)"
208.91.111.227 - - [21/Jul/2026:13:09:32 +0000] "GET /dp/974821407624 HTTP/1.1" 404 14952 "-" "Mozilla/5.0 AppleWebKit/537.36 (KHTML, like Gecko; compatible; ClaudeBot/1.0; +claudebot@anthropic.com)"
143.244.38.134 - - [21/Jul/2026:13:09:35 +0000] "GET /items/G722197821/ HTTP/2" 404 14952 "-" "Mozilla/5.0 (compatible; AhrefsBot/7.0; +http://ahrefs.com/robot/)"
38.242.157.30 - - [21/Jul/2026:13:09:38 +0000] "GET /wp-login.php HTTP/2" 200 1922 "-" "Mozilla/5.0 (Windows NT 10.0; Win64; x64) AppleWebKit/537.36 (KHTML, like Gecko) Chrome/150.0.0.0 Safari/537.36"
38.242.157.30 - - [21/Jul/2026:13:09:38 +0000] "POST /wp-login.php HTTP/2" 200 2051 "https://azfilmz.com.azfilmstudios.com/wp-login.php" "Mozilla/5.0 (Windows NT 10.0; Win64; x64) AppleWebKit/537.36 (KHTML, like Gecko) Chrome/150.0.0.0 Safari/537.36"
84.17.46.53 - - [21/Jul/2026:13:09:42 +0000] "GET /wp-login.php HTTP/2" 200 1922 "-" "Mozilla/5.0 (Windows NT 10.0; Win64; x64) AppleWebKit/537.36 (KHTML, like Gecko) Chrome/150.0.0.0 Safari/537.36"
79.127.237.132 - - [21/Jul/2026:13:09:41 +0000] "GET /items/G722168270/ HTTP/2" 404 14952 "-" "Mozilla/5.0 (compatible; AhrefsBot/7.0; +http://ahrefs.com/robot/)"
185.229.190.147 - - [21/Jul/2026:13:09:43 +0000] "POST /wp-login.php HTTP/2" 200 2073 "https://www.azfilmz.com/wp-login.php" "Mozilla/5.0 (Windows NT 10.0; Win64; x64) AppleWebKit/537.36 (KHTML, like Gecko) Chrome/150.0.0.0 Safari/537.36"
79.127.237.132 - - [21/Jul/2026:13:09:49 +0000] "GET /items/G722068667/ HTTP/2" 404 14952 "-" "Mozilla/5.0 (compatible; AhrefsBot/7.0; +http://ahrefs.com/robot/)"
79.127.237.104 - - [21/Jul/2026:13:09:56 +0000] "GET /items/G721943880/ HTTP/2" 404 14952 "-" "Mozilla/5.0 (compatible; AhrefsBot/7.0; +http://ahrefs.com/robot/)"
143.244.38.134 - - [21/Jul/2026:13:10:04 +0000] "GET /goods/213146646137 HTTP/2" 404 14952 "-" "Mozilla/5.0 (compatible; AhrefsBot/7.0; +http://ahrefs.com/robot/)"
79.127.237.104 - - [21/Jul/2026:13:10:11 +0000] "GET /items/G724570772/ HTTP/2" 404 14952 "-" "Mozilla/5.0 (compatible; AhrefsBot/7.0; +http://ahrefs.com/robot/)"
79.127.237.104 - - [21/Jul/2026:13:10:23 +0000] "GET /sitemap-1.xml HTTP/2" 200 146 "-" "Mozilla/5.0 (compatible; AhrefsBot/7.0; +http://ahrefs.com/robot/)"
79.127.237.132 - - [21/Jul/2026:13:10:45 +0000] "GET /goods/308140411126 HTTP/2" 404 14952 "-" "Mozilla/5.0 (compatible; AhrefsBot/7.0; +http://ahrefs.com/robot/)"
208.91.111.227 - - [21/Jul/2026:13:11:00 +0000] "GET /dp/893102905248 HTTP/1.1" 404 14952 "-" "Mozilla/5.0 AppleWebKit/537.36 (KHTML, like Gecko; compatible; ClaudeBot/1.0; +claudebot@anthropic.com)"
79.127.237.104 - - [21/Jul/2026:13:11:01 +0000] "GET /items/G724527702/ HTTP/2" 404 14952 "-" "Mozilla/5.0 (compatible; AhrefsBot/7.0; +http://ahrefs.com/robot/)"
79.127.237.104 - - [21/Jul/2026:13:11:19 +0000] "GET /goods/269974869974 HTTP/2" 404 14952 "-" "Mozilla/5.0 (compatible; AhrefsBot/7.0; +http://ahrefs.com/robot/)"
84.17.46.53 - - [21/Jul/2026:13:11:24 +0000] "GET /wp-login.php HTTP/2" 200 1922 "-" "Mozilla/5.0 (Windows NT 10.0; Win64; x64) AppleWebKit/537.36 (KHTML, like Gecko) Chrome/150.0.0.0 Safari/537.36"
185.229.190.148 - - [21/Jul/2026:13:11:25 +0000] "POST /wp-login.php HTTP/2" 200 2075 "https://azfilmz.com/wp-login.php" "Mozilla/5.0 (Windows NT 10.0; Win64; x64) AppleWebKit/537.36 (KHTML, like Gecko) Chrome/150.0.0.0 Safari/537.36"
143.244.38.134 - - [21/Jul/2026:13:11:35 +0000] "GET /items/G724523077/ HTTP/2" 404 14952 "-" "Mozilla/5.0 (compatible; AhrefsBot/7.0; +http://ahrefs.com/robot/)"
79.127.237.132 - - [21/Jul/2026:13:11:53 +0000] "GET /goods/211186823247 HTTP/2" 404 14952 "-" "Mozilla/5.0 (compatible; AhrefsBot/7.0; +http://ahrefs.com/robot/)"
79.127.237.104 - - [21/Jul/2026:13:12:10 +0000] "GET /goods/9349241752 HTTP/2" 404 14952 "-" "Mozilla/5.0 (compatible; AhrefsBot/7.0; +http://ahrefs.com/robot/)"
79.127.237.104 - - [21/Jul/2026:13:12:28 +0000] "GET /goods/475360979179 HTTP/2" 404 14952 "-" "Mozilla/5.0 (compatible; AhrefsBot/7.0; +http://ahrefs.com/robot/)"
208.91.111.227 - - [21/Jul/2026:13:12:39 +0000] "GET /dp/b0ced2886083 HTTP/1.1" 404 14952 "-" "Mozilla/5.0 AppleWebKit/537.36 (KHTML, like Gecko; compatible; ClaudeBot/1.0; +claudebot@anthropic.com)"
208.91.111.227 - - [21/Jul/2026:13:12:39 +0000] "GET /dp/4b46b723345 HTTP/1.1" 404 14952 "-" "Mozilla/5.0 AppleWebKit/537.36 (KHTML, like Gecko; compatible; ClaudeBot/1.0; +claudebot@anthropic.com)"
208.91.111.227 - - [21/Jul/2026:13:12:41 +0000] "GET /dp/c49fd3266752 HTTP/1.1" 404 14952 "-" "Mozilla/5.0 AppleWebKit/537.36 (KHTML, like Gecko; compatible; ClaudeBot/1.0; +claudebot@anthropic.com)"
208.91.111.227 - - [21/Jul/2026:13:12:41 +0000] "GET /dp/0ea9b138699 HTTP/1.1" 404 14952 "-" "Mozilla/5.0 AppleWebKit/537.36 (KHTML, like Gecko; compatible; ClaudeBot/1.0; +claudebot@anthropic.com)"
79.127.237.132 - - [21/Jul/2026:13:12:44 +0000] "GET /goods/410944716934 HTTP/2" 404 14952 "-" "Mozilla/5.0 (compatible; AhrefsBot/7.0; +http://ahrefs.com/robot/)"
79.127.237.132 - - [21/Jul/2026:13:12:58 +0000] "GET /items/G724237950/ HTTP/2" 404 14952 "-" "Mozilla/5.0 (compatible; AhrefsBot/7.0; +http://ahrefs.com/robot/)"
208.91.111.227 - - [21/Jul/2026:13:13:06 +0000] "GET /dp/2e5752309119 HTTP/1.1" 404 14952 "-" "Mozilla/5.0 AppleWebKit/537.36 (KHTML, like Gecko; compatible; ClaudeBot/1.0; +claudebot@anthropic.com)"
208.91.111.227 - - [21/Jul/2026:13:13:07 +0000] "GET /dp/6e625993458 HTTP/1.1" 404 14952 "-" "Mozilla/5.0 AppleWebKit/537.36 (KHTML, like Gecko; compatible; ClaudeBot/1.0; +claudebot@anthropic.com)"
208.91.111.227 - - [21/Jul/2026:13:13:08 +0000] "GET /dp/7bfc93448973 HTTP/1.1" 404 14952 "-" "Mozilla/5.0 AppleWebKit/537.36 (KHTML, like Gecko; compatible; ClaudeBot/1.0; +claudebot@anthropic.com)"
208.91.111.227 - - [21/Jul/2026:13:13:09 +0000] "GET /dp/43200440448 HTTP/1.1" 404 14952 "-" "Mozilla/5.0 AppleWebKit/537.36 (KHTML, like Gecko; compatible; ClaudeBot/1.0; +claudebot@anthropic.com)"
143.244.38.134 - - [21/Jul/2026:13:13:13 +0000] "GET /goods/322038847950 HTTP/2" 404 14951 "-" "Mozilla/5.0 (compatible; AhrefsBot/7.0; +http://ahrefs.com/robot/)"
208.91.111.227 - - [21/Jul/2026:13:13:26 +0000] "GET /dp/db52a2193161 HTTP/1.1" 404 14952 "-" "Mozilla/5.0 AppleWebKit/537.36 (KHTML, like Gecko; compatible; ClaudeBot/1.0; +claudebot@anthropic.com)"
208.91.111.227 - - [21/Jul/2026:13:13:26 +0000] "GET /dp/fb7b13200466 HTTP/1.1" 404 14952 "-" "Mozilla/5.0 AppleWebKit/537.36 (KHTML, like Gecko; compatible; ClaudeBot/1.0; +claudebot@anthropic.com)"
208.91.111.227 - - [21/Jul/2026:13:13:28 +0000] "GET /dp/db7953620360 HTTP/1.1" 404 14952 "-" "Mozilla/5.0 AppleWebKit/537.36 (KHTML, like Gecko; compatible; ClaudeBot/1.0; +claudebot@anthropic.com)"
79.127.237.132 - - [21/Jul/2026:13:13:28 +0000] "GET /items/G724013592/ HTTP/2" 404 14952 "-" "Mozilla/5.0 (compatible; AhrefsBot/7.0; +http://ahrefs.com/robot/)"
208.91.111.227 - - [21/Jul/2026:13:13:28 +0000] "GET /dp/bb175651268 HTTP/1.1" 404 14952 "-" "Mozilla/5.0 AppleWebKit/537.36 (KHTML, like Gecko; compatible; ClaudeBot/1.0; +claudebot@anthropic.com)"
84.17.63.178 - - [21/Jul/2026:13:13:32 +0000] "GET /video/american-exorcism HTTP/2" 301 5 "-" "Mozilla/5.0 AppleWebKit/537.36 (KHTML, like Gecko; compatible; SleepBot/1.0; +http://sleepbot.com/) Chrome/131.0.0.0 Safari/537.36"
84.17.63.178 - - [21/Jul/2026:13:13:33 +0000] "GET /video/american-exorcism/ HTTP/2" 200 18069 "https://azfilmz.com/video/american-exorcism" "Mozilla/5.0 AppleWebKit/537.36 (KHTML, like Gecko; compatible; SleepBot/1.0; +http://sleepbot.com/) Chrome/131.0.0.0 Safari/537.36"
79.127.237.132 - - [21/Jul/2026:13:13:44 +0000] "GET /items/G723643077/ HTTP/2" 404 14952 "-" "Mozilla/5.0 (compatible; AhrefsBot/7.0; +http://ahrefs.com/robot/)"
208.91.111.227 - - [21/Jul/2026:13:13:58 +0000] "GET /dp/5e89f791389 HTTP/1.1" 404 14952 "-" "Mozilla/5.0 AppleWebKit/537.36 (KHTML, like Gecko; compatible; ClaudeBot/1.0; +claudebot@anthropic.com)"
79.127.237.104 - - [21/Jul/2026:13:13:59 +0000] "GET /goods/82286804576 HTTP/2" 404 14952 "-" "Mozilla/5.0 (compatible; AhrefsBot/7.0; +http://ahrefs.com/robot/)"
208.91.111.227 - - [21/Jul/2026:13:13:59 +0000] "GET /dp/e4336480306 HTTP/1.1" 404 14952 "-" "Mozilla/5.0 AppleWebKit/537.36 (KHTML, like Gecko; compatible; ClaudeBot/1.0; +claudebot@anthropic.com)"
208.91.111.227 - - [21/Jul/2026:13:14:00 +0000] "GET /dp/53b8a2053634 HTTP/1.1" 404 14952 "-" "Mozilla/5.0 AppleWebKit/537.36 (KHTML, like Gecko; compatible; ClaudeBot/1.0; +claudebot@anthropic.com)"
208.91.111.227 - - [21/Jul/2026:13:14:01 +0000] "GET /dp/da4d22649835 HTTP/1.1" 404 14952 "-" "Mozilla/5.0 AppleWebKit/537.36 (KHTML, like Gecko; compatible; ClaudeBot/1.0; +claudebot@anthropic.com)"
79.127.237.104 - - [21/Jul/2026:13:14:13 +0000] "GET /items/G723604469/ HTTP/2" 404 14952 "-" "Mozilla/5.0 (compatible; AhrefsBot/7.0; +http://ahrefs.com/robot/)"
79.127.237.132 - - [21/Jul/2026:13:14:28 +0000] "GET /goods/531342529960 HTTP/2" 404 14952 "-" "Mozilla/5.0 (compatible; AhrefsBot/7.0; +http://ahrefs.com/robot/)"
79.127.237.104 - - [21/Jul/2026:13:14:41 +0000] "GET /items/G723523204/ HTTP/2" 404 14952 "-" "Mozilla/5.0 (compatible; AhrefsBot/7.0; +http://ahrefs.com/robot/)"
143.244.38.134 - - [21/Jul/2026:13:14:56 +0000] "GET /goods/228965485847 HTTP/2" 404 14952 "-" "Mozilla/5.0 (compatible; AhrefsBot/7.0; +http://ahrefs.com/robot/)"
208.91.111.227 - - [21/Jul/2026:13:15:10 +0000] "GET /dp/8b7df776191 HTTP/1.1" 404 14952 "-" "Mozilla/5.0 AppleWebKit/537.36 (KHTML, like Gecko; compatible; ClaudeBot/1.0; +claudebot@anthropic.com)"
208.91.111.227 - - [21/Jul/2026:13:15:10 +0000] "GET /dp/024d0100321 HTTP/1.1" 404 14952 "-" "Mozilla/5.0 AppleWebKit/537.36 (KHTML, like Gecko; compatible; ClaudeBot/1.0; +claudebot@anthropic.com)"
208.91.111.227 - - [21/Jul/2026:13:15:12 +0000] "GET /dp/eaf0e668644 HTTP/1.1" 404 14952 "-" "Mozilla/5.0 AppleWebKit/537.36 (KHTML, like Gecko; compatible; ClaudeBot/1.0; +claudebot@anthropic.com)"
79.127.237.104 - - [21/Jul/2026:13:15:12 +0000] "GET /items/G723481868/ HTTP/2" 404 14952 "-" "Mozilla/5.0 (compatible; AhrefsBot/7.0; +http://ahrefs.com/robot/)"
208.91.111.227 - - [21/Jul/2026:13:15:12 +0000] "GET /dp/e68f0105913 HTTP/1.1" 404 14952 "-" "Mozilla/5.0 AppleWebKit/537.36 (KHTML, like Gecko; compatible; ClaudeBot/1.0; +claudebot@anthropic.com)"
79.127.237.104 - - [21/Jul/2026:13:15:26 +0000] "GET /items/G723348445/ HTTP/2" 404 14952 "-" "Mozilla/5.0 (compatible; AhrefsBot/7.0; +http://ahrefs.com/robot/)"
79.127.237.132 - - [21/Jul/2026:13:15:43 +0000] "GET /goods/603350844 HTTP/2" 404 14952 "-" "Mozilla/5.0 (compatible; AhrefsBot/7.0; +http://ahrefs.com/robot/)"
143.244.38.134 - - [21/Jul/2026:13:15:58 +0000] "GET /goods/484313473421 HTTP/2" 404 14952 "-" "Mozilla/5.0 (compatible; AhrefsBot/7.0; +http://ahrefs.com/robot/)"
208.91.111.227 - - [21/Jul/2026:13:16:09 +0000] "GET /dp/02bc3860683 HTTP/1.1" 404 14952 "-" "Mozilla/5.0 AppleWebKit/537.36 (KHTML, like Gecko; compatible; ClaudeBot/1.0; +claudebot@anthropic.com)"
208.91.111.227 - - [21/Jul/2026:13:16:10 +0000] "GET /dp/9fa993487073 HTTP/1.1" 404 14952 "-" "Mozilla/5.0 AppleWebKit/537.36 (KHTML, like Gecko; compatible; ClaudeBot/1.0; +claudebot@anthropic.com)"
208.91.111.227 - - [21/Jul/2026:13:16:11 +0000] "GET /dp/24fa1306733 HTTP/1.1" 404 14952 "-" "Mozilla/5.0 AppleWebKit/537.36 (KHTML, like Gecko; compatible; ClaudeBot/1.0; +claudebot@anthropic.com)"
208.91.111.227 - - [21/Jul/2026:13:16:11 +0000] "GET /dp/aa17b2484746 HTTP/1.1" 404 14952 "-" "Mozilla/5.0 AppleWebKit/537.36 (KHTML, like Gecko; compatible; ClaudeBot/1.0; +claudebot@anthropic.com)"
79.127.237.132 - - [21/Jul/2026:13:16:13 +0000] "GET /items/G723110949/ HTTP/2" 404 14952 "-" "Mozilla/5.0 (compatible; AhrefsBot/7.0; +http://ahrefs.com/robot/)"
79.127.237.104 - - [21/Jul/2026:13:16:27 +0000] "GET /items/G722943995/ HTTP/2" 404 14952 "-" "Mozilla/5.0 (compatible; AhrefsBot/7.0; +http://ahrefs.com/robot/)"
208.91.111.227 - - [21/Jul/2026:13:16:28 +0000] "GET /dp/6163772073 HTTP/1.1" 404 14952 "-" "Mozilla/5.0 AppleWebKit/537.36 (KHTML, like Gecko; compatible; ClaudeBot/1.0; +claudebot@anthropic.com)"
208.91.111.227 - - [21/Jul/2026:13:16:28 +0000] "GET /dp/c04a42423 HTTP/1.1" 404 14952 "-" "Mozilla/5.0 AppleWebKit/537.36 (KHTML, like Gecko; compatible; ClaudeBot/1.0; +claudebot@anthropic.com)"
208.91.111.227 - - [21/Jul/2026:13:16:30 +0000] "GET /dp/82ee2465062 HTTP/1.1" 404 14952 "-" "Mozilla/5.0 AppleWebKit/537.36 (KHTML, like Gecko; compatible; ClaudeBot/1.0; +claudebot@anthropic.com)"
208.91.111.227 - - [21/Jul/2026:13:16:30 +0000] "GET /dp/fd97c2407441 HTTP/1.1" 404 14952 "-" "Mozilla/5.0 AppleWebKit/537.36 (KHTML, like Gecko; compatible; ClaudeBot/1.0; +claudebot@anthropic.com)"
143.244.38.134 - - [21/Jul/2026:13:16:46 +0000] "GET /items/G724455977/ HTTP/2" 404 14952 "-" "Mozilla/5.0 (compatible; AhrefsBot/7.0; +http://ahrefs.com/robot/)"
79.127.237.132 - - [21/Jul/2026:13:17:04 +0000] "GET /goods/434708230021 HTTP/2" 404 14952 "-" "Mozilla/5.0 (compatible; AhrefsBot/7.0; +http://ahrefs.com/robot/)"
208.91.111.227 - - [21/Jul/2026:13:17:06 +0000] "GET /dp/718db3635330 HTTP/1.1" 404 14951 "-" "Mozilla/5.0 AppleWebKit/537.36 (KHTML, like Gecko; compatible; ClaudeBot/1.0; +claudebot@anthropic.com)"
208.91.111.227 - - [21/Jul/2026:13:17:06 +0000] "GET /dp/3cd431017977 HTTP/1.1" 404 14952 "-" "Mozilla/5.0 AppleWebKit/537.36 (KHTML, like Gecko; compatible; ClaudeBot/1.0; +claudebot@anthropic.com)"
208.91.111.227 - - [21/Jul/2026:13:17:08 +0000] "GET /dp/1998f806486 HTTP/1.1" 404 14952 "-" "Mozilla/5.0 AppleWebKit/537.36 (KHTML, like Gecko; compatible; ClaudeBot/1.0; +claudebot@anthropic.com)"
208.91.111.227 - - [21/Jul/2026:13:17:23 +0000] "GET /dp/c77802385166 HTTP/1.1" 404 14952 "-" "Mozilla/5.0 AppleWebKit/537.36 (KHTML, like Gecko; compatible; ClaudeBot/1.0; +claudebot@anthropic.com)"
208.91.111.227 - - [21/Jul/2026:13:17:23 +0000] "GET /dp/4fd011964054 HTTP/1.1" 404 14952 "-" "Mozilla/5.0 AppleWebKit/537.36 (KHTML, like Gecko; compatible; ClaudeBot/1.0; +claudebot@anthropic.com)"
143.244.38.134 - - [21/Jul/2026:13:17:24 +0000] "GET /goods/24515826049 HTTP/2" 404 14952 "-" "Mozilla/5.0 (compatible; AhrefsBot/7.0; +http://ahrefs.com/robot/)"
208.91.111.227 - - [21/Jul/2026:13:17:25 +0000] "GET /dp/a28bb3692286 HTTP/1.1" 404 14952 "-" "Mozilla/5.0 AppleWebKit/537.36 (KHTML, like Gecko; compatible; ClaudeBot/1.0; +claudebot@anthropic.com)"
79.127.237.104 - - [21/Jul/2026:13:17:39 +0000] "GET /items/G722704441/ HTTP/2" 404 14952 "-" "Mozilla/5.0 (compatible; AhrefsBot/7.0; +http://ahrefs.com/robot/)"
79.127.237.104 - - [21/Jul/2026:13:17:52 +0000] "GET /items/G724328278/ HTTP/2" 404 14952 "-" "Mozilla/5.0 (compatible; AhrefsBot/7.0; +http://ahrefs.com/robot/)"
208.91.111.227 - - [21/Jul/2026:13:18:08 +0000] "GET /dp/fd6882907445 HTTP/1.1" 404 14952 "-" "Mozilla/5.0 AppleWebKit/537.36 (KHTML, like Gecko; compatible; ClaudeBot/1.0; +claudebot@anthropic.com)"
208.91.111.227 - - [21/Jul/2026:13:18:09 +0000] "GET /dp/b90b02417601 HTTP/1.1" 404 14952 "-" "Mozilla/5.0 AppleWebKit/537.36 (KHTML, like Gecko; compatible; ClaudeBot/1.0; +claudebot@anthropic.com)"
208.91.111.227 - - [21/Jul/2026:13:18:10 +0000] "GET /dp/682f91304034 HTTP/1.1" 404 14952 "-" "Mozilla/5.0 AppleWebKit/537.36 (KHTML, like Gecko; compatible; ClaudeBot/1.0; +claudebot@anthropic.com)"
117.0.21.154 - - [21/Jul/2026:13:18:15 +0000] "GET /wp-login.php HTTP/2" 200 1922 "-" "Mozilla/5.0 (Windows NT 10.0; Win64; x64) AppleWebKit/537.36 (KHTML, like Gecko) Chrome/150.0.0.0 Safari/537.36"
117.0.21.154 - - [21/Jul/2026:13:18:16 +0000] "POST /wp-login.php HTTP/2" 200 2073 "https://azfilmz.com.azfilmstudios.com/wp-login.php" "Mozilla/5.0 (Windows NT 10.0; Win64; x64) AppleWebKit/537.36 (KHTML, like Gecko) Chrome/150.0.0.0 Safari/537.36"
79.127.237.132 - - [21/Jul/2026:13:18:15 +0000] "GET /items/G722530703/ HTTP/2" 404 14952 "-" "Mozilla/5.0 (compatible; AhrefsBot/7.0; +http://ahrefs.com/robot/)"
79.127.237.104 - - [21/Jul/2026:13:18:29 +0000] "GET /items/G724488350/ HTTP/2" 404 14952 "-" "Mozilla/5.0 (compatible; AhrefsBot/7.0; +http://ahrefs.com/robot/)"
79.127.237.132 - - [21/Jul/2026:13:18:43 +0000] "GET /items/G724030784/ HTTP/2" 404 14952 "-" "Mozilla/5.0 (compatible; AhrefsBot/7.0; +http://ahrefs.com/robot/)"
79.127.237.104 - - [21/Jul/2026:13:19:04 +0000] "GET /items/G724591670/ HTTP/2" 404 14952 "-" "Mozilla/5.0 (compatible; AhrefsBot/7.0; +http://ahrefs.com/robot/)"
79.127.237.132 - - [21/Jul/2026:13:19:17 +0000] "GET /items/G723179817/ HTTP/2" 404 14952 "-" "Mozilla/5.0 (compatible; AhrefsBot/7.0; +http://ahrefs.com/robot/)"
84.17.63.178 - - [21/Jul/2026:13:19:19 +0000] "GET /tv-shows HTTP/2" 301 5 "-" "Mozilla/5.0 AppleWebKit/537.36 (KHTML, like Gecko; compatible; SleepBot/1.0; +http://sleepbot.com/) Chrome/131.0.0.0 Safari/537.36"
84.17.63.178 - - [21/Jul/2026:13:19:21 +0000] "GET /tv-shows/ HTTP/2" 200 19977 "https://azfilmz.com/tv-shows" "Mozilla/5.0 AppleWebKit/537.36 (KHTML, like Gecko; compatible; SleepBot/1.0; +http://sleepbot.com/) Chrome/131.0.0.0 Safari/537.36"
208.91.111.227 - - [21/Jul/2026:13:19:31 +0000] "GET /dp/153bd2447336 HTTP/1.1" 404 14952 "-" "Mozilla/5.0 AppleWebKit/537.36 (KHTML, like Gecko; compatible; ClaudeBot/1.0; +claudebot@anthropic.com)"
208.91.111.227 - - [21/Jul/2026:13:19:31 +0000] "GET /dp/20fb51117798 HTTP/1.1" 404 14952 "-" "Mozilla/5.0 AppleWebKit/537.36 (KHTML, like Gecko; compatible; ClaudeBot/1.0; +claudebot@anthropic.com)"
208.91.111.227 - - [21/Jul/2026:13:19:32 +0000] "GET /dp/5ee3682162 HTTP/1.1" 404 14952 "-" "Mozilla/5.0 AppleWebKit/537.36 (KHTML, like Gecko; compatible; ClaudeBot/1.0; +claudebot@anthropic.com)"
79.127.237.132 - - [21/Jul/2026:13:19:37 +0000] "GET /items/G722462717/ HTTP/2" 404 14952 "-" "Mozilla/5.0 (compatible; AhrefsBot/7.0; +http://ahrefs.com/robot/)"
208.91.111.227 - - [21/Jul/2026:13:19:42 +0000] "GET /dp/3c6882858348 HTTP/1.1" 404 14952 "-" "Mozilla/5.0 AppleWebKit/537.36 (KHTML, like Gecko; compatible; ClaudeBot/1.0; +claudebot@anthropic.com)"
208.91.111.227 - - [21/Jul/2026:13:19:42 +0000] "GET /dp/b6708776485 HTTP/1.1" 404 14952 "-" "Mozilla/5.0 AppleWebKit/537.36 (KHTML, like Gecko; compatible; ClaudeBot/1.0; +claudebot@anthropic.com)"
208.91.111.227 - - [21/Jul/2026:13:19:43 +0000] "GET /dp/d915b114126 HTTP/1.1" 404 14952 "-" "Mozilla/5.0 AppleWebKit/537.36 (KHTML, like Gecko; compatible; ClaudeBot/1.0; +claudebot@anthropic.com)"
79.127.237.132 - - [21/Jul/2026:13:19:52 +0000] "GET /items/G724304987/ HTTP/2" 404 14952 "-" "Mozilla/5.0 (compatible; AhrefsBot/7.0; +http://ahrefs.com/robot/)"
84.17.46.53 - - [21/Jul/2026:13:19:57 +0000] "GET /wp-login.php HTTP/2" 200 1922 "-" "Mozilla/5.0 (Windows NT 10.0; Win64; x64) AppleWebKit/537.36 (KHTML, like Gecko) Chrome/150.0.0.0 Safari/537.36"
185.229.190.147 - - [21/Jul/2026:13:19:58 +0000] "POST /wp-login.php HTTP/2" 200 2073 "https://azfilmz.com/wp-login.php" "Mozilla/5.0 (Windows NT 10.0; Win64; x64) AppleWebKit/537.36 (KHTML, like Gecko) Chrome/150.0.0.0 Safari/537.36"
79.127.237.104 - - [21/Jul/2026:13:20:07 +0000] "GET /items/G723887660/ HTTP/2" 404 14952 "-" "Mozilla/5.0 (compatible; AhrefsBot/7.0; +http://ahrefs.com/robot/)"
208.91.111.227 - - [21/Jul/2026:13:20:12 +0000] "GET /dp/44e00787784 HTTP/1.1" 404 14952 "-" "Mozilla/5.0 AppleWebKit/537.36 (KHTML, like Gecko; compatible; ClaudeBot/1.0; +claudebot@anthropic.com)"
208.91.111.227 - - [21/Jul/2026:13:20:12 +0000] "GET /dp/d53d4995611 HTTP/1.1" 404 14952 "-" "Mozilla/5.0 AppleWebKit/537.36 (KHTML, like Gecko; compatible; ClaudeBot/1.0; +claudebot@anthropic.com)"
208.91.111.227 - - [21/Jul/2026:13:20:13 +0000] "GET /dp/a97973323367 HTTP/1.1" 404 14952 "-" "Mozilla/5.0 AppleWebKit/537.36 (KHTML, like Gecko; compatible; ClaudeBot/1.0; +claudebot@anthropic.com)"
79.127.237.132 - - [21/Jul/2026:13:20:23 +0000] "GET /items/G723984983/ HTTP/2" 404 14952 "-" "Mozilla/5.0 (compatible; AhrefsBot/7.0; +http://ahrefs.com/robot/)"
208.91.111.227 - - [21/Jul/2026:13:20:24 +0000] "GET /dp/da1202816698 HTTP/1.1" 404 14952 "-" "Mozilla/5.0 AppleWebKit/537.36 (KHTML, like Gecko; compatible; ClaudeBot/1.0; +claudebot@anthropic.com)"
208.91.111.227 - - [21/Jul/2026:13:20:25 +0000] "GET /dp/0417778159 HTTP/1.1" 404 14952 "-" "Mozilla/5.0 AppleWebKit/537.36 (KHTML, like Gecko; compatible; ClaudeBot/1.0; +claudebot@anthropic.com)"
208.91.111.227 - - [21/Jul/2026:13:20:26 +0000] "GET /dp/fdf452469483 HTTP/1.1" 404 14952 "-" "Mozilla/5.0 AppleWebKit/537.36 (KHTML, like Gecko; compatible; ClaudeBot/1.0; +claudebot@anthropic.com)"
79.127.237.132 - - [21/Jul/2026:13:20:36 +0000] "GET /items/G722331433/ HTTP/2" 404 14952 "-" "Mozilla/5.0 (compatible; AhrefsBot/7.0; +http://ahrefs.com/robot/)"
79.127.237.104 - - [21/Jul/2026:13:20:52 +0000] "GET /goods/529661484135 HTTP/2" 404 14952 "-" "Mozilla/5.0 (compatible; AhrefsBot/7.0; +http://ahrefs.com/robot/)"
79.127.237.104 - - [21/Jul/2026:13:21:09 +0000] "GET /items/G723749462/ HTTP/2" 404 14952 "-" "Mozilla/5.0 (compatible; AhrefsBot/7.0; +http://ahrefs.com/robot/)"
208.91.111.227 - - [21/Jul/2026:13:21:19 +0000] "GET /dp/004b42401265 HTTP/1.1" 404 14952 "-" "Mozilla/5.0 AppleWebKit/537.36 (KHTML, like Gecko; compatible; ClaudeBot/1.0; +claudebot@anthropic.com)"
208.91.111.227 - - [21/Jul/2026:13:21:20 +0000] "GET /dp/17e823461122 HTTP/1.1" 404 14952 "-" "Mozilla/5.0 AppleWebKit/537.36 (KHTML, like Gecko; compatible; ClaudeBot/1.0; +claudebot@anthropic.com)"
208.91.111.227 - - [21/Jul/2026:13:21:21 +0000] "GET /dp/e612a829133 HTTP/1.1" 404 14952 "-" "Mozilla/5.0 AppleWebKit/537.36 (KHTML, like Gecko; compatible; ClaudeBot/1.0; +claudebot@anthropic.com)"
79.127.237.104 - - [21/Jul/2026:13:21:24 +0000] "GET /items/G723075924/ HTTP/2" 404 14952 "-" "Mozilla/5.0 (compatible; AhrefsBot/7.0; +http://ahrefs.com/robot/)"
84.17.46.53 - - [21/Jul/2026:13:21:32 +0000] "GET /wp-login.php HTTP/2" 200 1922 "-" "Mozilla/5.0 (Windows NT 10.0; Win64; x64) AppleWebKit/537.36 (KHTML, like Gecko) Chrome/150.0.0.0 Safari/537.36"
185.229.190.148 - - [21/Jul/2026:13:21:34 +0000] "POST /wp-login.php HTTP/2" 200 2051 "https://azfilmz.com/wp-login.php" "Mozilla/5.0 (Windows NT 10.0; Win64; x64) AppleWebKit/537.36 (KHTML, like Gecko) Chrome/150.0.0.0 Safari/537.36"
84.17.46.53 - - [21/Jul/2026:13:21:37 +0000] "GET /wp-login.php HTTP/2" 200 1922 "-" "Mozilla/5.0 (Windows NT 10.0; Win64; x64) AppleWebKit/537.36 (KHTML, like Gecko) Chrome/150.0.0.0 Safari/537.36"
79.127.237.132 - - [21/Jul/2026:13:21:37 +0000] "GET /items/G723598689/ HTTP/2" 404 14952 "-" "Mozilla/5.0 (compatible; AhrefsBot/7.0; +http://ahrefs.com/robot/)"
185.229.190.147 - - [21/Jul/2026:13:21:38 +0000] "POST /wp-login.php HTTP/2" 200 2051 "https://www.azfilmz.com/wp-login.php" "Mozilla/5.0 (Windows NT 10.0; Win64; x64) AppleWebKit/537.36 (KHTML, like Gecko) Chrome/150.0.0.0 Safari/537.36"
143.244.38.134 - - [21/Jul/2026:13:21:49 +0000] "GET /goods/4543018623 HTTP/2" 404 14952 "-" "Mozilla/5.0 (compatible; AhrefsBot/7.0; +http://ahrefs.com/robot/)"
79.127.237.132 - - [21/Jul/2026:13:22:04 +0000] "GET /items/G722174814/ HTTP/2" 404 14951 "-" "Mozilla/5.0 (compatible; AhrefsBot/7.0; +http://ahrefs.com/robot/)"
79.127.237.104 - - [21/Jul/2026:13:22:17 +0000] "GET /items/G723401568/ HTTP/2" 404 14952 "-" "Mozilla/5.0 (compatible; AhrefsBot/7.0; +http://ahrefs.com/robot/)"
208.91.111.227 - - [21/Jul/2026:13:22:23 +0000] "GET /sitemap-1.xml HTTP/1.1" 200 146 "-" "Mozilla/5.0 AppleWebKit/537.36 (KHTML, like Gecko; compatible; ClaudeBot/1.0; +claudebot@anthropic.com)"
208.91.111.227 - - [21/Jul/2026:13:22:23 +0000] "GET /sitemap-3.xml HTTP/1.1" 200 146 "-" "Mozilla/5.0 AppleWebKit/537.36 (KHTML, like Gecko; compatible; ClaudeBot/1.0; +claudebot@anthropic.com)"
208.91.111.227 - - [21/Jul/2026:13:22:26 +0000] "GET /sitemap-15.xml HTTP/1.1" 200 146 "-" "Mozilla/5.0 AppleWebKit/537.36 (KHTML, like Gecko; compatible; ClaudeBot/1.0; +claudebot@anthropic.com)"
79.127.237.132 - - [21/Jul/2026:13:22:30 +0000] "GET /goods/114240869144 HTTP/2" 404 14952 "-" "Mozilla/5.0 (compatible; AhrefsBot/7.0; +http://ahrefs.com/robot/)"
208.91.111.227 - - [21/Jul/2026:13:22:36 +0000] "GET /dp/5f2783181567 HTTP/1.1" 404 14952 "-" "Mozilla/5.0 AppleWebKit/537.36 (KHTML, like Gecko; compatible; ClaudeBot/1.0; +claudebot@anthropic.com)"
208.91.111.227 - - [21/Jul/2026:13:22:37 +0000] "GET /dp/36bb52686920 HTTP/1.1" 404 14952 "-" "Mozilla/5.0 AppleWebKit/537.36 (KHTML, like Gecko; compatible; ClaudeBot/1.0; +claudebot@anthropic.com)"
208.91.111.227 - - [21/Jul/2026:13:22:38 +0000] "GET /sitemap-16.xml HTTP/1.1" 200 146 "-" "Mozilla/5.0 AppleWebKit/537.36 (KHTML, like Gecko; compatible; ClaudeBot/1.0; +claudebot@anthropic.com)"
79.127.237.132 - - [21/Jul/2026:13:22:44 +0000] "GET /items/G723373554/ HTTP/2" 404 14952 "-" "Mozilla/5.0 (compatible; AhrefsBot/7.0; +http://ahrefs.com/robot/)"
79.127.237.132 - - [21/Jul/2026:13:23:00 +0000] "GET /items/G722131450/ HTTP/2" 404 14952 "-" "Mozilla/5.0 (compatible; AhrefsBot/7.0; +http://ahrefs.com/robot/)"
208.91.111.227 - - [21/Jul/2026:13:23:04 +0000] "GET /dp/30eff1740076 HTTP/1.1" 404 14952 "-" "Mozilla/5.0 AppleWebKit/537.36 (KHTML, like Gecko; compatible; ClaudeBot/1.0; +claudebot@anthropic.com)"
208.91.111.227 - - [21/Jul/2026:13:23:04 +0000] "GET /dp/ef084784599 HTTP/1.1" 404 14952 "-" "Mozilla/5.0 AppleWebKit/537.36 (KHTML, like Gecko; compatible; ClaudeBot/1.0; +claudebot@anthropic.com)"
208.91.111.227 - - [21/Jul/2026:13:23:06 +0000] "GET /dp/3d64a2696493 HTTP/1.1" 404 14952 "-" "Mozilla/5.0 AppleWebKit/537.36 (KHTML, like Gecko; compatible; ClaudeBot/1.0; +claudebot@anthropic.com)"
208.91.111.227 - - [21/Jul/2026:13:23:05 +0000] "GET /dp/482f73428086 HTTP/1.1" 404 14951 "-" "Mozilla/5.0 AppleWebKit/537.36 (KHTML, like Gecko; compatible; ClaudeBot/1.0; +claudebot@anthropic.com)"
143.244.38.134 - - [21/Jul/2026:13:23:07 +0000] "POST /wp-cron.php?doing_wp_cron=1784640186.2922410964965820312500 HTTP/2" 200 0 "-" "WordPress/7.0.2; https://www.azfilmz.com"
208.91.111.227 - - [21/Jul/2026:13:23:07 +0000] "GET /dp/2a3bb408421 HTTP/1.1" 404 14952 "-" "Mozilla/5.0 AppleWebKit/537.36 (KHTML, like Gecko; compatible; ClaudeBot/1.0; +claudebot@anthropic.com)"
79.127.237.104 - - [21/Jul/2026:13:23:09 +0000] "GET /items/G722732561/ HTTP/2" 404 14952 "-" "Mozilla/5.0 (compatible; AhrefsBot/7.0; +http://ahrefs.com/robot/)"
208.91.111.227 - - [21/Jul/2026:13:23:11 +0000] "GET /dp/52ffd1744159 HTTP/1.1" 404 14952 "-" "Mozilla/5.0 AppleWebKit/537.36 (KHTML, like Gecko; compatible; ClaudeBot/1.0; +claudebot@anthropic.com)"
208.91.111.227 - - [21/Jul/2026:13:23:11 +0000] "GET /dp/eeb021096129 HTTP/1.1" 404 14952 "-" "Mozilla/5.0 AppleWebKit/537.36 (KHTML, like Gecko; compatible; ClaudeBot/1.0; +claudebot@anthropic.com)"
208.91.111.227 - - [21/Jul/2026:13:23:13 +0000] "GET /dp/d3f41319214 HTTP/1.1" 404 14952 "-" "Mozilla/5.0 AppleWebKit/537.36 (KHTML, like Gecko; compatible; ClaudeBot/1.0; +claudebot@anthropic.com)"
208.91.111.227 - - [21/Jul/2026:13:23:14 +0000] "GET /dp/d0a4848859 HTTP/1.1" 404 14952 "-" "Mozilla/5.0 AppleWebKit/537.36 (KHTML, like Gecko; compatible; ClaudeBot/1.0; +claudebot@anthropic.com)"
208.91.111.227 - - [21/Jul/2026:13:23:14 +0000] "GET /dp/07890779481 HTTP/1.1" 404 14952 "-" "Mozilla/5.0 AppleWebKit/537.36 (KHTML, like Gecko; compatible; ClaudeBot/1.0; +claudebot@anthropic.com)"
79.127.237.104 - - [21/Jul/2026:13:23:17 +0000] "GET /goods/65293226611 HTTP/2" 404 14952 "-" "Mozilla/5.0 (compatible; AhrefsBot/7.0; +http://ahrefs.com/robot/)"
79.127.237.132 - - [21/Jul/2026:13:23:27 +0000] "GET /items/G722694383/ HTTP/2" 404 14952 "-" "Mozilla/5.0 (compatible; AhrefsBot/7.0; +http://ahrefs.com/robot/)"
143.244.38.134 - - [21/Jul/2026:13:23:36 +0000] "GET /items/G722568324/ HTTP/2" 404 14952 "-" "Mozilla/5.0 (compatible; AhrefsBot/7.0; +http://ahrefs.com/robot/)"
79.127.237.132 - - [21/Jul/2026:13:23:45 +0000] "GET /goods/240970087020 HTTP/2" 404 14952 "-" "Mozilla/5.0 (compatible; AhrefsBot/7.0; +http://ahrefs.com/robot/)"
208.91.111.227 - - [21/Jul/2026:13:23:47 +0000] "GET /dp/28f60855743 HTTP/1.1" 404 14952 "-" "Mozilla/5.0 AppleWebKit/537.36 (KHTML, like Gecko; compatible; ClaudeBot/1.0; +claudebot@anthropic.com)"
208.91.111.227 - - [21/Jul/2026:13:23:47 +0000] "GET /dp/318591081589 HTTP/1.1" 404 14952 "-" "Mozilla/5.0 AppleWebKit/537.36 (KHTML, like Gecko; compatible; ClaudeBot/1.0; +claudebot@anthropic.com)"
208.91.111.227 - - [21/Jul/2026:13:23:52 +0000] "GET /dp/303a41658603 HTTP/1.1" 404 14952 "-" "Mozilla/5.0 AppleWebKit/537.36 (KHTML, like Gecko; compatible; ClaudeBot/1.0; +claudebot@anthropic.com)"
79.127.237.104 - - [21/Jul/2026:13:23:53 +0000] "GET /items/G721580874/ HTTP/2" 404 14952 "-" "Mozilla/5.0 (compatible; AhrefsBot/7.0; +http://ahrefs.com/robot/)"
208.91.111.227 - - [21/Jul/2026:13:23:53 +0000] "GET /dp/165272523024 HTTP/1.1" 404 14952 "-" "Mozilla/5.0 AppleWebKit/537.36 (KHTML, like Gecko; compatible; ClaudeBot/1.0; +claudebot@anthropic.com)"
208.91.111.227 - - [21/Jul/2026:13:23:54 +0000] "GET /dp/c07811016886 HTTP/1.1" 404 14952 "-" "Mozilla/5.0 AppleWebKit/537.36 (KHTML, like Gecko; compatible; ClaudeBot/1.0; +claudebot@anthropic.com)"
79.127.237.104 - - [21/Jul/2026:13:24:02 +0000] "GET /goods/185361802777 HTTP/2" 404 14952 "-" "Mozilla/5.0 (compatible; AhrefsBot/7.0; +http://ahrefs.com/robot/)"
79.127.237.104 - - [21/Jul/2026:13:24:10 +0000] "GET /items/G722326909/ HTTP/2" 404 14952 "-" "Mozilla/5.0 (compatible; AhrefsBot/7.0; +http://ahrefs.com/robot/)"
79.127.237.132 - - [21/Jul/2026:13:24:20 +0000] "GET /items/G721575913/ HTTP/2" 404 14952 "-" "Mozilla/5.0 (compatible; AhrefsBot/7.0; +http://ahrefs.com/robot/)"
79.127.237.104 - - [21/Jul/2026:13:24:28 +0000] "GET /items/G721559559/ HTTP/2" 404 14952 "-" "Mozilla/5.0 (compatible; AhrefsBot/7.0; +http://ahrefs.com/robot/)"
208.91.111.227 - - [21/Jul/2026:13:24:29 +0000] "GET /dp/118151944298 HTTP/1.1" 404 14952 "-" "Mozilla/5.0 AppleWebKit/537.36 (KHTML, like Gecko; compatible; ClaudeBot/1.0; +claudebot@anthropic.com)"
208.91.111.227 - - [21/Jul/2026:13:24:30 +0000] "GET /dp/202131118518 HTTP/1.1" 404 14952 "-" "Mozilla/5.0 AppleWebKit/537.36 (KHTML, like Gecko; compatible; ClaudeBot/1.0; +claudebot@anthropic.com)"
208.91.111.227 - - [21/Jul/2026:13:24:31 +0000] "GET /dp/5f5623439661 HTTP/1.1" 404 14952 "-" "Mozilla/5.0 AppleWebKit/537.36 (KHTML, like Gecko; compatible; ClaudeBot/1.0; +claudebot@anthropic.com)"
208.91.111.227 - - [21/Jul/2026:13:24:32 +0000] "GET /dp/729122921257 HTTP/1.1" 404 14952 "-" "Mozilla/5.0 AppleWebKit/537.36 (KHTML, like Gecko; compatible; ClaudeBot/1.0; +claudebot@anthropic.com)"
208.91.111.227 - - [21/Jul/2026:13:24:33 +0000] "GET /dp/514141841823 HTTP/1.1" 404 14952 "-" "Mozilla/5.0 AppleWebKit/537.36 (KHTML, like Gecko; compatible; ClaudeBot/1.0; +claudebot@anthropic.com)"
79.127.237.104 - - [21/Jul/2026:13:24:37 +0000] "GET /items/G721430590/ HTTP/2" 404 14952 "-" "Mozilla/5.0 (compatible; AhrefsBot/7.0; +http://ahrefs.com/robot/)"
79.127.237.132 - - [21/Jul/2026:13:24:46 +0000] "GET /items/G721354110/ HTTP/2" 404 14952 "-" "Mozilla/5.0 (compatible; AhrefsBot/7.0; +http://ahrefs.com/robot/)"
79.127.237.132 - - [21/Jul/2026:13:24:55 +0000] "GET /items/G721269898/ HTTP/2" 404 14952 "-" "Mozilla/5.0 (compatible; AhrefsBot/7.0; +http://ahrefs.com/robot/)"
79.127.237.132 - - [21/Jul/2026:13:25:04 +0000] "GET /items/G724486413/ HTTP/2" 404 14952 "-" "Mozilla/5.0 (compatible; AhrefsBot/7.0; +http://ahrefs.com/robot/)"
79.127.237.104 - - [21/Jul/2026:13:25:12 +0000] "GET /goods/54393239149 HTTP/2" 404 14952 "-" "Mozilla/5.0 (compatible; AhrefsBot/7.0; +http://ahrefs.com/robot/)"
143.244.38.134 - - [21/Jul/2026:13:25:22 +0000] "GET /goods/437110972107 HTTP/2" 404 14952 "-" "Mozilla/5.0 (compatible; AhrefsBot/7.0; +http://ahrefs.com/robot/)"
208.91.111.227 - - [21/Jul/2026:13:25:30 +0000] "GET /dp/470243539942 HTTP/1.1" 404 14952 "-" "Mozilla/5.0 AppleWebKit/537.36 (KHTML, like Gecko; compatible; ClaudeBot/1.0; +claudebot@anthropic.com)"
208.91.111.227 - - [21/Jul/2026:13:25:30 +0000] "GET /dp/b41792480021 HTTP/1.1" 404 14952 "-" "Mozilla/5.0 AppleWebKit/537.36 (KHTML, like Gecko; compatible; ClaudeBot/1.0; +claudebot@anthropic.com)"
