| Server IP : 198.38.94.67 / Your IP : 216.73.217.142 Web Server : LiteSpeed System : Linux d6054.dxb1.stableserver.net 5.14.0-570.25.1.el9_6.x86_64 #1 SMP PREEMPT_DYNAMIC Wed Jul 9 04:57:09 EDT 2025 x86_64 User : azfilmst ( 1070) PHP Version : 7.4.33 Disable Function : NONE MySQL : OFF | cURL : ON | WGET : ON | Perl : ON | Python : OFF | Sudo : OFF | Pkexec : OFF Directory : /home/azfilmst/access-logs/ |
Upload File : |
143.244.38.134 - - [21/Jul/2026:12:14:15 +0000] "GET /items/G722876720/ HTTP/2" 404 14952 "-" "Mozilla/5.0 (compatible; AhrefsBot/7.0; +http://ahrefs.com/robot/)"
208.91.111.227 - - [21/Jul/2026:12:14:26 +0000] "GET /sitemap-7.xml HTTP/1.1" 200 146 "-" "Mozilla/5.0 AppleWebKit/537.36 (KHTML, like Gecko; compatible; ClaudeBot/1.0; +claudebot@anthropic.com)"
143.244.38.134 - - [21/Jul/2026:12:14:37 +0000] "GET /items/G722830959/ HTTP/2" 404 14952 "-" "Mozilla/5.0 (compatible; AhrefsBot/7.0; +http://ahrefs.com/robot/)"
79.127.237.104 - - [21/Jul/2026:12:14:56 +0000] "GET /items/G722794164/ HTTP/2" 404 14952 "-" "Mozilla/5.0 (compatible; AhrefsBot/7.0; +http://ahrefs.com/robot/)"
143.244.38.134 - - [21/Jul/2026:12:15:16 +0000] "GET /items/G722712910/ HTTP/2" 404 14952 "-" "Mozilla/5.0 (compatible; AhrefsBot/7.0; +http://ahrefs.com/robot/)"
79.127.237.132 - - [21/Jul/2026:12:15:34 +0000] "GET /goods/507596828214 HTTP/2" 404 14952 "-" "Mozilla/5.0 (compatible; AhrefsBot/7.0; +http://ahrefs.com/robot/)"
79.127.237.132 - - [21/Jul/2026:12:15:58 +0000] "GET /items/G722655721/ HTTP/2" 404 14952 "-" "Mozilla/5.0 (compatible; AhrefsBot/7.0; +http://ahrefs.com/robot/)"
143.244.38.134 - - [21/Jul/2026:12:16:16 +0000] "GET /items/G722606714/ HTTP/2" 404 14952 "-" "Mozilla/5.0 (compatible; AhrefsBot/7.0; +http://ahrefs.com/robot/)"
84.17.46.53 - - [21/Jul/2026:12:16:30 +0000] "GET /wp-login.php HTTP/2" 200 1922 "-" "Mozilla/5.0 (Windows NT 10.0; Win64; x64) AppleWebKit/537.36 (KHTML, like Gecko) Chrome/150.0.0.0 Safari/537.36"
185.229.190.147 - - [21/Jul/2026:12:16:31 +0000] "POST /wp-login.php HTTP/2" 200 2073 "https://www.azfilmz.com/wp-login.php" "Mozilla/5.0 (Windows NT 10.0; Win64; x64) AppleWebKit/537.36 (KHTML, like Gecko) Chrome/150.0.0.0 Safari/537.36"
79.127.237.132 - - [21/Jul/2026:12:16:33 +0000] "GET /items/G722383391/ HTTP/2" 404 14951 "-" "Mozilla/5.0 (compatible; AhrefsBot/7.0; +http://ahrefs.com/robot/)"
79.127.237.132 - - [21/Jul/2026:12:16:50 +0000] "GET /items/G722278672/ HTTP/2" 404 14952 "-" "Mozilla/5.0 (compatible; AhrefsBot/7.0; +http://ahrefs.com/robot/)"
79.127.237.104 - - [21/Jul/2026:12:17:07 +0000] "GET /items/G721916350/ HTTP/2" 404 14951 "-" "Mozilla/5.0 (compatible; AhrefsBot/7.0; +http://ahrefs.com/robot/)"
143.244.38.134 - - [21/Jul/2026:12:17:20 +0000] "GET /items/G721713686/ HTTP/2" 404 14952 "-" "Mozilla/5.0 (compatible; AhrefsBot/7.0; +http://ahrefs.com/robot/)"
79.127.237.104 - - [21/Jul/2026:12:17:33 +0000] "GET /items/G721704809/ HTTP/2" 404 14952 "-" "Mozilla/5.0 (compatible; AhrefsBot/7.0; +http://ahrefs.com/robot/)"
79.127.237.132 - - [21/Jul/2026:12:17:53 +0000] "GET /goods/454190553151 HTTP/2" 404 14952 "-" "Mozilla/5.0 (compatible; AhrefsBot/7.0; +http://ahrefs.com/robot/)"
79.127.237.132 - - [21/Jul/2026:12:18:11 +0000] "GET /items/G721344140/ HTTP/2" 404 14952 "-" "Mozilla/5.0 (compatible; AhrefsBot/7.0; +http://ahrefs.com/robot/)"
100.42.189.89 - - [21/Jul/2026:12:18:23 +0000] "GET /wp-login.php HTTP/2" 200 1922 "-" "Mozilla/5.0 (Windows NT 10.0; Win64; x64) AppleWebKit/537.36 (KHTML, like Gecko) Chrome/150.0.0.0 Safari/537.36"
100.42.189.89 - - [21/Jul/2026:12:18:24 +0000] "POST /wp-login.php HTTP/2" 200 2051 "https://azfilmz.com.azfilmstudios.com/wp-login.php" "Mozilla/5.0 (Windows NT 10.0; Win64; x64) AppleWebKit/537.36 (KHTML, like Gecko) Chrome/150.0.0.0 Safari/537.36"
143.244.38.134 - - [21/Jul/2026:12:18:30 +0000] "GET /items/G721342881/ HTTP/2" 404 14951 "-" "Mozilla/5.0 (compatible; AhrefsBot/7.0; +http://ahrefs.com/robot/)"
79.127.237.104 - - [21/Jul/2026:12:18:45 +0000] "GET /items/G721113922/ HTTP/2" 404 14952 "-" "Mozilla/5.0 (compatible; AhrefsBot/7.0; +http://ahrefs.com/robot/)"
79.127.237.132 - - [21/Jul/2026:12:18:58 +0000] "GET /items/G721069925/ HTTP/2" 404 14952 "-" "Mozilla/5.0 (compatible; AhrefsBot/7.0; +http://ahrefs.com/robot/)"
79.127.237.104 - - [21/Jul/2026:12:19:16 +0000] "GET /items/G721026666/ HTTP/2" 404 14952 "-" "Mozilla/5.0 (compatible; AhrefsBot/7.0; +http://ahrefs.com/robot/)"
79.127.237.104 - - [21/Jul/2026:12:19:33 +0000] "GET /items/G721014366/ HTTP/2" 404 14952 "-" "Mozilla/5.0 (compatible; AhrefsBot/7.0; +http://ahrefs.com/robot/)"
79.127.237.132 - - [21/Jul/2026:12:19:50 +0000] "GET /goods/392118641329 HTTP/2" 404 14952 "-" "Mozilla/5.0 (compatible; AhrefsBot/7.0; +http://ahrefs.com/robot/)"
79.127.237.132 - - [21/Jul/2026:12:20:07 +0000] "GET /items/G724712531/ HTTP/2" 404 14952 "-" "Mozilla/5.0 (compatible; AhrefsBot/7.0; +http://ahrefs.com/robot/)"
79.127.237.132 - - [21/Jul/2026:12:20:27 +0000] "GET /items/G724520193/ HTTP/2" 404 14952 "-" "Mozilla/5.0 (compatible; AhrefsBot/7.0; +http://ahrefs.com/robot/)"
79.127.237.132 - - [21/Jul/2026:12:20:40 +0000] "GET /items/G724362525/ HTTP/2" 404 14952 "-" "Mozilla/5.0 (compatible; AhrefsBot/7.0; +http://ahrefs.com/robot/)"
79.127.237.104 - - [21/Jul/2026:12:20:58 +0000] "GET /items/G724334029/ HTTP/2" 404 14952 "-" "Mozilla/5.0 (compatible; AhrefsBot/7.0; +http://ahrefs.com/robot/)"
79.127.237.104 - - [21/Jul/2026:12:21:18 +0000] "GET /goods/354826812448 HTTP/2" 404 14951 "-" "Mozilla/5.0 (compatible; AhrefsBot/7.0; +http://ahrefs.com/robot/)"
79.127.237.104 - - [21/Jul/2026:12:21:38 +0000] "GET /items/G724332369/ HTTP/2" 404 14952 "-" "Mozilla/5.0 (compatible; AhrefsBot/7.0; +http://ahrefs.com/robot/)"
208.91.111.227 - - [21/Jul/2026:12:21:57 +0000] "GET /sitemap-4.xml HTTP/1.1" 200 146 "-" "Mozilla/5.0 AppleWebKit/537.36 (KHTML, like Gecko; compatible; ClaudeBot/1.0; +claudebot@anthropic.com)"
143.244.38.134 - - [21/Jul/2026:12:21:58 +0000] "GET /goods/152980890515 HTTP/2" 404 14952 "-" "Mozilla/5.0 (compatible; AhrefsBot/7.0; +http://ahrefs.com/robot/)"
208.91.111.227 - - [21/Jul/2026:12:22:11 +0000] "GET /dp/290f62075821 HTTP/1.1" 404 14952 "-" "Mozilla/5.0 AppleWebKit/537.36 (KHTML, like Gecko; compatible; ClaudeBot/1.0; +claudebot@anthropic.com)"
208.91.111.227 - - [21/Jul/2026:12:22:11 +0000] "GET /dp/a34312019306 HTTP/1.1" 404 14952 "-" "Mozilla/5.0 AppleWebKit/537.36 (KHTML, like Gecko; compatible; ClaudeBot/1.0; +claudebot@anthropic.com)"
208.91.111.227 - - [21/Jul/2026:12:22:12 +0000] "GET /dp/5f2d82666216 HTTP/1.1" 404 14952 "-" "Mozilla/5.0 AppleWebKit/537.36 (KHTML, like Gecko; compatible; ClaudeBot/1.0; +claudebot@anthropic.com)"
208.91.111.227 - - [21/Jul/2026:12:22:13 +0000] "GET /dp/7de503465141 HTTP/1.1" 404 14952 "-" "Mozilla/5.0 AppleWebKit/537.36 (KHTML, like Gecko; compatible; ClaudeBot/1.0; +claudebot@anthropic.com)"
79.127.237.132 - - [21/Jul/2026:12:22:15 +0000] "GET /items/G723752796/ HTTP/2" 404 14952 "-" "Mozilla/5.0 (compatible; AhrefsBot/7.0; +http://ahrefs.com/robot/)"
208.91.111.227 - - [21/Jul/2026:12:22:19 +0000] "GET /dp/fbd56283912 HTTP/1.1" 404 14952 "-" "Mozilla/5.0 AppleWebKit/537.36 (KHTML, like Gecko; compatible; ClaudeBot/1.0; +claudebot@anthropic.com)"
208.91.111.227 - - [21/Jul/2026:12:22:20 +0000] "GET /dp/43a1a184485 HTTP/1.1" 404 14952 "-" "Mozilla/5.0 AppleWebKit/537.36 (KHTML, like Gecko; compatible; ClaudeBot/1.0; +claudebot@anthropic.com)"
208.91.111.227 - - [21/Jul/2026:12:22:21 +0000] "GET /dp/178c62904420 HTTP/1.1" 404 14952 "-" "Mozilla/5.0 AppleWebKit/537.36 (KHTML, like Gecko; compatible; ClaudeBot/1.0; +claudebot@anthropic.com)"
208.91.111.227 - - [21/Jul/2026:12:22:22 +0000] "GET /dp/b3b201658118 HTTP/1.1" 404 14952 "-" "Mozilla/5.0 AppleWebKit/537.36 (KHTML, like Gecko; compatible; ClaudeBot/1.0; +claudebot@anthropic.com)"
138.199.24.219 - - [21/Jul/2026:12:22:32 +0000] "GET /items/G722386128/ HTTP/2" 404 14952 "-" "Mozilla/5.0 (compatible; YandexBot/3.0; +http://yandex.com/bots)"
79.127.237.104 - - [21/Jul/2026:12:22:36 +0000] "GET /goods/138765429526 HTTP/2" 404 14952 "-" "Mozilla/5.0 (compatible; AhrefsBot/7.0; +http://ahrefs.com/robot/)"
79.127.237.104 - - [21/Jul/2026:12:22:54 +0000] "GET /goods/442261251380 HTTP/2" 404 14952 "-" "Mozilla/5.0 (compatible; AhrefsBot/7.0; +http://ahrefs.com/robot/)"
208.91.111.227 - - [21/Jul/2026:12:22:57 +0000] "GET /dp/2d2612557970 HTTP/1.1" 404 14952 "-" "Mozilla/5.0 AppleWebKit/537.36 (KHTML, like Gecko; compatible; ClaudeBot/1.0; +claudebot@anthropic.com)"
208.91.111.227 - - [21/Jul/2026:12:22:58 +0000] "GET /dp/eda271408428 HTTP/1.1" 404 14952 "-" "Mozilla/5.0 AppleWebKit/537.36 (KHTML, like Gecko; compatible; ClaudeBot/1.0; +claudebot@anthropic.com)"
208.91.111.227 - - [21/Jul/2026:12:22:59 +0000] "GET /dp/69e8b2216513 HTTP/1.1" 404 14952 "-" "Mozilla/5.0 AppleWebKit/537.36 (KHTML, like Gecko; compatible; ClaudeBot/1.0; +claudebot@anthropic.com)"
208.91.111.227 - - [21/Jul/2026:12:23:00 +0000] "GET /dp/9e62d784297 HTTP/1.1" 404 14952 "-" "Mozilla/5.0 AppleWebKit/537.36 (KHTML, like Gecko; compatible; ClaudeBot/1.0; +claudebot@anthropic.com)"
79.127.237.132 - - [21/Jul/2026:12:23:11 +0000] "GET /items/G723397774/ HTTP/2" 404 14952 "-" "Mozilla/5.0 (compatible; AhrefsBot/7.0; +http://ahrefs.com/robot/)"
79.127.237.132 - - [21/Jul/2026:12:23:31 +0000] "GET /goods/143407444562 HTTP/2" 404 14952 "-" "Mozilla/5.0 (compatible; AhrefsBot/7.0; +http://ahrefs.com/robot/)"
79.127.237.104 - - [21/Jul/2026:12:23:46 +0000] "GET /items/G723307286/ HTTP/2" 404 14952 "-" "Mozilla/5.0 (compatible; AhrefsBot/7.0; +http://ahrefs.com/robot/)"
138.199.46.65 - - [21/Jul/2026:12:23:51 +0000] "GET /items/G722273316/ HTTP/2" 404 14952 "-" "Mozilla/5.0 (compatible; YandexBot/3.0; +http://yandex.com/bots)"
208.91.111.227 - - [21/Jul/2026:12:23:59 +0000] "GET /dp/ade771442777 HTTP/1.1" 404 14952 "-" "Mozilla/5.0 AppleWebKit/537.36 (KHTML, like Gecko; compatible; ClaudeBot/1.0; +claudebot@anthropic.com)"
208.91.111.227 - - [21/Jul/2026:12:23:59 +0000] "GET /dp/6d0c3513416 HTTP/1.1" 404 14951 "-" "Mozilla/5.0 AppleWebKit/537.36 (KHTML, like Gecko; compatible; ClaudeBot/1.0; +claudebot@anthropic.com)"
143.244.38.134 - - [21/Jul/2026:12:23:59 +0000] "GET /goods/510300029476 HTTP/2" 404 14952 "-" "Mozilla/5.0 (compatible; AhrefsBot/7.0; +http://ahrefs.com/robot/)"
208.91.111.227 - - [21/Jul/2026:12:24:01 +0000] "GET /dp/896a52725906 HTTP/1.1" 404 14952 "-" "Mozilla/5.0 AppleWebKit/537.36 (KHTML, like Gecko; compatible; ClaudeBot/1.0; +claudebot@anthropic.com)"
208.91.111.227 - - [21/Jul/2026:12:24:01 +0000] "GET /dp/93eb6141713 HTTP/1.1" 404 14952 "-" "Mozilla/5.0 AppleWebKit/537.36 (KHTML, like Gecko; compatible; ClaudeBot/1.0; +claudebot@anthropic.com)"
79.127.237.132 - - [21/Jul/2026:12:24:14 +0000] "GET /items/G724530167/ HTTP/2" 404 14952 "-" "Mozilla/5.0 (compatible; AhrefsBot/7.0; +http://ahrefs.com/robot/)"
79.127.237.132 - - [21/Jul/2026:12:24:28 +0000] "GET /items/G724498321/ HTTP/2" 404 14952 "-" "Mozilla/5.0 (compatible; AhrefsBot/7.0; +http://ahrefs.com/robot/)"
143.244.38.134 - - [21/Jul/2026:12:24:39 +0000] "GET /goods/319468803297 HTTP/2" 404 14952 "-" "Mozilla/5.0 (compatible; AhrefsBot/7.0; +http://ahrefs.com/robot/)"
208.91.111.227 - - [21/Jul/2026:12:24:40 +0000] "GET /dp/68f0c1401212 HTTP/1.1" 404 14952 "-" "Mozilla/5.0 AppleWebKit/537.36 (KHTML, like Gecko; compatible; ClaudeBot/1.0; +claudebot@anthropic.com)"
208.91.111.227 - - [21/Jul/2026:12:24:40 +0000] "GET /dp/19ae53173559 HTTP/1.1" 404 14952 "-" "Mozilla/5.0 AppleWebKit/537.36 (KHTML, like Gecko; compatible; ClaudeBot/1.0; +claudebot@anthropic.com)"
208.91.111.227 - - [21/Jul/2026:12:24:42 +0000] "GET /dp/d6cd8368215 HTTP/1.1" 404 14952 "-" "Mozilla/5.0 AppleWebKit/537.36 (KHTML, like Gecko; compatible; ClaudeBot/1.0; +claudebot@anthropic.com)"
208.91.111.227 - - [21/Jul/2026:12:24:42 +0000] "GET /dp/422fa1384855 HTTP/1.1" 404 14951 "-" "Mozilla/5.0 AppleWebKit/537.36 (KHTML, like Gecko; compatible; ClaudeBot/1.0; +claudebot@anthropic.com)"
208.91.111.227 - - [21/Jul/2026:12:24:47 +0000] "GET /dp/4975d3537374 HTTP/1.1" 404 14952 "-" "Mozilla/5.0 AppleWebKit/537.36 (KHTML, like Gecko; compatible; ClaudeBot/1.0; +claudebot@anthropic.com)"
208.91.111.227 - - [21/Jul/2026:12:24:47 +0000] "GET /dp/4d969440674 HTTP/1.1" 404 14952 "-" "Mozilla/5.0 AppleWebKit/537.36 (KHTML, like Gecko; compatible; ClaudeBot/1.0; +claudebot@anthropic.com)"
208.91.111.227 - - [21/Jul/2026:12:24:49 +0000] "GET /dp/5d21b987212 HTTP/1.1" 404 14952 "-" "Mozilla/5.0 AppleWebKit/537.36 (KHTML, like Gecko; compatible; ClaudeBot/1.0; +claudebot@anthropic.com)"
79.127.237.132 - - [21/Jul/2026:12:24:49 +0000] "GET /items/G723299808/ HTTP/2" 404 14952 "-" "Mozilla/5.0 (compatible; AhrefsBot/7.0; +http://ahrefs.com/robot/)"
208.91.111.227 - - [21/Jul/2026:12:24:49 +0000] "GET /dp/d8213961783 HTTP/1.1" 404 14952 "-" "Mozilla/5.0 AppleWebKit/537.36 (KHTML, like Gecko; compatible; ClaudeBot/1.0; +claudebot@anthropic.com)"
79.127.237.104 - - [21/Jul/2026:12:24:58 +0000] "GET /items/G724194004/ HTTP/2" 404 14952 "-" "Mozilla/5.0 (compatible; AhrefsBot/7.0; +http://ahrefs.com/robot/)"
79.127.237.104 - - [21/Jul/2026:12:25:08 +0000] "GET /items/G723207700/ HTTP/2" 404 14952 "-" "Mozilla/5.0 (compatible; AhrefsBot/7.0; +http://ahrefs.com/robot/)"
143.244.38.134 - - [21/Jul/2026:12:25:16 +0000] "GET /goods/201616292518 HTTP/2" 404 14952 "-" "Mozilla/5.0 (compatible; AhrefsBot/7.0; +http://ahrefs.com/robot/)"
79.127.237.104 - - [21/Jul/2026:12:25:25 +0000] "GET /items/G723180702/ HTTP/2" 404 14952 "-" "Mozilla/5.0 (compatible; AhrefsBot/7.0; +http://ahrefs.com/robot/)"
208.91.111.227 - - [21/Jul/2026:12:25:29 +0000] "GET /dp/3d060161216 HTTP/1.1" 404 14952 "-" "Mozilla/5.0 AppleWebKit/537.36 (KHTML, like Gecko; compatible; ClaudeBot/1.0; +claudebot@anthropic.com)"
208.91.111.227 - - [21/Jul/2026:12:25:30 +0000] "GET /dp/f77832324229 HTTP/1.1" 404 14952 "-" "Mozilla/5.0 AppleWebKit/537.36 (KHTML, like Gecko; compatible; ClaudeBot/1.0; +claudebot@anthropic.com)"
208.91.111.227 - - [21/Jul/2026:12:25:31 +0000] "GET /dp/92ee81003810 HTTP/1.1" 404 14952 "-" "Mozilla/5.0 AppleWebKit/537.36 (KHTML, like Gecko; compatible; ClaudeBot/1.0; +claudebot@anthropic.com)"
208.91.111.227 - - [21/Jul/2026:12:25:31 +0000] "GET /dp/9eaa42742804 HTTP/1.1" 404 14952 "-" "Mozilla/5.0 AppleWebKit/537.36 (KHTML, like Gecko; compatible; ClaudeBot/1.0; +claudebot@anthropic.com)"
79.127.237.104 - - [21/Jul/2026:12:25:34 +0000] "GET /goods/95491518448 HTTP/2" 404 14952 "-" "Mozilla/5.0 (compatible; AhrefsBot/7.0; +http://ahrefs.com/robot/)"
208.91.111.227 - - [21/Jul/2026:12:25:41 +0000] "GET /dp/71f172952610 HTTP/1.1" 404 14952 "-" "Mozilla/5.0 AppleWebKit/537.36 (KHTML, like Gecko; compatible; ClaudeBot/1.0; +claudebot@anthropic.com)"
208.91.111.227 - - [21/Jul/2026:12:25:41 +0000] "GET /dp/02c011979251 HTTP/1.1" 404 14952 "-" "Mozilla/5.0 AppleWebKit/537.36 (KHTML, like Gecko; compatible; ClaudeBot/1.0; +claudebot@anthropic.com)"
208.91.111.227 - - [21/Jul/2026:12:25:43 +0000] "GET /dp/13fb51605406 HTTP/1.1" 404 14952 "-" "Mozilla/5.0 AppleWebKit/537.36 (KHTML, like Gecko; compatible; ClaudeBot/1.0; +claudebot@anthropic.com)"
79.127.237.104 - - [21/Jul/2026:12:25:43 +0000] "GET /items/G723163049/ HTTP/2" 404 14952 "-" "Mozilla/5.0 (compatible; AhrefsBot/7.0; +http://ahrefs.com/robot/)"
208.91.111.227 - - [21/Jul/2026:12:25:43 +0000] "GET /dp/8698a472208 HTTP/1.1" 404 14952 "-" "Mozilla/5.0 AppleWebKit/537.36 (KHTML, like Gecko; compatible; ClaudeBot/1.0; +claudebot@anthropic.com)"
168.138.197.172 - - [21/Jul/2026:12:25:45 +0000] "GET /wp-login.php HTTP/2" 200 1922 "-" "Mozilla/5.0 (Windows NT 10.0; Win64; x64) AppleWebKit/537.36 (KHTML, like Gecko) Chrome/150.0.0.0 Safari/537.36"
168.138.197.172 - - [21/Jul/2026:12:25:46 +0000] "POST /wp-login.php HTTP/2" 200 2073 "https://azfilmz.com.azfilmstudios.com/wp-login.php" "Mozilla/5.0 (Windows NT 10.0; Win64; x64) AppleWebKit/537.36 (KHTML, like Gecko) Chrome/150.0.0.0 Safari/537.36"
79.127.237.104 - - [21/Jul/2026:12:25:53 +0000] "GET /goods/351840022756 HTTP/2" 404 14952 "-" "Mozilla/5.0 (compatible; AhrefsBot/7.0; +http://ahrefs.com/robot/)"
79.127.237.104 - - [21/Jul/2026:12:26:02 +0000] "GET /items/G724020989/ HTTP/2" 404 14952 "-" "Mozilla/5.0 (compatible; AhrefsBot/7.0; +http://ahrefs.com/robot/)"
84.17.46.53 - - [21/Jul/2026:12:26:05 +0000] "GET /wp-login.php HTTP/2" 200 1922 "-" "Mozilla/5.0 (Windows NT 10.0; Win64; x64) AppleWebKit/537.36 (KHTML, like Gecko) Chrome/150.0.0.0 Safari/537.36"
185.229.190.147 - - [21/Jul/2026:12:26:06 +0000] "POST /wp-login.php HTTP/2" 200 2073 "https://azfilmz.com/wp-login.php" "Mozilla/5.0 (Windows NT 10.0; Win64; x64) AppleWebKit/537.36 (KHTML, like Gecko) Chrome/150.0.0.0 Safari/537.36"
143.244.38.134 - - [21/Jul/2026:12:26:11 +0000] "GET /goods/347991757396 HTTP/2" 404 14952 "-" "Mozilla/5.0 (compatible; AhrefsBot/7.0; +http://ahrefs.com/robot/)"
208.91.111.227 - - [21/Jul/2026:12:26:16 +0000] "GET /dp/d3229186056 HTTP/1.1" 404 14952 "-" "Mozilla/5.0 AppleWebKit/537.36 (KHTML, like Gecko; compatible; ClaudeBot/1.0; +claudebot@anthropic.com)"
208.91.111.227 - - [21/Jul/2026:12:26:17 +0000] "GET /dp/2d0811671492 HTTP/1.1" 404 14952 "-" "Mozilla/5.0 AppleWebKit/537.36 (KHTML, like Gecko; compatible; ClaudeBot/1.0; +claudebot@anthropic.com)"
208.91.111.227 - - [21/Jul/2026:12:26:18 +0000] "GET /dp/97141190853 HTTP/1.1" 404 14952 "-" "Mozilla/5.0 AppleWebKit/537.36 (KHTML, like Gecko; compatible; ClaudeBot/1.0; +claudebot@anthropic.com)"
208.91.111.227 - - [21/Jul/2026:12:26:19 +0000] "GET /dp/780e11051338 HTTP/1.1" 404 14952 "-" "Mozilla/5.0 AppleWebKit/537.36 (KHTML, like Gecko; compatible; ClaudeBot/1.0; +claudebot@anthropic.com)"
143.244.38.134 - - [21/Jul/2026:12:26:21 +0000] "GET /items/G723158895/ HTTP/2" 404 14952 "-" "Mozilla/5.0 (compatible; AhrefsBot/7.0; +http://ahrefs.com/robot/)"
79.127.237.132 - - [21/Jul/2026:12:26:30 +0000] "GET /items/G723764698/ HTTP/2" 404 14952 "-" "Mozilla/5.0 (compatible; AhrefsBot/7.0; +http://ahrefs.com/robot/)"
143.244.38.134 - - [21/Jul/2026:12:26:38 +0000] "GET /goods/76838096278 HTTP/2" 404 14952 "-" "Mozilla/5.0 (compatible; AhrefsBot/7.0; +http://ahrefs.com/robot/)"
79.127.237.104 - - [21/Jul/2026:12:26:47 +0000] "GET /items/G723401589/ HTTP/2" 404 14952 "-" "Mozilla/5.0 (compatible; AhrefsBot/7.0; +http://ahrefs.com/robot/)"
143.244.38.134 - - [21/Jul/2026:12:26:57 +0000] "GET /items/G722741519/ HTTP/2" 404 14952 "-" "Mozilla/5.0 (compatible; AhrefsBot/7.0; +http://ahrefs.com/robot/)"
208.91.111.227 - - [21/Jul/2026:12:26:57 +0000] "GET /dp/1a3671327192 HTTP/1.1" 404 14952 "-" "Mozilla/5.0 AppleWebKit/537.36 (KHTML, like Gecko; compatible; ClaudeBot/1.0; +claudebot@anthropic.com)"
208.91.111.227 - - [21/Jul/2026:12:26:57 +0000] "GET /dp/876311732736 HTTP/1.1" 404 14952 "-" "Mozilla/5.0 AppleWebKit/537.36 (KHTML, like Gecko; compatible; ClaudeBot/1.0; +claudebot@anthropic.com)"
208.91.111.227 - - [21/Jul/2026:12:26:59 +0000] "GET /dp/4f285725561 HTTP/1.1" 404 14952 "-" "Mozilla/5.0 AppleWebKit/537.36 (KHTML, like Gecko; compatible; ClaudeBot/1.0; +claudebot@anthropic.com)"
208.91.111.227 - - [21/Jul/2026:12:26:59 +0000] "GET /dp/326b4495812 HTTP/1.1" 404 14952 "-" "Mozilla/5.0 AppleWebKit/537.36 (KHTML, like Gecko; compatible; ClaudeBot/1.0; +claudebot@anthropic.com)"
185.111.111.158 - - [21/Jul/2026:12:27:01 +0000] "GET /dp/88fb89079 HTTP/2" 404 14952 "-" "Mozilla/5.0 (compatible; SERankingBacklinksBot/1.0; +https://seranking.com/backlinks-crawler)"
79.127.237.132 - - [21/Jul/2026:12:27:06 +0000] "GET /items/G723306725/ HTTP/2" 404 14952 "-" "Mozilla/5.0 (compatible; AhrefsBot/7.0; +http://ahrefs.com/robot/)"
208.91.111.227 - - [21/Jul/2026:12:27:07 +0000] "GET /dp/a4eb4931594 HTTP/1.1" 404 14952 "-" "Mozilla/5.0 AppleWebKit/537.36 (KHTML, like Gecko; compatible; ClaudeBot/1.0; +claudebot@anthropic.com)"
208.91.111.227 - - [21/Jul/2026:12:27:08 +0000] "GET /dp/97176969614 HTTP/1.1" 404 14952 "-" "Mozilla/5.0 AppleWebKit/537.36 (KHTML, like Gecko; compatible; ClaudeBot/1.0; +claudebot@anthropic.com)"
208.91.111.227 - - [21/Jul/2026:12:27:09 +0000] "GET /dp/2240a2894818 HTTP/1.1" 404 14952 "-" "Mozilla/5.0 AppleWebKit/537.36 (KHTML, like Gecko; compatible; ClaudeBot/1.0; +claudebot@anthropic.com)"
208.91.111.227 - - [21/Jul/2026:12:27:10 +0000] "GET /dp/8c76d38965 HTTP/1.1" 404 14952 "-" "Mozilla/5.0 AppleWebKit/537.36 (KHTML, like Gecko; compatible; ClaudeBot/1.0; +claudebot@anthropic.com)"
84.17.63.178 - - [21/Jul/2026:12:27:13 +0000] "GET /video/ghoster-2022 HTTP/2" 301 5 "-" "Mozilla/5.0 AppleWebKit/537.36 (KHTML, like Gecko; compatible; SleepBot/1.0; +http://sleepbot.com/) Chrome/131.0.0.0 Safari/537.36"
84.17.63.178 - - [21/Jul/2026:12:27:14 +0000] "GET /video/ghoster-2022/ HTTP/2" 200 18048 "https://azfilmz.com/video/ghoster-2022" "Mozilla/5.0 AppleWebKit/537.36 (KHTML, like Gecko; compatible; SleepBot/1.0; +http://sleepbot.com/) Chrome/131.0.0.0 Safari/537.36"
79.127.237.104 - - [21/Jul/2026:12:27:16 +0000] "GET /goods/481700455293 HTTP/2" 404 14952 "-" "Mozilla/5.0 (compatible; AhrefsBot/7.0; +http://ahrefs.com/robot/)"
79.127.237.104 - - [21/Jul/2026:12:27:25 +0000] "GET /goods/457188527419 HTTP/2" 404 14952 "-" "Mozilla/5.0 (compatible; AhrefsBot/7.0; +http://ahrefs.com/robot/)"
79.127.237.104 - - [21/Jul/2026:12:27:34 +0000] "GET /items/G723201256/ HTTP/2" 404 14952 "-" "Mozilla/5.0 (compatible; AhrefsBot/7.0; +http://ahrefs.com/robot/)"
208.91.111.227 - - [21/Jul/2026:12:27:40 +0000] "GET /dp/2e8842905523 HTTP/1.1" 404 14952 "-" "Mozilla/5.0 AppleWebKit/537.36 (KHTML, like Gecko; compatible; ClaudeBot/1.0; +claudebot@anthropic.com)"
208.91.111.227 - - [21/Jul/2026:12:27:41 +0000] "GET /dp/ce060893151 HTTP/1.1" 404 14952 "-" "Mozilla/5.0 AppleWebKit/537.36 (KHTML, like Gecko; compatible; ClaudeBot/1.0; +claudebot@anthropic.com)"
208.91.111.227 - - [21/Jul/2026:12:27:42 +0000] "GET /dp/5e63b1164057 HTTP/1.1" 404 14952 "-" "Mozilla/5.0 AppleWebKit/537.36 (KHTML, like Gecko; compatible; ClaudeBot/1.0; +claudebot@anthropic.com)"
208.91.111.227 - - [21/Jul/2026:12:27:43 +0000] "GET /dp/2333d242278 HTTP/1.1" 404 14952 "-" "Mozilla/5.0 AppleWebKit/537.36 (KHTML, like Gecko; compatible; ClaudeBot/1.0; +claudebot@anthropic.com)"
143.244.38.134 - - [21/Jul/2026:12:27:43 +0000] "GET /items/G722560402/ HTTP/2" 404 14952 "-" "Mozilla/5.0 (compatible; AhrefsBot/7.0; +http://ahrefs.com/robot/)"
79.127.237.132 - - [21/Jul/2026:12:27:52 +0000] "GET /items/G722495950/ HTTP/2" 404 14952 "-" "Mozilla/5.0 (compatible; AhrefsBot/7.0; +http://ahrefs.com/robot/)"
79.127.237.104 - - [21/Jul/2026:12:28:01 +0000] "GET /items/G722459707/ HTTP/2" 404 14952 "-" "Mozilla/5.0 (compatible; AhrefsBot/7.0; +http://ahrefs.com/robot/)"
143.244.38.134 - - [21/Jul/2026:12:28:11 +0000] "GET /goods/377681764638 HTTP/2" 404 14952 "-" "Mozilla/5.0 (compatible; AhrefsBot/7.0; +http://ahrefs.com/robot/)"
37.19.207.37 - - [21/Jul/2026:12:28:11 +0000] "GET /video/angels-fallen/ HTTP/2" 200 18121 "-" "Mozilla/5.0 AppleWebKit/537.36 (KHTML, like Gecko; compatible; Amazonbot/0.1; +https://developer.amazon.com/support/amazonbot) Chrome/119.0.6045.214 Safari/537.36"
37.19.207.34 - - [21/Jul/2026:12:28:14 +0000] "GET /wp-content/uploads/2025/08/Escape-From-Love.jpg HTTP/2" 200 61553 "-" "Mozilla/5.0 AppleWebKit/537.36 (KHTML, like Gecko; compatible; Amazonbot/0.1; +https://developer.amazon.com/support/amazonbot) Chrome/119.0.6045.214 Safari/537.36"
37.19.207.37 - - [21/Jul/2026:12:28:18 +0000] "GET /wp-content/uploads/2025/08/Euro-Club_00000_00000.jpg HTTP/2" 200 72428 "-" "Mozilla/5.0 AppleWebKit/537.36 (KHTML, like Gecko; compatible; Amazonbot/0.1; +https://developer.amazon.com/support/amazonbot) Chrome/119.0.6045.214 Safari/537.36"
143.244.38.134 - - [21/Jul/2026:12:28:20 +0000] "GET /items/G723196619/ HTTP/2" 404 14952 "-" "Mozilla/5.0 (compatible; AhrefsBot/7.0; +http://ahrefs.com/robot/)"
37.19.207.34 - - [21/Jul/2026:12:28:22 +0000] "GET /wp-content/uploads/2025/08/Maul-Dogs_00000-1.jpg HTTP/2" 200 81781 "-" "Mozilla/5.0 AppleWebKit/537.36 (KHTML, like Gecko; compatible; Amazonbot/0.1; +https://developer.amazon.com/support/amazonbot) Chrome/119.0.6045.214 Safari/537.36"
143.244.38.134 - - [21/Jul/2026:12:28:29 +0000] "GET /goods/499253608664 HTTP/2" 404 14952 "-" "Mozilla/5.0 (compatible; AhrefsBot/7.0; +http://ahrefs.com/robot/)"
208.91.111.227 - - [21/Jul/2026:12:28:34 +0000] "GET /dp/f9c6e1592092 HTTP/1.1" 404 14952 "-" "Mozilla/5.0 AppleWebKit/537.36 (KHTML, like Gecko; compatible; ClaudeBot/1.0; +claudebot@anthropic.com)"
208.91.111.227 - - [21/Jul/2026:12:28:34 +0000] "GET /dp/a82491406765 HTTP/1.1" 404 14952 "-" "Mozilla/5.0 AppleWebKit/537.36 (KHTML, like Gecko; compatible; ClaudeBot/1.0; +claudebot@anthropic.com)"
208.91.111.227 - - [21/Jul/2026:12:28:36 +0000] "GET /dp/987211554659 HTTP/1.1" 404 14952 "-" "Mozilla/5.0 AppleWebKit/537.36 (KHTML, like Gecko; compatible; ClaudeBot/1.0; +claudebot@anthropic.com)"
208.91.111.227 - - [21/Jul/2026:12:28:37 +0000] "GET /dp/565771653207 HTTP/1.1" 404 14952 "-" "Mozilla/5.0 AppleWebKit/537.36 (KHTML, like Gecko; compatible; ClaudeBot/1.0; +claudebot@anthropic.com)"
143.244.38.134 - - [21/Jul/2026:12:28:38 +0000] "GET /items/G722927736/ HTTP/2" 404 14952 "-" "Mozilla/5.0 (compatible; AhrefsBot/7.0; +http://ahrefs.com/robot/)"
208.91.111.227 - - [21/Jul/2026:12:28:46 +0000] "GET /dp/68533293864 HTTP/1.1" 404 14952 "-" "Mozilla/5.0 AppleWebKit/537.36 (KHTML, like Gecko; compatible; ClaudeBot/1.0; +claudebot@anthropic.com)"
208.91.111.227 - - [21/Jul/2026:12:28:46 +0000] "GET /dp/8f6b7888679 HTTP/1.1" 404 14952 "-" "Mozilla/5.0 AppleWebKit/537.36 (KHTML, like Gecko; compatible; ClaudeBot/1.0; +claudebot@anthropic.com)"
79.127.237.104 - - [21/Jul/2026:12:28:47 +0000] "GET /goods/212792176188 HTTP/2" 404 14952 "-" "Mozilla/5.0 (compatible; AhrefsBot/7.0; +http://ahrefs.com/robot/)"
208.91.111.227 - - [21/Jul/2026:12:28:48 +0000] "GET /dp/09c711360334 HTTP/1.1" 404 14952 "-" "Mozilla/5.0 AppleWebKit/537.36 (KHTML, like Gecko; compatible; ClaudeBot/1.0; +claudebot@anthropic.com)"
208.91.111.227 - - [21/Jul/2026:12:28:48 +0000] "GET /dp/471df581483 HTTP/1.1" 404 14952 "-" "Mozilla/5.0 AppleWebKit/537.36 (KHTML, like Gecko; compatible; ClaudeBot/1.0; +claudebot@anthropic.com)"
79.127.237.104 - - [21/Jul/2026:12:28:56 +0000] "GET /items/G722804018/ HTTP/2" 404 14952 "-" "Mozilla/5.0 (compatible; AhrefsBot/7.0; +http://ahrefs.com/robot/)"
79.127.237.104 - - [21/Jul/2026:12:29:05 +0000] "GET /items/G722356313/ HTTP/2" 404 14952 "-" "Mozilla/5.0 (compatible; AhrefsBot/7.0; +http://ahrefs.com/robot/)"
79.127.237.104 - - [21/Jul/2026:12:29:15 +0000] "GET /items/G722218202/ HTTP/2" 404 14952 "-" "Mozilla/5.0 (compatible; AhrefsBot/7.0; +http://ahrefs.com/robot/)"
79.127.237.132 - - [21/Jul/2026:12:29:24 +0000] "GET /goods/151250733584 HTTP/2" 404 14952 "-" "Mozilla/5.0 (compatible; AhrefsBot/7.0; +http://ahrefs.com/robot/)"
79.127.237.132 - - [21/Jul/2026:12:29:34 +0000] "GET /items/G722240660/ HTTP/2" 404 14952 "-" "Mozilla/5.0 (compatible; AhrefsBot/7.0; +http://ahrefs.com/robot/)"
79.127.237.104 - - [21/Jul/2026:12:29:42 +0000] "GET /items/G722002064/ HTTP/2" 404 14952 "-" "Mozilla/5.0 (compatible; AhrefsBot/7.0; +http://ahrefs.com/robot/)"
208.91.111.227 - - [21/Jul/2026:12:29:46 +0000] "GET /dp/264b7177167 HTTP/1.1" 404 14951 "-" "Mozilla/5.0 AppleWebKit/537.36 (KHTML, like Gecko; compatible; ClaudeBot/1.0; +claudebot@anthropic.com)"
208.91.111.227 - - [21/Jul/2026:12:29:46 +0000] "GET /dp/e57e82034324 HTTP/1.1" 404 14952 "-" "Mozilla/5.0 AppleWebKit/537.36 (KHTML, like Gecko; compatible; ClaudeBot/1.0; +claudebot@anthropic.com)"
208.91.111.227 - - [21/Jul/2026:12:29:47 +0000] "GET /dp/4648f682930 HTTP/1.1" 404 14952 "-" "Mozilla/5.0 AppleWebKit/537.36 (KHTML, like Gecko; compatible; ClaudeBot/1.0; +claudebot@anthropic.com)"
208.91.111.227 - - [21/Jul/2026:12:29:48 +0000] "GET /dp/3f8b91828448 HTTP/1.1" 404 14952 "-" "Mozilla/5.0 AppleWebKit/537.36 (KHTML, like Gecko; compatible; ClaudeBot/1.0; +claudebot@anthropic.com)"
143.244.38.134 - - [21/Jul/2026:12:29:52 +0000] "GET /items/G721313814/ HTTP/2" 404 14952 "-" "Mozilla/5.0 (compatible; AhrefsBot/7.0; +http://ahrefs.com/robot/)"
79.127.237.132 - - [21/Jul/2026:12:30:00 +0000] "GET /items/G721122727/ HTTP/2" 404 14952 "-" "Mozilla/5.0 (compatible; AhrefsBot/7.0; +http://ahrefs.com/robot/)"
79.127.237.104 - - [21/Jul/2026:12:30:08 +0000] "GET /goods/7566431106 HTTP/2" 404 14952 "-" "Mozilla/5.0 (compatible; AhrefsBot/7.0; +http://ahrefs.com/robot/)"
79.127.237.132 - - [21/Jul/2026:12:30:16 +0000] "GET /goods/51148149577 HTTP/2" 404 14952 "-" "Mozilla/5.0 (compatible; AhrefsBot/7.0; +http://ahrefs.com/robot/)"
79.127.237.104 - - [21/Jul/2026:12:30:23 +0000] "GET /items/G721960226/ HTTP/2" 404 14952 "-" "Mozilla/5.0 (compatible; AhrefsBot/7.0; +http://ahrefs.com/robot/)"
208.91.111.227 - - [21/Jul/2026:12:30:27 +0000] "GET /dp/520303150382 HTTP/1.1" 404 14951 "-" "Mozilla/5.0 AppleWebKit/537.36 (KHTML, like Gecko; compatible; ClaudeBot/1.0; +claudebot@anthropic.com)"
208.91.111.227 - - [21/Jul/2026:12:30:28 +0000] "GET /dp/1429e1206404 HTTP/1.1" 404 14952 "-" "Mozilla/5.0 AppleWebKit/537.36 (KHTML, like Gecko; compatible; ClaudeBot/1.0; +claudebot@anthropic.com)"
208.91.111.227 - - [21/Jul/2026:12:30:29 +0000] "GET /dp/695861394481 HTTP/1.1" 404 14952 "-" "Mozilla/5.0 AppleWebKit/537.36 (KHTML, like Gecko; compatible; ClaudeBot/1.0; +claudebot@anthropic.com)"
208.91.111.227 - - [21/Jul/2026:12:30:30 +0000] "GET /dp/276802381075 HTTP/1.1" 404 14952 "-" "Mozilla/5.0 AppleWebKit/537.36 (KHTML, like Gecko; compatible; ClaudeBot/1.0; +claudebot@anthropic.com)"
143.244.38.134 - - [21/Jul/2026:12:30:31 +0000] "GET /items/G721860329/ HTTP/2" 404 14952 "-" "Mozilla/5.0 (compatible; AhrefsBot/7.0; +http://ahrefs.com/robot/)"
84.17.46.53 - - [21/Jul/2026:12:30:36 +0000] "GET /wp-login.php HTTP/2" 200 1922 "-" "Mozilla/5.0 (Windows NT 10.0; Win64; x64) AppleWebKit/537.36 (KHTML, like Gecko) Chrome/150.0.0.0 Safari/537.36"
185.229.190.148 - - [21/Jul/2026:12:30:37 +0000] "POST /wp-login.php HTTP/2" 200 2051 "https://azfilmz.com/wp-login.php" "Mozilla/5.0 (Windows NT 10.0; Win64; x64) AppleWebKit/537.36 (KHTML, like Gecko) Chrome/150.0.0.0 Safari/537.36"
79.127.237.132 - - [21/Jul/2026:12:30:39 +0000] "GET /goods/178257987698 HTTP/2" 404 14952 "-" "Mozilla/5.0 (compatible; AhrefsBot/7.0; +http://ahrefs.com/robot/)"
79.127.237.104 - - [21/Jul/2026:12:30:47 +0000] "GET /goods/161036159334 HTTP/2" 404 14952 "-" "Mozilla/5.0 (compatible; AhrefsBot/7.0; +http://ahrefs.com/robot/)"
79.127.237.104 - - [21/Jul/2026:12:30:55 +0000] "GET /goods/523617117277 HTTP/2" 404 14952 "-" "Mozilla/5.0 (compatible; AhrefsBot/7.0; +http://ahrefs.com/robot/)"
79.127.237.132 - - [21/Jul/2026:12:31:03 +0000] "GET /goods/330395769563 HTTP/2" 404 14952 "-" "Mozilla/5.0 (compatible; AhrefsBot/7.0; +http://ahrefs.com/robot/)"
84.17.46.53 - - [21/Jul/2026:12:31:05 +0000] "GET /wp-login.php HTTP/2" 200 1922 "-" "Mozilla/5.0 (Windows NT 10.0; Win64; x64) AppleWebKit/537.36 (KHTML, like Gecko) Chrome/150.0.0.0 Safari/537.36"
185.229.190.148 - - [21/Jul/2026:12:31:06 +0000] "POST /wp-login.php HTTP/2" 200 2051 "https://www.azfilmz.com/wp-login.php" "Mozilla/5.0 (Windows NT 10.0; Win64; x64) AppleWebKit/537.36 (KHTML, like Gecko) Chrome/150.0.0.0 Safari/537.36"
208.91.111.227 - - [21/Jul/2026:12:31:08 +0000] "GET /dp/8ca181216117 HTTP/1.1" 404 14952 "-" "Mozilla/5.0 AppleWebKit/537.36 (KHTML, like Gecko; compatible; ClaudeBot/1.0; +claudebot@anthropic.com)"
208.91.111.227 - - [21/Jul/2026:12:31:09 +0000] "GET /dp/c243d2727555 HTTP/1.1" 404 14952 "-" "Mozilla/5.0 AppleWebKit/537.36 (KHTML, like Gecko; compatible; ClaudeBot/1.0; +claudebot@anthropic.com)"
208.91.111.227 - - [21/Jul/2026:12:31:10 +0000] "GET /dp/f411c3601290 HTTP/1.1" 404 14952 "-" "Mozilla/5.0 AppleWebKit/537.36 (KHTML, like Gecko; compatible; ClaudeBot/1.0; +claudebot@anthropic.com)"
143.244.38.134 - - [21/Jul/2026:12:31:11 +0000] "GET /goods/286716408969 HTTP/2" 404 14952 "-" "Mozilla/5.0 (compatible; AhrefsBot/7.0; +http://ahrefs.com/robot/)"
208.91.111.227 - - [21/Jul/2026:12:31:11 +0000] "GET /dp/47d461380199 HTTP/1.1" 404 14952 "-" "Mozilla/5.0 AppleWebKit/537.36 (KHTML, like Gecko; compatible; ClaudeBot/1.0; +claudebot@anthropic.com)"
79.127.237.104 - - [21/Jul/2026:12:31:19 +0000] "GET /items/G721527947/ HTTP/2" 404 14952 "-" "Mozilla/5.0 (compatible; AhrefsBot/7.0; +http://ahrefs.com/robot/)"
143.244.38.134 - - [21/Jul/2026:12:31:27 +0000] "GET /goods/77899550042 HTTP/2" 404 14952 "-" "Mozilla/5.0 (compatible; AhrefsBot/7.0; +http://ahrefs.com/robot/)"
79.127.237.132 - - [21/Jul/2026:12:31:35 +0000] "GET /goods/468378243541 HTTP/2" 404 14952 "-" "Mozilla/5.0 (compatible; AhrefsBot/7.0; +http://ahrefs.com/robot/)"
143.244.38.134 - - [21/Jul/2026:12:31:42 +0000] "GET /goods/388326191733 HTTP/2" 404 14952 "-" "Mozilla/5.0 (compatible; AhrefsBot/7.0; +http://ahrefs.com/robot/)"
208.91.111.227 - - [21/Jul/2026:12:31:46 +0000] "GET /dp/653301786251 HTTP/1.1" 404 14952 "-" "Mozilla/5.0 AppleWebKit/537.36 (KHTML, like Gecko; compatible; ClaudeBot/1.0; +claudebot@anthropic.com)"
208.91.111.227 - - [21/Jul/2026:12:31:46 +0000] "GET /dp/122e1927910 HTTP/1.1" 404 14952 "-" "Mozilla/5.0 AppleWebKit/537.36 (KHTML, like Gecko; compatible; ClaudeBot/1.0; +claudebot@anthropic.com)"
208.91.111.227 - - [21/Jul/2026:12:31:48 +0000] "GET /dp/460343392556 HTTP/1.1" 404 14952 "-" "Mozilla/5.0 AppleWebKit/537.36 (KHTML, like Gecko; compatible; ClaudeBot/1.0; +claudebot@anthropic.com)"
79.127.237.104 - - [21/Jul/2026:12:31:51 +0000] "GET /goods/183040942856 HTTP/2" 404 14952 "-" "Mozilla/5.0 (compatible; AhrefsBot/7.0; +http://ahrefs.com/robot/)"
79.127.237.104 - - [21/Jul/2026:12:31:58 +0000] "GET /goods/131985344638 HTTP/2" 404 14952 "-" "Mozilla/5.0 (compatible; AhrefsBot/7.0; +http://ahrefs.com/robot/)"
143.244.38.134 - - [21/Jul/2026:12:32:06 +0000] "GET /goods/456459117372 HTTP/2" 404 14952 "-" "Mozilla/5.0 (compatible; AhrefsBot/7.0; +http://ahrefs.com/robot/)"
79.127.237.104 - - [21/Jul/2026:12:32:14 +0000] "GET /goods/410539140196 HTTP/2" 404 14952 "-" "Mozilla/5.0 (compatible; AhrefsBot/7.0; +http://ahrefs.com/robot/)"
79.127.237.104 - - [21/Jul/2026:12:32:22 +0000] "GET /goods/185479056077 HTTP/2" 404 14952 "-" "Mozilla/5.0 (compatible; AhrefsBot/7.0; +http://ahrefs.com/robot/)"
208.91.111.227 - - [21/Jul/2026:12:32:22 +0000] "GET /dp/b324b2074220 HTTP/1.1" 404 14952 "-" "Mozilla/5.0 AppleWebKit/537.36 (KHTML, like Gecko; compatible; ClaudeBot/1.0; +claudebot@anthropic.com)"
208.91.111.227 - - [21/Jul/2026:12:32:23 +0000] "GET /dp/a50573277531 HTTP/1.1" 404 14952 "-" "Mozilla/5.0 AppleWebKit/537.36 (KHTML, like Gecko; compatible; ClaudeBot/1.0; +claudebot@anthropic.com)"
208.91.111.227 - - [21/Jul/2026:12:32:25 +0000] "GET /dp/003581402035 HTTP/1.1" 404 14952 "-" "Mozilla/5.0 AppleWebKit/537.36 (KHTML, like Gecko; compatible; ClaudeBot/1.0; +claudebot@anthropic.com)"
79.127.237.104 - - [21/Jul/2026:12:32:30 +0000] "GET /items/G721277916/ HTTP/2" 404 14952 "-" "Mozilla/5.0 (compatible; AhrefsBot/7.0; +http://ahrefs.com/robot/)"
208.91.111.227 - - [21/Jul/2026:12:32:37 +0000] "GET /dp/468651275425 HTTP/1.1" 404 14952 "-" "Mozilla/5.0 AppleWebKit/537.36 (KHTML, like Gecko; compatible; ClaudeBot/1.0; +claudebot@anthropic.com)"
208.91.111.227 - - [21/Jul/2026:12:32:37 +0000] "GET /dp/245131155068 HTTP/1.1" 404 14952 "-" "Mozilla/5.0 AppleWebKit/537.36 (KHTML, like Gecko; compatible; ClaudeBot/1.0; +claudebot@anthropic.com)"
79.127.237.104 - - [21/Jul/2026:12:32:38 +0000] "GET /goods/100787630526 HTTP/2" 404 14952 "-" "Mozilla/5.0 (compatible; AhrefsBot/7.0; +http://ahrefs.com/robot/)"
208.91.111.227 - - [21/Jul/2026:12:32:39 +0000] "GET /dp/120c9162822 HTTP/1.1" 404 14952 "-" "Mozilla/5.0 AppleWebKit/537.36 (KHTML, like Gecko; compatible; ClaudeBot/1.0; +claudebot@anthropic.com)"
79.127.237.132 - - [21/Jul/2026:12:32:46 +0000] "GET /goods/64914987706 HTTP/2" 404 14952 "-" "Mozilla/5.0 (compatible; AhrefsBot/7.0; +http://ahrefs.com/robot/)"
79.127.237.132 - - [21/Jul/2026:12:32:53 +0000] "GET /items/G721271085/ HTTP/2" 404 14952 "-" "Mozilla/5.0 (compatible; AhrefsBot/7.0; +http://ahrefs.com/robot/)"
79.127.237.104 - - [21/Jul/2026:12:33:01 +0000] "GET /goods/394000420175 HTTP/2" 404 14952 "-" "Mozilla/5.0 (compatible; AhrefsBot/7.0; +http://ahrefs.com/robot/)"
79.127.237.132 - - [21/Jul/2026:12:33:09 +0000] "GET /goods/270785020589 HTTP/2" 404 14952 "-" "Mozilla/5.0 (compatible; AhrefsBot/7.0; +http://ahrefs.com/robot/)"
138.199.24.219 - - [21/Jul/2026:12:33:15 +0000] "GET /items/G721524944/ HTTP/2" 404 14952 "https://www.azfilmz.com/sitemap-7.xml" "Mozilla/5.0 (Linux; Android 7.0;) AppleWebKit/537.36 (HTML, like Gecko) Mobile Safari/537.36 (compatible; PetalBot;+https://webmaster.petalsearch.com/site/petalbot)"
79.127.237.104 - - [21/Jul/2026:12:33:17 +0000] "GET /items/G722978324/ HTTP/2" 404 14952 "-" "Mozilla/5.0 (compatible; AhrefsBot/7.0; +http://ahrefs.com/robot/)"
84.17.46.53 - - [21/Jul/2026:12:33:25 +0000] "GET /wp-login.php HTTP/2" 200 1922 "-" "Mozilla/5.0 (Windows NT 10.0; Win64; x64) AppleWebKit/537.36 (KHTML, like Gecko) Chrome/150.0.0.0 Safari/537.36"
143.244.38.134 - - [21/Jul/2026:12:33:25 +0000] "GET /items/G721585783/ HTTP/2" 404 14952 "-" "Mozilla/5.0 (compatible; AhrefsBot/7.0; +http://ahrefs.com/robot/)"
185.229.190.148 - - [21/Jul/2026:12:33:26 +0000] "POST /wp-login.php HTTP/2" 200 2075 "https://www.azfilmz.com/wp-login.php" "Mozilla/5.0 (Windows NT 10.0; Win64; x64) AppleWebKit/537.36 (KHTML, like Gecko) Chrome/150.0.0.0 Safari/537.36"
143.244.38.134 - - [21/Jul/2026:12:33:32 +0000] "GET /items/G721274357/ HTTP/2" 404 14952 "-" "Mozilla/5.0 (compatible; AhrefsBot/7.0; +http://ahrefs.com/robot/)"
208.91.111.227 - - [21/Jul/2026:12:33:37 +0000] "GET /dp/9393d2259075 HTTP/1.1" 404 14952 "-" "Mozilla/5.0 AppleWebKit/537.36 (KHTML, like Gecko; compatible; ClaudeBot/1.0; +claudebot@anthropic.com)"
208.91.111.227 - - [21/Jul/2026:12:33:38 +0000] "GET /dp/c9ec41119818 HTTP/1.1" 404 14952 "-" "Mozilla/5.0 AppleWebKit/537.36 (KHTML, like Gecko; compatible; ClaudeBot/1.0; +claudebot@anthropic.com)"
79.127.237.132 - - [21/Jul/2026:12:33:41 +0000] "GET /items/G721261315/ HTTP/2" 404 14952 "-" "Mozilla/5.0 (compatible; AhrefsBot/7.0; +http://ahrefs.com/robot/)"
208.91.111.227 - - [21/Jul/2026:12:33:41 +0000] "GET /dp/9e827310592 HTTP/1.1" 404 14952 "-" "Mozilla/5.0 AppleWebKit/537.36 (KHTML, like Gecko; compatible; ClaudeBot/1.0; +claudebot@anthropic.com)"
79.127.237.104 - - [21/Jul/2026:12:33:48 +0000] "GET /items/G721032572/ HTTP/2" 404 14952 "-" "Mozilla/5.0 (compatible; AhrefsBot/7.0; +http://ahrefs.com/robot/)"
79.127.237.132 - - [21/Jul/2026:12:33:56 +0000] "GET /items/G721247234/ HTTP/2" 404 14952 "-" "Mozilla/5.0 (compatible; AhrefsBot/7.0; +http://ahrefs.com/robot/)"
79.127.237.104 - - [21/Jul/2026:12:34:04 +0000] "GET /items/G721215221/ HTTP/2" 404 14952 "-" "Mozilla/5.0 (compatible; AhrefsBot/7.0; +http://ahrefs.com/robot/)"
79.127.237.132 - - [21/Jul/2026:12:34:12 +0000] "GET /goods/192952677403 HTTP/2" 404 14951 "-" "Mozilla/5.0 (compatible; AhrefsBot/7.0; +http://ahrefs.com/robot/)"
79.127.237.104 - - [21/Jul/2026:12:34:20 +0000] "GET /items/G721099855/ HTTP/2" 404 14952 "-" "Mozilla/5.0 (compatible; AhrefsBot/7.0; +http://ahrefs.com/robot/)"
18.61.192.253 - - [21/Jul/2026:12:34:26 +0000] "GET /wp-login.php HTTP/2" 200 1922 "-" "Mozilla/5.0 (Windows NT 10.0; Win64; x64) AppleWebKit/537.36 (KHTML, like Gecko) Chrome/150.0.0.0 Safari/537.36"
18.61.192.253 - - [21/Jul/2026:12:34:26 +0000] "POST /wp-login.php HTTP/2" 200 2075 "https://azfilmz.com.azfilmstudios.com/wp-login.php" "Mozilla/5.0 (Windows NT 10.0; Win64; x64) AppleWebKit/537.36 (KHTML, like Gecko) Chrome/150.0.0.0 Safari/537.36"
79.127.237.132 - - [21/Jul/2026:12:34:28 +0000] "GET /items/G721047568/ HTTP/2" 404 14952 "-" "Mozilla/5.0 (compatible; AhrefsBot/7.0; +http://ahrefs.com/robot/)"
79.127.237.104 - - [21/Jul/2026:12:34:35 +0000] "GET /items/G721042942/ HTTP/2" 404 14952 "-" "Mozilla/5.0 (compatible; AhrefsBot/7.0; +http://ahrefs.com/robot/)"
79.127.237.104 - - [21/Jul/2026:12:34:43 +0000] "GET /goods/354315305182 HTTP/2" 404 14952 "-" "Mozilla/5.0 (compatible; AhrefsBot/7.0; +http://ahrefs.com/robot/)"
79.127.237.104 - - [21/Jul/2026:12:34:51 +0000] "GET /goods/279420374185 HTTP/2" 404 14952 "-" "Mozilla/5.0 (compatible; AhrefsBot/7.0; +http://ahrefs.com/robot/)"
79.127.237.104 - - [21/Jul/2026:12:35:00 +0000] "GET /items/G723564867/ HTTP/2" 404 14952 "-" "Mozilla/5.0 (compatible; AhrefsBot/7.0; +http://ahrefs.com/robot/)"
79.127.237.104 - - [21/Jul/2026:12:35:07 +0000] "GET /items/G723129769/ HTTP/2" 404 14952 "-" "Mozilla/5.0 (compatible; AhrefsBot/7.0; +http://ahrefs.com/robot/)"
79.127.237.132 - - [21/Jul/2026:12:35:15 +0000] "GET /items/G722756915/ HTTP/2" 404 14952 "-" "Mozilla/5.0 (compatible; AhrefsBot/7.0; +http://ahrefs.com/robot/)"
79.127.237.104 - - [21/Jul/2026:12:35:23 +0000] "GET /items/G722363334/ HTTP/2" 404 14951 "-" "Mozilla/5.0 (compatible; AhrefsBot/7.0; +http://ahrefs.com/robot/)"
208.91.111.227 - - [21/Jul/2026:12:35:29 +0000] "GET /sitemap-13.xml HTTP/1.1" 200 146 "-" "Mozilla/5.0 AppleWebKit/537.36 (KHTML, like Gecko; compatible; ClaudeBot/1.0; +claudebot@anthropic.com)"
208.91.111.227 - - [21/Jul/2026:12:35:29 +0000] "GET /sitemap-12.xml HTTP/1.1" 200 146 "-" "Mozilla/5.0 AppleWebKit/537.36 (KHTML, like Gecko; compatible; ClaudeBot/1.0; +claudebot@anthropic.com)"
143.244.38.134 - - [21/Jul/2026:12:35:31 +0000] "GET /items/G724604574/ HTTP/2" 404 14952 "-" "Mozilla/5.0 (compatible; AhrefsBot/7.0; +http://ahrefs.com/robot/)"
208.91.111.227 - - [21/Jul/2026:12:35:31 +0000] "GET /sitemap-16.xml HTTP/1.1" 200 146 "-" "Mozilla/5.0 AppleWebKit/537.36 (KHTML, like Gecko; compatible; ClaudeBot/1.0; +claudebot@anthropic.com)"
79.127.237.104 - - [21/Jul/2026:12:35:39 +0000] "GET /items/G721413000/ HTTP/2" 404 14952 "-" "Mozilla/5.0 (compatible; AhrefsBot/7.0; +http://ahrefs.com/robot/)"
208.91.111.227 - - [21/Jul/2026:12:35:46 +0000] "GET /sitemap-15.xml HTTP/1.1" 200 146 "-" "Mozilla/5.0 AppleWebKit/537.36 (KHTML, like Gecko; compatible; ClaudeBot/1.0; +claudebot@anthropic.com)"
208.91.111.227 - - [21/Jul/2026:12:35:46 +0000] "GET /sitemap-3.xml HTTP/1.1" 200 146 "-" "Mozilla/5.0 AppleWebKit/537.36 (KHTML, like Gecko; compatible; ClaudeBot/1.0; +claudebot@anthropic.com)"
79.127.237.132 - - [21/Jul/2026:12:35:47 +0000] "GET /items/G724598982/ HTTP/2" 404 14952 "-" "Mozilla/5.0 (compatible; AhrefsBot/7.0; +http://ahrefs.com/robot/)"
208.91.111.227 - - [21/Jul/2026:12:35:48 +0000] "GET /sitemap-5.xml HTTP/1.1" 200 146 "-" "Mozilla/5.0 AppleWebKit/537.36 (KHTML, like Gecko; compatible; ClaudeBot/1.0; +claudebot@anthropic.com)"
79.127.237.132 - - [21/Jul/2026:12:35:54 +0000] "GET /items/G721285406/ HTTP/2" 404 14952 "-" "Mozilla/5.0 (compatible; AhrefsBot/7.0; +http://ahrefs.com/robot/)"
79.127.237.132 - - [21/Jul/2026:12:36:02 +0000] "GET /items/G723647188/ HTTP/2" 404 14952 "-" "Mozilla/5.0 (compatible; AhrefsBot/7.0; +http://ahrefs.com/robot/)"
208.91.111.227 - - [21/Jul/2026:12:36:05 +0000] "GET /dp/d3dc01544838 HTTP/1.1" 404 14951 "-" "Mozilla/5.0 AppleWebKit/537.36 (KHTML, like Gecko; compatible; ClaudeBot/1.0; +claudebot@anthropic.com)"
208.91.111.227 - - [21/Jul/2026:12:36:06 +0000] "GET /dp/d50903372997 HTTP/1.1" 404 14952 "-" "Mozilla/5.0 AppleWebKit/537.36 (KHTML, like Gecko; compatible; ClaudeBot/1.0; +claudebot@anthropic.com)"
208.91.111.227 - - [21/Jul/2026:12:36:07 +0000] "GET /dp/3aef11942289 HTTP/1.1" 404 14952 "-" "Mozilla/5.0 AppleWebKit/537.36 (KHTML, like Gecko; compatible; ClaudeBot/1.0; +claudebot@anthropic.com)"
208.91.111.227 - - [21/Jul/2026:12:36:07 +0000] "GET /dp/4eab13046260 HTTP/1.1" 404 14952 "-" "Mozilla/5.0 AppleWebKit/537.36 (KHTML, like Gecko; compatible; ClaudeBot/1.0; +claudebot@anthropic.com)"
208.91.111.227 - - [21/Jul/2026:12:36:08 +0000] "GET /dp/1c8553136754 HTTP/1.1" 404 14952 "-" "Mozilla/5.0 AppleWebKit/537.36 (KHTML, like Gecko; compatible; ClaudeBot/1.0; +claudebot@anthropic.com)"
208.91.111.227 - - [21/Jul/2026:12:36:09 +0000] "GET /dp/d03181004645 HTTP/1.1" 404 14952 "-" "Mozilla/5.0 AppleWebKit/537.36 (KHTML, like Gecko; compatible; ClaudeBot/1.0; +claudebot@anthropic.com)"
79.127.237.104 - - [21/Jul/2026:12:36:10 +0000] "GET /items/G723361472/ HTTP/2" 404 14952 "-" "Mozilla/5.0 (compatible; AhrefsBot/7.0; +http://ahrefs.com/robot/)"
208.91.111.227 - - [21/Jul/2026:12:36:10 +0000] "GET /dp/6f03070262 HTTP/1.1" 404 14952 "-" "Mozilla/5.0 AppleWebKit/537.36 (KHTML, like Gecko; compatible; ClaudeBot/1.0; +claudebot@anthropic.com)"
208.91.111.227 - - [21/Jul/2026:12:36:11 +0000] "GET /dp/d431e2296793 HTTP/1.1" 404 14952 "-" "Mozilla/5.0 AppleWebKit/537.36 (KHTML, like Gecko; compatible; ClaudeBot/1.0; +claudebot@anthropic.com)"
208.91.111.227 - - [21/Jul/2026:12:36:12 +0000] "GET /dp/4e37d3187382 HTTP/1.1" 404 14952 "-" "Mozilla/5.0 AppleWebKit/537.36 (KHTML, like Gecko; compatible; ClaudeBot/1.0; +claudebot@anthropic.com)"
208.91.111.227 - - [21/Jul/2026:12:36:13 +0000] "GET /dp/8a80e2858310 HTTP/1.1" 404 14952 "-" "Mozilla/5.0 AppleWebKit/537.36 (KHTML, like Gecko; compatible; ClaudeBot/1.0; +claudebot@anthropic.com)"
208.91.111.227 - - [21/Jul/2026:12:36:13 +0000] "GET /dp/1f7e01950366 HTTP/1.1" 404 14952 "-" "Mozilla/5.0 AppleWebKit/537.36 (KHTML, like Gecko; compatible; ClaudeBot/1.0; +claudebot@anthropic.com)"
208.91.111.227 - - [21/Jul/2026:12:36:14 +0000] "GET /dp/91c0c3288975 HTTP/1.1" 404 14952 "-" "Mozilla/5.0 AppleWebKit/537.36 (KHTML, like Gecko; compatible; ClaudeBot/1.0; +claudebot@anthropic.com)"
208.91.111.227 - - [21/Jul/2026:12:36:15 +0000] "GET /dp/5cec1127624 HTTP/1.1" 404 14951 "-" "Mozilla/5.0 AppleWebKit/537.36 (KHTML, like Gecko; compatible; ClaudeBot/1.0; +claudebot@anthropic.com)"
208.91.111.227 - - [21/Jul/2026:12:36:16 +0000] "GET /dp/39b801523988 HTTP/1.1" 404 14952 "-" "Mozilla/5.0 AppleWebKit/537.36 (KHTML, like Gecko; compatible; ClaudeBot/1.0; +claudebot@anthropic.com)"
208.91.111.227 - - [21/Jul/2026:12:36:16 +0000] "GET /dp/c2b75857046 HTTP/1.1" 404 14952 "-" "Mozilla/5.0 AppleWebKit/537.36 (KHTML, like Gecko; compatible; ClaudeBot/1.0; +claudebot@anthropic.com)"
208.91.111.227 - - [21/Jul/2026:12:36:17 +0000] "GET /dp/fa2ab333805 HTTP/1.1" 404 14952 "-" "Mozilla/5.0 AppleWebKit/537.36 (KHTML, like Gecko; compatible; ClaudeBot/1.0; +claudebot@anthropic.com)"
208.91.111.227 - - [21/Jul/2026:12:36:17 +0000] "GET /dp/0de413640547 HTTP/1.1" 404 14952 "-" "Mozilla/5.0 AppleWebKit/537.36 (KHTML, like Gecko; compatible; ClaudeBot/1.0; +claudebot@anthropic.com)"
208.91.111.227 - - [21/Jul/2026:12:36:18 +0000] "GET /dp/8a4ab3339714 HTTP/1.1" 404 14952 "-" "Mozilla/5.0 AppleWebKit/537.36 (KHTML, like Gecko; compatible; ClaudeBot/1.0; +claudebot@anthropic.com)"
208.91.111.227 - - [21/Jul/2026:12:36:18 +0000] "GET /dp/2b57e1553395 HTTP/1.1" 404 14952 "-" "Mozilla/5.0 AppleWebKit/537.36 (KHTML, like Gecko; compatible; ClaudeBot/1.0; +claudebot@anthropic.com)"
143.244.38.134 - - [21/Jul/2026:12:36:18 +0000] "GET /items/G722845808/ HTTP/2" 404 14952 "-" "Mozilla/5.0 (compatible; AhrefsBot/7.0; +http://ahrefs.com/robot/)"
208.91.111.227 - - [21/Jul/2026:12:36:19 +0000] "GET /dp/2a2d41737768 HTTP/1.1" 404 14952 "-" "Mozilla/5.0 AppleWebKit/537.36 (KHTML, like Gecko; compatible; ClaudeBot/1.0; +claudebot@anthropic.com)"
208.91.111.227 - - [21/Jul/2026:12:36:19 +0000] "GET /dp/08d86976535 HTTP/1.1" 404 14952 "-" "Mozilla/5.0 AppleWebKit/537.36 (KHTML, like Gecko; compatible; ClaudeBot/1.0; +claudebot@anthropic.com)"
208.91.111.227 - - [21/Jul/2026:12:36:20 +0000] "GET /dp/f84a3663358 HTTP/1.1" 404 14952 "-" "Mozilla/5.0 AppleWebKit/537.36 (KHTML, like Gecko; compatible; ClaudeBot/1.0; +claudebot@anthropic.com)"
208.91.111.227 - - [21/Jul/2026:12:36:20 +0000] "GET /dp/c25753681602 HTTP/1.1" 404 14952 "-" "Mozilla/5.0 AppleWebKit/537.36 (KHTML, like Gecko; compatible; ClaudeBot/1.0; +claudebot@anthropic.com)"
208.91.111.227 - - [21/Jul/2026:12:36:21 +0000] "GET /dp/7c4e13084445 HTTP/1.1" 404 14952 "-" "Mozilla/5.0 AppleWebKit/537.36 (KHTML, like Gecko; compatible; ClaudeBot/1.0; +claudebot@anthropic.com)"
208.91.111.227 - - [21/Jul/2026:12:36:21 +0000] "GET /dp/4366f346138 HTTP/1.1" 404 15020 "-" "Mozilla/5.0 AppleWebKit/537.36 (KHTML, like Gecko; compatible; ClaudeBot/1.0; +claudebot@anthropic.com)"
208.91.111.227 - - [21/Jul/2026:12:36:22 +0000] "GET /dp/3595d60740 HTTP/1.1" 404 14952 "-" "Mozilla/5.0 AppleWebKit/537.36 (KHTML, like Gecko; compatible; ClaudeBot/1.0; +claudebot@anthropic.com)"
208.91.111.227 - - [21/Jul/2026:12:36:22 +0000] "GET /dp/2ec511121389 HTTP/1.1" 404 14952 "-" "Mozilla/5.0 AppleWebKit/537.36 (KHTML, like Gecko; compatible; ClaudeBot/1.0; +claudebot@anthropic.com)"
208.91.111.227 - - [21/Jul/2026:12:36:23 +0000] "GET /dp/d4201217598 HTTP/1.1" 404 14952 "-" "Mozilla/5.0 AppleWebKit/537.36 (KHTML, like Gecko; compatible; ClaudeBot/1.0; +claudebot@anthropic.com)"
208.91.111.227 - - [21/Jul/2026:12:36:23 +0000] "GET /dp/588fb92597 HTTP/1.1" 404 14952 "-" "Mozilla/5.0 AppleWebKit/537.36 (KHTML, like Gecko; compatible; ClaudeBot/1.0; +claudebot@anthropic.com)"
208.91.111.227 - - [21/Jul/2026:12:36:24 +0000] "GET /dp/f2a583152136 HTTP/1.1" 404 14952 "-" "Mozilla/5.0 AppleWebKit/537.36 (KHTML, like Gecko; compatible; ClaudeBot/1.0; +claudebot@anthropic.com)"
208.91.111.227 - - [21/Jul/2026:12:36:24 +0000] "GET /dp/4e012121795 HTTP/1.1" 404 14952 "-" "Mozilla/5.0 AppleWebKit/537.36 (KHTML, like Gecko; compatible; ClaudeBot/1.0; +claudebot@anthropic.com)"
208.91.111.227 - - [21/Jul/2026:12:36:24 +0000] "GET /dp/f62492575609 HTTP/1.1" 404 14952 "-" "Mozilla/5.0 AppleWebKit/537.36 (KHTML, like Gecko; compatible; ClaudeBot/1.0; +claudebot@anthropic.com)"
