57.141.0.36 - - [21/Jul/2026:16:12:30 +0000] "GET /products/16431296/ HTTP/2" 404 31916 "-" "Mozilla/5.0 (Windows NT 10.0; Win64; x64) AppleWebKit/537.36 (KHTML, like Gecko) Chrome/145.0.0.0 Safari/537.36 (compatible; meta-externalagent/1.1 (+https://developers.facebook.com/docs/sharing/webmasters/crawler))"
57.141.0.70 - - [21/Jul/2026:16:12:37 +0000] "GET /products/14494830/ HTTP/2" 404 31912 "-" "Mozilla/5.0 (Macintosh; Intel Mac OS X 10_15_7) AppleWebKit/537.36 (KHTML, like Gecko) Chrome/145.0.0.0 Safari/537.36 (compatible; meta-externalagent/1.1 (+https://developers.facebook.com/docs/sharing/webmasters/crawler))"
66.249.66.193 - - [21/Jul/2026:16:12:46 +0000] "GET / HTTP/1.1" 200 19465 "-" "Mozilla/5.0 (compatible; Googlebot/2.1; +http://www.google.com/bot.html)"
57.141.0.58 - - [21/Jul/2026:16:12:50 +0000] "GET /products/20655985/ HTTP/2" 404 31916 "-" "Mozilla/5.0 (Windows NT 10.0; Win64; x64) AppleWebKit/537.36 (KHTML, like Gecko) Chrome/145.0.0.0 Safari/537.36 (compatible; meta-externalagent/1.1 (+https://developers.facebook.com/docs/sharing/webmasters/crawler))"
57.141.0.20 - - [21/Jul/2026:16:12:51 +0000] "GET /products/7851229/ HTTP/2" 404 31916 "-" "Mozilla/5.0 (Windows NT 10.0; Win64; x64) AppleWebKit/537.36 (KHTML, like Gecko) Chrome/145.0.0.0 Safari/537.36 (compatible; meta-externalagent/1.1 (+https://developers.facebook.com/docs/sharing/webmasters/crawler))"
57.141.0.13 - - [21/Jul/2026:16:13:04 +0000] "GET /products/5095996/ HTTP/2" 404 31916 "-" "Mozilla/5.0 (Windows NT 10.0; Win64; x64) AppleWebKit/537.36 (KHTML, like Gecko) Chrome/145.0.0.0 Safari/537.36 (compatible; meta-externalagent/1.1 (+https://developers.facebook.com/docs/sharing/webmasters/crawler))"
66.249.66.192 - - [21/Jul/2026:16:13:04 +0000] "GET /wp-content/plugins/pt-mirel-addons/assets/js/gsap.min.js?ver=3.4.2 HTTP/1.1" 200 23344 "https://goldendunesfilmfestival.com/" "Mozilla/5.0 (compatible; Googlebot/2.1; +http://www.google.com/bot.html)"
66.249.66.64 - - [21/Jul/2026:16:13:09 +0000] "GET /wp-content/plugins/elementor-pro/assets/js/elements-handlers.min.js?ver=3.30.1 HTTP/1.1" 200 10180 "https://goldendunesfilmfestival.com/" "Mozilla/5.0 (compatible; Googlebot/2.1; +http://www.google.com/bot.html)"
198.38.94.67 - - [21/Jul/2026:16:13:17 +0000] "POST /wp-cron.php?doing_wp_cron=1784650397.2319169044494628906250 HTTP/1.1" 200 0 "-" "WordPress/7.0.1; https://goldendunesfilmfestival.com"
57.141.0.67 - - [21/Jul/2026:16:13:16 +0000] "GET /products/10968629/ HTTP/2" 404 31916 "-" "Mozilla/5.0 (Windows NT 10.0; Win64; x64) AppleWebKit/537.36 (KHTML, like Gecko) Chrome/145.0.0.0 Safari/537.36 (compatible; meta-externalagent/1.1 (+https://developers.facebook.com/docs/sharing/webmasters/crawler))"
66.249.66.192 - - [21/Jul/2026:16:13:18 +0000] "GET /wp-json/contact-form-7/v1/contact-forms/9260/feedback/schema HTTP/1.1" 200 187 "https://goldendunesfilmfestival.com/" "Mozilla/5.0 (compatible; Googlebot/2.1; +http://www.google.com/bot.html)"
66.249.66.160 - - [21/Jul/2026:16:13:24 +0000] "GET /wp-content/plugins/elementor-pro/assets/js/slides.c0029640cbdb48199471.bundle.min.js HTTP/1.1" 200 1362 "https://goldendunesfilmfestival.com/" "Mozilla/5.0 (compatible; Googlebot/2.1; +http://www.google.com/bot.html)"
66.249.66.160 - - [21/Jul/2026:16:13:29 +0000] "GET /wp-content/plugins/elementor/assets/js/video.86d44e46e43d0807e708.bundle.min.js HTTP/1.1" 200 1186 "https://goldendunesfilmfestival.com/" "Mozilla/5.0 (compatible; Googlebot/2.1; +http://www.google.com/bot.html)"
198.38.94.67 - - [21/Jul/2026:16:13:55 +0000] "POST /wp-cron.php?doing_wp_cron=1784650435.2008340358734130859375 HTTP/1.1" 200 0 "-" "WordPress/7.0.1; https://goldendunesfilmfestival.com"
57.141.0.8 - - [21/Jul/2026:16:13:54 +0000] "GET /products/25984629/ HTTP/2" 404 31914 "-" "Mozilla/5.0 (X11; Linux x86_64) AppleWebKit/537.36 (KHTML, like Gecko) Chrome/145.0.0.0 Safari/537.36 (compatible; meta-externalagent/1.1 (+https://developers.facebook.com/docs/sharing/webmasters/crawler))"
57.141.0.16 - - [21/Jul/2026:16:13:57 +0000] "GET /products/3940329/ HTTP/2" 404 31916 "-" "Mozilla/5.0 (Windows NT 10.0; Win64; x64) AppleWebKit/537.36 (KHTML, like Gecko) Chrome/145.0.0.0 Safari/537.36 (compatible; meta-externalagent/1.1 (+https://developers.facebook.com/docs/sharing/webmasters/crawler))"
57.141.0.61 - - [21/Jul/2026:16:14:01 +0000] "GET /products/1706241/ HTTP/2" 404 31912 "-" "Mozilla/5.0 (Macintosh; Intel Mac OS X 10_15_7) AppleWebKit/537.36 (KHTML, like Gecko) Chrome/145.0.0.0 Safari/537.36 (compatible; meta-externalagent/1.1 (+https://developers.facebook.com/docs/sharing/webmasters/crawler))"
57.141.0.45 - - [21/Jul/2026:16:14:01 +0000] "GET /products/3763618/ HTTP/2" 404 31912 "-" "Mozilla/5.0 (Macintosh; Intel Mac OS X 10_15_7) AppleWebKit/537.36 (KHTML, like Gecko) Chrome/145.0.0.0 Safari/537.36 (compatible; meta-externalagent/1.1 (+https://developers.facebook.com/docs/sharing/webmasters/crawler))"
57.141.0.36 - - [21/Jul/2026:16:14:02 +0000] "GET /products/24139685/ HTTP/2" 404 31916 "-" "Mozilla/5.0 (Windows NT 10.0; Win64; x64) AppleWebKit/537.36 (KHTML, like Gecko) Chrome/145.0.0.0 Safari/537.36 (compatible; meta-externalagent/1.1 (+https://developers.facebook.com/docs/sharing/webmasters/crawler))"
57.141.0.52 - - [21/Jul/2026:16:14:07 +0000] "GET /products/24410074/ HTTP/2" 404 31912 "-" "Mozilla/5.0 (Macintosh; Intel Mac OS X 10_15_7) AppleWebKit/537.36 (KHTML, like Gecko) Chrome/145.0.0.0 Safari/537.36 (compatible; meta-externalagent/1.1 (+https://developers.facebook.com/docs/sharing/webmasters/crawler))"
57.141.0.49 - - [21/Jul/2026:16:14:11 +0000] "GET /products/24417430/ HTTP/2" 404 31916 "-" "Mozilla/5.0 (Windows NT 10.0; Win64; x64) AppleWebKit/537.36 (KHTML, like Gecko) Chrome/145.0.0.0 Safari/537.36 (compatible; meta-externalagent/1.1 (+https://developers.facebook.com/docs/sharing/webmasters/crawler))"
57.141.0.50 - - [21/Jul/2026:16:14:13 +0000] "GET /products/4758030/ HTTP/2" 404 31916 "-" "Mozilla/5.0 (Windows NT 10.0; Win64; x64) AppleWebKit/537.36 (KHTML, like Gecko) Chrome/145.0.0.0 Safari/537.36 (compatible; meta-externalagent/1.1 (+https://developers.facebook.com/docs/sharing/webmasters/crawler))"
198.38.94.67 - - [21/Jul/2026:16:14:36 +0000] "POST /wp-cron.php?doing_wp_cron=1784650476.6052279472351074218750 HTTP/1.1" 200 0 "-" "WordPress/7.0.1; https://goldendunesfilmfestival.com"
57.141.0.17 - - [21/Jul/2026:16:14:36 +0000] "GET /products/15079618/ HTTP/2" 404 31916 "-" "Mozilla/5.0 (Windows NT 10.0; Win64; x64) AppleWebKit/537.36 (KHTML, like Gecko) Chrome/145.0.0.0 Safari/537.36 (compatible; meta-externalagent/1.1 (+https://developers.facebook.com/docs/sharing/webmasters/crawler))"
57.141.0.70 - - [21/Jul/2026:16:14:40 +0000] "GET /products/5445630/ HTTP/2" 404 31916 "-" "Mozilla/5.0 (Windows NT 10.0; Win64; x64) AppleWebKit/537.36 (KHTML, like Gecko) Chrome/145.0.0.0 Safari/537.36 (compatible; meta-externalagent/1.1 (+https://developers.facebook.com/docs/sharing/webmasters/crawler))"
57.141.0.45 - - [21/Jul/2026:16:14:44 +0000] "GET /products/4269830/ HTTP/2" 301 0 "-" "Mozilla/5.0 (Windows NT 10.0; Win64; x64) AppleWebKit/537.36 (KHTML, like Gecko) Chrome/145.0.0.0 Safari/537.36 (compatible; meta-externalagent/1.1 (+https://developers.facebook.com/docs/sharing/webmasters/crawler))"
57.141.0.26 - - [21/Jul/2026:16:14:44 +0000] "GET /products/7932707/ HTTP/2" 404 31912 "-" "Mozilla/5.0 (Macintosh; Intel Mac OS X 10_15_7) AppleWebKit/537.36 (KHTML, like Gecko) Chrome/145.0.0.0 Safari/537.36 (compatible; meta-externalagent/1.1 (+https://developers.facebook.com/docs/sharing/webmasters/crawler))"
57.141.0.60 - - [21/Jul/2026:16:14:51 +0000] "GET /products/20754374/ HTTP/2" 404 31916 "-" "Mozilla/5.0 (Windows NT 10.0; Win64; x64) AppleWebKit/537.36 (KHTML, like Gecko) Chrome/145.0.0.0 Safari/537.36 (compatible; meta-externalagent/1.1 (+https://developers.facebook.com/docs/sharing/webmasters/crawler))"
57.141.0.47 - - [21/Jul/2026:16:14:58 +0000] "GET /products/3381607/ HTTP/2" 404 31916 "-" "Mozilla/5.0 (Windows NT 10.0; Win64; x64) AppleWebKit/537.36 (KHTML, like Gecko) Chrome/145.0.0.0 Safari/537.36 (compatible; meta-externalagent/1.1 (+https://developers.facebook.com/docs/sharing/webmasters/crawler))"
57.141.0.18 - - [21/Jul/2026:16:15:01 +0000] "GET /products/22014407/ HTTP/2" 404 31916 "-" "Mozilla/5.0 (Windows NT 10.0; Win64; x64) AppleWebKit/537.36 (KHTML, like Gecko) Chrome/145.0.0.0 Safari/537.36 (compatible; meta-externalagent/1.1 (+https://developers.facebook.com/docs/sharing/webmasters/crawler))"
57.141.0.3 - - [21/Jul/2026:16:15:04 +0000] "GET /products/11067563/ HTTP/2" 404 31916 "-" "Mozilla/5.0 (Windows NT 10.0; Win64; x64) AppleWebKit/537.36 (KHTML, like Gecko) Chrome/145.0.0.0 Safari/537.36 (compatible; meta-externalagent/1.1 (+https://developers.facebook.com/docs/sharing/webmasters/crawler))"
57.141.0.69 - - [21/Jul/2026:16:15:10 +0000] "GET /products/24677341/ HTTP/2" 301 0 "-" "Mozilla/5.0 (Windows NT 10.0; Win64; x64) AppleWebKit/537.36 (KHTML, like Gecko) Chrome/145.0.0.0 Safari/537.36 (compatible; meta-externalagent/1.1 (+https://developers.facebook.com/docs/sharing/webmasters/crawler))"
57.141.0.49 - - [21/Jul/2026:16:15:10 +0000] "GET /products/24468507/ HTTP/2" 404 31912 "-" "Mozilla/5.0 (Macintosh; Intel Mac OS X 10_15_7) AppleWebKit/537.36 (KHTML, like Gecko) Chrome/145.0.0.0 Safari/537.36 (compatible; meta-externalagent/1.1 (+https://developers.facebook.com/docs/sharing/webmasters/crawler))"
57.141.0.62 - - [21/Jul/2026:16:15:16 +0000] "GET /products/24299041/ HTTP/2" 301 0 "-" "Mozilla/5.0 (Macintosh; Intel Mac OS X 10_15_7) AppleWebKit/537.36 (KHTML, like Gecko) Chrome/145.0.0.0 Safari/537.36 (compatible; meta-externalagent/1.1 (+https://developers.facebook.com/docs/sharing/webmasters/crawler))"
57.141.0.16 - - [21/Jul/2026:16:15:17 +0000] "GET /products/4429885/ HTTP/2" 301 0 "-" "Mozilla/5.0 (Windows NT 10.0; Win64; x64) AppleWebKit/537.36 (KHTML, like Gecko) Chrome/145.0.0.0 Safari/537.36 (compatible; meta-externalagent/1.1 (+https://developers.facebook.com/docs/sharing/webmasters/crawler))"
57.141.0.23 - - [21/Jul/2026:16:15:21 +0000] "GET /products/9944007/ HTTP/2" 404 31916 "-" "Mozilla/5.0 (Windows NT 10.0; Win64; x64) AppleWebKit/537.36 (KHTML, like Gecko) Chrome/145.0.0.0 Safari/537.36 (compatible; meta-externalagent/1.1 (+https://developers.facebook.com/docs/sharing/webmasters/crawler))"
20.206.105.145 - - [21/Jul/2026:16:15:21 +0000] "GET /wp-content/plugins/hellopress/wp_filemanager.php HTTP/1.1" 401 36 "-" "-"
57.141.0.23 - - [21/Jul/2026:16:15:21 +0000] "GET /products/14026196/ HTTP/2" 404 31916 "-" "Mozilla/5.0 (Windows NT 10.0; Win64; x64) AppleWebKit/537.36 (KHTML, like Gecko) Chrome/145.0.0.0 Safari/537.36 (compatible; meta-externalagent/1.1 (+https://developers.facebook.com/docs/sharing/webmasters/crawler))"
20.206.105.145 - - [21/Jul/2026:16:15:22 +0000] "GET /this_is_a_new_hello_world.php HTTP/1.1" 401 36 "-" "-"
20.206.105.145 - - [21/Jul/2026:16:15:22 +0000] "GET /x.php HTTP/1.1" 401 36 "-" "-"
20.206.105.145 - - [21/Jul/2026:16:15:23 +0000] "GET /j260624_13.php HTTP/1.1" 401 36 "-" "-"
20.206.105.145 - - [21/Jul/2026:16:15:24 +0000] "GET /d62.php HTTP/1.1" 401 36 "-" "-"
20.206.105.145 - - [21/Jul/2026:16:15:25 +0000] "GET /ups.php HTTP/1.1" 401 36 "-" "-"
198.38.94.67 - - [21/Jul/2026:16:15:25 +0000] "POST /wp-cron.php?doing_wp_cron=1784650525.4136168956756591796875 HTTP/1.1" 200 0 "-" "WordPress/7.0.1; https://goldendunesfilmfestival.com"
57.141.0.60 - - [21/Jul/2026:16:15:25 +0000] "GET /products/3645474/ HTTP/2" 404 31916 "-" "Mozilla/5.0 (Windows NT 10.0; Win64; x64) AppleWebKit/537.36 (KHTML, like Gecko) Chrome/145.0.0.0 Safari/537.36 (compatible; meta-externalagent/1.1 (+https://developers.facebook.com/docs/sharing/webmasters/crawler))"
20.206.105.145 - - [21/Jul/2026:16:15:25 +0000] "GET /k.php HTTP/1.1" 401 36 "-" "-"
20.206.105.145 - - [21/Jul/2026:16:15:26 +0000] "GET /k2.php HTTP/1.1" 401 36 "-" "-"
20.206.105.145 - - [21/Jul/2026:16:15:27 +0000] "GET /k3.php HTTP/1.1" 401 36 "-" "-"
20.206.105.145 - - [21/Jul/2026:16:15:27 +0000] "GET /k4.php HTTP/1.1" 401 36 "-" "-"
57.141.0.26 - - [21/Jul/2026:16:15:28 +0000] "GET /products/22908974/ HTTP/2" 404 31916 "-" "Mozilla/5.0 (Windows NT 10.0; Win64; x64) AppleWebKit/537.36 (KHTML, like Gecko) Chrome/145.0.0.0 Safari/537.36 (compatible; meta-externalagent/1.1 (+https://developers.facebook.com/docs/sharing/webmasters/crawler))"
20.206.105.145 - - [21/Jul/2026:16:15:28 +0000] "GET /k5.php HTTP/1.1" 401 36 "-" "-"
20.206.105.145 - - [21/Jul/2026:16:15:29 +0000] "GET /w.php HTTP/1.1" 401 36 "-" "-"
20.206.105.145 - - [21/Jul/2026:16:15:29 +0000] "GET /fpwch.php HTTP/1.1" 401 36 "-" "-"
20.206.105.145 - - [21/Jul/2026:16:15:30 +0000] "GET /w2025.php HTTP/1.1" 401 36 "-" "-"
20.206.105.145 - - [21/Jul/2026:16:15:31 +0000] "GET /scxy.php HTTP/1.1" 401 36 "-" "-"
20.206.105.145 - - [21/Jul/2026:16:15:31 +0000] "GET /FWAZ.php HTTP/1.1" 401 36 "-" "-"
20.206.105.145 - - [21/Jul/2026:16:15:32 +0000] "GET /qterm.php HTTP/1.1" 401 36 "-" "-"
20.206.105.145 - - [21/Jul/2026:16:15:33 +0000] "GET /blurbs.php HTTP/1.1" 401 36 "-" "-"
20.206.105.145 - - [21/Jul/2026:16:15:33 +0000] "GET /v543.php HTTP/1.1" 401 36 "-" "-"
20.206.105.145 - - [21/Jul/2026:16:15:34 +0000] "GET /w3lls.php HTTP/1.1" 401 36 "-" "-"
57.141.0.40 - - [21/Jul/2026:16:15:34 +0000] "GET /products/24967429/ HTTP/2" 404 31914 "-" "Mozilla/5.0 (Windows NT 10.0; Win64; x64) AppleWebKit/537.36 (KHTML, like Gecko) Chrome/144.0.0.0 Safari/537.36 Edg/144.0.0.0 (compatible; meta-externalagent/1.1 (+https://developers.facebook.com/docs/sharing/webmasters/crawler))"
20.206.105.145 - - [21/Jul/2026:16:15:35 +0000] "GET /wp-ws68.php HTTP/1.1" 401 36 "-" "-"
20.206.105.145 - - [21/Jul/2026:16:15:35 +0000] "GET /xyn.php HTTP/1.1" 401 36 "-" "-"
20.206.105.145 - - [21/Jul/2026:16:15:36 +0000] "GET /green3.php HTTP/1.1" 401 36 "-" "-"
20.206.105.145 - - [21/Jul/2026:16:15:37 +0000] "GET /ccs.php HTTP/1.1" 401 36 "-" "-"
20.206.105.145 - - [21/Jul/2026:16:15:37 +0000] "GET /ccc.php HTTP/1.1" 401 36 "-" "-"
20.206.105.145 - - [21/Jul/2026:16:15:38 +0000] "GET /get.php HTTP/1.1" 401 36 "-" "-"
20.206.105.145 - - [21/Jul/2026:16:15:38 +0000] "GET /images.php HTTP/1.1" 401 36 "-" "-"
20.206.105.145 - - [21/Jul/2026:16:15:39 +0000] "GET /alls.php HTTP/1.1" 401 36 "-" "-"
20.206.105.145 - - [21/Jul/2026:16:15:40 +0000] "GET /yyu.php HTTP/1.1" 401 36 "-" "-"
20.206.105.145 - - [21/Jul/2026:16:15:40 +0000] "GET /by.php HTTP/1.1" 401 36 "-" "-"
57.141.0.60 - - [21/Jul/2026:16:15:40 +0000] "GET /products/5483307/ HTTP/2" 301 0 "-" "Mozilla/5.0 (Windows NT 10.0; Win64; x64) AppleWebKit/537.36 (KHTML, like Gecko) Chrome/145.0.0.0 Safari/537.36 (compatible; meta-externalagent/1.1 (+https://developers.facebook.com/docs/sharing/webmasters/crawler))"
20.206.105.145 - - [21/Jul/2026:16:15:41 +0000] "GET /FAQ.php HTTP/1.1" 401 36 "-" "-"
20.206.105.145 - - [21/Jul/2026:16:15:42 +0000] "GET /coffexium.php HTTP/1.1" 401 36 "-" "-"
20.206.105.145 - - [21/Jul/2026:16:15:42 +0000] "GET /red.php HTTP/1.1" 401 36 "-" "-"
20.206.105.145 - - [21/Jul/2026:16:15:43 +0000] "GET /wp-includes/sodium_compat/ HTTP/1.1" 401 36 "-" "-"
20.206.105.145 - - [21/Jul/2026:16:15:44 +0000] "GET /wp-admin/css/colors/coffee/wp-adochan.php HTTP/1.1" 401 36 "-" "-"
20.206.105.145 - - [21/Jul/2026:16:15:44 +0000] "GET /wp-includes/Text/ HTTP/1.1" 401 36 "-" "-"
20.206.105.145 - - [21/Jul/2026:16:15:45 +0000] "GET /footer.php HTTP/1.1" 401 36 "-" "-"
20.206.105.145 - - [21/Jul/2026:16:15:46 +0000] "GET /wp-content/uploads/ HTTP/1.1" 401 36 "-" "-"
20.206.105.145 - - [21/Jul/2026:16:15:46 +0000] "GET /wp-content/index.php HTTP/1.1" 401 36 "-" "-"
20.206.105.145 - - [21/Jul/2026:16:15:47 +0000] "GET /zoro.php HTTP/1.1" 401 36 "-" "-"
20.206.105.145 - - [21/Jul/2026:16:15:48 +0000] "GET /admin.php HTTP/1.1" 401 36 "-" "-"
20.206.105.145 - - [21/Jul/2026:16:15:48 +0000] "GET /greap.php HTTP/1.1" 401 36 "-" "-"
20.206.105.145 - - [21/Jul/2026:16:15:49 +0000] "GET /177.php HTTP/1.1" 401 36 "-" "-"
20.206.105.145 - - [21/Jul/2026:16:15:50 +0000] "GET /199.php HTTP/1.1" 401 36 "-" "-"
20.206.105.145 - - [21/Jul/2026:16:15:50 +0000] "GET /file52.php HTTP/1.1" 401 36 "-" "-"
20.206.105.145 - - [21/Jul/2026:16:15:51 +0000] "GET /122.php HTTP/1.1" 401 36 "-" "-"
20.206.105.145 - - [21/Jul/2026:16:15:52 +0000] "GET /green1.php HTTP/1.1" 401 36 "-" "-"
20.206.105.145 - - [21/Jul/2026:16:15:52 +0000] "GET /biufile.php HTTP/1.1" 401 36 "-" "-"
20.206.105.145 - - [21/Jul/2026:16:15:53 +0000] "GET /wpconf.php HTTP/1.1" 401 36 "-" "-"
20.206.105.145 - - [21/Jul/2026:16:15:54 +0000] "GET /mosty.php HTTP/1.1" 401 36 "-" "-"
57.141.0.23 - - [21/Jul/2026:16:15:53 +0000] "GET /products/2420774/ HTTP/2" 404 31916 "-" "Mozilla/5.0 (Windows NT 10.0; Win64; x64) AppleWebKit/537.36 (KHTML, like Gecko) Chrome/145.0.0.0 Safari/537.36 (compatible; meta-externalagent/1.1 (+https://developers.facebook.com/docs/sharing/webmasters/crawler))"
20.206.105.145 - - [21/Jul/2026:16:15:54 +0000] "GET /dejavu.php HTTP/1.1" 401 36 "-" "-"
213.209.159.254 - - [21/Jul/2026:16:15:55 +0000] "POST /wp-content/plugins/elementor-pro/modules/display-conditions/conditions/base/title.condition.base.php HTTP/2" 200 47 "-" "Mozilla/5.0 (Windows NT 10.0; Win64; x64) AppleWebKit/537.36 (KHTML, like Gecko) Chrome/101.0.4951.67 Safari/537.36"
20.206.105.145 - - [21/Jul/2026:16:15:55 +0000] "GET /aaf.php HTTP/1.1" 401 36 "-" "-"
20.206.105.145 - - [21/Jul/2026:16:15:56 +0000] "GET /term.php HTTP/1.1" 401 36 "-" "-"
20.206.105.145 - - [21/Jul/2026:16:15:56 +0000] "GET /ha.php HTTP/1.1" 401 36 "-" "-"
20.206.105.145 - - [21/Jul/2026:16:15:57 +0000] "GET /hur.php HTTP/1.1" 401 36 "-" "-"
20.206.105.145 - - [21/Jul/2026:16:15:58 +0000] "GET /h02ugyh.php HTTP/1.1" 401 36 "-" "-"
20.206.105.145 - - [21/Jul/2026:16:15:59 +0000] "GET /seiso.php HTTP/1.1" 401 36 "-" "-"
213.209.159.254 - - [21/Jul/2026:16:15:59 +0000] "POST /wp-content/plugins/elementor-pro/modules/display-conditions/conditions/base/title.condition.base.php HTTP/2" 200 51 "-" "Mozilla/5.0 (Macintosh; Intel Mac OS X 10_15_7) AppleWebKit/605.1.15 (KHTML, like Gecko) Version/17.0 Safari/605.1.15"
20.206.105.145 - - [21/Jul/2026:16:15:59 +0000] "GET /155.php HTTP/1.1" 401 36 "-" "-"
20.206.105.145 - - [21/Jul/2026:16:16:00 +0000] "GET /ppp.php HTTP/1.1" 401 36 "-" "-"
20.206.105.145 - - [21/Jul/2026:16:16:00 +0000] "GET /201.php HTTP/1.1" 401 36 "-" "-"
20.206.105.145 - - [21/Jul/2026:16:16:01 +0000] "GET /ops.php HTTP/1.1" 401 36 "-" "-"
20.206.105.145 - - [21/Jul/2026:16:16:02 +0000] "GET /ingfo.php HTTP/1.1" 401 36 "-" "-"
57.141.0.36 - - [21/Jul/2026:16:16:02 +0000] "GET /products/25070196/ HTTP/2" 301 0 "-" "Mozilla/5.0 (Windows NT 10.0; Win64; x64) AppleWebKit/537.36 (KHTML, like Gecko) Chrome/145.0.0.0 Safari/537.36 (compatible; meta-externalagent/1.1 (+https://developers.facebook.com/docs/sharing/webmasters/crawler))"
20.206.105.145 - - [21/Jul/2026:16:16:02 +0000] "GET /error_log.php HTTP/1.1" 401 36 "-" "-"
213.209.159.254 - - [21/Jul/2026:16:16:03 +0000] "POST /wp-content/plugins/elementor-pro/modules/display-conditions/conditions/base/title.condition.base.php HTTP/2" 200 44 "-" "Mozilla/5.0 (Windows NT 10.0; Win64; x64) AppleWebKit/537.36 (KHTML, like Gecko) Chrome/99.0.4844.51 Safari/537.36"
20.206.105.145 - - [21/Jul/2026:16:16:03 +0000] "GET /xenon1337.php HTTP/1.1" 401 36 "-" "-"
20.206.105.145 - - [21/Jul/2026:16:16:04 +0000] "GET /test11.php HTTP/1.1" 401 36 "-" "-"
20.206.105.145 - - [21/Jul/2026:16:16:05 +0000] "GET /koala.php HTTP/1.1" 401 36 "-" "-"
20.206.105.145 - - [21/Jul/2026:16:16:05 +0000] "GET /mac.php HTTP/1.1" 401 36 "-" "-"
20.206.105.145 - - [21/Jul/2026:16:16:06 +0000] "GET /25d653587fdfd1.php HTTP/1.1" 401 36 "-" "-"
20.206.105.145 - - [21/Jul/2026:16:16:07 +0000] "GET /wefile.php HTTP/1.1" 401 36 "-" "-"
20.206.105.145 - - [21/Jul/2026:16:16:07 +0000] "GET /wp-includes/blocks/post-comments-form/ HTTP/1.1" 401 36 "-" "-"
20.206.105.145 - - [21/Jul/2026:16:16:08 +0000] "GET /wp-admin/js/ HTTP/1.1" 401 36 "-" "-"
20.206.105.145 - - [21/Jul/2026:16:16:09 +0000] "GET /wp-admin/css/colour.php HTTP/1.1" 401 36 "-" "-"
20.206.105.145 - - [21/Jul/2026:16:16:09 +0000] "GET /2P.php HTTP/1.1" 401 36 "-" "-"
20.206.105.145 - - [21/Jul/2026:16:16:10 +0000] "GET /.well-known/about.php HTTP/1.1" 401 36 "-" "-"
20.206.105.145 - - [21/Jul/2026:16:16:10 +0000] "GET /wp-includes/ID3/about.php HTTP/1.1" 401 36 "-" "-"
20.206.105.145 - - [21/Jul/2026:16:16:11 +0000] "GET /bob.php HTTP/1.1" 401 36 "-" "-"
20.206.105.145 - - [21/Jul/2026:16:16:12 +0000] "GET /wp-admin/css/ HTTP/1.1" 401 36 "-" "-"
57.141.0.70 - - [21/Jul/2026:16:16:11 +0000] "GET /products/14067063/ HTTP/2" 404 31916 "-" "Mozilla/5.0 (Windows NT 10.0; Win64; x64) AppleWebKit/537.36 (KHTML, like Gecko) Chrome/145.0.0.0 Safari/537.36 (compatible; meta-externalagent/1.1 (+https://developers.facebook.com/docs/sharing/webmasters/crawler))"
20.206.105.145 - - [21/Jul/2026:16:16:12 +0000] "GET /wp-admin/css/colors/modern/ HTTP/1.1" 401 36 "-" "-"
57.141.0.7 - - [21/Jul/2026:16:16:13 +0000] "GET /products/18401363/ HTTP/2" 404 31916 "-" "Mozilla/5.0 (Windows NT 10.0; Win64; x64) AppleWebKit/537.36 (KHTML, like Gecko) Chrome/145.0.0.0 Safari/537.36 (compatible; meta-externalagent/1.1 (+https://developers.facebook.com/docs/sharing/webmasters/crawler))"
20.206.105.145 - - [21/Jul/2026:16:16:13 +0000] "GET /crgio.php HTTP/1.1" 401 36 "-" "-"
57.141.0.36 - - [21/Jul/2026:16:16:13 +0000] "GET /products/25990430/ HTTP/2" 404 31916 "-" "Mozilla/5.0 (Windows NT 10.0; Win64; x64) AppleWebKit/537.36 (KHTML, like Gecko) Chrome/145.0.0.0 Safari/537.36 (compatible; meta-externalagent/1.1 (+https://developers.facebook.com/docs/sharing/webmasters/crawler))"
20.206.105.145 - - [21/Jul/2026:16:16:14 +0000] "GET /pucci.php HTTP/1.1" 401 36 "-" "-"
20.206.105.145 - - [21/Jul/2026:16:16:15 +0000] "GET /wp-includes/blocks/details/ HTTP/1.1" 401 36 "-" "-"
20.206.105.145 - - [21/Jul/2026:16:16:16 +0000] "GET /wp-includes/blocks/audio/ HTTP/1.1" 401 36 "-" "-"
20.206.105.145 - - [21/Jul/2026:16:16:16 +0000] "GET /wp-temp.php HTTP/1.1" 401 36 "-" "-"
20.206.105.145 - - [21/Jul/2026:16:16:17 +0000] "GET /wp-includes/blocks/buttons/ HTTP/1.1" 401 36 "-" "-"
20.206.105.145 - - [21/Jul/2026:16:16:18 +0000] "GET /wp-admin/js/index.php HTTP/1.1" 401 36 "-" "-"
20.206.105.145 - - [21/Jul/2026:16:16:18 +0000] "GET /puc.php HTTP/1.1" 401 36 "-" "-"
20.206.105.145 - - [21/Jul/2026:16:16:19 +0000] "GET /themes.php HTTP/1.1" 401 36 "-" "-"
20.206.105.145 - - [21/Jul/2026:16:16:19 +0000] "GET /dx.php HTTP/1.1" 401 36 "-" "-"
20.206.105.145 - - [21/Jul/2026:16:16:20 +0000] "GET /p.php HTTP/1.1" 401 36 "-" "-"
20.206.105.145 - - [21/Jul/2026:16:16:21 +0000] "GET /wp-includes/Requests/ HTTP/1.1" 401 36 "-" "-"
20.206.105.145 - - [21/Jul/2026:16:16:21 +0000] "GET /bthil.php HTTP/1.1" 401 36 "-" "-"
20.206.105.145 - - [21/Jul/2026:16:16:22 +0000] "GET /7.php HTTP/1.1" 401 36 "-" "-"
20.206.105.145 - - [21/Jul/2026:16:16:23 +0000] "GET /8.php HTTP/1.1" 401 36 "-" "-"
20.206.105.145 - - [21/Jul/2026:16:16:23 +0000] "GET /1.php HTTP/1.1" 401 36 "-" "-"
20.206.105.145 - - [21/Jul/2026:16:16:24 +0000] "GET /100.php HTTP/1.1" 401 36 "-" "-"
198.38.94.67 - - [21/Jul/2026:16:16:24 +0000] "POST /wp-cron.php?doing_wp_cron=1784650584.4858059883117675781250 HTTP/1.1" 200 0 "-" "WordPress/7.0.1; https://goldendunesfilmfestival.com"
57.141.0.44 - - [21/Jul/2026:16:16:24 +0000] "GET /products/6190596/ HTTP/2" 404 31912 "-" "Mozilla/5.0 (Macintosh; Intel Mac OS X 10_15_7) AppleWebKit/537.36 (KHTML, like Gecko) Chrome/145.0.0.0 Safari/537.36 (compatible; meta-externalagent/1.1 (+https://developers.facebook.com/docs/sharing/webmasters/crawler))"
20.206.105.145 - - [21/Jul/2026:16:16:24 +0000] "GET /about.php HTTP/1.1" 401 36 "-" "-"
20.206.105.145 - - [21/Jul/2026:16:16:25 +0000] "GET /admin.php HTTP/1.1" 401 36 "-" "-"
20.206.105.145 - - [21/Jul/2026:16:16:26 +0000] "GET /edit.php HTTP/1.1" 401 36 "-" "-"
20.206.105.145 - - [21/Jul/2026:16:16:26 +0000] "GET /wp-content/admin.php HTTP/1.1" 401 36 "-" "-"
20.206.105.145 - - [21/Jul/2026:16:16:27 +0000] "GET /f6.php HTTP/1.1" 401 36 "-" "-"
20.206.105.145 - - [21/Jul/2026:16:16:28 +0000] "GET /inputs.php HTTP/1.1" 401 36 "-" "-"
20.206.105.145 - - [21/Jul/2026:16:16:28 +0000] "GET /av.php HTTP/1.1" 401 36 "-" "-"
20.206.105.145 - - [21/Jul/2026:16:16:29 +0000] "GET /classwithtostring.php HTTP/1.1" 401 36 "-" "-"
20.206.105.145 - - [21/Jul/2026:16:16:29 +0000] "GET /wp-content/themes/index.php HTTP/1.1" 401 36 "-" "-"
20.206.105.145 - - [21/Jul/2026:16:16:30 +0000] "GET /wp-blog.php HTTP/1.1" 401 36 "-" "-"
20.206.105.145 - - [21/Jul/2026:16:16:31 +0000] "GET /wp-includes/js/jquery/ HTTP/1.1" 401 36 "-" "-"
20.206.105.145 - - [21/Jul/2026:16:16:31 +0000] "GET /wp-content/admin.php HTTP/1.1" 401 36 "-" "-"
20.206.105.145 - - [21/Jul/2026:16:16:32 +0000] "GET /adminfuns.php HTTP/1.1" 401 36 "-" "-"
20.206.105.145 - - [21/Jul/2026:16:16:33 +0000] "GET /goods.php HTTP/1.1" 401 36 "-" "-"
20.206.105.145 - - [21/Jul/2026:16:16:34 +0000] "GET /ms-edit.php HTTP/1.1" 401 36 "-" "-"
57.141.0.58 - - [21/Jul/2026:16:16:34 +0000] "GET /products/21030829/ HTTP/2" 404 31914 "-" "Mozilla/5.0 (X11; Linux x86_64) AppleWebKit/537.36 (KHTML, like Gecko) Chrome/145.0.0.0 Safari/537.36 (compatible; meta-externalagent/1.1 (+https://developers.facebook.com/docs/sharing/webmasters/crawler))"
20.206.105.145 - - [21/Jul/2026:16:16:34 +0000] "GET /222.php HTTP/1.1" 401 36 "-" "-"
20.206.105.145 - - [21/Jul/2026:16:16:35 +0000] "GET /cgi-bin/index.php HTTP/1.1" 401 36 "-" "-"
20.206.105.145 - - [21/Jul/2026:16:16:36 +0000] "GET /wp-includes/css/dist/ HTTP/1.1" 401 36 "-" "-"
20.206.105.145 - - [21/Jul/2026:16:16:36 +0000] "GET /BDKR28WP.php HTTP/1.1" 401 36 "-" "-"
20.206.105.145 - - [21/Jul/2026:16:16:37 +0000] "GET /wp-includes/l10n/ HTTP/1.1" 401 36 "-" "-"
20.206.105.145 - - [21/Jul/2026:16:16:38 +0000] "GET /wp-content/uploads/ HTTP/1.1" 401 36 "-" "-"
20.206.105.145 - - [21/Jul/2026:16:16:38 +0000] "GET /wp.php HTTP/1.1" 401 36 "-" "-"
20.206.105.145 - - [21/Jul/2026:16:16:39 +0000] "GET /abcd.php HTTP/1.1" 401 36 "-" "-"
20.206.105.145 - - [21/Jul/2026:16:16:40 +0000] "GET /a1.php HTTP/1.1" 401 36 "-" "-"
20.206.105.145 - - [21/Jul/2026:16:16:41 +0000] "GET /wp-includes/Text/Diff/Engine/about.php HTTP/1.1" 401 36 "-" "-"
20.206.105.145 - - [21/Jul/2026:16:16:41 +0000] "GET /w1php HTTP/1.1" 401 36 "-" "-"
20.206.105.145 - - [21/Jul/2026:16:16:42 +0000] "GET /w2php HTTP/1.1" 401 36 "-" "-"
57.141.0.31 - - [21/Jul/2026:16:16:42 +0000] "GET /products/7901185/ HTTP/2" 404 31916 "-" "Mozilla/5.0 (Windows NT 10.0; Win64; x64) AppleWebKit/537.36 (KHTML, like Gecko) Chrome/145.0.0.0 Safari/537.36 (compatible; meta-externalagent/1.1 (+https://developers.facebook.com/docs/sharing/webmasters/crawler))"
20.206.105.145 - - [21/Jul/2026:16:16:43 +0000] "GET /w3php HTTP/1.1" 401 36 "-" "-"
20.206.105.145 - - [21/Jul/2026:16:16:43 +0000] "GET /cgi-bin/admin.php HTTP/1.1" 401 36 "-" "-"
20.206.105.145 - - [21/Jul/2026:16:16:44 +0000] "GET /gettest.php HTTP/1.1" 401 36 "-" "-"
20.206.105.145 - - [21/Jul/2026:16:16:44 +0000] "GET /wp-content/ HTTP/1.1" 401 36 "-" "-"
20.206.105.145 - - [21/Jul/2026:16:16:45 +0000] "GET /simple.php HTTP/1.1" 401 36 "-" "-"
20.206.105.145 - - [21/Jul/2026:16:16:46 +0000] "GET /xxx.php HTTP/1.1" 401 36 "-" "-"
20.206.105.145 - - [21/Jul/2026:16:16:46 +0000] "GET /hypo.php HTTP/1.1" 401 36 "-" "-"
20.206.105.145 - - [21/Jul/2026:16:16:47 +0000] "GET /wp-admin/css/colors/blue/ HTTP/1.1" 401 36 "-" "-"
20.206.105.145 - - [21/Jul/2026:16:16:48 +0000] "GET /chosen.php HTTP/1.1" 401 36 "-" "-"
20.206.105.145 - - [21/Jul/2026:16:16:48 +0000] "GET /wp-includes/block-bindings/ HTTP/1.1" 401 36 "-" "-"
20.206.105.145 - - [21/Jul/2026:16:16:49 +0000] "GET /als.php HTTP/1.1" 401 36 "-" "-"
20.206.105.145 - - [21/Jul/2026:16:16:50 +0000] "GET /pol.php HTTP/1.1" 401 36 "-" "-"
20.206.105.145 - - [21/Jul/2026:16:16:51 +0000] "GET /file5.php HTTP/1.1" 401 36 "-" "-"
20.206.105.145 - - [21/Jul/2026:16:16:52 +0000] "GET /4PJcpMFsD8B.php HTTP/1.1" 401 36 "-" "-"
20.206.105.145 - - [21/Jul/2026:16:16:52 +0000] "GET /file.php HTTP/1.1" 401 36 "-" "-"
20.206.105.145 - - [21/Jul/2026:16:16:53 +0000] "GET /cfile.php HTTP/1.1" 401 36 "-" "-"
20.206.105.145 - - [21/Jul/2026:16:16:54 +0000] "GET /class-wp.php HTTP/1.1" 401 36 "-" "-"
20.206.105.145 - - [21/Jul/2026:16:16:54 +0000] "GET /admin.php HTTP/1.1" 401 36 "-" "-"
20.206.105.145 - - [21/Jul/2026:16:16:55 +0000] "GET /aa2.php HTTP/1.1" 401 36 "-" "-"
20.206.105.145 - - [21/Jul/2026:16:16:56 +0000] "GET /ccou.php HTTP/1.1" 401 36 "-" "-"
20.206.105.145 - - [21/Jul/2026:16:16:56 +0000] "GET /dr.php HTTP/1.1" 401 36 "-" "-"
20.206.105.145 - - [21/Jul/2026:16:16:57 +0000] "GET /xamp.php HTTP/1.1" 401 36 "-" "-"
20.206.105.145 - - [21/Jul/2026:16:16:57 +0000] "GET /bless.php HTTP/1.1" 401 36 "-" "-"
20.206.105.145 - - [21/Jul/2026:16:16:58 +0000] "GET /file46.php HTTP/1.1" 401 36 "-" "-"
20.206.105.145 - - [21/Jul/2026:16:16:59 +0000] "GET /eee.php HTTP/1.1" 401 36 "-" "-"
20.206.105.145 - - [21/Jul/2026:16:16:59 +0000] "GET /file25.php HTTP/1.1" 401 36 "-" "-"
20.206.105.145 - - [21/Jul/2026:16:17:00 +0000] "GET /file48.php HTTP/1.1" 401 36 "-" "-"
20.206.105.145 - - [21/Jul/2026:16:17:01 +0000] "GET /file6.php HTTP/1.1" 401 36 "-" "-"
20.206.105.145 - - [21/Jul/2026:16:17:02 +0000] "GET /a2.php HTTP/1.1" 401 36 "-" "-"
20.206.105.145 - - [21/Jul/2026:16:17:02 +0000] "GET /file15.php HTTP/1.1" 401 36 "-" "-"
20.206.105.145 - - [21/Jul/2026:16:17:03 +0000] "GET /jp.php HTTP/1.1" 401 36 "-" "-"
20.206.105.145 - - [21/Jul/2026:16:17:04 +0000] "GET /f35.php HTTP/1.1" 401 36 "-" "-"
20.206.105.145 - - [21/Jul/2026:16:17:05 +0000] "GET /wp-load.php HTTP/1.1" 401 36 "-" "-"
20.206.105.145 - - [21/Jul/2026:16:17:05 +0000] "GET /xwpg.php HTTP/1.1" 401 36 "-" "-"
20.206.105.145 - - [21/Jul/2026:16:17:06 +0000] "GET /wp-includes/assets/ HTTP/1.1" 401 36 "-" "-"
20.206.105.145 - - [21/Jul/2026:16:17:07 +0000] "GET /wp-admin/css/colors/sunrise/ HTTP/1.1" 401 36 "-" "-"
20.206.105.145 - - [21/Jul/2026:16:17:08 +0000] "GET /waf.php HTTP/1.1" 401 36 "-" "-"
20.206.105.145 - - [21/Jul/2026:16:17:08 +0000] "GET /xstelth.php HTTP/1.1" 401 36 "-" "-"
20.206.105.145 - - [21/Jul/2026:16:17:09 +0000] "GET /wp-links.php HTTP/1.1" 401 36 "-" "-"
20.206.105.145 - - [21/Jul/2026:16:17:10 +0000] "GET /wp-admin/network/plugins.php HTTP/1.1" 401 36 "-" "-"
20.206.105.145 - - [21/Jul/2026:16:17:10 +0000] "GET /aaa.php HTTP/1.1" 401 36 "-" "-"
57.141.0.15 - - [21/Jul/2026:16:17:14 +0000] "GET /products/14314418/ HTTP/2" 404 31916 "-" "Mozilla/5.0 (Windows NT 10.0; Win64; x64) AppleWebKit/537.36 (KHTML, like Gecko) Chrome/145.0.0.0 Safari/537.36 (compatible; meta-externalagent/1.1 (+https://developers.facebook.com/docs/sharing/webmasters/crawler))"
198.38.94.67 - - [21/Jul/2026:16:17:30 +0000] "POST /wp-cron.php?doing_wp_cron=1784650650.4670081138610839843750 HTTP/1.1" 200 0 "-" "WordPress/7.0.1; https://goldendunesfilmfestival.com"
57.141.0.67 - - [21/Jul/2026:16:17:30 +0000] "GET /products/24660574/ HTTP/2" 404 31916 "-" "Mozilla/5.0 (Windows NT 10.0; Win64; x64) AppleWebKit/537.36 (KHTML, like Gecko) Chrome/145.0.0.0 Safari/537.36 (compatible; meta-externalagent/1.1 (+https://developers.facebook.com/docs/sharing/webmasters/crawler))"
57.141.0.50 - - [21/Jul/2026:16:17:33 +0000] "GET /products/3865341/ HTTP/2" 301 0 "-" "Mozilla/5.0 (Windows NT 10.0; Win64; x64) AppleWebKit/537.36 (KHTML, like Gecko) Chrome/145.0.0.0 Safari/537.36 Edg/145.0.0.0 (compatible; meta-externalagent/1.1 (+https://developers.facebook.com/docs/sharing/webmasters/crawler))"
57.141.0.15 - - [21/Jul/2026:16:17:34 +0000] "GET /products/5474730/ HTTP/2" 404 31912 "-" "Mozilla/5.0 (Macintosh; Intel Mac OS X 10_15_7) AppleWebKit/537.36 (KHTML, like Gecko) Chrome/145.0.0.0 Safari/537.36 (compatible; meta-externalagent/1.1 (+https://developers.facebook.com/docs/sharing/webmasters/crawler))"
57.141.0.26 - - [21/Jul/2026:16:17:37 +0000] "GET /products/11965929/ HTTP/2" 404 31916 "-" "Mozilla/5.0 (Windows NT 10.0; Win64; x64) AppleWebKit/537.36 (KHTML, like Gecko) Chrome/145.0.0.0 Safari/537.36 (compatible; meta-externalagent/1.1 (+https://developers.facebook.com/docs/sharing/webmasters/crawler))"
57.141.0.42 - - [21/Jul/2026:16:17:37 +0000] "GET /products/4324329/ HTTP/2" 404 31912 "-" "Mozilla/5.0 (Macintosh; Intel Mac OS X 10_15_7) AppleWebKit/537.36 (KHTML, like Gecko) Chrome/145.0.0.0 Safari/537.36 (compatible; meta-externalagent/1.1 (+https://developers.facebook.com/docs/sharing/webmasters/crawler))"
57.141.0.67 - - [21/Jul/2026:16:17:47 +0000] "GET /products/23277630/ HTTP/2" 301 0 "-" "Mozilla/5.0 (Macintosh; Intel Mac OS X 10_15_7) AppleWebKit/537.36 (KHTML, like Gecko) Chrome/145.0.0.0 Safari/537.36 (compatible; meta-externalagent/1.1 (+https://developers.facebook.com/docs/sharing/webmasters/crawler))"
57.141.0.21 - - [21/Jul/2026:16:17:48 +0000] "GET /products/5025752/ HTTP/2" 404 31912 "-" "Mozilla/5.0 (Macintosh; Intel Mac OS X 10_15_7) AppleWebKit/537.36 (KHTML, like Gecko) Chrome/145.0.0.0 Safari/537.36 (compatible; meta-externalagent/1.1 (+https://developers.facebook.com/docs/sharing/webmasters/crawler))"
213.209.159.254 - - [21/Jul/2026:16:16:03 +0000] "POST /wp-content/plugins/elementor-pro/modules/display-conditions/conditions/base/title.condition.base.php HTTP/2" 200 0 "-" "Mozilla/5.0 (Macintosh; Intel Mac OS X 10_15_7) AppleWebKit/605.1.15 (KHTML, like Gecko) Version/15.3 Safari/605.1.15"
57.141.0.62 - - [21/Jul/2026:16:18:05 +0000] "GET /products/21179785/ HTTP/2" 404 31912 "-" "Mozilla/5.0 (Macintosh; Intel Mac OS X 10_15_7) AppleWebKit/537.36 (KHTML, like Gecko) Chrome/145.0.0.0 Safari/537.36 (compatible; meta-externalagent/1.1 (+https://developers.facebook.com/docs/sharing/webmasters/crawler))"
57.141.0.42 - - [21/Jul/2026:16:18:06 +0000] "GET /products/17019118/ HTTP/2" 404 31912 "-" "Mozilla/5.0 (Macintosh; Intel Mac OS X 10_15_7) AppleWebKit/537.36 (KHTML, like Gecko) Chrome/145.0.0.0 Safari/537.36 (compatible; meta-externalagent/1.1 (+https://developers.facebook.com/docs/sharing/webmasters/crawler))"
213.209.159.254 - - [21/Jul/2026:16:18:14 +0000] "POST /wp-content/plugins/elementor-pro/modules/display-conditions/conditions/base/title.condition.base.php HTTP/2" 200 29 "-" "Mozilla/5.0 (Windows NT 10.0; Win64; x64) AppleWebKit/537.36 (KHTML, like Gecko) Chrome/116.0.0.0 Safari/537.36"
57.141.0.31 - - [21/Jul/2026:16:18:20 +0000] "GET /products/2132685/ HTTP/2" 404 31916 "-" "Mozilla/5.0 (Windows NT 10.0; Win64; x64) AppleWebKit/537.36 (KHTML, like Gecko) Chrome/145.0.0.0 Safari/537.36 (compatible; meta-externalagent/1.1 (+https://developers.facebook.com/docs/sharing/webmasters/crawler))"
198.38.94.67 - - [21/Jul/2026:16:18:23 +0000] "POST /wp-cron.php?doing_wp_cron=1784650703.4770090579986572265625 HTTP/1.1" 200 0 "-" "WordPress/7.0.1; https://goldendunesfilmfestival.com"
57.141.0.32 - - [21/Jul/2026:16:18:23 +0000] "GET /products/24168541/ HTTP/2" 404 31916 "-" "Mozilla/5.0 (Windows NT 10.0; Win64; x64) AppleWebKit/537.36 (KHTML, like Gecko) Chrome/145.0.0.0 Safari/537.36 (compatible; meta-externalagent/1.1 (+https://developers.facebook.com/docs/sharing/webmasters/crawler))"
57.141.0.37 - - [21/Jul/2026:16:18:26 +0000] "GET /products/3879096/ HTTP/2" 404 31912 "-" "Mozilla/5.0 (Macintosh; Intel Mac OS X 10_15_7) AppleWebKit/537.36 (KHTML, like Gecko) Chrome/145.0.0.0 Safari/537.36 (compatible; meta-externalagent/1.1 (+https://developers.facebook.com/docs/sharing/webmasters/crawler))"
57.141.0.50 - - [21/Jul/2026:16:18:31 +0000] "GET /products/15185007/ HTTP/2" 404 31916 "-" "Mozilla/5.0 (Windows NT 10.0; Win64; x64) AppleWebKit/537.36 (KHTML, like Gecko) Chrome/145.0.0.0 Safari/537.36 (compatible; meta-externalagent/1.1 (+https://developers.facebook.com/docs/sharing/webmasters/crawler))"
57.141.0.26 - - [21/Jul/2026:16:18:43 +0000] "GET /products/10703818/ HTTP/2" 404 31916 "-" "Mozilla/5.0 (Windows NT 10.0; Win64; x64) AppleWebKit/537.36 (KHTML, like Gecko) Chrome/145.0.0.0 Safari/537.36 (compatible; meta-externalagent/1.1 (+https://developers.facebook.com/docs/sharing/webmasters/crawler))"
57.141.0.14 - - [21/Jul/2026:16:18:57 +0000] "GET /products/3736096/ HTTP/2" 404 31916 "-" "Mozilla/5.0 (Windows NT 10.0; Win64; x64) AppleWebKit/537.36 (KHTML, like Gecko) Chrome/145.0.0.0 Safari/537.36 (compatible; meta-externalagent/1.1 (+https://developers.facebook.com/docs/sharing/webmasters/crawler))"
57.141.0.34 - - [21/Jul/2026:16:18:57 +0000] "GET /products/17641852/ HTTP/2" 404 31916 "-" "Mozilla/5.0 (Windows NT 10.0; Win64; x64) AppleWebKit/537.36 (KHTML, like Gecko) Chrome/145.0.0.0 Safari/537.36 (compatible; meta-externalagent/1.1 (+https://developers.facebook.com/docs/sharing/webmasters/crawler))"
57.141.0.27 - - [21/Jul/2026:16:18:59 +0000] "GET /products/8500152/ HTTP/2" 404 31912 "-" "Mozilla/5.0 (Macintosh; Intel Mac OS X 10_15_7) AppleWebKit/537.36 (KHTML, like Gecko) Chrome/145.0.0.0 Safari/537.36 (compatible; meta-externalagent/1.1 (+https://developers.facebook.com/docs/sharing/webmasters/crawler))"
57.141.0.12 - - [21/Jul/2026:16:19:12 +0000] "GET /products/19313330/ HTTP/2" 404 31914 "-" "Mozilla/5.0 (X11; Linux x86_64) AppleWebKit/537.36 (KHTML, like Gecko) Chrome/145.0.0.0 Safari/537.36 (compatible; meta-externalagent/1.1 (+https://developers.facebook.com/docs/sharing/webmasters/crawler))"
57.141.0.49 - - [21/Jul/2026:16:19:13 +0000] "GET /products/2412041/ HTTP/2" 404 31916 "-" "Mozilla/5.0 (Windows NT 10.0; Win64; x64) AppleWebKit/537.36 (KHTML, like Gecko) Chrome/145.0.0.0 Safari/537.36 (compatible; meta-externalagent/1.1 (+https://developers.facebook.com/docs/sharing/webmasters/crawler))"
198.38.94.67 - - [21/Jul/2026:16:19:28 +0000] "POST /wp-cron.php?doing_wp_cron=1784650768.4576439857482910156250 HTTP/1.1" 200 0 "-" "WordPress/7.0.1; https://goldendunesfilmfestival.com"
57.141.0.3 - - [21/Jul/2026:16:19:28 +0000] "GET /products/24227207/ HTTP/2" 404 31916 "-" "Mozilla/5.0 (Windows NT 10.0; Win64; x64) AppleWebKit/537.36 (KHTML, like Gecko) Chrome/145.0.0.0 Safari/537.36 (compatible; meta-externalagent/1.1 (+https://developers.facebook.com/docs/sharing/webmasters/crawler))"
198.38.94.67 - - [21/Jul/2026:16:19:35 +0000] "POST /wp-cron.php?doing_wp_cron=1784650775.1253299713134765625000 HTTP/1.1" 200 0 "-" "WordPress/7.0.1; https://goldendunesfilmfestival.com"
57.141.0.10 - - [21/Jul/2026:16:19:34 +0000] "GET /products/16203507/ HTTP/2" 404 31916 "-" "Mozilla/5.0 (Windows NT 10.0; Win64; x64) AppleWebKit/537.36 (KHTML, like Gecko) Chrome/145.0.0.0 Safari/537.36 (compatible; meta-externalagent/1.1 (+https://developers.facebook.com/docs/sharing/webmasters/crawler))"
57.141.0.61 - - [21/Jul/2026:16:19:39 +0000] "GET /products/6403029/ HTTP/2" 404 31914 "-" "Mozilla/5.0 (Windows NT 10.0; Win64; x64) AppleWebKit/537.36 (KHTML, like Gecko) Chrome/145.0.0.0 Safari/537.36 Edg/145.0.0.0 (compatible; meta-externalagent/1.1 (+https://developers.facebook.com/docs/sharing/webmasters/crawler))"
57.141.0.70 - - [21/Jul/2026:16:19:41 +0000] "GET /products/8238741/ HTTP/2" 404 31916 "-" "Mozilla/5.0 (Windows NT 10.0; Win64; x64) AppleWebKit/537.36 (KHTML, like Gecko) Chrome/145.0.0.0 Safari/537.36 (compatible; meta-externalagent/1.1 (+https://developers.facebook.com/docs/sharing/webmasters/crawler))"
57.141.0.59 - - [21/Jul/2026:16:19:43 +0000] "GET /products/9807530/ HTTP/2" 404 31912 "-" "Mozilla/5.0 (Macintosh; Intel Mac OS X 10_15_7) AppleWebKit/537.36 (KHTML, like Gecko) Chrome/145.0.0.0 Safari/537.36 (compatible; meta-externalagent/1.1 (+https://developers.facebook.com/docs/sharing/webmasters/crawler))"
57.141.0.69 - - [21/Jul/2026:16:19:52 +0000] "GET /products/11207241/ HTTP/2" 404 31916 "-" "Mozilla/5.0 (Windows NT 10.0; Win64; x64) AppleWebKit/537.36 (KHTML, like Gecko) Chrome/145.0.0.0 Safari/537.36 (compatible; meta-externalagent/1.1 (+https://developers.facebook.com/docs/sharing/webmasters/crawler))"
57.141.0.42 - - [21/Jul/2026:16:19:54 +0000] "GET /products/23662663/ HTTP/2" 404 31914 "-" "Mozilla/5.0 (X11; Linux x86_64) AppleWebKit/537.36 (KHTML, like Gecko) Chrome/145.0.0.0 Safari/537.36 (compatible; meta-externalagent/1.1 (+https://developers.facebook.com/docs/sharing/webmasters/crawler))"
57.141.0.16 - - [21/Jul/2026:16:19:59 +0000] "GET /products/2774218/ HTTP/2" 404 31912 "-" "Mozilla/5.0 (Macintosh; Intel Mac OS X 10_15_7) AppleWebKit/537.36 (KHTML, like Gecko) Chrome/145.0.0.0 Safari/537.36 (compatible; meta-externalagent/1.1 (+https://developers.facebook.com/docs/sharing/webmasters/crawler))"
57.141.0.36 - - [21/Jul/2026:16:20:02 +0000] "GET /products/8314407/ HTTP/2" 404 31912 "-" "Mozilla/5.0 (Macintosh; Intel Mac OS X 10_15_7) AppleWebKit/537.36 (KHTML, like Gecko) Chrome/145.0.0.0 Safari/537.36 (compatible; meta-externalagent/1.1 (+https://developers.facebook.com/docs/sharing/webmasters/crawler))"
57.141.0.27 - - [21/Jul/2026:16:20:14 +0000] "GET /products/25734352/ HTTP/2" 404 31916 "-" "Mozilla/5.0 (Windows NT 10.0; Win64; x64) AppleWebKit/537.36 (KHTML, like Gecko) Chrome/145.0.0.0 Safari/537.36 (compatible; meta-externalagent/1.1 (+https://developers.facebook.com/docs/sharing/webmasters/crawler))"
198.38.94.67 - - [21/Jul/2026:16:20:25 +0000] "POST /wp-cron.php?doing_wp_cron=1784650825.1520709991455078125000 HTTP/1.1" 200 0 "-" "WordPress/7.0.1; https://goldendunesfilmfestival.com"
57.141.0.25 - - [21/Jul/2026:16:20:24 +0000] "GET /products/24793741/ HTTP/2" 301 0 "-" "Mozilla/5.0 (Windows NT 10.0; Win64; x64) AppleWebKit/537.36 (KHTML, like Gecko) Chrome/145.0.0.0 Safari/537.36 (compatible; meta-externalagent/1.1 (+https://developers.facebook.com/docs/sharing/webmasters/crawler))"
57.141.0.10 - - [21/Jul/2026:16:20:52 +0000] "GET /products/5135396/ HTTP/2" 404 31916 "-" "Mozilla/5.0 (Windows NT 10.0; Win64; x64) AppleWebKit/537.36 (KHTML, like Gecko) Chrome/145.0.0.0 Safari/537.36 (compatible; meta-externalagent/1.1 (+https://developers.facebook.com/docs/sharing/webmasters/crawler))"
57.141.0.20 - - [21/Jul/2026:16:21:19 +0000] "GET /products/1424029/ HTTP/2" 404 31916 "-" "Mozilla/5.0 (Windows NT 10.0; Win64; x64) AppleWebKit/537.36 (KHTML, like Gecko) Chrome/145.0.0.0 Safari/537.36 (compatible; meta-externalagent/1.1 (+https://developers.facebook.com/docs/sharing/webmasters/crawler))"
198.38.94.67 - - [21/Jul/2026:16:21:25 +0000] "POST /wp-cron.php?doing_wp_cron=1784650885.7432570457458496093750 HTTP/1.1" 200 0 "-" "WordPress/7.0.1; https://goldendunesfilmfestival.com"
57.141.0.45 - - [21/Jul/2026:16:21:25 +0000] "GET /products/2832418/ HTTP/2" 404 31912 "-" "Mozilla/5.0 (Macintosh; Intel Mac OS X 10_15_7) AppleWebKit/537.36 (KHTML, like Gecko) Chrome/145.0.0.0 Safari/537.36 (compatible; meta-externalagent/1.1 (+https://developers.facebook.com/docs/sharing/webmasters/crawler))"
57.141.0.4 - - [21/Jul/2026:16:21:38 +0000] "GET /products/15574941/ HTTP/2" 404 31912 "-" "Mozilla/5.0 (Macintosh; Intel Mac OS X 10_15_7) AppleWebKit/537.36 (KHTML, like Gecko) Chrome/145.0.0.0 Safari/537.36 (compatible; meta-externalagent/1.1 (+https://developers.facebook.com/docs/sharing/webmasters/crawler))"
57.141.0.70 - - [21/Jul/2026:16:21:50 +0000] "GET /products/3978152/ HTTP/2" 404 31916 "-" "Mozilla/5.0 (Windows NT 10.0; Win64; x64) AppleWebKit/537.36 (KHTML, like Gecko) Chrome/145.0.0.0 Safari/537.36 (compatible; meta-externalagent/1.1 (+https://developers.facebook.com/docs/sharing/webmasters/crawler))"
57.141.0.14 - - [21/Jul/2026:16:21:50 +0000] "GET /products/1418218/ HTTP/2" 404 31912 "-" "Mozilla/5.0 (Macintosh; Intel Mac OS X 10_15_7) AppleWebKit/537.36 (KHTML, like Gecko) Chrome/145.0.0.0 Safari/537.36 (compatible; meta-externalagent/1.1 (+https://developers.facebook.com/docs/sharing/webmasters/crawler))"
57.141.0.18 - - [21/Jul/2026:16:21:56 +0000] "GET /products/21587185/ HTTP/2" 404 31912 "-" "Mozilla/5.0 (Macintosh; Intel Mac OS X 10_15_7) AppleWebKit/537.36 (KHTML, like Gecko) Chrome/145.0.0.0 Safari/537.36 (compatible; meta-externalagent/1.1 (+https://developers.facebook.com/docs/sharing/webmasters/crawler))"
57.141.0.71 - - [21/Jul/2026:16:21:59 +0000] "GET /products/4809474/ HTTP/2" 404 31916 "-" "Mozilla/5.0 (Windows NT 10.0; Win64; x64) AppleWebKit/537.36 (KHTML, like Gecko) Chrome/145.0.0.0 Safari/537.36 (compatible; meta-externalagent/1.1 (+https://developers.facebook.com/docs/sharing/webmasters/crawler))"
57.141.0.32 - - [21/Jul/2026:16:22:06 +0000] "GET /products/20264907/ HTTP/2" 404 31916 "-" "Mozilla/5.0 (Windows NT 10.0; Win64; x64) AppleWebKit/537.36 (KHTML, like Gecko) Chrome/145.0.0.0 Safari/537.36 (compatible; meta-externalagent/1.1 (+https://developers.facebook.com/docs/sharing/webmasters/crawler))"
57.141.0.50 - - [21/Jul/2026:16:22:06 +0000] "GET /products/2435730/ HTTP/2" 404 31916 "-" "Mozilla/5.0 (Windows NT 10.0; Win64; x64) AppleWebKit/537.36 (KHTML, like Gecko) Chrome/145.0.0.0 Safari/537.36 (compatible; meta-externalagent/1.1 (+https://developers.facebook.com/docs/sharing/webmasters/crawler))"
198.38.94.67 - - [21/Jul/2026:16:22:46 +0000] "POST /wp-cron.php?doing_wp_cron=1784650965.8666119575500488281250 HTTP/1.1" 200 0 "-" "WordPress/7.0.1; https://goldendunesfilmfestival.com"
57.141.0.13 - - [21/Jul/2026:16:22:45 +0000] "GET /products/4406607/ HTTP/2" 301 0 "-" "Mozilla/5.0 (Windows NT 10.0; Win64; x64) AppleWebKit/537.36 (KHTML, like Gecko) Chrome/145.0.0.0 Safari/537.36 (compatible; meta-externalagent/1.1 (+https://developers.facebook.com/docs/sharing/webmasters/crawler))"
57.141.0.25 - - [21/Jul/2026:16:22:47 +0000] "GET /products/4322218/ HTTP/2" 301 0 "-" "Mozilla/5.0 (Windows NT 10.0; Win64; x64) AppleWebKit/537.36 (KHTML, like Gecko) Chrome/145.0.0.0 Safari/537.36 (compatible; meta-externalagent/1.1 (+https://developers.facebook.com/docs/sharing/webmasters/crawler))"
57.141.0.9 - - [21/Jul/2026:16:22:49 +0000] "GET /products/1636407/ HTTP/2" 404 31914 "-" "Mozilla/5.0 (X11; Linux x86_64) AppleWebKit/537.36 (KHTML, like Gecko) Chrome/145.0.0.0 Safari/537.36 (compatible; meta-externalagent/1.1 (+https://developers.facebook.com/docs/sharing/webmasters/crawler))"
198.38.94.67 - - [21/Jul/2026:16:23:44 +0000] "POST /wp-cron.php?doing_wp_cron=1784651024.2120420932769775390625 HTTP/1.1" 200 0 "-" "WordPress/7.0.1; https://goldendunesfilmfestival.com"
57.141.0.4 - - [21/Jul/2026:16:23:43 +0000] "GET /products/20800930/ HTTP/2" 404 31916 "-" "Mozilla/5.0 (Windows NT 10.0; Win64; x64) AppleWebKit/537.36 (KHTML, like Gecko) Chrome/145.0.0.0 Safari/537.36 (compatible; meta-externalagent/1.1 (+https://developers.facebook.com/docs/sharing/webmasters/crawler))"
57.141.0.45 - - [21/Jul/2026:16:23:51 +0000] "GET /products/3673041/ HTTP/2" 301 0 "-" "Mozilla/5.0 (Windows NT 10.0; Win64; x64) AppleWebKit/537.36 (KHTML, like Gecko) Chrome/145.0.0.0 Safari/537.36 (compatible; meta-externalagent/1.1 (+https://developers.facebook.com/docs/sharing/webmasters/crawler))"
57.141.0.58 - - [21/Jul/2026:16:23:58 +0000] "GET /products/11053018/ HTTP/2" 404 31912 "-" "Mozilla/5.0 (Macintosh; Intel Mac OS X 10_15_7) AppleWebKit/537.36 (KHTML, like Gecko) Chrome/145.0.0.0 Safari/537.36 (compatible; meta-externalagent/1.1 (+https://developers.facebook.com/docs/sharing/webmasters/crawler))"
57.141.0.39 - - [21/Jul/2026:16:24:16 +0000] "GET /products/20192152/ HTTP/2" 404 31916 "-" "Mozilla/5.0 (Windows NT 10.0; Win64; x64) AppleWebKit/537.36 (KHTML, like Gecko) Chrome/145.0.0.0 Safari/537.36 (compatible; meta-externalagent/1.1 (+https://developers.facebook.com/docs/sharing/webmasters/crawler))"
57.141.0.32 - - [21/Jul/2026:16:24:18 +0000] "GET /products/12123063/ HTTP/2" 404 31914 "-" "Mozilla/5.0 (Windows NT 10.0; Win64; x64) AppleWebKit/537.36 (KHTML, like Gecko) Chrome/145.0.0.0 Safari/537.36 Edg/145.0.0.0 (compatible; meta-externalagent/1.1 (+https://developers.facebook.com/docs/sharing/webmasters/crawler))"
198.38.94.67 - - [21/Jul/2026:16:24:31 +0000] "POST /wp-cron.php?doing_wp_cron=1784651071.1016619205474853515625 HTTP/1.1" 200 0 "-" "WordPress/7.0.1; https://goldendunesfilmfestival.com"
57.141.0.3 - - [21/Jul/2026:16:24:30 +0000] "GET /products/4339674/ HTTP/2" 301 0 "-" "Mozilla/5.0 (Windows NT 10.0; Win64; x64) AppleWebKit/537.36 (KHTML, like Gecko) Chrome/145.0.0.0 Safari/537.36 (compatible; meta-externalagent/1.1 (+https://developers.facebook.com/docs/sharing/webmasters/crawler))"
57.141.0.10 - - [21/Jul/2026:16:24:47 +0000] "GET /products/8489007/ HTTP/2" 404 31914 "-" "Mozilla/5.0 (Windows NT 10.0; Win64; x64) AppleWebKit/537.36 (KHTML, like Gecko) Chrome/145.0.0.0 Safari/537.36 Edg/145.0.0.0 (compatible; meta-externalagent/1.1 (+https://developers.facebook.com/docs/sharing/webmasters/crawler))"
57.141.0.15 - - [21/Jul/2026:16:24:48 +0000] "GET /products/12460629/ HTTP/2" 404 31914 "-" "Mozilla/5.0 (Windows NT 10.0; Win64; x64) AppleWebKit/537.36 (KHTML, like Gecko) Chrome/145.0.0.0 Safari/537.36 Edg/145.0.0.0 (compatible; meta-externalagent/1.1 (+https://developers.facebook.com/docs/sharing/webmasters/crawler))"
57.141.0.23 - - [21/Jul/2026:16:24:49 +0000] "GET /products/8879241/ HTTP/2" 404 31916 "-" "Mozilla/5.0 (Windows NT 10.0; Win64; x64) AppleWebKit/537.36 (KHTML, like Gecko) Chrome/145.0.0.0 Safari/537.36 (compatible; meta-externalagent/1.1 (+https://developers.facebook.com/docs/sharing/webmasters/crawler))"
57.141.0.24 - - [21/Jul/2026:16:24:52 +0000] "GET /products/1544863/ HTTP/2" 404 31916 "-" "Mozilla/5.0 (Windows NT 10.0; Win64; x64) AppleWebKit/537.36 (KHTML, like Gecko) Chrome/145.0.0.0 Safari/537.36 (compatible; meta-externalagent/1.1 (+https://developers.facebook.com/docs/sharing/webmasters/crawler))"
