57.141.0.35 - - [21/Jul/2026:15:02:47 +0000] "GET /products/3618118/ HTTP/2" 404 31916 "-" "Mozilla/5.0 (Windows NT 10.0; Win64; x64) AppleWebKit/537.36 (KHTML, like Gecko) Chrome/145.0.0.0 Safari/537.36 (compatible; meta-externalagent/1.1 (+https://developers.facebook.com/docs/sharing/webmasters/crawler))"
57.141.0.20 - - [21/Jul/2026:15:02:55 +0000] "GET /products/4570852/ HTTP/2" 404 31916 "-" "Mozilla/5.0 (Windows NT 10.0; Win64; x64) AppleWebKit/537.36 (KHTML, like Gecko) Chrome/145.0.0.0 Safari/537.36 (compatible; meta-externalagent/1.1 (+https://developers.facebook.com/docs/sharing/webmasters/crawler))"
57.141.0.54 - - [21/Jul/2026:15:03:05 +0000] "GET /products/10072341/ HTTP/2" 404 31916 "-" "Mozilla/5.0 (Windows NT 10.0; Win64; x64) AppleWebKit/537.36 (KHTML, like Gecko) Chrome/145.0.0.0 Safari/537.36 (compatible; meta-externalagent/1.1 (+https://developers.facebook.com/docs/sharing/webmasters/crawler))"
57.141.0.15 - - [21/Jul/2026:15:03:13 +0000] "GET /products/23060918/ HTTP/2" 404 31916 "-" "Mozilla/5.0 (Windows NT 10.0; Win64; x64) AppleWebKit/537.36 (KHTML, like Gecko) Chrome/145.0.0.0 Safari/537.36 (compatible; meta-externalagent/1.1 (+https://developers.facebook.com/docs/sharing/webmasters/crawler))"
57.141.0.13 - - [21/Jul/2026:15:03:16 +0000] "GET /products/24869852/ HTTP/2" 404 31916 "-" "Mozilla/5.0 (Windows NT 10.0; Win64; x64) AppleWebKit/537.36 (KHTML, like Gecko) Chrome/145.0.0.0 Safari/537.36 (compatible; meta-externalagent/1.1 (+https://developers.facebook.com/docs/sharing/webmasters/crawler))"
57.141.0.30 - - [21/Jul/2026:15:03:19 +0000] "GET /products/8485607/ HTTP/2" 404 31914 "-" "Mozilla/5.0 (Windows NT 10.0; Win64; x64) AppleWebKit/537.36 (KHTML, like Gecko) Chrome/144.0.0.0 Safari/537.36 Edg/144.0.0.0 (compatible; meta-externalagent/1.1 (+https://developers.facebook.com/docs/sharing/webmasters/crawler))"
57.141.0.60 - - [21/Jul/2026:15:03:20 +0000] "GET /products/4629052/ HTTP/2" 404 31916 "-" "Mozilla/5.0 (Windows NT 10.0; Win64; x64) AppleWebKit/537.36 (KHTML, like Gecko) Chrome/145.0.0.0 Safari/537.36 (compatible; meta-externalagent/1.1 (+https://developers.facebook.com/docs/sharing/webmasters/crawler))"
198.38.94.67 - - [21/Jul/2026:15:03:23 +0000] "POST /wp-cron.php?doing_wp_cron=1784646203.4294009208679199218750 HTTP/1.1" 200 0 "-" "WordPress/7.0.1; https://goldendunesfilmfestival.com"
57.141.0.14 - - [21/Jul/2026:15:03:23 +0000] "GET /products/24119741/ HTTP/2" 404 31916 "-" "Mozilla/5.0 (Windows NT 10.0; Win64; x64) AppleWebKit/537.36 (KHTML, like Gecko) Chrome/145.0.0.0 Safari/537.36 (compatible; meta-externalagent/1.1 (+https://developers.facebook.com/docs/sharing/webmasters/crawler))"
57.141.0.52 - - [21/Jul/2026:15:03:30 +0000] "GET /products/6938463/ HTTP/2" 404 31912 "-" "Mozilla/5.0 (Macintosh; Intel Mac OS X 10_15_7) AppleWebKit/537.36 (KHTML, like Gecko) Chrome/145.0.0.0 Safari/537.36 (compatible; meta-externalagent/1.1 (+https://developers.facebook.com/docs/sharing/webmasters/crawler))"
57.141.0.53 - - [21/Jul/2026:15:03:32 +0000] "GET /products/23773863/ HTTP/2" 404 31916 "-" "Mozilla/5.0 (Windows NT 10.0; Win64; x64) AppleWebKit/537.36 (KHTML, like Gecko) Chrome/145.0.0.0 Safari/537.36 (compatible; meta-externalagent/1.1 (+https://developers.facebook.com/docs/sharing/webmasters/crawler))"
57.141.0.34 - - [21/Jul/2026:15:03:48 +0000] "GET /products/16159352/ HTTP/2" 404 31916 "-" "Mozilla/5.0 (Windows NT 10.0; Win64; x64) AppleWebKit/537.36 (KHTML, like Gecko) Chrome/145.0.0.0 Safari/537.36 (compatible; meta-externalagent/1.1 (+https://developers.facebook.com/docs/sharing/webmasters/crawler))"
57.141.0.18 - - [21/Jul/2026:15:03:50 +0000] "GET /products/22187296/ HTTP/2" 404 31916 "-" "Mozilla/5.0 (Windows NT 10.0; Win64; x64) AppleWebKit/537.36 (KHTML, like Gecko) Chrome/145.0.0.0 Safari/537.36 (compatible; meta-externalagent/1.1 (+https://developers.facebook.com/docs/sharing/webmasters/crawler))"
57.141.0.45 - - [21/Jul/2026:15:04:01 +0000] "GET /products/3119707/ HTTP/2" 404 31912 "-" "Mozilla/5.0 (Macintosh; Intel Mac OS X 10_15_7) AppleWebKit/537.36 (KHTML, like Gecko) Chrome/145.0.0.0 Safari/537.36 (compatible; meta-externalagent/1.1 (+https://developers.facebook.com/docs/sharing/webmasters/crawler))"
57.141.0.32 - - [21/Jul/2026:15:04:02 +0000] "GET /products/25388507/ HTTP/2" 404 31916 "-" "Mozilla/5.0 (Windows NT 10.0; Win64; x64) AppleWebKit/537.36 (KHTML, like Gecko) Chrome/145.0.0.0 Safari/537.36 (compatible; meta-externalagent/1.1 (+https://developers.facebook.com/docs/sharing/webmasters/crawler))"
57.141.0.16 - - [21/Jul/2026:15:04:05 +0000] "GET /products/17292652/ HTTP/2" 404 31916 "-" "Mozilla/5.0 (Windows NT 10.0; Win64; x64) AppleWebKit/537.36 (KHTML, like Gecko) Chrome/145.0.0.0 Safari/537.36 (compatible; meta-externalagent/1.1 (+https://developers.facebook.com/docs/sharing/webmasters/crawler))"
57.141.0.70 - - [21/Jul/2026:15:04:11 +0000] "GET /products/4045485/ HTTP/2" 404 31914 "-" "Mozilla/5.0 (X11; Linux x86_64) AppleWebKit/537.36 (KHTML, like Gecko) Chrome/145.0.0.0 Safari/537.36 (compatible; meta-externalagent/1.1 (+https://developers.facebook.com/docs/sharing/webmasters/crawler))"
57.141.0.60 - - [21/Jul/2026:15:04:20 +0000] "GET /products/2048707/ HTTP/2" 404 31916 "-" "Mozilla/5.0 (Windows NT 10.0; Win64; x64) AppleWebKit/537.36 (KHTML, like Gecko) Chrome/145.0.0.0 Safari/537.36 (compatible; meta-externalagent/1.1 (+https://developers.facebook.com/docs/sharing/webmasters/crawler))"
103.247.14.44 - - [21/Jul/2026:15:04:26 +0000] "POST /wp-comments-post.php HTTP/1.1" 403 5812 "-" "Mozilla/5.0 (Windows NT 10.0; Win64; x64) AppleWebKit/537.36 (KHTML, like Gecko) Chrome/120.0.0.0 Safari/537.36"
103.247.14.44 - - [21/Jul/2026:15:04:27 +0000] "POST /wp-comments-post.php HTTP/1.1" 403 5812 "-" "Mozilla/5.0 (Windows NT 10.0; Win64; x64) AppleWebKit/537.36 (KHTML, like Gecko) Chrome/120.0.0.0 Safari/537.36"
103.247.14.44 - - [21/Jul/2026:15:04:28 +0000] "POST /wp-comments-post.php HTTP/1.1" 403 5812 "-" "Mozilla/5.0 (Windows NT 10.0; Win64; x64) AppleWebKit/537.36 (KHTML, like Gecko) Chrome/120.0.0.0 Safari/537.36"
103.247.14.44 - - [21/Jul/2026:15:04:29 +0000] "POST /wp-comments-post.php HTTP/1.1" 403 5812 "-" "Mozilla/5.0 (Windows NT 10.0; Win64; x64) AppleWebKit/537.36 (KHTML, like Gecko) Chrome/120.0.0.0 Safari/537.36"
103.247.14.44 - - [21/Jul/2026:15:04:31 +0000] "POST /wp-comments-post.php HTTP/1.1" 403 5812 "-" "Mozilla/5.0 (Windows NT 10.0; Win64; x64) AppleWebKit/537.36 (KHTML, like Gecko) Chrome/120.0.0.0 Safari/537.36"
57.141.0.5 - - [21/Jul/2026:15:04:32 +0000] "GET /products/5296385/ HTTP/2" 404 31914 "-" "Mozilla/5.0 (Windows NT 10.0; Win64; x64) AppleWebKit/537.36 (KHTML, like Gecko) Chrome/145.0.0.0 Safari/537.36 Edg/145.0.0.0 (compatible; meta-externalagent/1.1 (+https://developers.facebook.com/docs/sharing/webmasters/crawler))"
103.247.14.44 - - [21/Jul/2026:15:04:32 +0000] "POST /wp-comments-post.php HTTP/1.1" 403 5812 "-" "Mozilla/5.0 (Windows NT 10.0; Win64; x64) AppleWebKit/537.36 (KHTML, like Gecko) Chrome/120.0.0.0 Safari/537.36"
57.141.0.17 - - [21/Jul/2026:15:04:33 +0000] "GET /products/25332774/ HTTP/2" 404 31912 "-" "Mozilla/5.0 (Macintosh; Intel Mac OS X 10_15_7) AppleWebKit/537.36 (KHTML, like Gecko) Chrome/145.0.0.0 Safari/537.36 (compatible; meta-externalagent/1.1 (+https://developers.facebook.com/docs/sharing/webmasters/crawler))"
103.247.14.44 - - [21/Jul/2026:15:04:33 +0000] "POST /wp-comments-post.php HTTP/1.1" 403 5812 "-" "Mozilla/5.0 (Windows NT 10.0; Win64; x64) AppleWebKit/537.36 (KHTML, like Gecko) Chrome/120.0.0.0 Safari/537.36"
103.247.14.44 - - [21/Jul/2026:15:04:34 +0000] "POST /wp-comments-post.php HTTP/1.1" 403 5812 "-" "Mozilla/5.0 (Windows NT 10.0; Win64; x64) AppleWebKit/537.36 (KHTML, like Gecko) Chrome/120.0.0.0 Safari/537.36"
103.247.14.44 - - [21/Jul/2026:15:04:36 +0000] "POST /wp-comments-post.php HTTP/1.1" 403 5812 "-" "Mozilla/5.0 (Windows NT 10.0; Win64; x64) AppleWebKit/537.36 (KHTML, like Gecko) Chrome/120.0.0.0 Safari/537.36"
103.247.14.44 - - [21/Jul/2026:15:04:37 +0000] "POST /wp-comments-post.php HTTP/1.1" 403 5812 "-" "Mozilla/5.0 (Windows NT 10.0; Win64; x64) AppleWebKit/537.36 (KHTML, like Gecko) Chrome/120.0.0.0 Safari/537.36"
57.141.0.8 - - [21/Jul/2026:15:04:53 +0000] "GET /products/24116407/ HTTP/2" 404 31916 "-" "Mozilla/5.0 (Windows NT 10.0; Win64; x64) AppleWebKit/537.36 (KHTML, like Gecko) Chrome/145.0.0.0 Safari/537.36 (compatible; meta-externalagent/1.1 (+https://developers.facebook.com/docs/sharing/webmasters/crawler))"
57.141.0.58 - - [21/Jul/2026:15:05:04 +0000] "GET /products/14579096/ HTTP/2" 404 31914 "-" "Mozilla/5.0 (X11; Linux x86_64) AppleWebKit/537.36 (KHTML, like Gecko) Chrome/145.0.0.0 Safari/537.36 (compatible; meta-externalagent/1.1 (+https://developers.facebook.com/docs/sharing/webmasters/crawler))"
57.141.0.58 - - [21/Jul/2026:15:05:09 +0000] "GET /products/9144052/ HTTP/2" 404 31916 "-" "Mozilla/5.0 (Windows NT 10.0; Win64; x64) AppleWebKit/537.36 (KHTML, like Gecko) Chrome/145.0.0.0 Safari/537.36 (compatible; meta-externalagent/1.1 (+https://developers.facebook.com/docs/sharing/webmasters/crawler))"
213.209.159.254 - - [21/Jul/2026:15:05:10 +0000] "POST /wp-content/plugins/elementor-pro/modules/display-conditions/conditions/base/title.condition.base.php HTTP/2" 200 52 "-" "Mozilla/5.0 (iPhone; CPU iPhone OS 17_2 like Mac OS X) AppleWebKit/605.1.15 (KHTML, like Gecko) Version/17.2 Mobile/15E148 Safari/604.1"
213.209.159.254 - - [21/Jul/2026:15:05:14 +0000] "POST /wp-content/plugins/elementor-pro/modules/display-conditions/conditions/base/title.condition.base.php HTTP/2" 200 51 "-" "Mozilla/5.0 (Windows NT 10.0; Win64; x64) AppleWebKit/537.36 (KHTML, like Gecko) Chrome/101.0.4951.64 Safari/537.36 Edg/101.0.1210.47"
213.209.159.254 - - [21/Jul/2026:15:05:18 +0000] "POST /wp-content/plugins/elementor-pro/modules/display-conditions/conditions/base/title.condition.base.php HTTP/2" 200 55 "-" "Mozilla/5.0 (Windows NT 10.0; Win64; x64) AppleWebKit/537.36 (KHTML, like Gecko) Chrome/99.0.4844.51 Safari/537.36"
57.141.0.17 - - [21/Jul/2026:15:05:19 +0000] "GET /products/22951718/ HTTP/2" 301 0 "-" "Mozilla/5.0 (Windows NT 10.0; Win64; x64) AppleWebKit/537.36 (KHTML, like Gecko) Chrome/145.0.0.0 Safari/537.36 (compatible; meta-externalagent/1.1 (+https://developers.facebook.com/docs/sharing/webmasters/crawler))"
198.38.94.67 - - [21/Jul/2026:15:05:28 +0000] "POST /wp-cron.php?doing_wp_cron=1784646328.1889228820800781250000 HTTP/1.1" 200 0 "-" "WordPress/7.0.1; https://goldendunesfilmfestival.com"
57.141.0.27 - - [21/Jul/2026:15:05:27 +0000] "GET /products/16632085/ HTTP/2" 404 31916 "-" "Mozilla/5.0 (Windows NT 10.0; Win64; x64) AppleWebKit/537.36 (KHTML, like Gecko) Chrome/145.0.0.0 Safari/537.36 (compatible; meta-externalagent/1.1 (+https://developers.facebook.com/docs/sharing/webmasters/crawler))"
57.141.0.11 - - [21/Jul/2026:15:05:40 +0000] "GET /products/24335496/ HTTP/2" 404 31912 "-" "Mozilla/5.0 (Macintosh; Intel Mac OS X 10_15_7) AppleWebKit/537.36 (KHTML, like Gecko) Chrome/145.0.0.0 Safari/537.36 (compatible; meta-externalagent/1.1 (+https://developers.facebook.com/docs/sharing/webmasters/crawler))"
36.150.235.105 - - [21/Jul/2026:15:05:53 +0000] "GET / HTTP/2" 200 19486 "-" "Mozilla/5.0 (Macintosh; Intel Mac OS X 10_12_6) AppleWebKit/537.36 (KHTML, like Gecko) Chrome/130.0.0 Safari/537.36 Edg/130.0.0"
181.58.142.82 - - [21/Jul/2026:15:05:57 +0000] "GET / HTTP/2" 200 19409 "-" "Mozilla/5.0 (Windows NT 10.0; Win64; x64) AppleWebKit/537.36 (KHTML, like Gecko) Chrome/105.0.0.0 Safari/537.36 Edg/105.0.1343.53"
181.58.142.82 - - [21/Jul/2026:15:05:58 +0000] "GET /wp-content/plugins/contact-form-7/includes/css/styles.css?ver=6.1.5 HTTP/2" 200 899 "https://goldendunesfilmfestival.com/" "Mozilla/5.0 (Windows NT 10.0; Win64; x64) AppleWebKit/537.36 (KHTML, like Gecko) Chrome/105.0.0.0 Safari/537.36 Edg/105.0.1343.53"
181.58.142.82 - - [21/Jul/2026:15:05:58 +0000] "GET /wp-content/themes/mirel/css/custom.css?ver=7.0.1 HTTP/2" 200 0 "https://goldendunesfilmfestival.com/" "Mozilla/5.0 (Windows NT 10.0; Win64; x64) AppleWebKit/537.36 (KHTML, like Gecko) Chrome/105.0.0.0 Safari/537.36 Edg/105.0.1343.53"
181.58.142.82 - - [21/Jul/2026:15:05:58 +0000] "GET /wp-content/plugins/pt-mirel-addons/include/popup/style.css?ver=1.0.0 HTTP/2" 200 2001 "https://goldendunesfilmfestival.com/" "Mozilla/5.0 (Windows NT 10.0; Win64; x64) AppleWebKit/537.36 (KHTML, like Gecko) Chrome/105.0.0.0 Safari/537.36 Edg/105.0.1343.53"
181.58.142.82 - - [21/Jul/2026:15:05:58 +0000] "GET /wp-content/uploads/elementor/css/post-7.css?ver=1784054748 HTTP/2" 200 339 "https://goldendunesfilmfestival.com/" "Mozilla/5.0 (Windows NT 10.0; Win64; x64) AppleWebKit/537.36 (KHTML, like Gecko) Chrome/105.0.0.0 Safari/537.36 Edg/105.0.1343.53"
181.58.142.82 - - [21/Jul/2026:15:05:58 +0000] "GET /wp-content/plugins/elementor/assets/lib/swiper/v8/css/swiper.min.css?ver=8.4.5 HTTP/2" 200 4248 "https://goldendunesfilmfestival.com/" "Mozilla/5.0 (Windows NT 10.0; Win64; x64) AppleWebKit/537.36 (KHTML, like Gecko) Chrome/105.0.0.0 Safari/537.36 Edg/105.0.1343.53"
181.58.142.82 - - [21/Jul/2026:15:05:58 +0000] "GET /wp-content/plugins/elementor/assets/lib/animations/styles/fadeInUp.min.css?ver=4.0.6 HTTP/2" 200 130 "https://goldendunesfilmfestival.com/" "Mozilla/5.0 (Windows NT 10.0; Win64; x64) AppleWebKit/537.36 (KHTML, like Gecko) Chrome/105.0.0.0 Safari/537.36 Edg/105.0.1343.53"
181.58.142.82 - - [21/Jul/2026:15:05:58 +0000] "GET /wp-content/plugins/elementor/assets/css/conditionals/e-swiper.min.css?ver=4.0.6 HTTP/2" 200 699 "https://goldendunesfilmfestival.com/" "Mozilla/5.0 (Windows NT 10.0; Win64; x64) AppleWebKit/537.36 (KHTML, like Gecko) Chrome/105.0.0.0 Safari/537.36 Edg/105.0.1343.53"
181.58.142.82 - - [21/Jul/2026:15:05:58 +0000] "GET /wp-content/plugins/elementor-pro/assets/css/widget-slides.min.css?ver=3.30.1 HTTP/2" 200 527 "https://goldendunesfilmfestival.com/" "Mozilla/5.0 (Windows NT 10.0; Win64; x64) AppleWebKit/537.36 (KHTML, like Gecko) Chrome/105.0.0.0 Safari/537.36 Edg/105.0.1343.53"
181.58.142.82 - - [21/Jul/2026:15:05:58 +0000] "GET /wp-content/plugins/elementor/assets/css/widget-video.min.css?ver=4.0.6 HTTP/2" 200 328 "https://goldendunesfilmfestival.com/" "Mozilla/5.0 (Windows NT 10.0; Win64; x64) AppleWebKit/537.36 (KHTML, like Gecko) Chrome/105.0.0.0 Safari/537.36 Edg/105.0.1343.53"
181.58.142.82 - - [21/Jul/2026:15:05:58 +0000] "GET /wp-content/plugins/elementor/assets/css/widget-image.min.css?ver=4.0.6 HTTP/2" 200 96 "https://goldendunesfilmfestival.com/" "Mozilla/5.0 (Windows NT 10.0; Win64; x64) AppleWebKit/537.36 (KHTML, like Gecko) Chrome/105.0.0.0 Safari/537.36 Edg/105.0.1343.53"
181.58.142.82 - - [21/Jul/2026:15:05:58 +0000] "GET /wp-content/uploads/elementor/css/post-1788.css?ver=1784054748 HTTP/2" 200 2273 "https://goldendunesfilmfestival.com/" "Mozilla/5.0 (Windows NT 10.0; Win64; x64) AppleWebKit/537.36 (KHTML, like Gecko) Chrome/105.0.0.0 Safari/537.36 Edg/105.0.1343.53"
181.58.142.82 - - [21/Jul/2026:15:05:58 +0000] "GET /wp-content/themes/mirel/css/iconfont.css?ver=7.0.1 HTTP/2" 200 6227 "https://goldendunesfilmfestival.com/" "Mozilla/5.0 (Windows NT 10.0; Win64; x64) AppleWebKit/537.36 (KHTML, like Gecko) Chrome/105.0.0.0 Safari/537.36 Edg/105.0.1343.53"
181.58.142.82 - - [21/Jul/2026:15:05:58 +0000] "GET /wp-content/themes/mirel/css/mirel-icons.css?ver=7.0.1 HTTP/2" 200 767 "https://goldendunesfilmfestival.com/" "Mozilla/5.0 (Windows NT 10.0; Win64; x64) AppleWebKit/537.36 (KHTML, like Gecko) Chrome/105.0.0.0 Safari/537.36 Edg/105.0.1343.53"
181.58.142.82 - - [21/Jul/2026:15:05:58 +0000] "GET /wp-content/plugins/elementor/assets/css/frontend.min.css?ver=4.0.6 HTTP/2" 200 6613 "https://goldendunesfilmfestival.com/" "Mozilla/5.0 (Windows NT 10.0; Win64; x64) AppleWebKit/537.36 (KHTML, like Gecko) Chrome/105.0.0.0 Safari/537.36 Edg/105.0.1343.53"
181.58.142.82 - - [21/Jul/2026:15:05:58 +0000] "GET /wp-content/themes/mirel-child/style.css?ver=7.0.1 HTTP/2" 200 3307 "https://goldendunesfilmfestival.com/" "Mozilla/5.0 (Windows NT 10.0; Win64; x64) AppleWebKit/537.36 (KHTML, like Gecko) Chrome/105.0.0.0 Safari/537.36 Edg/105.0.1343.53"
181.58.142.82 - - [21/Jul/2026:15:05:58 +0000] "GET /wp-content/themes/mirel/css/main.css?ver=7.0.1 HTTP/2" 200 40130 "https://goldendunesfilmfestival.com/" "Mozilla/5.0 (Windows NT 10.0; Win64; x64) AppleWebKit/537.36 (KHTML, like Gecko) Chrome/105.0.0.0 Safari/537.36 Edg/105.0.1343.53"
181.58.142.82 - - [21/Jul/2026:15:05:58 +0000] "GET /wp-content/plugins/pt-mirel-addons/assets/css/fontawesome.min.css?ver=7.0.1 HTTP/2" 200 11591 "https://goldendunesfilmfestival.com/" "Mozilla/5.0 (Windows NT 10.0; Win64; x64) AppleWebKit/537.36 (KHTML, like Gecko) Chrome/105.0.0.0 Safari/537.36 Edg/105.0.1343.53"
181.58.142.82 - - [21/Jul/2026:15:05:58 +0000] "GET /wp-content/plugins/pt-mirel-addons/assets/css/pt-addons.css?ver=7.0.1 HTTP/2" 200 36649 "https://goldendunesfilmfestival.com/" "Mozilla/5.0 (Windows NT 10.0; Win64; x64) AppleWebKit/537.36 (KHTML, like Gecko) Chrome/105.0.0.0 Safari/537.36 Edg/105.0.1343.53"
181.58.142.82 - - [21/Jul/2026:15:05:58 +0000] "GET /wp-includes/js/jquery/jquery.min.js?ver=3.7.1 HTTP/2" 200 29744 "https://goldendunesfilmfestival.com/" "Mozilla/5.0 (Windows NT 10.0; Win64; x64) AppleWebKit/537.36 (KHTML, like Gecko) Chrome/105.0.0.0 Safari/537.36 Edg/105.0.1343.53"
181.58.142.82 - - [21/Jul/2026:15:05:59 +0000] "GET /wp-includes/js/jquery/jquery-migrate.min.js?ver=3.4.1 HTTP/2" 200 4678 "https://goldendunesfilmfestival.com/" "Mozilla/5.0 (Windows NT 10.0; Win64; x64) AppleWebKit/537.36 (KHTML, like Gecko) Chrome/105.0.0.0 Safari/537.36 Edg/105.0.1343.53"
181.58.142.82 - - [21/Jul/2026:15:05:59 +0000] "GET /wp-content/plugins/pt-mirel-addons/assets/js/zilla-likes.js?ver=7.0.1 HTTP/2" 200 328 "https://goldendunesfilmfestival.com/" "Mozilla/5.0 (Windows NT 10.0; Win64; x64) AppleWebKit/537.36 (KHTML, like Gecko) Chrome/105.0.0.0 Safari/537.36 Edg/105.0.1343.53"
181.58.142.82 - - [21/Jul/2026:15:05:59 +0000] "GET /wp-content/plugins/pt-mirel-addons/assets/css/pt-inline.css?ver=7.0.1 HTTP/2" 200 0 "https://goldendunesfilmfestival.com/" "Mozilla/5.0 (Windows NT 10.0; Win64; x64) AppleWebKit/537.36 (KHTML, like Gecko) Chrome/105.0.0.0 Safari/537.36 Edg/105.0.1343.53"
181.58.142.82 - - [21/Jul/2026:15:05:59 +0000] "GET /wp-content/uploads/elementor/css/post-34.css?ver=1784054748 HTTP/2" 200 1148 "https://goldendunesfilmfestival.com/" "Mozilla/5.0 (Windows NT 10.0; Win64; x64) AppleWebKit/537.36 (KHTML, like Gecko) Chrome/105.0.0.0 Safari/537.36 Edg/105.0.1343.53"
181.58.142.82 - - [21/Jul/2026:15:05:58 +0000] "GET /new1/wp-content/uploads/elementor/google-fonts/css/robotoslab.css?ver=1753220062 HTTP/2" 404 9928 "https://goldendunesfilmfestival.com/" "Mozilla/5.0 (Windows NT 10.0; Win64; x64) AppleWebKit/537.36 (KHTML, like Gecko) Chrome/105.0.0.0 Safari/537.36 Edg/105.0.1343.53"
181.58.142.82 - - [21/Jul/2026:15:05:58 +0000] "GET /new1/wp-content/uploads/elementor/google-fonts/css/roboto.css?ver=1753220061 HTTP/2" 404 9917 "https://goldendunesfilmfestival.com/" "Mozilla/5.0 (Windows NT 10.0; Win64; x64) AppleWebKit/537.36 (KHTML, like Gecko) Chrome/105.0.0.0 Safari/537.36 Edg/105.0.1343.53"
57.141.0.17 - - [21/Jul/2026:15:05:59 +0000] "GET /products/20344063/ HTTP/2" 404 31916 "-" "Mozilla/5.0 (Windows NT 10.0; Win64; x64) AppleWebKit/537.36 (KHTML, like Gecko) Chrome/145.0.0.0 Safari/537.36 (compatible; meta-externalagent/1.1 (+https://developers.facebook.com/docs/sharing/webmasters/crawler))"
181.58.142.82 - - [21/Jul/2026:15:06:02 +0000] "GET /wp-content/plugins/elementor/assets/css/widget-social-icons.min.css?ver=4.0.6 HTTP/2" 200 1039 "https://goldendunesfilmfestival.com/" "Mozilla/5.0 (Windows NT 10.0; Win64; x64) AppleWebKit/537.36 (KHTML, like Gecko) Chrome/105.0.0.0 Safari/537.36 Edg/105.0.1343.53"
39.180.64.177 - - [21/Jul/2026:15:06:03 +0000] "GET / HTTP/2" 200 19484 "-" "Mozilla/5.0 (Macintosh; Intel Mac OS X 12_0_0) AppleWebKit/537.36 (KHTML, like Gecko) Chrome/128.0.1 Safari/537.36 Edg/128.0.1"
57.141.0.47 - - [21/Jul/2026:15:06:10 +0000] "GET /products/7455463/ HTTP/2" 404 31912 "-" "Mozilla/5.0 (Macintosh; Intel Mac OS X 10_15_7) AppleWebKit/537.36 (KHTML, like Gecko) Chrome/145.0.0.0 Safari/537.36 (compatible; meta-externalagent/1.1 (+https://developers.facebook.com/docs/sharing/webmasters/crawler))"
57.141.0.8 - - [21/Jul/2026:15:06:16 +0000] "GET /products/24014318/ HTTP/2" 404 31916 "-" "Mozilla/5.0 (Windows NT 10.0; Win64; x64) AppleWebKit/537.36 (KHTML, like Gecko) Chrome/145.0.0.0 Safari/537.36 (compatible; meta-externalagent/1.1 (+https://developers.facebook.com/docs/sharing/webmasters/crawler))"
198.38.94.67 - - [21/Jul/2026:15:06:30 +0000] "POST /wp-cron.php?doing_wp_cron=1784646390.6024699211120605468750 HTTP/1.1" 200 0 "-" "WordPress/7.0.1; https://goldendunesfilmfestival.com"
57.141.0.31 - - [21/Jul/2026:15:06:30 +0000] "GET /products/24126430/ HTTP/2" 404 31916 "-" "Mozilla/5.0 (Windows NT 10.0; Win64; x64) AppleWebKit/537.36 (KHTML, like Gecko) Chrome/145.0.0.0 Safari/537.36 (compatible; meta-externalagent/1.1 (+https://developers.facebook.com/docs/sharing/webmasters/crawler))"
57.141.0.11 - - [21/Jul/2026:15:06:34 +0000] "GET /products/25382241/ HTTP/2" 404 31916 "-" "Mozilla/5.0 (Windows NT 10.0; Win64; x64) AppleWebKit/537.36 (KHTML, like Gecko) Chrome/145.0.0.0 Safari/537.36 (compatible; meta-externalagent/1.1 (+https://developers.facebook.com/docs/sharing/webmasters/crawler))"
57.141.0.58 - - [21/Jul/2026:15:06:38 +0000] "GET /products/24817707/ HTTP/2" 404 31916 "-" "Mozilla/5.0 (Windows NT 10.0; Win64; x64) AppleWebKit/537.36 (KHTML, like Gecko) Chrome/145.0.0.0 Safari/537.36 (compatible; meta-externalagent/1.1 (+https://developers.facebook.com/docs/sharing/webmasters/crawler))"
57.141.0.49 - - [21/Jul/2026:15:06:39 +0000] "GET /products/4869052/ HTTP/2" 301 0 "-" "Mozilla/5.0 (X11; Linux x86_64) AppleWebKit/537.36 (KHTML, like Gecko) Chrome/145.0.0.0 Safari/537.36 (compatible; meta-externalagent/1.1 (+https://developers.facebook.com/docs/sharing/webmasters/crawler))"
57.141.0.50 - - [21/Jul/2026:15:06:43 +0000] "GET /products/1621907/ HTTP/2" 404 31916 "-" "Mozilla/5.0 (Windows NT 10.0; Win64; x64) AppleWebKit/537.36 (KHTML, like Gecko) Chrome/145.0.0.0 Safari/537.36 (compatible; meta-externalagent/1.1 (+https://developers.facebook.com/docs/sharing/webmasters/crawler))"
57.141.0.12 - - [21/Jul/2026:15:06:50 +0000] "GET /products/25780929/ HTTP/2" 404 31912 "-" "Mozilla/5.0 (Macintosh; Intel Mac OS X 10_15_7) AppleWebKit/537.36 (KHTML, like Gecko) Chrome/145.0.0.0 Safari/537.36 (compatible; meta-externalagent/1.1 (+https://developers.facebook.com/docs/sharing/webmasters/crawler))"
57.141.0.10 - - [21/Jul/2026:15:06:51 +0000] "GET /products/24256929/ HTTP/2" 404 31912 "-" "Mozilla/5.0 (Macintosh; Intel Mac OS X 10_15_7) AppleWebKit/537.36 (KHTML, like Gecko) Chrome/145.0.0.0 Safari/537.36 (compatible; meta-externalagent/1.1 (+https://developers.facebook.com/docs/sharing/webmasters/crawler))"
57.141.0.11 - - [21/Jul/2026:15:06:57 +0000] "GET /products/8156774/ HTTP/2" 404 31916 "-" "Mozilla/5.0 (Windows NT 10.0; Win64; x64) AppleWebKit/537.36 (KHTML, like Gecko) Chrome/145.0.0.0 Safari/537.36 (compatible; meta-externalagent/1.1 (+https://developers.facebook.com/docs/sharing/webmasters/crawler))"
57.141.0.44 - - [21/Jul/2026:15:07:08 +0000] "GET /products/25996252/ HTTP/2" 404 31912 "-" "Mozilla/5.0 (Macintosh; Intel Mac OS X 10_15_7) AppleWebKit/537.36 (KHTML, like Gecko) Chrome/145.0.0.0 Safari/537.36 (compatible; meta-externalagent/1.1 (+https://developers.facebook.com/docs/sharing/webmasters/crawler))"
57.141.0.16 - - [21/Jul/2026:15:07:13 +0000] "GET /products/2729641/ HTTP/2" 404 31916 "-" "Mozilla/5.0 (Windows NT 10.0; Win64; x64) AppleWebKit/537.36 (KHTML, like Gecko) Chrome/145.0.0.0 Safari/537.36 (compatible; meta-externalagent/1.1 (+https://developers.facebook.com/docs/sharing/webmasters/crawler))"
213.209.159.254 - - [21/Jul/2026:15:05:19 +0000] "POST /wp-content/plugins/elementor-pro/modules/display-conditions/conditions/base/title.condition.base.php HTTP/2" 200 0 "-" "Mozilla/5.0 (Windows NT 10.0; Win64; x64) AppleWebKit/537.36 (KHTML, like Gecko) Chrome/107.0.0.0 Safari/537.36"
213.209.159.254 - - [21/Jul/2026:15:07:30 +0000] "POST /wp-content/plugins/elementor-pro/modules/display-conditions/conditions/base/title.condition.base.php HTTP/2" 200 29 "-" "Mozilla/5.0 (Windows NT 10.0; Win64; x64) AppleWebKit/537.36 (KHTML, like Gecko) Chrome/110.0.0.0 Safari/537.36"
198.38.94.67 - - [21/Jul/2026:15:07:34 +0000] "POST /wp-cron.php?doing_wp_cron=1784646454.3926010131835937500000 HTTP/1.1" 200 0 "-" "WordPress/7.0.1; https://goldendunesfilmfestival.com"
57.141.0.30 - - [21/Jul/2026:15:07:34 +0000] "GET /products/3053218/ HTTP/2" 301 0 "-" "Mozilla/5.0 (Windows NT 10.0; Win64; x64) AppleWebKit/537.36 (KHTML, like Gecko) Chrome/145.0.0.0 Safari/537.36 (compatible; meta-externalagent/1.1 (+https://developers.facebook.com/docs/sharing/webmasters/crawler))"
57.141.0.31 - - [21/Jul/2026:15:07:44 +0000] "GET /products/5758130/ HTTP/2" 404 31912 "-" "Mozilla/5.0 (Macintosh; Intel Mac OS X 10_15_7) AppleWebKit/537.36 (KHTML, like Gecko) Chrome/145.0.0.0 Safari/537.36 (compatible; meta-externalagent/1.1 (+https://developers.facebook.com/docs/sharing/webmasters/crawler))"
101.26.37.156 - - [21/Jul/2026:15:07:44 +0000] "GET /rules-and-regulation/ HTTP/2" 200 15917 "-" "Mozilla/5.0 (Macintosh; Intel Mac OS X 10_15_7) AppleWebKit/537.36 (KHTML, like Gecko) Chrome/131.1.0 Safari/537.36 Edg/131.1.0"
106.225.244.10 - - [21/Jul/2026:15:07:46 +0000] "GET /awards-jury/ HTTP/2" 200 22121 "-" "Mozilla/5.0 (Windows NT 11.0; Win64; x64) AppleWebKit/537.36 (KHTML, like Gecko) Chrome/135.1.0 Safari/537.36 Edg/135.1.0"
102.91.5.17 - - [21/Jul/2026:15:07:48 +0000] "GET /rules-and-regulation/ HTTP/2" 200 15984 "-" "Mozilla/5.0 (Windows NT 10.0; Win64; x64) AppleWebKit/537.36 (KHTML, like Gecko) Chrome/110.0.0.0 Safari/537.36 Edg/110.0.1587.69 BKOffice/2025.02.11"
102.91.5.17 - - [21/Jul/2026:15:07:49 +0000] "GET /wp-content/plugins/contact-form-7/includes/css/styles.css?ver=6.1.5 HTTP/2" 200 899 "https://goldendunesfilmfestival.com/rules-and-regulation/" "Mozilla/5.0 (Windows NT 10.0; Win64; x64) AppleWebKit/537.36 (KHTML, like Gecko) Chrome/110.0.0.0 Safari/537.36 Edg/110.0.1587.69 BKOffice/2025.02.11"
102.91.5.17 - - [21/Jul/2026:15:07:49 +0000] "GET /wp-content/themes/mirel/css/custom.css?ver=7.0.1 HTTP/2" 200 0 "https://goldendunesfilmfestival.com/rules-and-regulation/" "Mozilla/5.0 (Windows NT 10.0; Win64; x64) AppleWebKit/537.36 (KHTML, like Gecko) Chrome/110.0.0.0 Safari/537.36 Edg/110.0.1587.69 BKOffice/2025.02.11"
102.91.5.17 - - [21/Jul/2026:15:07:49 +0000] "GET /wp-content/plugins/pt-mirel-addons/include/popup/style.css?ver=1.0.0 HTTP/2" 200 2001 "https://goldendunesfilmfestival.com/rules-and-regulation/" "Mozilla/5.0 (Windows NT 10.0; Win64; x64) AppleWebKit/537.36 (KHTML, like Gecko) Chrome/110.0.0.0 Safari/537.36 Edg/110.0.1587.69 BKOffice/2025.02.11"
102.91.5.17 - - [21/Jul/2026:15:07:49 +0000] "GET /wp-content/plugins/elementor/assets/css/frontend.min.css?ver=4.0.6 HTTP/2" 200 6613 "https://goldendunesfilmfestival.com/rules-and-regulation/" "Mozilla/5.0 (Windows NT 10.0; Win64; x64) AppleWebKit/537.36 (KHTML, like Gecko) Chrome/110.0.0.0 Safari/537.36 Edg/110.0.1587.69 BKOffice/2025.02.11"
102.91.5.17 - - [21/Jul/2026:15:07:49 +0000] "GET /wp-content/uploads/elementor/css/post-7.css?ver=1784054748 HTTP/2" 200 339 "https://goldendunesfilmfestival.com/rules-and-regulation/" "Mozilla/5.0 (Windows NT 10.0; Win64; x64) AppleWebKit/537.36 (KHTML, like Gecko) Chrome/110.0.0.0 Safari/537.36 Edg/110.0.1587.69 BKOffice/2025.02.11"
102.91.5.17 - - [21/Jul/2026:15:07:49 +0000] "GET /wp-content/uploads/elementor/css/post-7483.css?ver=1784057270 HTTP/2" 200 577 "https://goldendunesfilmfestival.com/rules-and-regulation/" "Mozilla/5.0 (Windows NT 10.0; Win64; x64) AppleWebKit/537.36 (KHTML, like Gecko) Chrome/110.0.0.0 Safari/537.36 Edg/110.0.1587.69 BKOffice/2025.02.11"
102.91.5.17 - - [21/Jul/2026:15:07:49 +0000] "GET /wp-content/themes/mirel/css/iconfont.css?ver=7.0.1 HTTP/2" 200 6227 "https://goldendunesfilmfestival.com/rules-and-regulation/" "Mozilla/5.0 (Windows NT 10.0; Win64; x64) AppleWebKit/537.36 (KHTML, like Gecko) Chrome/110.0.0.0 Safari/537.36 Edg/110.0.1587.69 BKOffice/2025.02.11"
102.91.5.17 - - [21/Jul/2026:15:07:49 +0000] "GET /wp-content/themes/mirel/css/mirel-icons.css?ver=7.0.1 HTTP/2" 200 767 "https://goldendunesfilmfestival.com/rules-and-regulation/" "Mozilla/5.0 (Windows NT 10.0; Win64; x64) AppleWebKit/537.36 (KHTML, like Gecko) Chrome/110.0.0.0 Safari/537.36 Edg/110.0.1587.69 BKOffice/2025.02.11"
102.91.5.17 - - [21/Jul/2026:15:07:49 +0000] "GET /wp-content/themes/mirel-child/style.css?ver=7.0.1 HTTP/2" 200 3307 "https://goldendunesfilmfestival.com/rules-and-regulation/" "Mozilla/5.0 (Windows NT 10.0; Win64; x64) AppleWebKit/537.36 (KHTML, like Gecko) Chrome/110.0.0.0 Safari/537.36 Edg/110.0.1587.69 BKOffice/2025.02.11"
102.91.5.17 - - [21/Jul/2026:15:07:49 +0000] "GET /wp-content/plugins/elementor/assets/lib/swiper/v8/css/swiper.min.css?ver=8.4.5 HTTP/2" 200 4248 "https://goldendunesfilmfestival.com/rules-and-regulation/" "Mozilla/5.0 (Windows NT 10.0; Win64; x64) AppleWebKit/537.36 (KHTML, like Gecko) Chrome/110.0.0.0 Safari/537.36 Edg/110.0.1587.69 BKOffice/2025.02.11"
102.91.5.17 - - [21/Jul/2026:15:07:49 +0000] "GET /wp-content/themes/mirel/css/main.css?ver=7.0.1 HTTP/2" 200 40130 "https://goldendunesfilmfestival.com/rules-and-regulation/" "Mozilla/5.0 (Windows NT 10.0; Win64; x64) AppleWebKit/537.36 (KHTML, like Gecko) Chrome/110.0.0.0 Safari/537.36 Edg/110.0.1587.69 BKOffice/2025.02.11"
102.91.5.17 - - [21/Jul/2026:15:07:49 +0000] "GET /wp-content/plugins/pt-mirel-addons/assets/css/fontawesome.min.css?ver=7.0.1 HTTP/2" 200 11591 "https://goldendunesfilmfestival.com/rules-and-regulation/" "Mozilla/5.0 (Windows NT 10.0; Win64; x64) AppleWebKit/537.36 (KHTML, like Gecko) Chrome/110.0.0.0 Safari/537.36 Edg/110.0.1587.69 BKOffice/2025.02.11"
102.91.5.17 - - [21/Jul/2026:15:07:49 +0000] "GET /wp-content/plugins/pt-mirel-addons/assets/css/pt-addons.css?ver=7.0.1 HTTP/2" 200 36649 "https://goldendunesfilmfestival.com/rules-and-regulation/" "Mozilla/5.0 (Windows NT 10.0; Win64; x64) AppleWebKit/537.36 (KHTML, like Gecko) Chrome/110.0.0.0 Safari/537.36 Edg/110.0.1587.69 BKOffice/2025.02.11"
102.91.5.17 - - [21/Jul/2026:15:07:49 +0000] "GET /new1/wp-content/uploads/elementor/google-fonts/css/roboto.css?ver=1753220061 HTTP/2" 404 9917 "https://goldendunesfilmfestival.com/rules-and-regulation/" "Mozilla/5.0 (Windows NT 10.0; Win64; x64) AppleWebKit/537.36 (KHTML, like Gecko) Chrome/110.0.0.0 Safari/537.36 Edg/110.0.1587.69 BKOffice/2025.02.11"
102.91.5.17 - - [21/Jul/2026:15:07:49 +0000] "GET /wp-includes/js/jquery/jquery.min.js?ver=3.7.1 HTTP/2" 200 29744 "https://goldendunesfilmfestival.com/rules-and-regulation/" "Mozilla/5.0 (Windows NT 10.0; Win64; x64) AppleWebKit/537.36 (KHTML, like Gecko) Chrome/110.0.0.0 Safari/537.36 Edg/110.0.1587.69 BKOffice/2025.02.11"
102.91.5.17 - - [21/Jul/2026:15:07:49 +0000] "GET /wp-includes/js/jquery/jquery-migrate.min.js?ver=3.4.1 HTTP/2" 200 4678 "https://goldendunesfilmfestival.com/rules-and-regulation/" "Mozilla/5.0 (Windows NT 10.0; Win64; x64) AppleWebKit/537.36 (KHTML, like Gecko) Chrome/110.0.0.0 Safari/537.36 Edg/110.0.1587.69 BKOffice/2025.02.11"
102.91.5.17 - - [21/Jul/2026:15:07:49 +0000] "GET /wp-content/plugins/pt-mirel-addons/assets/js/zilla-likes.js?ver=7.0.1 HTTP/2" 200 328 "https://goldendunesfilmfestival.com/rules-and-regulation/" "Mozilla/5.0 (Windows NT 10.0; Win64; x64) AppleWebKit/537.36 (KHTML, like Gecko) Chrome/110.0.0.0 Safari/537.36 Edg/110.0.1587.69 BKOffice/2025.02.11"
102.91.5.17 - - [21/Jul/2026:15:07:49 +0000] "GET /new1/wp-content/uploads/elementor/google-fonts/css/robotoslab.css?ver=1753220062 HTTP/2" 404 9928 "https://goldendunesfilmfestival.com/rules-and-regulation/" "Mozilla/5.0 (Windows NT 10.0; Win64; x64) AppleWebKit/537.36 (KHTML, like Gecko) Chrome/110.0.0.0 Safari/537.36 Edg/110.0.1587.69 BKOffice/2025.02.11"
57.141.0.49 - - [21/Jul/2026:15:07:51 +0000] "GET /products/19869141/ HTTP/2" 404 31912 "-" "Mozilla/5.0 (Macintosh; Intel Mac OS X 10_15_7) AppleWebKit/537.36 (KHTML, like Gecko) Chrome/145.0.0.0 Safari/537.36 (compatible; meta-externalagent/1.1 (+https://developers.facebook.com/docs/sharing/webmasters/crawler))"
45.224.204.153 - - [21/Jul/2026:15:07:53 +0000] "GET /awards-jury/ HTTP/2" 200 22119 "-" "Mozilla/5.0 (Windows NT 10.0; Win64; x64) AppleWebKit/537.36 (KHTML, like Gecko) Chrome/127.0.0.0 Safari/537.36 Edg/127.0.1418.24"
45.224.204.153 - - [21/Jul/2026:15:07:54 +0000] "GET /wp-content/plugins/contact-form-7/includes/css/styles.css?ver=6.1.5 HTTP/2" 200 899 "https://goldendunesfilmfestival.com/awards-jury/" "Mozilla/5.0 (Windows NT 10.0; Win64; x64) AppleWebKit/537.36 (KHTML, like Gecko) Chrome/127.0.0.0 Safari/537.36 Edg/127.0.1418.24"
45.224.204.153 - - [21/Jul/2026:15:07:54 +0000] "GET /wp-content/themes/mirel/css/custom.css?ver=7.0.1 HTTP/2" 200 0 "https://goldendunesfilmfestival.com/awards-jury/" "Mozilla/5.0 (Windows NT 10.0; Win64; x64) AppleWebKit/537.36 (KHTML, like Gecko) Chrome/127.0.0.0 Safari/537.36 Edg/127.0.1418.24"
45.224.204.153 - - [21/Jul/2026:15:07:54 +0000] "GET /wp-content/plugins/pt-mirel-addons/include/popup/style.css?ver=1.0.0 HTTP/2" 200 2001 "https://goldendunesfilmfestival.com/awards-jury/" "Mozilla/5.0 (Windows NT 10.0; Win64; x64) AppleWebKit/537.36 (KHTML, like Gecko) Chrome/127.0.0.0 Safari/537.36 Edg/127.0.1418.24"
45.224.204.153 - - [21/Jul/2026:15:07:54 +0000] "GET /wp-content/plugins/elementor/assets/css/frontend.min.css?ver=4.0.6 HTTP/2" 200 6613 "https://goldendunesfilmfestival.com/awards-jury/" "Mozilla/5.0 (Windows NT 10.0; Win64; x64) AppleWebKit/537.36 (KHTML, like Gecko) Chrome/127.0.0.0 Safari/537.36 Edg/127.0.1418.24"
45.224.204.153 - - [21/Jul/2026:15:07:54 +0000] "GET /wp-content/uploads/elementor/css/post-7.css?ver=1784054748 HTTP/2" 200 339 "https://goldendunesfilmfestival.com/awards-jury/" "Mozilla/5.0 (Windows NT 10.0; Win64; x64) AppleWebKit/537.36 (KHTML, like Gecko) Chrome/127.0.0.0 Safari/537.36 Edg/127.0.1418.24"
45.224.204.153 - - [21/Jul/2026:15:07:54 +0000] "GET /wp-content/plugins/elementor/assets/css/widget-icon-list.min.css?ver=4.0.6 HTTP/2" 200 928 "https://goldendunesfilmfestival.com/awards-jury/" "Mozilla/5.0 (Windows NT 10.0; Win64; x64) AppleWebKit/537.36 (KHTML, like Gecko) Chrome/127.0.0.0 Safari/537.36 Edg/127.0.1418.24"
45.224.204.153 - - [21/Jul/2026:15:07:54 +0000] "GET /wp-content/plugins/elementor/assets/css/widget-image.min.css?ver=4.0.6 HTTP/2" 200 96 "https://goldendunesfilmfestival.com/awards-jury/" "Mozilla/5.0 (Windows NT 10.0; Win64; x64) AppleWebKit/537.36 (KHTML, like Gecko) Chrome/127.0.0.0 Safari/537.36 Edg/127.0.1418.24"
45.224.204.153 - - [21/Jul/2026:15:07:54 +0000] "GET /wp-content/uploads/elementor/css/post-124.css?ver=1784056262 HTTP/2" 200 2735 "https://goldendunesfilmfestival.com/awards-jury/" "Mozilla/5.0 (Windows NT 10.0; Win64; x64) AppleWebKit/537.36 (KHTML, like Gecko) Chrome/127.0.0.0 Safari/537.36 Edg/127.0.1418.24"
45.224.204.153 - - [21/Jul/2026:15:07:54 +0000] "GET /wp-content/themes/mirel/css/iconfont.css?ver=7.0.1 HTTP/2" 200 6227 "https://goldendunesfilmfestival.com/awards-jury/" "Mozilla/5.0 (Windows NT 10.0; Win64; x64) AppleWebKit/537.36 (KHTML, like Gecko) Chrome/127.0.0.0 Safari/537.36 Edg/127.0.1418.24"
45.224.204.153 - - [21/Jul/2026:15:07:54 +0000] "GET /wp-content/themes/mirel/css/mirel-icons.css?ver=7.0.1 HTTP/2" 200 767 "https://goldendunesfilmfestival.com/awards-jury/" "Mozilla/5.0 (Windows NT 10.0; Win64; x64) AppleWebKit/537.36 (KHTML, like Gecko) Chrome/127.0.0.0 Safari/537.36 Edg/127.0.1418.24"
45.224.204.153 - - [21/Jul/2026:15:07:54 +0000] "GET /wp-content/themes/mirel-child/style.css?ver=7.0.1 HTTP/2" 200 3307 "https://goldendunesfilmfestival.com/awards-jury/" "Mozilla/5.0 (Windows NT 10.0; Win64; x64) AppleWebKit/537.36 (KHTML, like Gecko) Chrome/127.0.0.0 Safari/537.36 Edg/127.0.1418.24"
45.224.204.153 - - [21/Jul/2026:15:07:54 +0000] "GET /wp-content/plugins/elementor/assets/lib/swiper/v8/css/swiper.min.css?ver=8.4.5 HTTP/2" 200 4248 "https://goldendunesfilmfestival.com/awards-jury/" "Mozilla/5.0 (Windows NT 10.0; Win64; x64) AppleWebKit/537.36 (KHTML, like Gecko) Chrome/127.0.0.0 Safari/537.36 Edg/127.0.1418.24"
45.224.204.153 - - [21/Jul/2026:15:07:54 +0000] "GET /wp-content/themes/mirel/css/main.css?ver=7.0.1 HTTP/2" 200 40130 "https://goldendunesfilmfestival.com/awards-jury/" "Mozilla/5.0 (Windows NT 10.0; Win64; x64) AppleWebKit/537.36 (KHTML, like Gecko) Chrome/127.0.0.0 Safari/537.36 Edg/127.0.1418.24"
45.224.204.153 - - [21/Jul/2026:15:07:54 +0000] "GET /wp-content/plugins/pt-mirel-addons/assets/css/fontawesome.min.css?ver=7.0.1 HTTP/2" 200 11591 "https://goldendunesfilmfestival.com/awards-jury/" "Mozilla/5.0 (Windows NT 10.0; Win64; x64) AppleWebKit/537.36 (KHTML, like Gecko) Chrome/127.0.0.0 Safari/537.36 Edg/127.0.1418.24"
45.224.204.153 - - [21/Jul/2026:15:07:54 +0000] "GET /wp-content/plugins/pt-mirel-addons/assets/css/pt-addons.css?ver=7.0.1 HTTP/2" 200 36649 "https://goldendunesfilmfestival.com/awards-jury/" "Mozilla/5.0 (Windows NT 10.0; Win64; x64) AppleWebKit/537.36 (KHTML, like Gecko) Chrome/127.0.0.0 Safari/537.36 Edg/127.0.1418.24"
45.224.204.153 - - [21/Jul/2026:15:07:54 +0000] "GET /new1/wp-content/uploads/elementor/google-fonts/css/roboto.css?ver=1753220061 HTTP/2" 404 9917 "https://goldendunesfilmfestival.com/awards-jury/" "Mozilla/5.0 (Windows NT 10.0; Win64; x64) AppleWebKit/537.36 (KHTML, like Gecko) Chrome/127.0.0.0 Safari/537.36 Edg/127.0.1418.24"
45.224.204.153 - - [21/Jul/2026:15:07:54 +0000] "GET /wp-includes/js/jquery/jquery.min.js?ver=3.7.1 HTTP/2" 200 29744 "https://goldendunesfilmfestival.com/awards-jury/" "Mozilla/5.0 (Windows NT 10.0; Win64; x64) AppleWebKit/537.36 (KHTML, like Gecko) Chrome/127.0.0.0 Safari/537.36 Edg/127.0.1418.24"
45.224.204.153 - - [21/Jul/2026:15:07:54 +0000] "GET /wp-includes/js/jquery/jquery-migrate.min.js?ver=3.4.1 HTTP/2" 200 4678 "https://goldendunesfilmfestival.com/awards-jury/" "Mozilla/5.0 (Windows NT 10.0; Win64; x64) AppleWebKit/537.36 (KHTML, like Gecko) Chrome/127.0.0.0 Safari/537.36 Edg/127.0.1418.24"
45.224.204.153 - - [21/Jul/2026:15:07:54 +0000] "GET /wp-content/plugins/pt-mirel-addons/assets/js/zilla-likes.js?ver=7.0.1 HTTP/2" 200 328 "https://goldendunesfilmfestival.com/awards-jury/" "Mozilla/5.0 (Windows NT 10.0; Win64; x64) AppleWebKit/537.36 (KHTML, like Gecko) Chrome/127.0.0.0 Safari/537.36 Edg/127.0.1418.24"
45.224.204.153 - - [21/Jul/2026:15:07:54 +0000] "GET /new1/wp-content/uploads/elementor/google-fonts/css/robotoslab.css?ver=1753220062 HTTP/2" 404 9928 "https://goldendunesfilmfestival.com/awards-jury/" "Mozilla/5.0 (Windows NT 10.0; Win64; x64) AppleWebKit/537.36 (KHTML, like Gecko) Chrome/127.0.0.0 Safari/537.36 Edg/127.0.1418.24"
45.224.204.153 - - [21/Jul/2026:15:07:54 +0000] "GET /wp-content/plugins/pt-mirel-addons/assets/css/pt-inline.css?ver=7.0.1 HTTP/2" 200 0 "https://goldendunesfilmfestival.com/awards-jury/" "Mozilla/5.0 (Windows NT 10.0; Win64; x64) AppleWebKit/537.36 (KHTML, like Gecko) Chrome/127.0.0.0 Safari/537.36 Edg/127.0.1418.24"
45.224.204.153 - - [21/Jul/2026:15:07:54 +0000] "GET /wp-content/uploads/elementor/css/post-84.css?ver=1784055715 HTTP/2" 200 1151 "https://goldendunesfilmfestival.com/awards-jury/" "Mozilla/5.0 (Windows NT 10.0; Win64; x64) AppleWebKit/537.36 (KHTML, like Gecko) Chrome/127.0.0.0 Safari/537.36 Edg/127.0.1418.24"
182.108.244.227 - - [21/Jul/2026:15:07:55 +0000] "GET /rules-and-regulation/ HTTP/2" 200 15919 "-" "Mozilla/5.0 (Macintosh; Intel Mac OS X 10_12_6) AppleWebKit/537.36 (KHTML, like Gecko) Chrome/128.0.0 Safari/537.36 Edg/128.0.0"
115.230.78.129 - - [21/Jul/2026:15:07:57 +0000] "GET /awards-jury/ HTTP/2" 200 22116 "-" "Mozilla/5.0 (Windows NT 10.0; Win64; x64) AppleWebKit/537.36 (KHTML, like Gecko) Chrome/131.0.0 Safari/537.36 Edg/131.0.0"
111.25.184.34 - - [21/Jul/2026:15:08:00 +0000] "GET /rules-and-regulation/ HTTP/2" 200 15918 "-" "Mozilla/5.0 (Macintosh; Intel Mac OS X 10_12_6) AppleWebKit/537.36 (KHTML, like Gecko) Chrome/132.0.0 Safari/537.36 Edg/132.0.0"
183.167.233.202 - - [21/Jul/2026:15:08:03 +0000] "GET /awards-jury/ HTTP/2" 200 22093 "-" "Mozilla/5.0 (Windows NT 10.0; Win64; x64) AppleWebKit/537.36 (KHTML, like Gecko) Chrome/132.1.0 Safari/537.36 Edg/132.1.0"
57.141.0.71 - - [21/Jul/2026:15:08:05 +0000] "GET /products/21555174/ HTTP/2" 404 31912 "-" "Mozilla/5.0 (Macintosh; Intel Mac OS X 10_15_7) AppleWebKit/537.36 (KHTML, like Gecko) Chrome/145.0.0.0 Safari/537.36 (compatible; meta-externalagent/1.1 (+https://developers.facebook.com/docs/sharing/webmasters/crawler))"
57.141.0.60 - - [21/Jul/2026:15:08:11 +0000] "GET /products/3564930/ HTTP/2" 404 31912 "-" "Mozilla/5.0 (Macintosh; Intel Mac OS X 10_15_7) AppleWebKit/537.36 (KHTML, like Gecko) Chrome/145.0.0.0 Safari/537.36 (compatible; meta-externalagent/1.1 (+https://developers.facebook.com/docs/sharing/webmasters/crawler))"
57.141.0.20 - - [21/Jul/2026:15:08:12 +0000] "GET /products/5271030/ HTTP/2" 404 31916 "-" "Mozilla/5.0 (Windows NT 10.0; Win64; x64) AppleWebKit/537.36 (KHTML, like Gecko) Chrome/145.0.0.0 Safari/537.36 (compatible; meta-externalagent/1.1 (+https://developers.facebook.com/docs/sharing/webmasters/crawler))"
57.141.0.42 - - [21/Jul/2026:15:08:12 +0000] "GET /products/23009918/ HTTP/2" 301 0 "-" "Mozilla/5.0 (Windows NT 10.0; Win64; x64) AppleWebKit/537.36 (KHTML, like Gecko) Chrome/145.0.0.0 Safari/537.36 (compatible; meta-externalagent/1.1 (+https://developers.facebook.com/docs/sharing/webmasters/crawler))"
198.38.94.67 - - [21/Jul/2026:15:08:39 +0000] "POST /wp-cron.php?doing_wp_cron=1784646518.8959279060363769531250 HTTP/1.1" 200 0 "-" "WordPress/7.0.1; https://goldendunesfilmfestival.com"
57.141.0.67 - - [21/Jul/2026:15:08:38 +0000] "GET /products/9307018/ HTTP/2" 404 31916 "-" "Mozilla/5.0 (Windows NT 10.0; Win64; x64) AppleWebKit/537.36 (KHTML, like Gecko) Chrome/145.0.0.0 Safari/537.36 (compatible; meta-externalagent/1.1 (+https://developers.facebook.com/docs/sharing/webmasters/crawler))"
57.141.0.24 - - [21/Jul/2026:15:08:41 +0000] "GET /products/15251930/ HTTP/2" 404 31916 "-" "Mozilla/5.0 (Windows NT 10.0; Win64; x64) AppleWebKit/537.36 (KHTML, like Gecko) Chrome/145.0.0.0 Safari/537.36 (compatible; meta-externalagent/1.1 (+https://developers.facebook.com/docs/sharing/webmasters/crawler))"
57.141.0.32 - - [21/Jul/2026:15:08:59 +0000] "GET /products/2580829/ HTTP/2" 404 31916 "-" "Mozilla/5.0 (Windows NT 10.0; Win64; x64) AppleWebKit/537.36 (KHTML, like Gecko) Chrome/145.0.0.0 Safari/537.36 (compatible; meta-externalagent/1.1 (+https://developers.facebook.com/docs/sharing/webmasters/crawler))"
57.141.0.48 - - [21/Jul/2026:15:09:17 +0000] "GET /products/6042185/ HTTP/2" 404 31914 "-" "Mozilla/5.0 (X11; Linux x86_64) AppleWebKit/537.36 (KHTML, like Gecko) Chrome/145.0.0.0 Safari/537.36 (compatible; meta-externalagent/1.1 (+https://developers.facebook.com/docs/sharing/webmasters/crawler))"
50.6.156.73 - - [21/Jul/2026:15:09:22 +0000] "POST /wp-cron.php?doing_wp_cron=1784646562.2742319107055664062500 HTTP/1.1" 200 0 "-" "WordPress/7.0.2; https://www.goldendunesfilmfestival.com"
198.38.94.67 - - [21/Jul/2026:15:09:28 +0000] "POST /wp-cron.php?doing_wp_cron=1784646568.6052689552307128906250 HTTP/1.1" 200 0 "-" "WordPress/7.0.1; https://goldendunesfilmfestival.com"
57.141.0.67 - - [21/Jul/2026:15:09:28 +0000] "GET /products/24666829/ HTTP/2" 404 31912 "-" "Mozilla/5.0 (Macintosh; Intel Mac OS X 10_15_7) AppleWebKit/537.36 (KHTML, like Gecko) Chrome/145.0.0.0 Safari/537.36 (compatible; meta-externalagent/1.1 (+https://developers.facebook.com/docs/sharing/webmasters/crawler))"
57.141.0.53 - - [21/Jul/2026:15:09:35 +0000] "GET /products/10526307/ HTTP/2" 404 31916 "-" "Mozilla/5.0 (Windows NT 10.0; Win64; x64) AppleWebKit/537.36 (KHTML, like Gecko) Chrome/145.0.0.0 Safari/537.36 (compatible; meta-externalagent/1.1 (+https://developers.facebook.com/docs/sharing/webmasters/crawler))"
205.185.121.17 - - [21/Jul/2026:15:09:56 +0000] "GET /wp-login.php HTTP/1.1" 200 6501 "-" "Mozilla/5.0 (Macintosh; Intel Mac OS X 10_15_7)"
57.141.0.69 - - [21/Jul/2026:15:09:58 +0000] "GET /products/24199185/ HTTP/2" 404 31916 "-" "Mozilla/5.0 (Windows NT 10.0; Win64; x64) AppleWebKit/537.36 (KHTML, like Gecko) Chrome/145.0.0.0 Safari/537.36 (compatible; meta-externalagent/1.1 (+https://developers.facebook.com/docs/sharing/webmasters/crawler))"
57.141.0.8 - - [21/Jul/2026:15:10:03 +0000] "GET /products/24116629/ HTTP/2" 404 31916 "-" "Mozilla/5.0 (Windows NT 10.0; Win64; x64) AppleWebKit/537.36 (KHTML, like Gecko) Chrome/145.0.0.0 Safari/537.36 (compatible; meta-externalagent/1.1 (+https://developers.facebook.com/docs/sharing/webmasters/crawler))"
57.141.0.54 - - [21/Jul/2026:15:10:03 +0000] "GET /products/5492030/ HTTP/2" 301 0 "-" "Mozilla/5.0 (Windows NT 10.0; Win64; x64) AppleWebKit/537.36 (KHTML, like Gecko) Chrome/145.0.0.0 Safari/537.36 (compatible; meta-externalagent/1.1 (+https://developers.facebook.com/docs/sharing/webmasters/crawler))"
57.141.0.20 - - [21/Jul/2026:15:10:06 +0000] "GET /products/20195652/ HTTP/2" 404 31916 "-" "Mozilla/5.0 (Windows NT 10.0; Win64; x64) AppleWebKit/537.36 (KHTML, like Gecko) Chrome/145.0.0.0 Safari/537.36 (compatible; meta-externalagent/1.1 (+https://developers.facebook.com/docs/sharing/webmasters/crawler))"
57.141.0.44 - - [21/Jul/2026:15:10:18 +0000] "GET /products/15210563/ HTTP/2" 404 31916 "-" "Mozilla/5.0 (Windows NT 10.0; Win64; x64) AppleWebKit/537.36 (KHTML, like Gecko) Chrome/145.0.0.0 Safari/537.36 (compatible; meta-externalagent/1.1 (+https://developers.facebook.com/docs/sharing/webmasters/crawler))"
205.185.121.17 - - [21/Jul/2026:15:10:20 +0000] "POST /wp-login.php HTTP/1.1" 503 18960 "-" "Mozilla/5.0 (Macintosh; Intel Mac OS X 10_15_7)"
205.185.121.17 - - [21/Jul/2026:15:10:22 +0000] "GET /wp-admin/themes.php HTTP/1.1" 503 7739 "-" "python-requests/2.34.2"
205.185.121.17 - - [21/Jul/2026:15:10:22 +0000] "GET /wp-admin/plugin-install.php?tab=upload HTTP/1.1" 503 7761 "-" "python-requests/2.34.2"
198.38.94.67 - - [21/Jul/2026:15:10:27 +0000] "POST /wp-cron.php?doing_wp_cron=1784646627.2210879325866699218750 HTTP/1.1" 200 0 "-" "WordPress/7.0.1; https://goldendunesfilmfestival.com"
57.141.0.52 - - [21/Jul/2026:15:10:26 +0000] "GET /products/6807518/ HTTP/2" 404 31916 "-" "Mozilla/5.0 (Windows NT 10.0; Win64; x64) AppleWebKit/537.36 (KHTML, like Gecko) Chrome/145.0.0.0 Safari/537.36 (compatible; meta-externalagent/1.1 (+https://developers.facebook.com/docs/sharing/webmasters/crawler))"
57.141.0.15 - - [21/Jul/2026:15:10:28 +0000] "GET /products/21775785/ HTTP/2" 404 31916 "-" "Mozilla/5.0 (Windows NT 10.0; Win64; x64) AppleWebKit/537.36 (KHTML, like Gecko) Chrome/145.0.0.0 Safari/537.36 (compatible; meta-externalagent/1.1 (+https://developers.facebook.com/docs/sharing/webmasters/crawler))"
57.141.0.47 - - [21/Jul/2026:15:10:49 +0000] "GET /products/25066363/ HTTP/2" 404 31916 "-" "Mozilla/5.0 (Windows NT 10.0; Win64; x64) AppleWebKit/537.36 (KHTML, like Gecko) Chrome/145.0.0.0 Safari/537.36 (compatible; meta-externalagent/1.1 (+https://developers.facebook.com/docs/sharing/webmasters/crawler))"
198.38.94.67 - - [21/Jul/2026:15:10:54 +0000] "POST /wp-cron.php?doing_wp_cron=1784646654.7311699390411376953125 HTTP/1.1" 200 0 "-" "WordPress/7.0.1; https://goldendunesfilmfestival.com"
57.141.0.11 - - [21/Jul/2026:15:10:54 +0000] "GET /products/4650807/ HTTP/2" 301 0 "-" "Mozilla/5.0 (Macintosh; Intel Mac OS X 10_15_7) AppleWebKit/537.36 (KHTML, like Gecko) Chrome/145.0.0.0 Safari/537.36 (compatible; meta-externalagent/1.1 (+https://developers.facebook.com/docs/sharing/webmasters/crawler))"
57.141.0.28 - - [21/Jul/2026:15:10:55 +0000] "GET /products/25202263/ HTTP/2" 404 31914 "-" "Mozilla/5.0 (X11; Linux x86_64) AppleWebKit/537.36 (KHTML, like Gecko) Chrome/145.0.0.0 Safari/537.36 (compatible; meta-externalagent/1.1 (+https://developers.facebook.com/docs/sharing/webmasters/crawler))"
57.141.0.71 - - [21/Jul/2026:15:11:00 +0000] "GET /products/13170652/ HTTP/2" 404 31916 "-" "Mozilla/5.0 (Windows NT 10.0; Win64; x64) AppleWebKit/537.36 (KHTML, like Gecko) Chrome/145.0.0.0 Safari/537.36 (compatible; meta-externalagent/1.1 (+https://developers.facebook.com/docs/sharing/webmasters/crawler))"
57.141.0.18 - - [21/Jul/2026:15:11:05 +0000] "GET /products/14404496/ HTTP/2" 404 31912 "-" "Mozilla/5.0 (Macintosh; Intel Mac OS X 10_15_7) AppleWebKit/537.36 (KHTML, like Gecko) Chrome/145.0.0.0 Safari/537.36 (compatible; meta-externalagent/1.1 (+https://developers.facebook.com/docs/sharing/webmasters/crawler))"
198.38.94.67 - - [21/Jul/2026:15:11:24 +0000] "POST /wp-cron.php?doing_wp_cron=1784646684.3348009586334228515625 HTTP/1.1" 200 0 "-" "WordPress/7.0.1; https://goldendunesfilmfestival.com"
57.141.0.42 - - [21/Jul/2026:15:11:24 +0000] "GET /products/9659129/ HTTP/2" 404 31914 "-" "Mozilla/5.0 (Windows NT 10.0; Win64; x64) AppleWebKit/537.36 (KHTML, like Gecko) Chrome/145.0.0.0 Safari/537.36 Edg/145.0.0.0 (compatible; meta-externalagent/1.1 (+https://developers.facebook.com/docs/sharing/webmasters/crawler))"
57.141.0.30 - - [21/Jul/2026:15:11:25 +0000] "GET /products/12099785/ HTTP/2" 404 31914 "-" "Mozilla/5.0 (X11; Linux x86_64) AppleWebKit/537.36 (KHTML, like Gecko) Chrome/145.0.0.0 Safari/537.36 (compatible; meta-externalagent/1.1 (+https://developers.facebook.com/docs/sharing/webmasters/crawler))"
