216.73.216.240 - - [21/Jul/2026:14:02:48 +0000] "GET /wp-content/themes/mirel-child/style.css?ver=7.0.1 HTTP/2" 200 3307 "https://goldendunesfilmfestival.com/how-much-did-townsville-rsl-earn-from-pokie-machine/" "Mozilla/5.0 (Linux; Android 14; Pixel 8) AppleWebKit/537.36 (KHTML, like Gecko) Chrome/131.0.0.0 Mobile Safari/537.36; ClaudeBot/1.0; +claudebot@anthropic.com)"
216.73.216.240 - - [21/Jul/2026:14:02:48 +0000] "GET /wp-content/plugins/elementor/assets/lib/swiper/v8/css/swiper.min.css?ver=8.4.5 HTTP/2" 200 4248 "https://goldendunesfilmfestival.com/how-much-did-townsville-rsl-earn-from-pokie-machine/" "Mozilla/5.0 (Linux; Android 14; Pixel 8) AppleWebKit/537.36 (KHTML, like Gecko) Chrome/131.0.0.0 Mobile Safari/537.36; ClaudeBot/1.0; +claudebot@anthropic.com)"
216.73.216.240 - - [21/Jul/2026:14:02:48 +0000] "GET /wp-content/themes/mirel/css/main.css?ver=7.0.1 HTTP/2" 200 40130 "https://goldendunesfilmfestival.com/how-much-did-townsville-rsl-earn-from-pokie-machine/" "Mozilla/5.0 (Linux; Android 14; Pixel 8) AppleWebKit/537.36 (KHTML, like Gecko) Chrome/131.0.0.0 Mobile Safari/537.36; ClaudeBot/1.0; +claudebot@anthropic.com)"
216.73.216.240 - - [21/Jul/2026:14:02:48 +0000] "GET /wp-content/plugins/pt-mirel-addons/assets/css/fontawesome.min.css?ver=7.0.1 HTTP/2" 200 11591 "https://goldendunesfilmfestival.com/how-much-did-townsville-rsl-earn-from-pokie-machine/" "Mozilla/5.0 (Linux; Android 14; Pixel 8) AppleWebKit/537.36 (KHTML, like Gecko) Chrome/131.0.0.0 Mobile Safari/537.36; ClaudeBot/1.0; +claudebot@anthropic.com)"
216.73.216.240 - - [21/Jul/2026:14:02:48 +0000] "GET /wp-content/plugins/pt-mirel-addons/assets/css/pt-addons.css?ver=7.0.1 HTTP/2" 200 36649 "https://goldendunesfilmfestival.com/how-much-did-townsville-rsl-earn-from-pokie-machine/" "Mozilla/5.0 (Linux; Android 14; Pixel 8) AppleWebKit/537.36 (KHTML, like Gecko) Chrome/131.0.0.0 Mobile Safari/537.36; ClaudeBot/1.0; +claudebot@anthropic.com)"
216.73.216.240 - - [21/Jul/2026:14:02:48 +0000] "GET /wp-content/themes/mirel-child/script.js?ver=7.0.1 HTTP/2" 200 0 "https://goldendunesfilmfestival.com/how-much-did-townsville-rsl-earn-from-pokie-machine/" "Mozilla/5.0 (Linux; Android 14; Pixel 8) AppleWebKit/537.36 (KHTML, like Gecko) Chrome/131.0.0.0 Mobile Safari/537.36; ClaudeBot/1.0; +claudebot@anthropic.com)"
216.73.216.240 - - [21/Jul/2026:14:02:48 +0000] "GET /wp-includes/js/jquery/jquery.min.js?ver=3.7.1 HTTP/2" 200 29744 "https://goldendunesfilmfestival.com/how-much-did-townsville-rsl-earn-from-pokie-machine/" "Mozilla/5.0 (Linux; Android 14; Pixel 8) AppleWebKit/537.36 (KHTML, like Gecko) Chrome/131.0.0.0 Mobile Safari/537.36; ClaudeBot/1.0; +claudebot@anthropic.com)"
216.73.216.240 - - [21/Jul/2026:14:02:48 +0000] "GET /wp-includes/js/jquery/jquery-migrate.min.js?ver=3.4.1 HTTP/2" 200 4678 "https://goldendunesfilmfestival.com/how-much-did-townsville-rsl-earn-from-pokie-machine/" "Mozilla/5.0 (Linux; Android 14; Pixel 8) AppleWebKit/537.36 (KHTML, like Gecko) Chrome/131.0.0.0 Mobile Safari/537.36; ClaudeBot/1.0; +claudebot@anthropic.com)"
216.73.216.240 - - [21/Jul/2026:14:02:48 +0000] "GET /wp-content/plugins/pt-mirel-addons/assets/js/zilla-likes.js?ver=7.0.1 HTTP/2" 200 328 "https://goldendunesfilmfestival.com/how-much-did-townsville-rsl-earn-from-pokie-machine/" "Mozilla/5.0 (Linux; Android 14; Pixel 8) AppleWebKit/537.36 (KHTML, like Gecko) Chrome/131.0.0.0 Mobile Safari/537.36; ClaudeBot/1.0; +claudebot@anthropic.com)"
216.73.216.240 - - [21/Jul/2026:14:02:48 +0000] "GET /wp-includes/js/dist/hooks.min.js?ver=7496969728ca0f95732d HTTP/2" 200 1734 "https://goldendunesfilmfestival.com/how-much-did-townsville-rsl-earn-from-pokie-machine/" "Mozilla/5.0 (Linux; Android 14; Pixel 8) AppleWebKit/537.36 (KHTML, like Gecko) Chrome/131.0.0.0 Mobile Safari/537.36; ClaudeBot/1.0; +claudebot@anthropic.com)"
216.73.216.240 - - [21/Jul/2026:14:02:48 +0000] "GET /wp-includes/js/dist/i18n.min.js?ver=781d11515ad3d91786ec HTTP/2" 200 2354 "https://goldendunesfilmfestival.com/how-much-did-townsville-rsl-earn-from-pokie-machine/" "Mozilla/5.0 (Linux; Android 14; Pixel 8) AppleWebKit/537.36 (KHTML, like Gecko) Chrome/131.0.0.0 Mobile Safari/537.36; ClaudeBot/1.0; +claudebot@anthropic.com)"
216.73.216.240 - - [21/Jul/2026:14:02:48 +0000] "GET /wp-content/plugins/contact-form-7/includes/swv/js/index.js?ver=6.1.5 HTTP/2" 200 3369 "https://goldendunesfilmfestival.com/how-much-did-townsville-rsl-earn-from-pokie-machine/" "Mozilla/5.0 (Linux; Android 14; Pixel 8) AppleWebKit/537.36 (KHTML, like Gecko) Chrome/131.0.0.0 Mobile Safari/537.36; ClaudeBot/1.0; +claudebot@anthropic.com)"
216.73.216.240 - - [21/Jul/2026:14:02:48 +0000] "GET /wp-content/plugins/contact-form-7/includes/js/index.js?ver=6.1.5 HTTP/2" 200 4008 "https://goldendunesfilmfestival.com/how-much-did-townsville-rsl-earn-from-pokie-machine/" "Mozilla/5.0 (Linux; Android 14; Pixel 8) AppleWebKit/537.36 (KHTML, like Gecko) Chrome/131.0.0.0 Mobile Safari/537.36; ClaudeBot/1.0; +claudebot@anthropic.com)"
216.73.216.240 - - [21/Jul/2026:14:02:48 +0000] "GET /wp-content/plugins/pt-mirel-addons/assets/js/gsap.min.js?ver=3.4.2 HTTP/2" 200 23344 "https://goldendunesfilmfestival.com/how-much-did-townsville-rsl-earn-from-pokie-machine/" "Mozilla/5.0 (Linux; Android 14; Pixel 8) AppleWebKit/537.36 (KHTML, like Gecko) Chrome/131.0.0.0 Mobile Safari/537.36; ClaudeBot/1.0; +claudebot@anthropic.com)"
216.73.216.240 - - [21/Jul/2026:14:02:48 +0000] "GET /wp-content/plugins/pt-mirel-addons/include/popup/script.js?ver=1.0.0 HTTP/2" 200 3595 "https://goldendunesfilmfestival.com/how-much-did-townsville-rsl-earn-from-pokie-machine/" "Mozilla/5.0 (Linux; Android 14; Pixel 8) AppleWebKit/537.36 (KHTML, like Gecko) Chrome/131.0.0.0 Mobile Safari/537.36; ClaudeBot/1.0; +claudebot@anthropic.com)"
216.73.216.240 - - [21/Jul/2026:14:02:48 +0000] "GET /wp-content/plugins/pt-mirel-addons/assets/js/swiper.min.js?ver=7.0.5 HTTP/2" 200 36065 "https://goldendunesfilmfestival.com/how-much-did-townsville-rsl-earn-from-pokie-machine/" "Mozilla/5.0 (Linux; Android 14; Pixel 8) AppleWebKit/537.36 (KHTML, like Gecko) Chrome/131.0.0.0 Mobile Safari/537.36; ClaudeBot/1.0; +claudebot@anthropic.com)"
216.73.216.240 - - [21/Jul/2026:14:02:48 +0000] "GET /wp-content/plugins/pt-mirel-addons/assets/js/isotope.pkgd.min.js?ver=3.0.6 HTTP/2" 200 9603 "https://goldendunesfilmfestival.com/how-much-did-townsville-rsl-earn-from-pokie-machine/" "Mozilla/5.0 (Linux; Android 14; Pixel 8) AppleWebKit/537.36 (KHTML, like Gecko) Chrome/131.0.0.0 Mobile Safari/537.36; ClaudeBot/1.0; +claudebot@anthropic.com)"
216.73.216.240 - - [21/Jul/2026:14:02:48 +0000] "GET /wp-content/themes/mirel/js/scripts.js HTTP/2" 200 3485 "https://goldendunesfilmfestival.com/how-much-did-townsville-rsl-earn-from-pokie-machine/" "Mozilla/5.0 (Linux; Android 14; Pixel 8) AppleWebKit/537.36 (KHTML, like Gecko) Chrome/131.0.0.0 Mobile Safari/537.36; ClaudeBot/1.0; +claudebot@anthropic.com)"
216.73.216.240 - - [21/Jul/2026:14:02:48 +0000] "GET /wp-content/plugins/pt-mirel-addons/assets/js/split-type.min.js?ver=0.2.5 HTTP/2" 200 2745 "https://goldendunesfilmfestival.com/how-much-did-townsville-rsl-earn-from-pokie-machine/" "Mozilla/5.0 (Linux; Android 14; Pixel 8) AppleWebKit/537.36 (KHTML, like Gecko) Chrome/131.0.0.0 Mobile Safari/537.36; ClaudeBot/1.0; +claudebot@anthropic.com)"
216.73.216.240 - - [21/Jul/2026:14:02:48 +0000] "GET /wp-content/plugins/pt-mirel-addons/assets/js/custom-cursor.js?ver=0.0.1 HTTP/2" 200 737 "https://goldendunesfilmfestival.com/how-much-did-townsville-rsl-earn-from-pokie-machine/" "Mozilla/5.0 (Linux; Android 14; Pixel 8) AppleWebKit/537.36 (KHTML, like Gecko) Chrome/131.0.0.0 Mobile Safari/537.36; ClaudeBot/1.0; +claudebot@anthropic.com)"
216.73.216.240 - - [21/Jul/2026:14:02:48 +0000] "GET /wp-content/plugins/pt-mirel-addons/assets/js/pt-scripts.js?ver=1.0.0 HTTP/2" 200 4639 "https://goldendunesfilmfestival.com/how-much-did-townsville-rsl-earn-from-pokie-machine/" "Mozilla/5.0 (Linux; Android 14; Pixel 8) AppleWebKit/537.36 (KHTML, like Gecko) Chrome/131.0.0.0 Mobile Safari/537.36; ClaudeBot/1.0; +claudebot@anthropic.com)"
216.73.216.240 - - [21/Jul/2026:14:02:48 +0000] "GET /wp-content/themes/mirel/fonts/mirel-icon.ttf?4izm6b HTTP/2" 200 12111 "https://goldendunesfilmfestival.com/wp-content/themes/mirel/css/mirel-icons.css?ver=7.0.1" "Mozilla/5.0 (Linux; Android 14; Pixel 8) AppleWebKit/537.36 (KHTML, like Gecko) Chrome/131.0.0.0 Mobile Safari/537.36; ClaudeBot/1.0; +claudebot@anthropic.com)"
216.73.216.240 - - [21/Jul/2026:14:02:48 +0000] "GET /wp-includes/js/wp-emoji-release.min.js?ver=7.0.1 HTTP/2" 200 4974 "https://goldendunesfilmfestival.com/how-much-did-townsville-rsl-earn-from-pokie-machine/" "Mozilla/5.0 (Linux; Android 14; Pixel 8) AppleWebKit/537.36 (KHTML, like Gecko) Chrome/131.0.0.0 Mobile Safari/537.36; ClaudeBot/1.0; +claudebot@anthropic.com)"
57.141.0.34 - - [21/Jul/2026:14:03:02 +0000] "GET /products/3286018/ HTTP/2" 301 0 "-" "Mozilla/5.0 (Windows NT 10.0; Win64; x64) AppleWebKit/537.36 (KHTML, like Gecko) Chrome/145.0.0.0 Safari/537.36 (compatible; meta-externalagent/1.1 (+https://developers.facebook.com/docs/sharing/webmasters/crawler))"
57.141.0.9 - - [21/Jul/2026:14:03:22 +0000] "GET /products/18156929/ HTTP/2" 404 31916 "-" "Mozilla/5.0 (Windows NT 10.0; Win64; x64) AppleWebKit/537.36 (KHTML, like Gecko) Chrome/145.0.0.0 Safari/537.36 (compatible; meta-externalagent/1.1 (+https://developers.facebook.com/docs/sharing/webmasters/crawler))"
198.38.94.67 - - [21/Jul/2026:14:03:37 +0000] "POST /wp-cron.php?doing_wp_cron=1784642617.5418200492858886718750 HTTP/1.1" 200 0 "-" "WordPress/7.0.1; https://goldendunesfilmfestival.com"
57.141.0.49 - - [21/Jul/2026:14:03:37 +0000] "GET /products/2523952/ HTTP/2" 404 31914 "-" "Mozilla/5.0 (Windows NT 10.0; Win64; x64) AppleWebKit/537.36 (KHTML, like Gecko) Chrome/145.0.0.0 Safari/537.36 Edg/145.0.0.0 (compatible; meta-externalagent/1.1 (+https://developers.facebook.com/docs/sharing/webmasters/crawler))"
57.141.0.69 - - [21/Jul/2026:14:03:53 +0000] "GET /products/24311130/ HTTP/2" 404 31916 "-" "Mozilla/5.0 (Windows NT 10.0; Win64; x64) AppleWebKit/537.36 (KHTML, like Gecko) Chrome/145.0.0.0 Safari/537.36 (compatible; meta-externalagent/1.1 (+https://developers.facebook.com/docs/sharing/webmasters/crawler))"
57.141.0.54 - - [21/Jul/2026:14:03:56 +0000] "GET /products/15997707/ HTTP/2" 404 31916 "-" "Mozilla/5.0 (Windows NT 10.0; Win64; x64) AppleWebKit/537.36 (KHTML, like Gecko) Chrome/145.0.0.0 Safari/537.36 (compatible; meta-externalagent/1.1 (+https://developers.facebook.com/docs/sharing/webmasters/crawler))"
57.141.0.20 - - [21/Jul/2026:14:03:58 +0000] "GET /products/23455141/ HTTP/2" 301 0 "-" "Mozilla/5.0 (Windows NT 10.0; Win64; x64) AppleWebKit/537.36 (KHTML, like Gecko) Chrome/145.0.0.0 Safari/537.36 (compatible; meta-externalagent/1.1 (+https://developers.facebook.com/docs/sharing/webmasters/crawler))"
57.141.0.71 - - [21/Jul/2026:14:04:03 +0000] "GET /products/8235830/ HTTP/2" 404 31916 "-" "Mozilla/5.0 (Windows NT 10.0; Win64; x64) AppleWebKit/537.36 (KHTML, like Gecko) Chrome/145.0.0.0 Safari/537.36 (compatible; meta-externalagent/1.1 (+https://developers.facebook.com/docs/sharing/webmasters/crawler))"
57.141.0.6 - - [21/Jul/2026:14:04:21 +0000] "GET /products/25894841/ HTTP/2" 404 31916 "-" "Mozilla/5.0 (Windows NT 10.0; Win64; x64) AppleWebKit/537.36 (KHTML, like Gecko) Chrome/145.0.0.0 Safari/537.36 (compatible; meta-externalagent/1.1 (+https://developers.facebook.com/docs/sharing/webmasters/crawler))"
198.38.94.67 - - [21/Jul/2026:14:04:24 +0000] "POST /wp-cron.php?doing_wp_cron=1784642664.6069331169128417968750 HTTP/1.1" 200 0 "-" "WordPress/7.0.1; https://goldendunesfilmfestival.com"
57.141.0.20 - - [21/Jul/2026:14:04:24 +0000] "GET /products/2703452/ HTTP/2" 404 31912 "-" "Mozilla/5.0 (Macintosh; Intel Mac OS X 10_15_7) AppleWebKit/537.36 (KHTML, like Gecko) Chrome/145.0.0.0 Safari/537.36 (compatible; meta-externalagent/1.1 (+https://developers.facebook.com/docs/sharing/webmasters/crawler))"
57.141.0.32 - - [21/Jul/2026:14:04:30 +0000] "GET /products/13321985/ HTTP/2" 404 31914 "-" "Mozilla/5.0 (X11; Linux x86_64) AppleWebKit/537.36 (KHTML, like Gecko) Chrome/145.0.0.0 Safari/537.36 (compatible; meta-externalagent/1.1 (+https://developers.facebook.com/docs/sharing/webmasters/crawler))"
57.141.0.25 - - [21/Jul/2026:14:04:30 +0000] "GET /products/25385596/ HTTP/2" 404 31916 "-" "Mozilla/5.0 (Windows NT 10.0; Win64; x64) AppleWebKit/537.36 (KHTML, like Gecko) Chrome/145.0.0.0 Safari/537.36 (compatible; meta-externalagent/1.1 (+https://developers.facebook.com/docs/sharing/webmasters/crawler))"
57.141.0.12 - - [21/Jul/2026:14:04:33 +0000] "GET /products/8590363/ HTTP/2" 404 31916 "-" "Mozilla/5.0 (Windows NT 10.0; Win64; x64) AppleWebKit/537.36 (KHTML, like Gecko) Chrome/145.0.0.0 Safari/537.36 (compatible; meta-externalagent/1.1 (+https://developers.facebook.com/docs/sharing/webmasters/crawler))"
57.141.0.15 - - [21/Jul/2026:14:04:34 +0000] "GET /products/6149418/ HTTP/2" 404 31914 "-" "Mozilla/5.0 (Windows NT 10.0; Win64; x64) AppleWebKit/537.36 (KHTML, like Gecko) Chrome/144.0.0.0 Safari/537.36 Edg/144.0.0.0 (compatible; meta-externalagent/1.1 (+https://developers.facebook.com/docs/sharing/webmasters/crawler))"
213.209.159.254 - - [21/Jul/2026:14:04:34 +0000] "POST /wp-content/plugins/updraftplus/vendor/rackspace/php-opencloud/lib/OpenCloud/Identity/Resource/cache_icons.php HTTP/2" 200 57 "-" "Mozilla/5.0 (Macintosh; Intel Mac OS X 10_15_7) AppleWebKit/605.1.15 (KHTML, like Gecko) Version/15.3 Safari/605.1.15"
213.209.159.254 - - [21/Jul/2026:14:04:38 +0000] "POST /wp-content/plugins/updraftplus/vendor/rackspace/php-opencloud/lib/OpenCloud/Identity/Resource/cache_icons.php HTTP/2" 200 51 "-" "Mozilla/5.0 (Macintosh; Intel Mac OS X 10_15_7) AppleWebKit/605.1.15 (KHTML, like Gecko) Version/17.0 Safari/605.1.15"
213.209.159.254 - - [21/Jul/2026:14:04:42 +0000] "POST /wp-content/plugins/updraftplus/vendor/rackspace/php-opencloud/lib/OpenCloud/Identity/Resource/cache_icons.php HTTP/2" 200 45 "-" "Mozilla/5.0 (Windows NT 10.0; Win64; x64) AppleWebKit/537.36 (KHTML, like Gecko) Chrome/116.0.0.0 Safari/537.36"
198.38.94.67 - - [21/Jul/2026:14:05:24 +0000] "POST /wp-cron.php?doing_wp_cron=1784642724.3159968852996826171875 HTTP/1.1" 200 0 "-" "WordPress/7.0.1; https://goldendunesfilmfestival.com"
57.141.0.71 - - [21/Jul/2026:14:05:24 +0000] "GET /products/24984018/ HTTP/2" 404 31916 "-" "Mozilla/5.0 (Windows NT 10.0; Win64; x64) AppleWebKit/537.36 (KHTML, like Gecko) Chrome/145.0.0.0 Safari/537.36 (compatible; meta-externalagent/1.1 (+https://developers.facebook.com/docs/sharing/webmasters/crawler))"
57.141.0.38 - - [21/Jul/2026:14:05:25 +0000] "GET /products/15960529/ HTTP/2" 404 31916 "-" "Mozilla/5.0 (Windows NT 10.0; Win64; x64) AppleWebKit/537.36 (KHTML, like Gecko) Chrome/145.0.0.0 Safari/537.36 (compatible; meta-externalagent/1.1 (+https://developers.facebook.com/docs/sharing/webmasters/crawler))"
57.141.0.32 - - [21/Jul/2026:14:05:28 +0000] "GET /products/25268752/ HTTP/2" 404 31916 "-" "Mozilla/5.0 (Windows NT 10.0; Win64; x64) AppleWebKit/537.36 (KHTML, like Gecko) Chrome/145.0.0.0 Safari/537.36 (compatible; meta-externalagent/1.1 (+https://developers.facebook.com/docs/sharing/webmasters/crawler))"
57.141.0.70 - - [21/Jul/2026:14:05:31 +0000] "GET /products/2482296/ HTTP/2" 404 31916 "-" "Mozilla/5.0 (Windows NT 10.0; Win64; x64) AppleWebKit/537.36 (KHTML, like Gecko) Chrome/145.0.0.0 Safari/537.36 (compatible; meta-externalagent/1.1 (+https://developers.facebook.com/docs/sharing/webmasters/crawler))"
57.141.0.32 - - [21/Jul/2026:14:05:37 +0000] "GET /products/23815985/ HTTP/2" 301 0 "-" "Mozilla/5.0 (Windows NT 10.0; Win64; x64) AppleWebKit/537.36 (KHTML, like Gecko) Chrome/145.0.0.0 Safari/537.36 (compatible; meta-externalagent/1.1 (+https://developers.facebook.com/docs/sharing/webmasters/crawler))"
57.141.0.52 - - [21/Jul/2026:14:05:38 +0000] "GET /products/4920996/ HTTP/2" 404 31916 "-" "Mozilla/5.0 (Windows NT 10.0; Win64; x64) AppleWebKit/537.36 (KHTML, like Gecko) Chrome/145.0.0.0 Safari/537.36 (compatible; meta-externalagent/1.1 (+https://developers.facebook.com/docs/sharing/webmasters/crawler))"
216.73.216.89 - - [21/Jul/2026:14:05:46 +0000] "GET /robots.txt HTTP/1.1" 200 128 "-" "Mozilla/5.0 (Macintosh; Intel Mac OS X 10_15_7) AppleWebKit/537.36 (KHTML, like Gecko) Chrome/131.0.0.0 Safari/537.36; ClaudeBot/1.0; +claudebot@anthropic.com)"
216.73.216.89 - - [21/Jul/2026:14:05:47 +0000] "GET /robocat-casino-3/ HTTP/2" 404 7089 "-" "Mozilla/5.0 (Linux; Android 14; Pixel 8) AppleWebKit/537.36 (KHTML, like Gecko) Chrome/131.0.0.0 Mobile Safari/537.36; ClaudeBot/1.0; +claudebot@anthropic.com)"
216.73.216.89 - - [21/Jul/2026:14:05:47 +0000] "GET /wp-includes/css/dist/block-library/style.min.css?ver=7.0.1 HTTP/2" 200 16250 "https://goldendunesfilmfestival.com/robocat-casino-3/" "Mozilla/5.0 (Linux; Android 14; Pixel 8) AppleWebKit/537.36 (KHTML, like Gecko) Chrome/131.0.0.0 Mobile Safari/537.36; ClaudeBot/1.0; +claudebot@anthropic.com)"
216.73.216.89 - - [21/Jul/2026:14:05:48 +0000] "GET /wp-content/plugins/contact-form-7/includes/css/styles.css?ver=6.1.5 HTTP/2" 200 899 "https://goldendunesfilmfestival.com/robocat-casino-3/" "Mozilla/5.0 (Linux; Android 14; Pixel 8) AppleWebKit/537.36 (KHTML, like Gecko) Chrome/131.0.0.0 Mobile Safari/537.36; ClaudeBot/1.0; +claudebot@anthropic.com)"
216.73.216.89 - - [21/Jul/2026:14:05:48 +0000] "GET /wp-content/themes/mirel/css/custom.css?ver=7.0.1 HTTP/2" 200 0 "https://goldendunesfilmfestival.com/robocat-casino-3/" "Mozilla/5.0 (Linux; Android 14; Pixel 8) AppleWebKit/537.36 (KHTML, like Gecko) Chrome/131.0.0.0 Mobile Safari/537.36; ClaudeBot/1.0; +claudebot@anthropic.com)"
216.73.216.89 - - [21/Jul/2026:14:05:48 +0000] "GET /wp-content/plugins/pt-mirel-addons/include/popup/style.css?ver=1.0.0 HTTP/2" 200 2001 "https://goldendunesfilmfestival.com/robocat-casino-3/" "Mozilla/5.0 (Linux; Android 14; Pixel 8) AppleWebKit/537.36 (KHTML, like Gecko) Chrome/131.0.0.0 Mobile Safari/537.36; ClaudeBot/1.0; +claudebot@anthropic.com)"
216.73.216.89 - - [21/Jul/2026:14:05:48 +0000] "GET /wp-content/themes/mirel/css/iconfont.css?ver=7.0.1 HTTP/2" 200 6227 "https://goldendunesfilmfestival.com/robocat-casino-3/" "Mozilla/5.0 (Linux; Android 14; Pixel 8) AppleWebKit/537.36 (KHTML, like Gecko) Chrome/131.0.0.0 Mobile Safari/537.36; ClaudeBot/1.0; +claudebot@anthropic.com)"
216.73.216.89 - - [21/Jul/2026:14:05:48 +0000] "GET /wp-content/themes/mirel/css/mirel-icons.css?ver=7.0.1 HTTP/2" 200 767 "https://goldendunesfilmfestival.com/robocat-casino-3/" "Mozilla/5.0 (Linux; Android 14; Pixel 8) AppleWebKit/537.36 (KHTML, like Gecko) Chrome/131.0.0.0 Mobile Safari/537.36; ClaudeBot/1.0; +claudebot@anthropic.com)"
216.73.216.89 - - [21/Jul/2026:14:05:48 +0000] "GET /wp-content/themes/mirel-child/style.css?ver=7.0.1 HTTP/2" 200 3307 "https://goldendunesfilmfestival.com/robocat-casino-3/" "Mozilla/5.0 (Linux; Android 14; Pixel 8) AppleWebKit/537.36 (KHTML, like Gecko) Chrome/131.0.0.0 Mobile Safari/537.36; ClaudeBot/1.0; +claudebot@anthropic.com)"
216.73.216.89 - - [21/Jul/2026:14:05:48 +0000] "GET /wp-content/plugins/elementor/assets/lib/swiper/v8/css/swiper.min.css?ver=8.4.5 HTTP/2" 200 4248 "https://goldendunesfilmfestival.com/robocat-casino-3/" "Mozilla/5.0 (Linux; Android 14; Pixel 8) AppleWebKit/537.36 (KHTML, like Gecko) Chrome/131.0.0.0 Mobile Safari/537.36; ClaudeBot/1.0; +claudebot@anthropic.com)"
216.73.216.89 - - [21/Jul/2026:14:05:48 +0000] "GET /wp-content/themes/mirel/css/main.css?ver=7.0.1 HTTP/2" 200 40130 "https://goldendunesfilmfestival.com/robocat-casino-3/" "Mozilla/5.0 (Linux; Android 14; Pixel 8) AppleWebKit/537.36 (KHTML, like Gecko) Chrome/131.0.0.0 Mobile Safari/537.36; ClaudeBot/1.0; +claudebot@anthropic.com)"
216.73.216.89 - - [21/Jul/2026:14:05:48 +0000] "GET /wp-content/plugins/pt-mirel-addons/assets/css/fontawesome.min.css?ver=7.0.1 HTTP/2" 200 11591 "https://goldendunesfilmfestival.com/robocat-casino-3/" "Mozilla/5.0 (Linux; Android 14; Pixel 8) AppleWebKit/537.36 (KHTML, like Gecko) Chrome/131.0.0.0 Mobile Safari/537.36; ClaudeBot/1.0; +claudebot@anthropic.com)"
216.73.216.89 - - [21/Jul/2026:14:05:48 +0000] "GET /wp-content/plugins/pt-mirel-addons/assets/css/pt-addons.css?ver=7.0.1 HTTP/2" 200 36649 "https://goldendunesfilmfestival.com/robocat-casino-3/" "Mozilla/5.0 (Linux; Android 14; Pixel 8) AppleWebKit/537.36 (KHTML, like Gecko) Chrome/131.0.0.0 Mobile Safari/537.36; ClaudeBot/1.0; +claudebot@anthropic.com)"
216.73.216.89 - - [21/Jul/2026:14:05:48 +0000] "GET /wp-includes/js/jquery/jquery.min.js?ver=3.7.1 HTTP/2" 200 29744 "https://goldendunesfilmfestival.com/robocat-casino-3/" "Mozilla/5.0 (Linux; Android 14; Pixel 8) AppleWebKit/537.36 (KHTML, like Gecko) Chrome/131.0.0.0 Mobile Safari/537.36; ClaudeBot/1.0; +claudebot@anthropic.com)"
216.73.216.89 - - [21/Jul/2026:14:05:48 +0000] "GET /wp-content/plugins/contact-form-7/includes/swv/js/index.js?ver=6.1.5 HTTP/2" 200 3369 "https://goldendunesfilmfestival.com/robocat-casino-3/" "Mozilla/5.0 (Linux; Android 14; Pixel 8) AppleWebKit/537.36 (KHTML, like Gecko) Chrome/131.0.0.0 Mobile Safari/537.36; ClaudeBot/1.0; +claudebot@anthropic.com)"
216.73.216.89 - - [21/Jul/2026:14:05:48 +0000] "GET /wp-content/plugins/contact-form-7/includes/js/index.js?ver=6.1.5 HTTP/2" 200 4008 "https://goldendunesfilmfestival.com/robocat-casino-3/" "Mozilla/5.0 (Linux; Android 14; Pixel 8) AppleWebKit/537.36 (KHTML, like Gecko) Chrome/131.0.0.0 Mobile Safari/537.36; ClaudeBot/1.0; +claudebot@anthropic.com)"
216.73.216.89 - - [21/Jul/2026:14:05:48 +0000] "GET /wp-content/plugins/pt-mirel-addons/assets/js/gsap.min.js?ver=3.4.2 HTTP/2" 200 23344 "https://goldendunesfilmfestival.com/robocat-casino-3/" "Mozilla/5.0 (Linux; Android 14; Pixel 8) AppleWebKit/537.36 (KHTML, like Gecko) Chrome/131.0.0.0 Mobile Safari/537.36; ClaudeBot/1.0; +claudebot@anthropic.com)"
216.73.216.89 - - [21/Jul/2026:14:05:48 +0000] "GET /wp-content/plugins/pt-mirel-addons/include/popup/script.js?ver=1.0.0 HTTP/2" 200 3595 "https://goldendunesfilmfestival.com/robocat-casino-3/" "Mozilla/5.0 (Linux; Android 14; Pixel 8) AppleWebKit/537.36 (KHTML, like Gecko) Chrome/131.0.0.0 Mobile Safari/537.36; ClaudeBot/1.0; +claudebot@anthropic.com)"
216.73.216.89 - - [21/Jul/2026:14:05:48 +0000] "GET /wp-content/themes/mirel-child/script.js?ver=7.0.1 HTTP/2" 200 0 "https://goldendunesfilmfestival.com/robocat-casino-3/" "Mozilla/5.0 (Linux; Android 14; Pixel 8) AppleWebKit/537.36 (KHTML, like Gecko) Chrome/131.0.0.0 Mobile Safari/537.36; ClaudeBot/1.0; +claudebot@anthropic.com)"
216.73.216.89 - - [21/Jul/2026:14:05:48 +0000] "GET /wp-content/plugins/pt-mirel-addons/assets/js/isotope.pkgd.min.js?ver=3.0.6 HTTP/2" 200 9603 "https://goldendunesfilmfestival.com/robocat-casino-3/" "Mozilla/5.0 (Linux; Android 14; Pixel 8) AppleWebKit/537.36 (KHTML, like Gecko) Chrome/131.0.0.0 Mobile Safari/537.36; ClaudeBot/1.0; +claudebot@anthropic.com)"
216.73.216.89 - - [21/Jul/2026:14:05:48 +0000] "GET /wp-content/themes/mirel/js/scripts.js HTTP/2" 200 3485 "https://goldendunesfilmfestival.com/robocat-casino-3/" "Mozilla/5.0 (Linux; Android 14; Pixel 8) AppleWebKit/537.36 (KHTML, like Gecko) Chrome/131.0.0.0 Mobile Safari/537.36; ClaudeBot/1.0; +claudebot@anthropic.com)"
216.73.216.89 - - [21/Jul/2026:14:05:48 +0000] "GET /wp-content/plugins/pt-mirel-addons/assets/js/split-type.min.js?ver=0.2.5 HTTP/2" 200 2745 "https://goldendunesfilmfestival.com/robocat-casino-3/" "Mozilla/5.0 (Linux; Android 14; Pixel 8) AppleWebKit/537.36 (KHTML, like Gecko) Chrome/131.0.0.0 Mobile Safari/537.36; ClaudeBot/1.0; +claudebot@anthropic.com)"
216.73.216.89 - - [21/Jul/2026:14:05:48 +0000] "GET /wp-content/plugins/pt-mirel-addons/assets/js/custom-cursor.js?ver=0.0.1 HTTP/2" 200 737 "https://goldendunesfilmfestival.com/robocat-casino-3/" "Mozilla/5.0 (Linux; Android 14; Pixel 8) AppleWebKit/537.36 (KHTML, like Gecko) Chrome/131.0.0.0 Mobile Safari/537.36; ClaudeBot/1.0; +claudebot@anthropic.com)"
216.73.216.89 - - [21/Jul/2026:14:05:48 +0000] "GET /wp-content/plugins/pt-mirel-addons/assets/js/pt-scripts.js?ver=1.0.0 HTTP/2" 200 4639 "https://goldendunesfilmfestival.com/robocat-casino-3/" "Mozilla/5.0 (Linux; Android 14; Pixel 8) AppleWebKit/537.36 (KHTML, like Gecko) Chrome/131.0.0.0 Mobile Safari/537.36; ClaudeBot/1.0; +claudebot@anthropic.com)"
216.73.216.89 - - [21/Jul/2026:14:05:48 +0000] "GET /wp-includes/js/jquery/jquery-migrate.min.js?ver=3.4.1 HTTP/2" 200 4678 "https://goldendunesfilmfestival.com/robocat-casino-3/" "Mozilla/5.0 (Linux; Android 14; Pixel 8) AppleWebKit/537.36 (KHTML, like Gecko) Chrome/131.0.0.0 Mobile Safari/537.36; ClaudeBot/1.0; +claudebot@anthropic.com)"
216.73.216.89 - - [21/Jul/2026:14:05:48 +0000] "GET /wp-content/plugins/pt-mirel-addons/assets/js/zilla-likes.js?ver=7.0.1 HTTP/2" 200 328 "https://goldendunesfilmfestival.com/robocat-casino-3/" "Mozilla/5.0 (Linux; Android 14; Pixel 8) AppleWebKit/537.36 (KHTML, like Gecko) Chrome/131.0.0.0 Mobile Safari/537.36; ClaudeBot/1.0; +claudebot@anthropic.com)"
216.73.216.89 - - [21/Jul/2026:14:05:48 +0000] "GET /wp-includes/js/dist/hooks.min.js?ver=7496969728ca0f95732d HTTP/2" 200 1734 "https://goldendunesfilmfestival.com/robocat-casino-3/" "Mozilla/5.0 (Linux; Android 14; Pixel 8) AppleWebKit/537.36 (KHTML, like Gecko) Chrome/131.0.0.0 Mobile Safari/537.36; ClaudeBot/1.0; +claudebot@anthropic.com)"
216.73.216.89 - - [21/Jul/2026:14:05:48 +0000] "GET /wp-includes/js/dist/i18n.min.js?ver=781d11515ad3d91786ec HTTP/2" 200 2354 "https://goldendunesfilmfestival.com/robocat-casino-3/" "Mozilla/5.0 (Linux; Android 14; Pixel 8) AppleWebKit/537.36 (KHTML, like Gecko) Chrome/131.0.0.0 Mobile Safari/537.36; ClaudeBot/1.0; +claudebot@anthropic.com)"
216.73.216.89 - - [21/Jul/2026:14:05:48 +0000] "GET /wp-content/plugins/pt-mirel-addons/assets/js/swiper.min.js?ver=7.0.5 HTTP/2" 200 36065 "https://goldendunesfilmfestival.com/robocat-casino-3/" "Mozilla/5.0 (Linux; Android 14; Pixel 8) AppleWebKit/537.36 (KHTML, like Gecko) Chrome/131.0.0.0 Mobile Safari/537.36; ClaudeBot/1.0; +claudebot@anthropic.com)"
57.141.0.48 - - [21/Jul/2026:14:05:48 +0000] "GET /products/21592452/ HTTP/2" 404 31916 "-" "Mozilla/5.0 (Windows NT 10.0; Win64; x64) AppleWebKit/537.36 (KHTML, like Gecko) Chrome/145.0.0.0 Safari/537.36 (compatible; meta-externalagent/1.1 (+https://developers.facebook.com/docs/sharing/webmasters/crawler))"
216.73.216.89 - - [21/Jul/2026:14:05:49 +0000] "GET /wp-content/themes/mirel/fonts/mirel-icon.ttf?4izm6b HTTP/2" 200 12111 "https://goldendunesfilmfestival.com/wp-content/themes/mirel/css/mirel-icons.css?ver=7.0.1" "Mozilla/5.0 (Linux; Android 14; Pixel 8) AppleWebKit/537.36 (KHTML, like Gecko) Chrome/131.0.0.0 Mobile Safari/537.36; ClaudeBot/1.0; +claudebot@anthropic.com)"
216.73.216.89 - - [21/Jul/2026:14:05:49 +0000] "GET /wp-includes/js/wp-emoji-release.min.js?ver=7.0.1 HTTP/2" 200 4974 "https://goldendunesfilmfestival.com/robocat-casino-3/" "Mozilla/5.0 (Linux; Android 14; Pixel 8) AppleWebKit/537.36 (KHTML, like Gecko) Chrome/131.0.0.0 Mobile Safari/537.36; ClaudeBot/1.0; +claudebot@anthropic.com)"
57.141.0.70 - - [21/Jul/2026:14:05:51 +0000] "GET /products/5217818/ HTTP/2" 404 31916 "-" "Mozilla/5.0 (Windows NT 10.0; Win64; x64) AppleWebKit/537.36 (KHTML, like Gecko) Chrome/145.0.0.0 Safari/537.36 (compatible; meta-externalagent/1.1 (+https://developers.facebook.com/docs/sharing/webmasters/crawler))"
57.141.0.47 - - [21/Jul/2026:14:05:53 +0000] "GET /products/15673885/ HTTP/2" 404 31912 "-" "Mozilla/5.0 (Macintosh; Intel Mac OS X 10_15_7) AppleWebKit/537.36 (KHTML, like Gecko) Chrome/145.0.0.0 Safari/537.36 (compatible; meta-externalagent/1.1 (+https://developers.facebook.com/docs/sharing/webmasters/crawler))"
57.141.0.49 - - [21/Jul/2026:14:06:03 +0000] "GET /products/24009574/ HTTP/2" 404 31912 "-" "Mozilla/5.0 (Macintosh; Intel Mac OS X 10_15_7) AppleWebKit/537.36 (KHTML, like Gecko) Chrome/145.0.0.0 Safari/537.36 (compatible; meta-externalagent/1.1 (+https://developers.facebook.com/docs/sharing/webmasters/crawler))"
198.38.94.67 - - [21/Jul/2026:14:06:25 +0000] "POST /wp-cron.php?doing_wp_cron=1784642785.8679430484771728515625 HTTP/1.1" 200 0 "-" "WordPress/7.0.1; https://goldendunesfilmfestival.com"
57.141.0.44 - - [21/Jul/2026:14:06:25 +0000] "GET /products/4275374/ HTTP/2" 404 31916 "-" "Mozilla/5.0 (Windows NT 10.0; Win64; x64) AppleWebKit/537.36 (KHTML, like Gecko) Chrome/145.0.0.0 Safari/537.36 (compatible; meta-externalagent/1.1 (+https://developers.facebook.com/docs/sharing/webmasters/crawler))"
57.141.0.37 - - [21/Jul/2026:14:06:36 +0000] "GET /products/21141952/ HTTP/2" 404 31914 "-" "Mozilla/5.0 (X11; Linux x86_64) AppleWebKit/537.36 (KHTML, like Gecko) Chrome/145.0.0.0 Safari/537.36 (compatible; meta-externalagent/1.1 (+https://developers.facebook.com/docs/sharing/webmasters/crawler))"
213.209.159.254 - - [21/Jul/2026:14:04:42 +0000] "POST /wp-content/plugins/updraftplus/vendor/rackspace/php-opencloud/lib/OpenCloud/Identity/Resource/cache_icons.php HTTP/2" 200 0 "-" "Mozilla/5.0 (Windows NT 10.0; Win64; x64) AppleWebKit/537.36 (KHTML, like Gecko) Chrome/101.0.4951.64 Safari/537.36 Edg/101.0.1210.47"
216.73.216.45 - - [21/Jul/2026:14:06:45 +0000] "GET /robots.txt HTTP/1.1" 200 128 "-" "Mozilla/5.0 (Macintosh; Intel Mac OS X 10_15_7) AppleWebKit/537.36 (KHTML, like Gecko) Chrome/131.0.0.0 Safari/537.36; ClaudeBot/1.0; +claudebot@anthropic.com)"
216.73.216.45 - - [21/Jul/2026:14:06:46 +0000] "GET /best-casino-sign-up-offers-no-wagering/ HTTP/2" 404 7089 "-" "Mozilla/5.0 (Linux; Android 14; Pixel 8) AppleWebKit/537.36 (KHTML, like Gecko) Chrome/131.0.0.0 Mobile Safari/537.36; ClaudeBot/1.0; +claudebot@anthropic.com)"
216.73.216.45 - - [21/Jul/2026:14:06:47 +0000] "GET /wp-includes/css/dist/block-library/style.min.css?ver=7.0.1 HTTP/2" 200 16250 "https://goldendunesfilmfestival.com/best-casino-sign-up-offers-no-wagering/" "Mozilla/5.0 (Linux; Android 14; Pixel 8) AppleWebKit/537.36 (KHTML, like Gecko) Chrome/131.0.0.0 Mobile Safari/537.36; ClaudeBot/1.0; +claudebot@anthropic.com)"
216.73.216.45 - - [21/Jul/2026:14:06:47 +0000] "GET /wp-content/plugins/contact-form-7/includes/css/styles.css?ver=6.1.5 HTTP/2" 200 899 "https://goldendunesfilmfestival.com/best-casino-sign-up-offers-no-wagering/" "Mozilla/5.0 (Linux; Android 14; Pixel 8) AppleWebKit/537.36 (KHTML, like Gecko) Chrome/131.0.0.0 Mobile Safari/537.36; ClaudeBot/1.0; +claudebot@anthropic.com)"
216.73.216.45 - - [21/Jul/2026:14:06:47 +0000] "GET /wp-content/themes/mirel/css/custom.css?ver=7.0.1 HTTP/2" 200 0 "https://goldendunesfilmfestival.com/best-casino-sign-up-offers-no-wagering/" "Mozilla/5.0 (Linux; Android 14; Pixel 8) AppleWebKit/537.36 (KHTML, like Gecko) Chrome/131.0.0.0 Mobile Safari/537.36; ClaudeBot/1.0; +claudebot@anthropic.com)"
216.73.216.45 - - [21/Jul/2026:14:06:47 +0000] "GET /wp-content/plugins/pt-mirel-addons/include/popup/style.css?ver=1.0.0 HTTP/2" 200 2001 "https://goldendunesfilmfestival.com/best-casino-sign-up-offers-no-wagering/" "Mozilla/5.0 (Linux; Android 14; Pixel 8) AppleWebKit/537.36 (KHTML, like Gecko) Chrome/131.0.0.0 Mobile Safari/537.36; ClaudeBot/1.0; +claudebot@anthropic.com)"
216.73.216.45 - - [21/Jul/2026:14:06:47 +0000] "GET /wp-content/themes/mirel/css/iconfont.css?ver=7.0.1 HTTP/2" 200 6227 "https://goldendunesfilmfestival.com/best-casino-sign-up-offers-no-wagering/" "Mozilla/5.0 (Linux; Android 14; Pixel 8) AppleWebKit/537.36 (KHTML, like Gecko) Chrome/131.0.0.0 Mobile Safari/537.36; ClaudeBot/1.0; +claudebot@anthropic.com)"
216.73.216.45 - - [21/Jul/2026:14:06:47 +0000] "GET /wp-content/themes/mirel/css/mirel-icons.css?ver=7.0.1 HTTP/2" 200 767 "https://goldendunesfilmfestival.com/best-casino-sign-up-offers-no-wagering/" "Mozilla/5.0 (Linux; Android 14; Pixel 8) AppleWebKit/537.36 (KHTML, like Gecko) Chrome/131.0.0.0 Mobile Safari/537.36; ClaudeBot/1.0; +claudebot@anthropic.com)"
216.73.216.45 - - [21/Jul/2026:14:06:47 +0000] "GET /wp-content/themes/mirel-child/style.css?ver=7.0.1 HTTP/2" 200 3307 "https://goldendunesfilmfestival.com/best-casino-sign-up-offers-no-wagering/" "Mozilla/5.0 (Linux; Android 14; Pixel 8) AppleWebKit/537.36 (KHTML, like Gecko) Chrome/131.0.0.0 Mobile Safari/537.36; ClaudeBot/1.0; +claudebot@anthropic.com)"
216.73.216.45 - - [21/Jul/2026:14:06:47 +0000] "GET /wp-content/plugins/elementor/assets/lib/swiper/v8/css/swiper.min.css?ver=8.4.5 HTTP/2" 200 4248 "https://goldendunesfilmfestival.com/best-casino-sign-up-offers-no-wagering/" "Mozilla/5.0 (Linux; Android 14; Pixel 8) AppleWebKit/537.36 (KHTML, like Gecko) Chrome/131.0.0.0 Mobile Safari/537.36; ClaudeBot/1.0; +claudebot@anthropic.com)"
216.73.216.45 - - [21/Jul/2026:14:06:47 +0000] "GET /wp-content/themes/mirel/css/main.css?ver=7.0.1 HTTP/2" 200 40130 "https://goldendunesfilmfestival.com/best-casino-sign-up-offers-no-wagering/" "Mozilla/5.0 (Linux; Android 14; Pixel 8) AppleWebKit/537.36 (KHTML, like Gecko) Chrome/131.0.0.0 Mobile Safari/537.36; ClaudeBot/1.0; +claudebot@anthropic.com)"
216.73.216.45 - - [21/Jul/2026:14:06:47 +0000] "GET /wp-content/plugins/pt-mirel-addons/assets/css/fontawesome.min.css?ver=7.0.1 HTTP/2" 200 11591 "https://goldendunesfilmfestival.com/best-casino-sign-up-offers-no-wagering/" "Mozilla/5.0 (Linux; Android 14; Pixel 8) AppleWebKit/537.36 (KHTML, like Gecko) Chrome/131.0.0.0 Mobile Safari/537.36; ClaudeBot/1.0; +claudebot@anthropic.com)"
216.73.216.45 - - [21/Jul/2026:14:06:47 +0000] "GET /wp-content/themes/mirel-child/script.js?ver=7.0.1 HTTP/2" 200 0 "https://goldendunesfilmfestival.com/best-casino-sign-up-offers-no-wagering/" "Mozilla/5.0 (Linux; Android 14; Pixel 8) AppleWebKit/537.36 (KHTML, like Gecko) Chrome/131.0.0.0 Mobile Safari/537.36; ClaudeBot/1.0; +claudebot@anthropic.com)"
216.73.216.45 - - [21/Jul/2026:14:06:47 +0000] "GET /wp-content/plugins/pt-mirel-addons/assets/css/pt-addons.css?ver=7.0.1 HTTP/2" 200 36649 "https://goldendunesfilmfestival.com/best-casino-sign-up-offers-no-wagering/" "Mozilla/5.0 (Linux; Android 14; Pixel 8) AppleWebKit/537.36 (KHTML, like Gecko) Chrome/131.0.0.0 Mobile Safari/537.36; ClaudeBot/1.0; +claudebot@anthropic.com)"
216.73.216.45 - - [21/Jul/2026:14:06:47 +0000] "GET /wp-includes/js/jquery/jquery.min.js?ver=3.7.1 HTTP/2" 200 29744 "https://goldendunesfilmfestival.com/best-casino-sign-up-offers-no-wagering/" "Mozilla/5.0 (Linux; Android 14; Pixel 8) AppleWebKit/537.36 (KHTML, like Gecko) Chrome/131.0.0.0 Mobile Safari/537.36; ClaudeBot/1.0; +claudebot@anthropic.com)"
216.73.216.45 - - [21/Jul/2026:14:06:47 +0000] "GET /wp-includes/js/jquery/jquery-migrate.min.js?ver=3.4.1 HTTP/2" 200 4678 "https://goldendunesfilmfestival.com/best-casino-sign-up-offers-no-wagering/" "Mozilla/5.0 (Linux; Android 14; Pixel 8) AppleWebKit/537.36 (KHTML, like Gecko) Chrome/131.0.0.0 Mobile Safari/537.36; ClaudeBot/1.0; +claudebot@anthropic.com)"
216.73.216.45 - - [21/Jul/2026:14:06:47 +0000] "GET /wp-content/plugins/pt-mirel-addons/assets/js/zilla-likes.js?ver=7.0.1 HTTP/2" 200 328 "https://goldendunesfilmfestival.com/best-casino-sign-up-offers-no-wagering/" "Mozilla/5.0 (Linux; Android 14; Pixel 8) AppleWebKit/537.36 (KHTML, like Gecko) Chrome/131.0.0.0 Mobile Safari/537.36; ClaudeBot/1.0; +claudebot@anthropic.com)"
216.73.216.45 - - [21/Jul/2026:14:06:47 +0000] "GET /wp-includes/js/dist/hooks.min.js?ver=7496969728ca0f95732d HTTP/2" 200 1734 "https://goldendunesfilmfestival.com/best-casino-sign-up-offers-no-wagering/" "Mozilla/5.0 (Linux; Android 14; Pixel 8) AppleWebKit/537.36 (KHTML, like Gecko) Chrome/131.0.0.0 Mobile Safari/537.36; ClaudeBot/1.0; +claudebot@anthropic.com)"
216.73.216.45 - - [21/Jul/2026:14:06:47 +0000] "GET /wp-includes/js/dist/i18n.min.js?ver=781d11515ad3d91786ec HTTP/2" 200 2354 "https://goldendunesfilmfestival.com/best-casino-sign-up-offers-no-wagering/" "Mozilla/5.0 (Linux; Android 14; Pixel 8) AppleWebKit/537.36 (KHTML, like Gecko) Chrome/131.0.0.0 Mobile Safari/537.36; ClaudeBot/1.0; +claudebot@anthropic.com)"
216.73.216.45 - - [21/Jul/2026:14:06:47 +0000] "GET /wp-content/plugins/contact-form-7/includes/swv/js/index.js?ver=6.1.5 HTTP/2" 200 3369 "https://goldendunesfilmfestival.com/best-casino-sign-up-offers-no-wagering/" "Mozilla/5.0 (Linux; Android 14; Pixel 8) AppleWebKit/537.36 (KHTML, like Gecko) Chrome/131.0.0.0 Mobile Safari/537.36; ClaudeBot/1.0; +claudebot@anthropic.com)"
216.73.216.45 - - [21/Jul/2026:14:06:47 +0000] "GET /wp-content/plugins/contact-form-7/includes/js/index.js?ver=6.1.5 HTTP/2" 200 4008 "https://goldendunesfilmfestival.com/best-casino-sign-up-offers-no-wagering/" "Mozilla/5.0 (Linux; Android 14; Pixel 8) AppleWebKit/537.36 (KHTML, like Gecko) Chrome/131.0.0.0 Mobile Safari/537.36; ClaudeBot/1.0; +claudebot@anthropic.com)"
216.73.216.45 - - [21/Jul/2026:14:06:47 +0000] "GET /wp-content/plugins/pt-mirel-addons/assets/js/gsap.min.js?ver=3.4.2 HTTP/2" 200 23344 "https://goldendunesfilmfestival.com/best-casino-sign-up-offers-no-wagering/" "Mozilla/5.0 (Linux; Android 14; Pixel 8) AppleWebKit/537.36 (KHTML, like Gecko) Chrome/131.0.0.0 Mobile Safari/537.36; ClaudeBot/1.0; +claudebot@anthropic.com)"
216.73.216.45 - - [21/Jul/2026:14:06:47 +0000] "GET /wp-content/plugins/pt-mirel-addons/include/popup/script.js?ver=1.0.0 HTTP/2" 200 3595 "https://goldendunesfilmfestival.com/best-casino-sign-up-offers-no-wagering/" "Mozilla/5.0 (Linux; Android 14; Pixel 8) AppleWebKit/537.36 (KHTML, like Gecko) Chrome/131.0.0.0 Mobile Safari/537.36; ClaudeBot/1.0; +claudebot@anthropic.com)"
216.73.216.45 - - [21/Jul/2026:14:06:47 +0000] "GET /wp-content/plugins/pt-mirel-addons/assets/js/swiper.min.js?ver=7.0.5 HTTP/2" 200 36065 "https://goldendunesfilmfestival.com/best-casino-sign-up-offers-no-wagering/" "Mozilla/5.0 (Linux; Android 14; Pixel 8) AppleWebKit/537.36 (KHTML, like Gecko) Chrome/131.0.0.0 Mobile Safari/537.36; ClaudeBot/1.0; +claudebot@anthropic.com)"
216.73.216.45 - - [21/Jul/2026:14:06:47 +0000] "GET /wp-content/plugins/pt-mirel-addons/assets/js/isotope.pkgd.min.js?ver=3.0.6 HTTP/2" 200 9603 "https://goldendunesfilmfestival.com/best-casino-sign-up-offers-no-wagering/" "Mozilla/5.0 (Linux; Android 14; Pixel 8) AppleWebKit/537.36 (KHTML, like Gecko) Chrome/131.0.0.0 Mobile Safari/537.36; ClaudeBot/1.0; +claudebot@anthropic.com)"
216.73.216.45 - - [21/Jul/2026:14:06:47 +0000] "GET /wp-content/themes/mirel/js/scripts.js HTTP/2" 200 3485 "https://goldendunesfilmfestival.com/best-casino-sign-up-offers-no-wagering/" "Mozilla/5.0 (Linux; Android 14; Pixel 8) AppleWebKit/537.36 (KHTML, like Gecko) Chrome/131.0.0.0 Mobile Safari/537.36; ClaudeBot/1.0; +claudebot@anthropic.com)"
216.73.216.45 - - [21/Jul/2026:14:06:47 +0000] "GET /wp-content/plugins/pt-mirel-addons/assets/js/split-type.min.js?ver=0.2.5 HTTP/2" 200 2745 "https://goldendunesfilmfestival.com/best-casino-sign-up-offers-no-wagering/" "Mozilla/5.0 (Linux; Android 14; Pixel 8) AppleWebKit/537.36 (KHTML, like Gecko) Chrome/131.0.0.0 Mobile Safari/537.36; ClaudeBot/1.0; +claudebot@anthropic.com)"
216.73.216.45 - - [21/Jul/2026:14:06:47 +0000] "GET /wp-content/plugins/pt-mirel-addons/assets/js/custom-cursor.js?ver=0.0.1 HTTP/2" 200 737 "https://goldendunesfilmfestival.com/best-casino-sign-up-offers-no-wagering/" "Mozilla/5.0 (Linux; Android 14; Pixel 8) AppleWebKit/537.36 (KHTML, like Gecko) Chrome/131.0.0.0 Mobile Safari/537.36; ClaudeBot/1.0; +claudebot@anthropic.com)"
216.73.216.45 - - [21/Jul/2026:14:06:47 +0000] "GET /wp-content/plugins/pt-mirel-addons/assets/js/pt-scripts.js?ver=1.0.0 HTTP/2" 200 4639 "https://goldendunesfilmfestival.com/best-casino-sign-up-offers-no-wagering/" "Mozilla/5.0 (Linux; Android 14; Pixel 8) AppleWebKit/537.36 (KHTML, like Gecko) Chrome/131.0.0.0 Mobile Safari/537.36; ClaudeBot/1.0; +claudebot@anthropic.com)"
216.73.216.45 - - [21/Jul/2026:14:06:48 +0000] "GET /wp-content/themes/mirel/fonts/mirel-icon.ttf?4izm6b HTTP/2" 200 12111 "https://goldendunesfilmfestival.com/wp-content/themes/mirel/css/mirel-icons.css?ver=7.0.1" "Mozilla/5.0 (Linux; Android 14; Pixel 8) AppleWebKit/537.36 (KHTML, like Gecko) Chrome/131.0.0.0 Mobile Safari/537.36; ClaudeBot/1.0; +claudebot@anthropic.com)"
216.73.216.45 - - [21/Jul/2026:14:06:48 +0000] "GET /wp-includes/js/wp-emoji-release.min.js?ver=7.0.1 HTTP/2" 200 4974 "https://goldendunesfilmfestival.com/best-casino-sign-up-offers-no-wagering/" "Mozilla/5.0 (Linux; Android 14; Pixel 8) AppleWebKit/537.36 (KHTML, like Gecko) Chrome/131.0.0.0 Mobile Safari/537.36; ClaudeBot/1.0; +claudebot@anthropic.com)"
57.141.0.15 - - [21/Jul/2026:14:06:49 +0000] "GET /products/9472585/ HTTP/2" 404 31916 "-" "Mozilla/5.0 (Windows NT 10.0; Win64; x64) AppleWebKit/537.36 (KHTML, like Gecko) Chrome/145.0.0.0 Safari/537.36 (compatible; meta-externalagent/1.1 (+https://developers.facebook.com/docs/sharing/webmasters/crawler))"
57.141.0.21 - - [21/Jul/2026:14:06:51 +0000] "GET /products/3946541/ HTTP/2" 404 31912 "-" "Mozilla/5.0 (Macintosh; Intel Mac OS X 10_15_7) AppleWebKit/537.36 (KHTML, like Gecko) Chrome/145.0.0.0 Safari/537.36 (compatible; meta-externalagent/1.1 (+https://developers.facebook.com/docs/sharing/webmasters/crawler))"
57.141.0.18 - - [21/Jul/2026:14:06:53 +0000] "GET /products/5218496/ HTTP/2" 301 0 "-" "Mozilla/5.0 (Windows NT 10.0; Win64; x64) AppleWebKit/537.36 (KHTML, like Gecko) Chrome/145.0.0.0 Safari/537.36 Edg/145.0.0.0 (compatible; meta-externalagent/1.1 (+https://developers.facebook.com/docs/sharing/webmasters/crawler))"
213.209.159.254 - - [21/Jul/2026:14:06:53 +0000] "POST /wp-content/plugins/updraftplus/vendor/rackspace/php-opencloud/lib/OpenCloud/Identity/Resource/cache_icons.php HTTP/2" 200 29 "-" "Mozilla/5.0 (Macintosh; Intel Mac OS X 10_15_7) AppleWebKit/537.36 (KHTML, like Gecko) Chrome/119.0.0.0 Safari/537.36"
57.141.0.40 - - [21/Jul/2026:14:07:00 +0000] "GET /products/14058207/ HTTP/2" 404 31914 "-" "Mozilla/5.0 (X11; Linux x86_64) AppleWebKit/537.36 (KHTML, like Gecko) Chrome/145.0.0.0 Safari/537.36 (compatible; meta-externalagent/1.1 (+https://developers.facebook.com/docs/sharing/webmasters/crawler))"
57.141.0.38 - - [21/Jul/2026:14:07:03 +0000] "GET /products/25245485/ HTTP/2" 404 31916 "-" "Mozilla/5.0 (Windows NT 10.0; Win64; x64) AppleWebKit/537.36 (KHTML, like Gecko) Chrome/145.0.0.0 Safari/537.36 (compatible; meta-externalagent/1.1 (+https://developers.facebook.com/docs/sharing/webmasters/crawler))"
57.141.0.39 - - [21/Jul/2026:14:07:07 +0000] "GET /products/25763463/ HTTP/2" 404 31916 "-" "Mozilla/5.0 (Windows NT 10.0; Win64; x64) AppleWebKit/537.36 (KHTML, like Gecko) Chrome/145.0.0.0 Safari/537.36 (compatible; meta-externalagent/1.1 (+https://developers.facebook.com/docs/sharing/webmasters/crawler))"
57.141.0.18 - - [21/Jul/2026:14:07:17 +0000] "GET /products/22789663/ HTTP/2" 404 31912 "-" "Mozilla/5.0 (Macintosh; Intel Mac OS X 10_15_7) AppleWebKit/537.36 (KHTML, like Gecko) Chrome/145.0.0.0 Safari/537.36 (compatible; meta-externalagent/1.1 (+https://developers.facebook.com/docs/sharing/webmasters/crawler))"
57.141.0.11 - - [21/Jul/2026:14:07:22 +0000] "GET /products/7749374/ HTTP/2" 404 31916 "-" "Mozilla/5.0 (Windows NT 10.0; Win64; x64) AppleWebKit/537.36 (KHTML, like Gecko) Chrome/145.0.0.0 Safari/537.36 (compatible; meta-externalagent/1.1 (+https://developers.facebook.com/docs/sharing/webmasters/crawler))"
198.38.94.67 - - [21/Jul/2026:14:07:29 +0000] "POST /wp-cron.php?doing_wp_cron=1784642849.8258440494537353515625 HTTP/1.1" 200 0 "-" "WordPress/7.0.1; https://goldendunesfilmfestival.com"
57.141.0.59 - - [21/Jul/2026:14:07:29 +0000] "GET /products/24079418/ HTTP/2" 404 31916 "-" "Mozilla/5.0 (Windows NT 10.0; Win64; x64) AppleWebKit/537.36 (KHTML, like Gecko) Chrome/145.0.0.0 Safari/537.36 (compatible; meta-externalagent/1.1 (+https://developers.facebook.com/docs/sharing/webmasters/crawler))"
57.141.0.9 - - [21/Jul/2026:14:07:30 +0000] "GET /products/8447774/ HTTP/2" 404 31914 "-" "Mozilla/5.0 (Windows NT 10.0; Win64; x64) AppleWebKit/537.36 (KHTML, like Gecko) Chrome/145.0.0.0 Safari/537.36 Edg/145.0.0.0 (compatible; meta-externalagent/1.1 (+https://developers.facebook.com/docs/sharing/webmasters/crawler))"
57.141.0.27 - - [21/Jul/2026:14:07:40 +0000] "GET /products/8925018/ HTTP/2" 404 31916 "-" "Mozilla/5.0 (Windows NT 10.0; Win64; x64) AppleWebKit/537.36 (KHTML, like Gecko) Chrome/145.0.0.0 Safari/537.36 (compatible; meta-externalagent/1.1 (+https://developers.facebook.com/docs/sharing/webmasters/crawler))"
57.141.0.69 - - [21/Jul/2026:14:07:40 +0000] "GET /products/19858641/ HTTP/2" 404 31916 "-" "Mozilla/5.0 (Windows NT 10.0; Win64; x64) AppleWebKit/537.36 (KHTML, like Gecko) Chrome/145.0.0.0 Safari/537.36 (compatible; meta-externalagent/1.1 (+https://developers.facebook.com/docs/sharing/webmasters/crawler))"
57.141.0.14 - - [21/Jul/2026:14:07:51 +0000] "GET /products/20364430/ HTTP/2" 404 31912 "-" "Mozilla/5.0 (Macintosh; Intel Mac OS X 10_15_7) AppleWebKit/537.36 (KHTML, like Gecko) Chrome/145.0.0.0 Safari/537.36 (compatible; meta-externalagent/1.1 (+https://developers.facebook.com/docs/sharing/webmasters/crawler))"
57.141.0.24 - - [21/Jul/2026:14:07:52 +0000] "GET /products/24088141/ HTTP/2" 404 31912 "-" "Mozilla/5.0 (Macintosh; Intel Mac OS X 10_15_7) AppleWebKit/537.36 (KHTML, like Gecko) Chrome/145.0.0.0 Safari/537.36 (compatible; meta-externalagent/1.1 (+https://developers.facebook.com/docs/sharing/webmasters/crawler))"
57.141.0.36 - - [21/Jul/2026:14:07:53 +0000] "GET /products/25801296/ HTTP/2" 404 31916 "-" "Mozilla/5.0 (Windows NT 10.0; Win64; x64) AppleWebKit/537.36 (KHTML, like Gecko) Chrome/145.0.0.0 Safari/537.36 (compatible; meta-externalagent/1.1 (+https://developers.facebook.com/docs/sharing/webmasters/crawler))"
57.141.0.69 - - [21/Jul/2026:14:08:02 +0000] "GET /products/8966541/ HTTP/2" 404 31916 "-" "Mozilla/5.0 (Windows NT 10.0; Win64; x64) AppleWebKit/537.36 (KHTML, like Gecko) Chrome/145.0.0.0 Safari/537.36 (compatible; meta-externalagent/1.1 (+https://developers.facebook.com/docs/sharing/webmasters/crawler))"
57.141.0.18 - - [21/Jul/2026:14:08:15 +0000] "GET /products/24952874/ HTTP/2" 404 31916 "-" "Mozilla/5.0 (Windows NT 10.0; Win64; x64) AppleWebKit/537.36 (KHTML, like Gecko) Chrome/145.0.0.0 Safari/537.36 (compatible; meta-externalagent/1.1 (+https://developers.facebook.com/docs/sharing/webmasters/crawler))"
57.141.0.58 - - [21/Jul/2026:14:08:16 +0000] "GET /products/3978030/ HTTP/2" 404 31912 "-" "Mozilla/5.0 (Macintosh; Intel Mac OS X 10_15_7) AppleWebKit/537.36 (KHTML, like Gecko) Chrome/145.0.0.0 Safari/537.36 (compatible; meta-externalagent/1.1 (+https://developers.facebook.com/docs/sharing/webmasters/crawler))"
57.141.0.36 - - [21/Jul/2026:14:08:20 +0000] "GET /products/3137163/ HTTP/2" 404 31912 "-" "Mozilla/5.0 (Macintosh; Intel Mac OS X 10_15_7) AppleWebKit/537.36 (KHTML, like Gecko) Chrome/145.0.0.0 Safari/537.36 (compatible; meta-externalagent/1.1 (+https://developers.facebook.com/docs/sharing/webmasters/crawler))"
198.38.94.67 - - [21/Jul/2026:14:08:24 +0000] "POST /wp-cron.php?doing_wp_cron=1784642904.7548530101776123046875 HTTP/1.1" 200 0 "-" "WordPress/7.0.1; https://goldendunesfilmfestival.com"
57.141.0.9 - - [21/Jul/2026:14:08:24 +0000] "GET /products/2895518/ HTTP/2" 404 31912 "-" "Mozilla/5.0 (Macintosh; Intel Mac OS X 10_15_7) AppleWebKit/537.36 (KHTML, like Gecko) Chrome/145.0.0.0 Safari/537.36 (compatible; meta-externalagent/1.1 (+https://developers.facebook.com/docs/sharing/webmasters/crawler))"
57.141.0.44 - - [21/Jul/2026:14:08:43 +0000] "GET /products/22935163/ HTTP/2" 404 31912 "-" "Mozilla/5.0 (Macintosh; Intel Mac OS X 10_15_7) AppleWebKit/537.36 (KHTML, like Gecko) Chrome/145.0.0.0 Safari/537.36 (compatible; meta-externalagent/1.1 (+https://developers.facebook.com/docs/sharing/webmasters/crawler))"
57.141.0.28 - - [21/Jul/2026:14:08:55 +0000] "GET /products/8031641/ HTTP/2" 404 31916 "-" "Mozilla/5.0 (Windows NT 10.0; Win64; x64) AppleWebKit/537.36 (KHTML, like Gecko) Chrome/145.0.0.0 Safari/537.36 (compatible; meta-externalagent/1.1 (+https://developers.facebook.com/docs/sharing/webmasters/crawler))"
57.141.0.42 - - [21/Jul/2026:14:08:57 +0000] "GET /products/25112463/ HTTP/2" 404 31916 "-" "Mozilla/5.0 (Windows NT 10.0; Win64; x64) AppleWebKit/537.36 (KHTML, like Gecko) Chrome/145.0.0.0 Safari/537.36 (compatible; meta-externalagent/1.1 (+https://developers.facebook.com/docs/sharing/webmasters/crawler))"
57.141.0.35 - - [21/Jul/2026:14:09:01 +0000] "GET /products/3710874/ HTTP/2" 301 0 "-" "Mozilla/5.0 (Macintosh; Intel Mac OS X 10_15_7) AppleWebKit/537.36 (KHTML, like Gecko) Chrome/145.0.0.0 Safari/537.36 (compatible; meta-externalagent/1.1 (+https://developers.facebook.com/docs/sharing/webmasters/crawler))"
57.141.0.52 - - [21/Jul/2026:14:09:22 +0000] "GET /products/4901063/ HTTP/2" 301 0 "-" "Mozilla/5.0 (Windows NT 10.0; Win64; x64) AppleWebKit/537.36 (KHTML, like Gecko) Chrome/145.0.0.0 Safari/537.36 (compatible; meta-externalagent/1.1 (+https://developers.facebook.com/docs/sharing/webmasters/crawler))"
198.38.94.67 - - [21/Jul/2026:14:09:27 +0000] "POST /wp-cron.php?doing_wp_cron=1784642967.7524819374084472656250 HTTP/1.1" 200 0 "-" "WordPress/7.0.1; https://goldendunesfilmfestival.com"
216.73.217.122 - - [21/Jul/2026:14:09:27 +0000] "GET /robots.txt HTTP/1.1" 200 128 "-" "Mozilla/5.0 (Macintosh; Intel Mac OS X 10_15_7) AppleWebKit/537.36 (KHTML, like Gecko) Chrome/131.0.0.0 Safari/537.36; ClaudeBot/1.0; +claudebot@anthropic.com)"
216.73.217.122 - - [21/Jul/2026:14:09:28 +0000] "GET /spinsy-casino/ HTTP/2" 404 7089 "-" "Mozilla/5.0 (Linux; Android 14; Pixel 8) AppleWebKit/537.36 (KHTML, like Gecko) Chrome/131.0.0.0 Mobile Safari/537.36; ClaudeBot/1.0; +claudebot@anthropic.com)"
