57.141.0.50 - - [21/Jul/2026:17:02:12 +0000] "GET /products/22632529/ HTTP/2" 404 31912 "-" "Mozilla/5.0 (Macintosh; Intel Mac OS X 10_15_7) AppleWebKit/537.36 (KHTML, like Gecko) Chrome/145.0.0.0 Safari/537.36 (compatible; meta-externalagent/1.1 (+https://developers.facebook.com/docs/sharing/webmasters/crawler))"
57.141.0.25 - - [21/Jul/2026:17:02:13 +0000] "GET /products/6033018/ HTTP/2" 404 31912 "-" "Mozilla/5.0 (Macintosh; Intel Mac OS X 10_15_7) AppleWebKit/537.36 (KHTML, like Gecko) Chrome/145.0.0.0 Safari/537.36 (compatible; meta-externalagent/1.1 (+https://developers.facebook.com/docs/sharing/webmasters/crawler))"
57.141.0.40 - - [21/Jul/2026:17:02:16 +0000] "GET /products/7074252/ HTTP/2" 404 31916 "-" "Mozilla/5.0 (Windows NT 10.0; Win64; x64) AppleWebKit/537.36 (KHTML, like Gecko) Chrome/145.0.0.0 Safari/537.36 (compatible; meta-externalagent/1.1 (+https://developers.facebook.com/docs/sharing/webmasters/crawler))"
198.38.94.67 - - [21/Jul/2026:17:02:30 +0000] "POST /wp-cron.php?doing_wp_cron=1784653350.7832129001617431640625 HTTP/1.1" 200 0 "-" "WordPress/7.0.1; https://goldendunesfilmfestival.com"
57.141.0.31 - - [21/Jul/2026:17:02:30 +0000] "GET /products/24611096/ HTTP/2" 404 31916 "-" "Mozilla/5.0 (Windows NT 10.0; Win64; x64) AppleWebKit/537.36 (KHTML, like Gecko) Chrome/145.0.0.0 Safari/537.36 (compatible; meta-externalagent/1.1 (+https://developers.facebook.com/docs/sharing/webmasters/crawler))"
57.141.0.7 - - [21/Jul/2026:17:02:36 +0000] "GET /products/8008363/ HTTP/2" 404 31912 "-" "Mozilla/5.0 (Macintosh; Intel Mac OS X 10_15_7) AppleWebKit/537.36 (KHTML, like Gecko) Chrome/145.0.0.0 Safari/537.36 (compatible; meta-externalagent/1.1 (+https://developers.facebook.com/docs/sharing/webmasters/crawler))"
198.38.94.67 - - [21/Jul/2026:17:03:27 +0000] "POST /wp-cron.php?doing_wp_cron=1784653407.8180789947509765625000 HTTP/1.1" 200 0 "-" "WordPress/7.0.1; https://goldendunesfilmfestival.com"
57.141.0.8 - - [21/Jul/2026:17:03:27 +0000] "GET /products/3148274/ HTTP/2" 404 31916 "-" "Mozilla/5.0 (Windows NT 10.0; Win64; x64) AppleWebKit/537.36 (KHTML, like Gecko) Chrome/145.0.0.0 Safari/537.36 (compatible; meta-externalagent/1.1 (+https://developers.facebook.com/docs/sharing/webmasters/crawler))"
57.141.0.23 - - [21/Jul/2026:17:03:42 +0000] "GET /products/14547085/ HTTP/2" 404 31912 "-" "Mozilla/5.0 (Macintosh; Intel Mac OS X 10_15_7) AppleWebKit/537.36 (KHTML, like Gecko) Chrome/145.0.0.0 Safari/537.36 (compatible; meta-externalagent/1.1 (+https://developers.facebook.com/docs/sharing/webmasters/crawler))"
57.141.0.23 - - [21/Jul/2026:17:03:42 +0000] "GET /products/4464129/ HTTP/2" 404 31912 "-" "Mozilla/5.0 (Macintosh; Intel Mac OS X 10_15_7) AppleWebKit/537.36 (KHTML, like Gecko) Chrome/145.0.0.0 Safari/537.36 (compatible; meta-externalagent/1.1 (+https://developers.facebook.com/docs/sharing/webmasters/crawler))"
57.141.0.4 - - [21/Jul/2026:17:03:43 +0000] "GET /products/22987541/ HTTP/2" 404 31912 "-" "Mozilla/5.0 (Macintosh; Intel Mac OS X 10_15_7) AppleWebKit/537.36 (KHTML, like Gecko) Chrome/145.0.0.0 Safari/537.36 (compatible; meta-externalagent/1.1 (+https://developers.facebook.com/docs/sharing/webmasters/crawler))"
57.141.0.58 - - [21/Jul/2026:17:03:52 +0000] "GET /products/3737029/ HTTP/2" 404 31916 "-" "Mozilla/5.0 (Windows NT 10.0; Win64; x64) AppleWebKit/537.36 (KHTML, like Gecko) Chrome/145.0.0.0 Safari/537.36 (compatible; meta-externalagent/1.1 (+https://developers.facebook.com/docs/sharing/webmasters/crawler))"
173.252.82.54 - - [21/Jul/2026:17:04:21 +0000] "GET /robots.txt HTTP/2" 200 128 "-" "facebookexternalhit/1.1 (+http://www.facebook.com/externalhit_uatext.php)"
173.252.82.41 - - [21/Jul/2026:17:04:22 +0000] "GET /robots.txt HTTP/2" 200 128 "-" "facebookexternalhit/1.1 (+http://www.facebook.com/externalhit_uatext.php)"
198.38.94.67 - - [21/Jul/2026:17:04:23 +0000] "POST /wp-cron.php?doing_wp_cron=1784653463.5401198863983154296875 HTTP/1.1" 200 0 "-" "WordPress/7.0.1; https://goldendunesfilmfestival.com"
57.141.0.59 - - [21/Jul/2026:17:04:23 +0000] "GET /products/8465230/ HTTP/2" 404 31916 "-" "Mozilla/5.0 (Windows NT 10.0; Win64; x64) AppleWebKit/537.36 (KHTML, like Gecko) Chrome/145.0.0.0 Safari/537.36 (compatible; meta-externalagent/1.1 (+https://developers.facebook.com/docs/sharing/webmasters/crawler))"
57.141.0.32 - - [21/Jul/2026:17:04:24 +0000] "GET /products/25729841/ HTTP/2" 404 31916 "-" "Mozilla/5.0 (Windows NT 10.0; Win64; x64) AppleWebKit/537.36 (KHTML, like Gecko) Chrome/145.0.0.0 Safari/537.36 (compatible; meta-externalagent/1.1 (+https://developers.facebook.com/docs/sharing/webmasters/crawler))"
57.141.0.27 - - [21/Jul/2026:17:04:46 +0000] "GET /products/23934374/ HTTP/2" 404 31916 "-" "Mozilla/5.0 (Windows NT 10.0; Win64; x64) AppleWebKit/537.36 (KHTML, like Gecko) Chrome/145.0.0.0 Safari/537.36 (compatible; meta-externalagent/1.1 (+https://developers.facebook.com/docs/sharing/webmasters/crawler))"
57.141.0.71 - - [21/Jul/2026:17:04:49 +0000] "GET /products/4883163/ HTTP/2" 404 31912 "-" "Mozilla/5.0 (Macintosh; Intel Mac OS X 10_15_7) AppleWebKit/537.36 (KHTML, like Gecko) Chrome/145.0.0.0 Safari/537.36 (compatible; meta-externalagent/1.1 (+https://developers.facebook.com/docs/sharing/webmasters/crawler))"
44.218.6.93 - - [21/Jul/2026:17:05:11 +0000] "GET /robots.txt HTTP/1.1" 301 0 "-" "Mozilla/5.0 AppleWebKit/537.36 (KHTML, like Gecko; compatible; Amazonbot/0.1; +https://developer.amazon.com/support/amazonbot) Chrome/119.0.6045.214 Safari/537.36"
18.233.24.238 - - [21/Jul/2026:17:05:12 +0000] "GET /robots.txt HTTP/1.1" 200 121 "-" "Mozilla/5.0 AppleWebKit/537.36 (KHTML, like Gecko; compatible; Amazonbot/0.1; +https://developer.amazon.com/support/amazonbot) Chrome/119.0.6045.214 Safari/537.36"
57.141.0.12 - - [21/Jul/2026:17:05:16 +0000] "GET /products/24104074/ HTTP/2" 301 0 "-" "Mozilla/5.0 (Windows NT 10.0; Win64; x64) AppleWebKit/537.36 (KHTML, like Gecko) Chrome/145.0.0.0 Safari/537.36 (compatible; meta-externalagent/1.1 (+https://developers.facebook.com/docs/sharing/webmasters/crawler))"
98.84.200.43 - - [21/Jul/2026:17:05:16 +0000] "GET /partnerships/ HTTP/1.1" 301 0 "-" "Mozilla/5.0 AppleWebKit/537.36 (KHTML, like Gecko; compatible; Amazonbot/0.1; +https://developer.amazon.com/support/amazonbot) Chrome/119.0.6045.214 Safari/537.36"
52.204.71.8 - - [21/Jul/2026:17:05:17 +0000] "GET /partnerships/ HTTP/1.1" 200 17379 "-" "Mozilla/5.0 AppleWebKit/537.36 (KHTML, like Gecko; compatible; Amazonbot/0.1; +https://developer.amazon.com/support/amazonbot) Chrome/119.0.6045.214 Safari/537.36"
198.38.94.67 - - [21/Jul/2026:17:05:29 +0000] "POST /wp-cron.php?doing_wp_cron=1784653529.1847488880157470703125 HTTP/1.1" 200 0 "-" "WordPress/7.0.1; https://goldendunesfilmfestival.com"
57.141.0.25 - - [21/Jul/2026:17:05:28 +0000] "GET /products/5419285/ HTTP/2" 301 0 "-" "Mozilla/5.0 (Windows NT 10.0; Win64; x64) AppleWebKit/537.36 (KHTML, like Gecko) Chrome/145.0.0.0 Safari/537.36 (compatible; meta-externalagent/1.1 (+https://developers.facebook.com/docs/sharing/webmasters/crawler))"
57.141.0.70 - - [21/Jul/2026:17:05:38 +0000] "GET /products/10241129/ HTTP/2" 404 31916 "-" "Mozilla/5.0 (Windows NT 10.0; Win64; x64) AppleWebKit/537.36 (KHTML, like Gecko) Chrome/145.0.0.0 Safari/537.36 (compatible; meta-externalagent/1.1 (+https://developers.facebook.com/docs/sharing/webmasters/crawler))"
57.141.0.58 - - [21/Jul/2026:17:05:58 +0000] "GET /products/20768929/ HTTP/2" 404 31916 "-" "Mozilla/5.0 (Windows NT 10.0; Win64; x64) AppleWebKit/537.36 (KHTML, like Gecko) Chrome/145.0.0.0 Safari/537.36 (compatible; meta-externalagent/1.1 (+https://developers.facebook.com/docs/sharing/webmasters/crawler))"
57.141.0.9 - - [21/Jul/2026:17:06:02 +0000] "GET /products/24619141/ HTTP/2" 301 0 "-" "Mozilla/5.0 (Windows NT 10.0; Win64; x64) AppleWebKit/537.36 (KHTML, like Gecko) Chrome/145.0.0.0 Safari/537.36 (compatible; meta-externalagent/1.1 (+https://developers.facebook.com/docs/sharing/webmasters/crawler))"
57.141.0.44 - - [21/Jul/2026:17:06:05 +0000] "GET /products/4083352/ HTTP/2" 301 0 "-" "Mozilla/5.0 (X11; Linux x86_64) AppleWebKit/537.36 (KHTML, like Gecko) Chrome/145.0.0.0 Safari/537.36 (compatible; meta-externalagent/1.1 (+https://developers.facebook.com/docs/sharing/webmasters/crawler))"
57.141.0.16 - - [21/Jul/2026:17:06:06 +0000] "GET /products/3936474/ HTTP/2" 404 31912 "-" "Mozilla/5.0 (Macintosh; Intel Mac OS X 10_15_7) AppleWebKit/537.36 (KHTML, like Gecko) Chrome/145.0.0.0 Safari/537.36 (compatible; meta-externalagent/1.1 (+https://developers.facebook.com/docs/sharing/webmasters/crawler))"
57.141.0.5 - - [21/Jul/2026:17:06:12 +0000] "GET /products/3951841/ HTTP/2" 404 31912 "-" "Mozilla/5.0 (Macintosh; Intel Mac OS X 10_15_7) AppleWebKit/537.36 (KHTML, like Gecko) Chrome/145.0.0.0 Safari/537.36 (compatible; meta-externalagent/1.1 (+https://developers.facebook.com/docs/sharing/webmasters/crawler))"
57.141.0.31 - - [21/Jul/2026:17:06:14 +0000] "GET /products/20303874/ HTTP/2" 404 31914 "-" "Mozilla/5.0 (X11; Linux x86_64) AppleWebKit/537.36 (KHTML, like Gecko) Chrome/145.0.0.0 Safari/537.36 (compatible; meta-externalagent/1.1 (+https://developers.facebook.com/docs/sharing/webmasters/crawler))"
198.38.94.67 - - [21/Jul/2026:17:06:25 +0000] "POST /wp-cron.php?doing_wp_cron=1784653585.8894860744476318359375 HTTP/1.1" 200 0 "-" "WordPress/7.0.1; https://goldendunesfilmfestival.com"
57.141.0.39 - - [21/Jul/2026:17:06:25 +0000] "GET /products/25917452/ HTTP/2" 404 31916 "-" "Mozilla/5.0 (Windows NT 10.0; Win64; x64) AppleWebKit/537.36 (KHTML, like Gecko) Chrome/145.0.0.0 Safari/537.36 (compatible; meta-externalagent/1.1 (+https://developers.facebook.com/docs/sharing/webmasters/crawler))"
213.209.159.254 - - [21/Jul/2026:17:06:30 +0000] "POST /wp-content/plugins/elementor-pro/modules/display-conditions/conditions/base/title.condition.base.php HTTP/2" 200 56 "-" "Mozilla/5.0 (Macintosh; Intel Mac OS X 10_15_7) AppleWebKit/605.1.15 (KHTML, like Gecko) Version/15.5 Safari/605.1.15"
213.209.159.254 - - [21/Jul/2026:17:06:34 +0000] "POST /wp-content/plugins/elementor-pro/modules/display-conditions/conditions/base/title.condition.base.php HTTP/2" 200 51 "-" "Mozilla/5.0 (Windows NT 10.0; Win64; x64) AppleWebKit/537.36 (KHTML, like Gecko) Chrome/99.0.4844.51 Safari/537.36"
213.209.159.254 - - [21/Jul/2026:17:06:38 +0000] "POST /wp-content/plugins/elementor-pro/modules/display-conditions/conditions/base/title.condition.base.php HTTP/2" 200 51 "-" "Mozilla/5.0 (Windows NT 10.0; Win64; x64) AppleWebKit/537.36 (KHTML, like Gecko) Chrome/104.0.0.0 Safari/537.36"
57.141.0.60 - - [21/Jul/2026:17:06:57 +0000] "GET /products/12693429/ HTTP/2" 404 31916 "-" "Mozilla/5.0 (Windows NT 10.0; Win64; x64) AppleWebKit/537.36 (KHTML, like Gecko) Chrome/145.0.0.0 Safari/537.36 (compatible; meta-externalagent/1.1 (+https://developers.facebook.com/docs/sharing/webmasters/crawler))"
57.141.0.61 - - [21/Jul/2026:17:07:10 +0000] "GET /products/23851818/ HTTP/2" 404 31916 "-" "Mozilla/5.0 (Windows NT 10.0; Win64; x64) AppleWebKit/537.36 (KHTML, like Gecko) Chrome/145.0.0.0 Safari/537.36 (compatible; meta-externalagent/1.1 (+https://developers.facebook.com/docs/sharing/webmasters/crawler))"
198.38.94.67 - - [21/Jul/2026:17:07:48 +0000] "POST /wp-cron.php?doing_wp_cron=1784653668.2675321102142333984375 HTTP/1.1" 200 0 "-" "WordPress/7.0.1; https://goldendunesfilmfestival.com"
57.141.0.38 - - [21/Jul/2026:17:07:47 +0000] "GET /products/6484507/ HTTP/2" 404 31916 "-" "Mozilla/5.0 (Windows NT 10.0; Win64; x64) AppleWebKit/537.36 (KHTML, like Gecko) Chrome/145.0.0.0 Safari/537.36 (compatible; meta-externalagent/1.1 (+https://developers.facebook.com/docs/sharing/webmasters/crawler))"
57.141.0.47 - - [21/Jul/2026:17:08:11 +0000] "GET /products/15167541/ HTTP/2" 404 31916 "-" "Mozilla/5.0 (Windows NT 10.0; Win64; x64) AppleWebKit/537.36 (KHTML, like Gecko) Chrome/145.0.0.0 Safari/537.36 (compatible; meta-externalagent/1.1 (+https://developers.facebook.com/docs/sharing/webmasters/crawler))"
57.141.0.44 - - [21/Jul/2026:17:08:16 +0000] "GET /products/19560685/ HTTP/2" 404 31916 "-" "Mozilla/5.0 (Windows NT 10.0; Win64; x64) AppleWebKit/537.36 (KHTML, like Gecko) Chrome/145.0.0.0 Safari/537.36 (compatible; meta-externalagent/1.1 (+https://developers.facebook.com/docs/sharing/webmasters/crawler))"
57.141.0.13 - - [21/Jul/2026:17:08:16 +0000] "GET /products/2582152/ HTTP/2" 404 31916 "-" "Mozilla/5.0 (Windows NT 10.0; Win64; x64) AppleWebKit/537.36 (KHTML, like Gecko) Chrome/145.0.0.0 Safari/537.36 (compatible; meta-externalagent/1.1 (+https://developers.facebook.com/docs/sharing/webmasters/crawler))"
198.38.94.67 - - [21/Jul/2026:17:08:24 +0000] "POST /wp-cron.php?doing_wp_cron=1784653704.8104159832000732421875 HTTP/1.1" 200 0 "-" "WordPress/7.0.1; https://goldendunesfilmfestival.com"
57.141.0.10 - - [21/Jul/2026:17:08:24 +0000] "GET /products/2238774/ HTTP/2" 404 31912 "-" "Mozilla/5.0 (Macintosh; Intel Mac OS X 10_15_7) AppleWebKit/537.36 (KHTML, like Gecko) Chrome/145.0.0.0 Safari/537.36 (compatible; meta-externalagent/1.1 (+https://developers.facebook.com/docs/sharing/webmasters/crawler))"
213.209.159.254 - - [21/Jul/2026:17:06:38 +0000] "POST /wp-content/plugins/elementor-pro/modules/display-conditions/conditions/base/title.condition.base.php HTTP/2" 500 384 "-" "Mozilla/5.0 (iPhone; CPU iPhone OS 17_2 like Mac OS X) AppleWebKit/605.1.15 (KHTML, like Gecko) Version/17.2 Mobile/15E148 Safari/604.1"
57.141.0.40 - - [21/Jul/2026:17:08:42 +0000] "GET /products/5315818/ HTTP/2" 404 31914 "-" "Mozilla/5.0 (X11; Linux x86_64) AppleWebKit/537.36 (KHTML, like Gecko) Chrome/145.0.0.0 Safari/537.36 (compatible; meta-externalagent/1.1 (+https://developers.facebook.com/docs/sharing/webmasters/crawler))"
213.209.159.254 - - [21/Jul/2026:17:08:50 +0000] "POST /wp-content/plugins/elementor-pro/modules/display-conditions/conditions/base/title.condition.base.php HTTP/2" 200 29 "-" "Mozilla/5.0 (Windows NT 10.0; Win64; x64) AppleWebKit/537.36 (KHTML, like Gecko) Chrome/100.0.4896.75 Safari/537.36"
57.141.0.14 - - [21/Jul/2026:17:08:56 +0000] "GET /products/10581596/ HTTP/2" 404 31912 "-" "Mozilla/5.0 (Macintosh; Intel Mac OS X 10_15_7) AppleWebKit/537.36 (KHTML, like Gecko) Chrome/145.0.0.0 Safari/537.36 (compatible; meta-externalagent/1.1 (+https://developers.facebook.com/docs/sharing/webmasters/crawler))"
57.141.0.9 - - [21/Jul/2026:17:09:20 +0000] "GET /products/25854107/ HTTP/2" 404 31912 "-" "Mozilla/5.0 (Macintosh; Intel Mac OS X 10_15_7) AppleWebKit/537.36 (KHTML, like Gecko) Chrome/145.0.0.0 Safari/537.36 (compatible; meta-externalagent/1.1 (+https://developers.facebook.com/docs/sharing/webmasters/crawler))"
198.38.94.67 - - [21/Jul/2026:17:09:59 +0000] "POST /wp-cron.php?doing_wp_cron=1784653799.7110469341278076171875 HTTP/1.1" 200 0 "-" "WordPress/7.0.1; https://goldendunesfilmfestival.com"
57.141.0.35 - - [21/Jul/2026:17:09:59 +0000] "GET /products/15027363/ HTTP/2" 404 31916 "-" "Mozilla/5.0 (Windows NT 10.0; Win64; x64) AppleWebKit/537.36 (KHTML, like Gecko) Chrome/145.0.0.0 Safari/537.36 (compatible; meta-externalagent/1.1 (+https://developers.facebook.com/docs/sharing/webmasters/crawler))"
198.38.94.67 - - [21/Jul/2026:17:10:46 +0000] "POST /wp-cron.php?doing_wp_cron=1784653846.0273950099945068359375 HTTP/1.1" 200 0 "-" "WordPress/7.0.1; https://goldendunesfilmfestival.com"
57.141.0.31 - - [21/Jul/2026:17:10:45 +0000] "GET /products/19558918/ HTTP/2" 404 31916 "-" "Mozilla/5.0 (Windows NT 10.0; Win64; x64) AppleWebKit/537.36 (KHTML, like Gecko) Chrome/145.0.0.0 Safari/537.36 (compatible; meta-externalagent/1.1 (+https://developers.facebook.com/docs/sharing/webmasters/crawler))"
57.141.0.14 - - [21/Jul/2026:17:11:15 +0000] "GET /products/2809130/ HTTP/2" 404 31916 "-" "Mozilla/5.0 (Windows NT 10.0; Win64; x64) AppleWebKit/537.36 (KHTML, like Gecko) Chrome/145.0.0.0 Safari/537.36 (compatible; meta-externalagent/1.1 (+https://developers.facebook.com/docs/sharing/webmasters/crawler))"
57.141.0.16 - - [21/Jul/2026:17:11:22 +0000] "GET /products/26026663/ HTTP/2" 404 31912 "-" "Mozilla/5.0 (Macintosh; Intel Mac OS X 10_15_7) AppleWebKit/537.36 (KHTML, like Gecko) Chrome/145.0.0.0 Safari/537.36 (compatible; meta-externalagent/1.1 (+https://developers.facebook.com/docs/sharing/webmasters/crawler))"
3.210.114.189 - - [21/Jul/2026:17:13:16 +0000] "GET /press-media/ HTTP/1.1" 301 0 "-" "Mozilla/5.0 AppleWebKit/537.36 (KHTML, like Gecko; compatible; Amazonbot/0.1; +https://developer.amazon.com/support/amazonbot) Chrome/119.0.6045.214 Safari/537.36"
198.38.94.67 - - [21/Jul/2026:17:13:17 +0000] "POST /wp-cron.php?doing_wp_cron=1784653997.2463390827178955078125 HTTP/1.1" 200 0 "-" "WordPress/7.0.1; https://goldendunesfilmfestival.com"
54.84.147.79 - - [21/Jul/2026:17:13:16 +0000] "GET /press-media/ HTTP/1.1" 200 17768 "-" "Mozilla/5.0 AppleWebKit/537.36 (KHTML, like Gecko; compatible; Amazonbot/0.1; +https://developer.amazon.com/support/amazonbot) Chrome/119.0.6045.214 Safari/537.36"
57.141.0.62 - - [21/Jul/2026:17:14:45 +0000] "GET /products/18361763/ HTTP/2" 404 31912 "-" "Mozilla/5.0 (Macintosh; Intel Mac OS X 10_15_7) AppleWebKit/537.36 (KHTML, like Gecko) Chrome/145.0.0.0 Safari/537.36 (compatible; meta-externalagent/1.1 (+https://developers.facebook.com/docs/sharing/webmasters/crawler))"
57.141.0.13 - - [21/Jul/2026:17:14:45 +0000] "GET /products/2342618/ HTTP/2" 404 31912 "-" "Mozilla/5.0 (Macintosh; Intel Mac OS X 10_15_7) AppleWebKit/537.36 (KHTML, like Gecko) Chrome/145.0.0.0 Safari/537.36 (compatible; meta-externalagent/1.1 (+https://developers.facebook.com/docs/sharing/webmasters/crawler))"
20.197.192.193 - - [21/Jul/2026:17:14:48 +0000] "GET /wp-content/plugins/hellopress/wp_filemanager.php HTTP/1.1" 401 36 "-" "-"
20.197.192.193 - - [21/Jul/2026:17:14:48 +0000] "GET /this_is_a_new_hello_world.php HTTP/1.1" 401 36 "-" "-"
20.197.192.193 - - [21/Jul/2026:17:14:49 +0000] "GET /dp.php HTTP/1.1" 401 36 "-" "-"
20.197.192.193 - - [21/Jul/2026:17:14:49 +0000] "GET /old.php HTTP/1.1" 401 36 "-" "-"
20.197.192.193 - - [21/Jul/2026:17:14:50 +0000] "GET /ms-new.php HTTP/1.1" 401 36 "-" "-"
20.197.192.193 - - [21/Jul/2026:17:14:51 +0000] "GET /track.php HTTP/1.1" 401 36 "-" "-"
20.197.192.193 - - [21/Jul/2026:17:14:51 +0000] "GET /2352356666.php HTTP/1.1" 401 36 "-" "-"
20.197.192.193 - - [21/Jul/2026:17:14:52 +0000] "GET /pn.php HTTP/1.1" 401 36 "-" "-"
20.197.192.193 - - [21/Jul/2026:17:14:53 +0000] "GET /wp-wpbak.php HTTP/1.1" 401 36 "-" "-"
20.197.192.193 - - [21/Jul/2026:17:14:53 +0000] "GET /dr.php HTTP/1.1" 401 36 "-" "-"
20.197.192.193 - - [21/Jul/2026:17:14:54 +0000] "GET /2x.php HTTP/1.1" 401 36 "-" "-"
20.197.192.193 - - [21/Jul/2026:17:14:55 +0000] "GET /kq1.php HTTP/1.1" 401 36 "-" "-"
20.197.192.193 - - [21/Jul/2026:17:14:55 +0000] "GET /zzz.php HTTP/1.1" 401 36 "-" "-"
20.197.192.193 - - [21/Jul/2026:17:14:56 +0000] "GET /wicked.php HTTP/1.1" 401 36 "-" "-"
20.197.192.193 - - [21/Jul/2026:17:14:56 +0000] "GET /edit.php HTTP/1.1" 401 36 "-" "-"
20.197.192.193 - - [21/Jul/2026:17:14:57 +0000] "GET /kua.php HTTP/1.1" 401 36 "-" "-"
20.197.192.193 - - [21/Jul/2026:17:14:58 +0000] "GET /ez.php HTTP/1.1" 401 36 "-" "-"
20.197.192.193 - - [21/Jul/2026:17:14:58 +0000] "GET /fz.php HTTP/1.1" 401 36 "-" "-"
20.197.192.193 - - [21/Jul/2026:17:14:59 +0000] "GET /la.php HTTP/1.1" 401 36 "-" "-"
20.197.192.193 - - [21/Jul/2026:17:15:00 +0000] "GET /nhvoanpl.php HTTP/1.1" 401 36 "-" "-"
20.197.192.193 - - [21/Jul/2026:17:15:00 +0000] "GET /inso.php HTTP/1.1" 401 36 "-" "-"
20.197.192.193 - - [21/Jul/2026:17:15:01 +0000] "GET /wpx.php HTTP/1.1" 401 36 "-" "-"
20.197.192.193 - - [21/Jul/2026:17:15:01 +0000] "GET /berlin.php HTTP/1.1" 401 36 "-" "-"
20.197.192.193 - - [21/Jul/2026:17:15:02 +0000] "GET /billur.php HTTP/1.1" 401 36 "-" "-"
20.197.192.193 - - [21/Jul/2026:17:15:03 +0000] "GET /mimpi.php HTTP/1.1" 401 36 "-" "-"
20.197.192.193 - - [21/Jul/2026:17:15:03 +0000] "GET /dp.php HTTP/1.1" 401 36 "-" "-"
20.197.192.193 - - [21/Jul/2026:17:15:04 +0000] "GET /bootstrap.php HTTP/1.1" 401 36 "-" "-"
20.197.192.193 - - [21/Jul/2026:17:15:05 +0000] "GET /wp-editor.php HTTP/1.1" 401 36 "-" "-"
20.197.192.193 - - [21/Jul/2026:17:15:05 +0000] "GET /cro.php HTTP/1.1" 401 36 "-" "-"
20.197.192.193 - - [21/Jul/2026:17:15:06 +0000] "GET /cron-tab.php HTTP/1.1" 401 36 "-" "-"
20.197.192.193 - - [21/Jul/2026:17:15:07 +0000] "GET /koiy.php HTTP/1.1" 401 36 "-" "-"
20.197.192.193 - - [21/Jul/2026:17:15:07 +0000] "GET /hp2.php HTTP/1.1" 401 36 "-" "-"
20.197.192.193 - - [21/Jul/2026:17:15:08 +0000] "GET /hp3.php HTTP/1.1" 401 36 "-" "-"
20.197.192.193 - - [21/Jul/2026:17:15:08 +0000] "GET /aa1.php HTTP/1.1" 401 36 "-" "-"
20.197.192.193 - - [21/Jul/2026:17:15:09 +0000] "GET /acew67.php HTTP/1.1" 401 36 "-" "-"
20.197.192.193 - - [21/Jul/2026:17:15:10 +0000] "GET /bscclapb.php HTTP/1.1" 401 36 "-" "-"
20.197.192.193 - - [21/Jul/2026:17:15:10 +0000] "GET /else1.php HTTP/1.1" 401 36 "-" "-"
20.197.192.193 - - [21/Jul/2026:17:15:11 +0000] "GET /tkikikoko.php HTTP/1.1" 401 36 "-" "-"
20.197.192.193 - - [21/Jul/2026:17:15:12 +0000] "GET /wp-Blogs.php HTTP/1.1" 401 36 "-" "-"
20.197.192.193 - - [21/Jul/2026:17:15:12 +0000] "GET /wp-css.php HTTP/1.1" 401 36 "-" "-"
20.197.192.193 - - [21/Jul/2026:17:15:13 +0000] "GET /wp-explorer.php HTTP/1.1" 401 36 "-" "-"
20.197.192.193 - - [21/Jul/2026:17:15:14 +0000] "GET /akismet.php HTTP/1.1" 401 36 "-" "-"
20.197.192.193 - - [21/Jul/2026:17:15:14 +0000] "GET /ace2.php HTTP/1.1" 401 36 "-" "-"
20.197.192.193 - - [21/Jul/2026:17:15:15 +0000] "GET /ms.php HTTP/1.1" 401 36 "-" "-"
57.141.0.47 - - [21/Jul/2026:17:15:28 +0000] "GET /products/1755718/ HTTP/2" 404 31910 "-" "Mozilla/5.0 (Macintosh; Intel Mac OS X 10_15_7) AppleWebKit/537.36 (KHTML, like Gecko) Chrome/145.0.0.0 Safari/537.36 Edg/145.0.0.0 (compatible; meta-externalagent/1.1 (+https://developers.facebook.com/docs/sharing/webmasters/crawler))"
57.141.0.67 - - [21/Jul/2026:17:15:29 +0000] "GET /products/5857074/ HTTP/2" 404 31916 "-" "Mozilla/5.0 (Windows NT 10.0; Win64; x64) AppleWebKit/537.36 (KHTML, like Gecko) Chrome/145.0.0.0 Safari/537.36 (compatible; meta-externalagent/1.1 (+https://developers.facebook.com/docs/sharing/webmasters/crawler))"
57.141.0.69 - - [21/Jul/2026:17:15:34 +0000] "GET /products/26234885/ HTTP/2" 404 31912 "-" "Mozilla/5.0 (Macintosh; Intel Mac OS X 10_15_7) AppleWebKit/537.36 (KHTML, like Gecko) Chrome/145.0.0.0 Safari/537.36 (compatible; meta-externalagent/1.1 (+https://developers.facebook.com/docs/sharing/webmasters/crawler))"
57.141.0.49 - - [21/Jul/2026:17:15:35 +0000] "GET /products/9772618/ HTTP/2" 404 31916 "-" "Mozilla/5.0 (Windows NT 10.0; Win64; x64) AppleWebKit/537.36 (KHTML, like Gecko) Chrome/145.0.0.0 Safari/537.36 (compatible; meta-externalagent/1.1 (+https://developers.facebook.com/docs/sharing/webmasters/crawler))"
57.141.0.53 - - [21/Jul/2026:17:15:48 +0000] "GET /products/24108107/ HTTP/2" 404 31914 "-" "Mozilla/5.0 (X11; Linux x86_64) AppleWebKit/537.36 (KHTML, like Gecko) Chrome/145.0.0.0 Safari/537.36 (compatible; meta-externalagent/1.1 (+https://developers.facebook.com/docs/sharing/webmasters/crawler))"
57.141.0.71 - - [21/Jul/2026:17:16:24 +0000] "GET /products/13476207/ HTTP/2" 404 31912 "-" "Mozilla/5.0 (Macintosh; Intel Mac OS X 10_15_7) AppleWebKit/537.36 (KHTML, like Gecko) Chrome/145.0.0.0 Safari/537.36 (compatible; meta-externalagent/1.1 (+https://developers.facebook.com/docs/sharing/webmasters/crawler))"
213.209.159.254 - - [21/Jul/2026:17:16:30 +0000] "POST /wp-content/plugins/elementor-pro/modules/display-conditions/conditions/base/title.condition.base.php HTTP/2" 200 47 "-" "Mozilla/5.0 (Windows NT 10.0; Win64; x64) AppleWebKit/537.36 (KHTML, like Gecko) Chrome/107.0.0.0 Safari/537.36"
57.141.0.18 - - [21/Jul/2026:17:16:33 +0000] "GET /products/10415729/ HTTP/2" 404 31916 "-" "Mozilla/5.0 (Windows NT 10.0; Win64; x64) AppleWebKit/537.36 (KHTML, like Gecko) Chrome/145.0.0.0 Safari/537.36 (compatible; meta-externalagent/1.1 (+https://developers.facebook.com/docs/sharing/webmasters/crawler))"
213.209.159.254 - - [21/Jul/2026:17:16:33 +0000] "POST /wp-content/plugins/elementor-pro/modules/display-conditions/conditions/base/title.condition.base.php HTTP/2" 200 51 "-" "Mozilla/5.0 (Windows NT 10.0; Win64; x64) AppleWebKit/537.36 (KHTML, like Gecko) Chrome/110.0.0.0 Safari/537.36"
213.209.159.254 - - [21/Jul/2026:17:16:35 +0000] "POST /wp-content/plugins/elementor-pro/modules/display-conditions/conditions/base/title.condition.base.php HTTP/2" 200 42 "-" "Mozilla/5.0 (Windows NT 10.0; Win64; x64) AppleWebKit/537.36 (KHTML, like Gecko) Chrome/99.0.4844.51 Safari/537.36"
57.141.0.37 - - [21/Jul/2026:17:17:01 +0000] "GET /products/15239796/ HTTP/2" 404 31916 "-" "Mozilla/5.0 (Windows NT 10.0; Win64; x64) AppleWebKit/537.36 (KHTML, like Gecko) Chrome/145.0.0.0 Safari/537.36 (compatible; meta-externalagent/1.1 (+https://developers.facebook.com/docs/sharing/webmasters/crawler))"
57.141.0.10 - - [21/Jul/2026:17:17:05 +0000] "GET /products/15414263/ HTTP/2" 404 31916 "-" "Mozilla/5.0 (Windows NT 10.0; Win64; x64) AppleWebKit/537.36 (KHTML, like Gecko) Chrome/145.0.0.0 Safari/537.36 (compatible; meta-externalagent/1.1 (+https://developers.facebook.com/docs/sharing/webmasters/crawler))"
57.141.0.23 - - [21/Jul/2026:17:17:05 +0000] "GET /products/4214263/ HTTP/2" 404 31912 "-" "Mozilla/5.0 (Macintosh; Intel Mac OS X 10_15_7) AppleWebKit/537.36 (KHTML, like Gecko) Chrome/145.0.0.0 Safari/537.36 (compatible; meta-externalagent/1.1 (+https://developers.facebook.com/docs/sharing/webmasters/crawler))"
173.252.107.25 - - [21/Jul/2026:17:17:15 +0000] "GET /robots.txt HTTP/2" 301 0 "-" "facebookexternalhit/1.1 (+http://www.facebook.com/externalhit_uatext.php)"
173.252.107.25 - - [21/Jul/2026:17:17:16 +0000] "GET /robots.txt HTTP/2" 200 128 "-" "facebookexternalhit/1.1 (+http://www.facebook.com/externalhit_uatext.php)"
173.252.107.34 - - [21/Jul/2026:17:17:16 +0000] "GET /robots.txt HTTP/2" 301 0 "-" "facebookexternalhit/1.1 (+http://www.facebook.com/externalhit_uatext.php)"
173.252.107.38 - - [21/Jul/2026:17:17:16 +0000] "GET /robots.txt HTTP/2" 301 0 "-" "facebookexternalhit/1.1 (+http://www.facebook.com/externalhit_uatext.php)"
173.252.107.34 - - [21/Jul/2026:17:17:17 +0000] "GET /robots.txt HTTP/2" 200 128 "-" "facebookexternalhit/1.1 (+http://www.facebook.com/externalhit_uatext.php)"
173.252.107.38 - - [21/Jul/2026:17:17:17 +0000] "GET /robots.txt HTTP/2" 200 128 "-" "facebookexternalhit/1.1 (+http://www.facebook.com/externalhit_uatext.php)"
57.141.0.46 - - [21/Jul/2026:17:17:18 +0000] "GET /products/24476552/ HTTP/2" 301 0 "-" "Mozilla/5.0 (Macintosh; Intel Mac OS X 10_15_7) AppleWebKit/537.36 (KHTML, like Gecko) Chrome/145.0.0.0 Safari/537.36 (compatible; meta-externalagent/1.1 (+https://developers.facebook.com/docs/sharing/webmasters/crawler))"
198.38.94.67 - - [21/Jul/2026:17:17:55 +0000] "POST /wp-cron.php?doing_wp_cron=1784654275.6682319641113281250000 HTTP/1.1" 200 0 "-" "WordPress/7.0.1; https://goldendunesfilmfestival.com"
69.171.230.112 - - [21/Jul/2026:17:17:55 +0000] "GET /robots.txt HTTP/2" 301 0 "-" "facebookexternalhit/1.1 (+http://www.facebook.com/externalhit_uatext.php)"
69.171.230.51 - - [21/Jul/2026:17:17:56 +0000] "GET /robots.txt HTTP/2" 200 128 "-" "facebookexternalhit/1.1 (+http://www.facebook.com/externalhit_uatext.php)"
173.252.70.6 - - [21/Jul/2026:17:18:00 +0000] "GET /robots.txt HTTP/2" 301 0 "-" "facebookexternalhit/1.1 (+http://www.facebook.com/externalhit_uatext.php)"
173.252.70.6 - - [21/Jul/2026:17:18:01 +0000] "GET /robots.txt HTTP/2" 200 0 "-" "facebookexternalhit/1.1 (+http://www.facebook.com/externalhit_uatext.php)"
173.252.70.40 - - [21/Jul/2026:17:18:01 +0000] "GET /robots.txt HTTP/2" 301 0 "-" "facebookexternalhit/1.1 (+http://www.facebook.com/externalhit_uatext.php)"
173.252.70.59 - - [21/Jul/2026:17:18:01 +0000] "GET /robots.txt HTTP/2" 301 0 "-" "facebookexternalhit/1.1 (+http://www.facebook.com/externalhit_uatext.php)"
173.252.70.40 - - [21/Jul/2026:17:18:02 +0000] "GET /robots.txt HTTP/2" 200 0 "-" "facebookexternalhit/1.1 (+http://www.facebook.com/externalhit_uatext.php)"
173.252.70.59 - - [21/Jul/2026:17:18:02 +0000] "GET /robots.txt HTTP/2" 200 128 "-" "facebookexternalhit/1.1 (+http://www.facebook.com/externalhit_uatext.php)"
57.141.0.3 - - [21/Jul/2026:17:18:03 +0000] "GET /products/4243407/ HTTP/2" 301 0 "-" "Mozilla/5.0 (Windows NT 10.0; Win64; x64) AppleWebKit/537.36 (KHTML, like Gecko) Chrome/145.0.0.0 Safari/537.36 (compatible; meta-externalagent/1.1 (+https://developers.facebook.com/docs/sharing/webmasters/crawler))"
198.38.94.67 - - [21/Jul/2026:17:18:28 +0000] "POST /wp-cron.php?doing_wp_cron=1784654308.3360331058502197265625 HTTP/1.1" 200 0 "-" "WordPress/7.0.1; https://goldendunesfilmfestival.com"
57.141.0.38 - - [21/Jul/2026:17:18:27 +0000] "GET /products/6886085/ HTTP/2" 404 31916 "-" "Mozilla/5.0 (Windows NT 10.0; Win64; x64) AppleWebKit/537.36 (KHTML, like Gecko) Chrome/145.0.0.0 Safari/537.36 (compatible; meta-externalagent/1.1 (+https://developers.facebook.com/docs/sharing/webmasters/crawler))"
57.141.0.28 - - [21/Jul/2026:17:18:31 +0000] "GET /products/4566374/ HTTP/2" 404 31912 "-" "Mozilla/5.0 (Macintosh; Intel Mac OS X 10_15_7) AppleWebKit/537.36 (KHTML, like Gecko) Chrome/145.0.0.0 Safari/537.36 (compatible; meta-externalagent/1.1 (+https://developers.facebook.com/docs/sharing/webmasters/crawler))"
57.141.0.13 - - [21/Jul/2026:17:18:33 +0000] "GET /products/24356329/ HTTP/2" 404 31916 "-" "Mozilla/5.0 (Windows NT 10.0; Win64; x64) AppleWebKit/537.36 (KHTML, like Gecko) Chrome/145.0.0.0 Safari/537.36 (compatible; meta-externalagent/1.1 (+https://developers.facebook.com/docs/sharing/webmasters/crawler))"
213.209.159.254 - - [21/Jul/2026:17:16:35 +0000] "POST /wp-content/plugins/elementor-pro/modules/display-conditions/conditions/base/title.condition.base.php HTTP/2" 200 0 "-" "Mozilla/5.0 (Macintosh; Intel Mac OS X 10_15_7) AppleWebKit/537.36 (KHTML, like Gecko) Chrome/120.0.0.0 Safari/537.36"
5.45.74.120 - - [21/Jul/2026:17:18:40 +0000] "GET /wp-login.php HTTP/2" 200 1904 "https://goldendunesfilmfestival.com/" "Mozilla/5.0 (Windows NT 10.0; Win64; x64) AppleWebKit/537.36 (KHTML, like Gecko) Chrome/148.0.0.0 Safari/537.36"
5.45.74.120 - - [21/Jul/2026:17:18:41 +0000] "GET /wp-admin/css/l10n.min.css?ver=7.0.1 HTTP/3" 200 675 "https://goldendunesfilmfestival.com/wp-login.php" "Mozilla/5.0 (Windows NT 10.0; Win64; x64) AppleWebKit/537.36 (KHTML, like Gecko) Chrome/148.0.0.0 Safari/537.36"
5.45.74.120 - - [21/Jul/2026:17:18:41 +0000] "GET /wp-includes/css/buttons.min.css?ver=7.0.1 HTTP/3" 200 1457 "https://goldendunesfilmfestival.com/wp-login.php" "Mozilla/5.0 (Windows NT 10.0; Win64; x64) AppleWebKit/537.36 (KHTML, like Gecko) Chrome/148.0.0.0 Safari/537.36"
5.45.74.120 - - [21/Jul/2026:17:18:41 +0000] "GET /wp-admin/css/login.min.css?ver=7.0.1 HTTP/3" 200 2019 "https://goldendunesfilmfestival.com/wp-login.php" "Mozilla/5.0 (Windows NT 10.0; Win64; x64) AppleWebKit/537.36 (KHTML, like Gecko) Chrome/148.0.0.0 Safari/537.36"
5.45.74.120 - - [21/Jul/2026:17:18:41 +0000] "GET /wp-includes/js/clipboard.min.js?ver=2.0.11 HTTP/3" 200 2989 "https://goldendunesfilmfestival.com/wp-login.php" "Mozilla/5.0 (Windows NT 10.0; Win64; x64) AppleWebKit/537.36 (KHTML, like Gecko) Chrome/148.0.0.0 Safari/537.36"
5.45.74.120 - - [21/Jul/2026:17:18:41 +0000] "GET /wp-includes/css/dist/base-styles/admin-schemes.min.css?ver=7.0.1 HTTP/3" 200 725 "https://goldendunesfilmfestival.com/wp-login.php" "Mozilla/5.0 (Windows NT 10.0; Win64; x64) AppleWebKit/537.36 (KHTML, like Gecko) Chrome/148.0.0.0 Safari/537.36"
5.45.74.120 - - [21/Jul/2026:17:18:41 +0000] "GET /wp-includes/js/zxcvbn-async.min.js?ver=1.0 HTTP/3" 200 187 "https://goldendunesfilmfestival.com/wp-login.php" "Mozilla/5.0 (Windows NT 10.0; Win64; x64) AppleWebKit/537.36 (KHTML, like Gecko) Chrome/148.0.0.0 Safari/537.36"
5.45.74.120 - - [21/Jul/2026:17:18:41 +0000] "GET /wp-admin/js/password-strength-meter.min.js?ver=7.0.1 HTTP/3" 200 558 "https://goldendunesfilmfestival.com/wp-login.php" "Mozilla/5.0 (Windows NT 10.0; Win64; x64) AppleWebKit/537.36 (KHTML, like Gecko) Chrome/148.0.0.0 Safari/537.36"
5.45.74.120 - - [21/Jul/2026:17:18:41 +0000] "GET /wp-includes/js/wp-util.min.js?ver=7.0.1 HTTP/3" 200 693 "https://goldendunesfilmfestival.com/wp-login.php" "Mozilla/5.0 (Windows NT 10.0; Win64; x64) AppleWebKit/537.36 (KHTML, like Gecko) Chrome/148.0.0.0 Safari/537.36"
5.45.74.120 - - [21/Jul/2026:17:18:41 +0000] "GET /wp-includes/js/jquery/jquery.min.js?ver=3.7.1 HTTP/3" 200 29744 "https://goldendunesfilmfestival.com/wp-login.php" "Mozilla/5.0 (Windows NT 10.0; Win64; x64) AppleWebKit/537.36 (KHTML, like Gecko) Chrome/148.0.0.0 Safari/537.36"
5.45.74.120 - - [21/Jul/2026:17:18:41 +0000] "GET /wp-includes/js/jquery/jquery-migrate.min.js?ver=3.4.1 HTTP/3" 200 4678 "https://goldendunesfilmfestival.com/wp-login.php" "Mozilla/5.0 (Windows NT 10.0; Win64; x64) AppleWebKit/537.36 (KHTML, like Gecko) Chrome/148.0.0.0 Safari/537.36"
5.45.74.120 - - [21/Jul/2026:17:18:41 +0000] "GET /wp-includes/css/dashicons.min.css?ver=7.0.1 HTTP/3" 200 35101 "https://goldendunesfilmfestival.com/wp-login.php" "Mozilla/5.0 (Windows NT 10.0; Win64; x64) AppleWebKit/537.36 (KHTML, like Gecko) Chrome/148.0.0.0 Safari/537.36"
5.45.74.120 - - [21/Jul/2026:17:18:41 +0000] "GET /wp-includes/js/dist/hooks.min.js?ver=7496969728ca0f95732d HTTP/3" 200 1734 "https://goldendunesfilmfestival.com/wp-login.php" "Mozilla/5.0 (Windows NT 10.0; Win64; x64) AppleWebKit/537.36 (KHTML, like Gecko) Chrome/148.0.0.0 Safari/537.36"
5.45.74.120 - - [21/Jul/2026:17:18:41 +0000] "GET /wp-admin/css/forms.min.css?ver=7.0.1 HTTP/3" 200 6522 "https://goldendunesfilmfestival.com/wp-login.php" "Mozilla/5.0 (Windows NT 10.0; Win64; x64) AppleWebKit/537.36 (KHTML, like Gecko) Chrome/148.0.0.0 Safari/537.36"
5.45.74.120 - - [21/Jul/2026:17:18:41 +0000] "GET /wp-includes/js/dist/i18n.min.js?ver=781d11515ad3d91786ec HTTP/3" 200 2354 "https://goldendunesfilmfestival.com/wp-login.php" "Mozilla/5.0 (Windows NT 10.0; Win64; x64) AppleWebKit/537.36 (KHTML, like Gecko) Chrome/148.0.0.0 Safari/537.36"
5.45.74.120 - - [21/Jul/2026:17:18:41 +0000] "GET /wp-includes/js/underscore.min.js?ver=1.13.8 HTTP/3" 200 7228 "https://goldendunesfilmfestival.com/wp-login.php" "Mozilla/5.0 (Windows NT 10.0; Win64; x64) AppleWebKit/537.36 (KHTML, like Gecko) Chrome/148.0.0.0 Safari/537.36"
5.45.74.120 - - [21/Jul/2026:17:18:41 +0000] "GET /wp-admin/js/user-profile.min.js?ver=7.0.1 HTTP/3" 200 2889 "https://goldendunesfilmfestival.com/wp-login.php" "Mozilla/5.0 (Windows NT 10.0; Win64; x64) AppleWebKit/537.36 (KHTML, like Gecko) Chrome/148.0.0.0 Safari/537.36"
5.45.74.120 - - [21/Jul/2026:17:18:41 +0000] "GET /wp-includes/js/dist/a11y.min.js?ver=af934e5259bc51b8718e HTTP/3" 200 935 "https://goldendunesfilmfestival.com/wp-login.php" "Mozilla/5.0 (Windows NT 10.0; Win64; x64) AppleWebKit/537.36 (KHTML, like Gecko) Chrome/148.0.0.0 Safari/537.36"
5.45.74.120 - - [21/Jul/2026:17:18:41 +0000] "GET /wp-includes/js/dist/dom-ready.min.js?ver=a06281ae5cf5500e9317 HTTP/3" 200 420 "https://goldendunesfilmfestival.com/wp-login.php" "Mozilla/5.0 (Windows NT 10.0; Win64; x64) AppleWebKit/537.36 (KHTML, like Gecko) Chrome/148.0.0.0 Safari/537.36"
5.45.74.120 - - [21/Jul/2026:17:18:41 +0000] "GET /wp-admin/images/wordpress-logo-gray.svg?ver=20260303 HTTP/3" 200 759 "https://goldendunesfilmfestival.com/wp-admin/css/login.min.css?ver=7.0.1" "Mozilla/5.0 (Windows NT 10.0; Win64; x64) AppleWebKit/537.36 (KHTML, like Gecko) Chrome/148.0.0.0 Safari/537.36"
5.45.74.120 - - [21/Jul/2026:17:18:41 +0000] "GET /wp-content/uploads/2025/07/cropped-golden-dunesicon-192x192.png HTTP/3" 200 29150 "https://goldendunesfilmfestival.com/wp-login.php" "Mozilla/5.0 (Windows NT 10.0; Win64; x64) AppleWebKit/537.36 (KHTML, like Gecko) Chrome/148.0.0.0 Safari/537.36"
5.45.74.120 - - [21/Jul/2026:17:18:41 +0000] "GET /wp-includes/js/zxcvbn.min.js HTTP/3" 200 389493 "https://goldendunesfilmfestival.com/wp-login.php" "Mozilla/5.0 (Windows NT 10.0; Win64; x64) AppleWebKit/537.36 (KHTML, like Gecko) Chrome/148.0.0.0 Safari/537.36"
57.141.0.37 - - [21/Jul/2026:17:18:45 +0000] "GET /products/9275007/ HTTP/2" 404 31916 "-" "Mozilla/5.0 (Windows NT 10.0; Win64; x64) AppleWebKit/537.36 (KHTML, like Gecko) Chrome/145.0.0.0 Safari/537.36 (compatible; meta-externalagent/1.1 (+https://developers.facebook.com/docs/sharing/webmasters/crawler))"
5.45.74.120 - - [21/Jul/2026:17:18:45 +0000] "POST /wp-login.php HTTP/3" 503 6946 "https://goldendunesfilmfestival.com/wp-login.php" "Mozilla/5.0 (Windows NT 10.0; Win64; x64) AppleWebKit/537.36 (KHTML, like Gecko) Chrome/148.0.0.0 Safari/537.36"
5.45.74.120 - - [21/Jul/2026:17:18:46 +0000] "GET /favicon.ico HTTP/3" 404 1251 "https://goldendunesfilmfestival.com/wp-login.php" "Mozilla/5.0 (Windows NT 10.0; Win64; x64) AppleWebKit/537.36 (KHTML, like Gecko) Chrome/148.0.0.0 Safari/537.36"
213.209.159.254 - - [21/Jul/2026:17:18:47 +0000] "POST /wp-content/plugins/elementor-pro/modules/display-conditions/conditions/base/title.condition.base.php HTTP/2" 200 29 "-" "Mozilla/5.0 (Windows NT 10.0; Win64; x64) AppleWebKit/537.36 (KHTML, like Gecko) Chrome/110.0.0.0 Safari/537.36"
5.45.74.120 - - [21/Jul/2026:17:18:48 +0000] "POST /xmlrpc.php HTTP/1.1" 403 1242 "https://goldendunesfilmfestival.com/" "Mozilla/5.0 (Windows NT 10.0; Win64; x64) AppleWebKit/537.36 (KHTML, like Gecko) Chrome/122.0.0.0 Safari/537.36"
69.171.249.7 - - [21/Jul/2026:17:18:54 +0000] "GET /robots.txt HTTP/2" 301 0 "-" "facebookexternalhit/1.1 (+http://www.facebook.com/externalhit_uatext.php)"
69.171.249.7 - - [21/Jul/2026:17:18:54 +0000] "GET /robots.txt HTTP/2" 200 128 "-" "facebookexternalhit/1.1 (+http://www.facebook.com/externalhit_uatext.php)"
69.171.249.116 - - [21/Jul/2026:17:18:55 +0000] "GET /robots.txt HTTP/2" 301 0 "-" "facebookexternalhit/1.1 (+http://www.facebook.com/externalhit_uatext.php)"
69.171.249.116 - - [21/Jul/2026:17:18:56 +0000] "GET /robots.txt HTTP/2" 200 128 "-" "facebookexternalhit/1.1 (+http://www.facebook.com/externalhit_uatext.php)"
57.141.0.39 - - [21/Jul/2026:17:18:56 +0000] "GET /products/3996296/ HTTP/2" 301 0 "-" "Mozilla/5.0 (Windows NT 10.0; Win64; x64) AppleWebKit/537.36 (KHTML, like Gecko) Chrome/145.0.0.0 Safari/537.36 (compatible; meta-externalagent/1.1 (+https://developers.facebook.com/docs/sharing/webmasters/crawler))"
57.141.0.31 - - [21/Jul/2026:17:18:59 +0000] "GET /products/3648796/ HTTP/2" 404 31916 "-" "Mozilla/5.0 (Windows NT 10.0; Win64; x64) AppleWebKit/537.36 (KHTML, like Gecko) Chrome/145.0.0.0 Safari/537.36 (compatible; meta-externalagent/1.1 (+https://developers.facebook.com/docs/sharing/webmasters/crawler))"
57.141.0.58 - - [21/Jul/2026:17:19:00 +0000] "GET /products/24932507/ HTTP/2" 404 31916 "-" "Mozilla/5.0 (Windows NT 10.0; Win64; x64) AppleWebKit/537.36 (KHTML, like Gecko) Chrome/145.0.0.0 Safari/537.36 (compatible; meta-externalagent/1.1 (+https://developers.facebook.com/docs/sharing/webmasters/crawler))"
173.252.69.14 - - [21/Jul/2026:17:19:06 +0000] "GET /robots.txt HTTP/2" 301 0 "-" "facebookexternalhit/1.1 (+http://www.facebook.com/externalhit_uatext.php)"
173.252.69.3 - - [21/Jul/2026:17:19:06 +0000] "GET /robots.txt HTTP/2" 301 0 "-" "facebookexternalhit/1.1 (+http://www.facebook.com/externalhit_uatext.php)"
173.252.69.14 - - [21/Jul/2026:17:19:07 +0000] "GET /robots.txt HTTP/2" 200 128 "-" "facebookexternalhit/1.1 (+http://www.facebook.com/externalhit_uatext.php)"
173.252.69.3 - - [21/Jul/2026:17:19:07 +0000] "GET /robots.txt HTTP/2" 200 128 "-" "facebookexternalhit/1.1 (+http://www.facebook.com/externalhit_uatext.php)"
173.252.69.113 - - [21/Jul/2026:17:19:08 +0000] "GET /robots.txt HTTP/2" 301 0 "-" "facebookexternalhit/1.1 (+http://www.facebook.com/externalhit_uatext.php)"
173.252.69.21 - - [21/Jul/2026:17:19:08 +0000] "GET /robots.txt HTTP/2" 301 0 "-" "facebookexternalhit/1.1 (+http://www.facebook.com/externalhit_uatext.php)"
173.252.69.24 - - [21/Jul/2026:17:19:08 +0000] "GET /robots.txt HTTP/2" 301 0 "-" "facebookexternalhit/1.1 (+http://www.facebook.com/externalhit_uatext.php)"
173.252.69.113 - - [21/Jul/2026:17:19:08 +0000] "GET /robots.txt HTTP/2" 200 128 "-" "facebookexternalhit/1.1 (+http://www.facebook.com/externalhit_uatext.php)"
173.252.69.21 - - [21/Jul/2026:17:19:09 +0000] "GET /robots.txt HTTP/2" 200 128 "-" "facebookexternalhit/1.1 (+http://www.facebook.com/externalhit_uatext.php)"
173.252.69.24 - - [21/Jul/2026:17:19:09 +0000] "GET /robots.txt HTTP/2" 200 128 "-" "facebookexternalhit/1.1 (+http://www.facebook.com/externalhit_uatext.php)"
57.141.0.61 - - [21/Jul/2026:17:19:09 +0000] "GET /products/4807941/ HTTP/2" 301 0 "-" "Mozilla/5.0 (Windows NT 10.0; Win64; x64) AppleWebKit/537.36 (KHTML, like Gecko) Chrome/145.0.0.0 Safari/537.36 (compatible; meta-externalagent/1.1 (+https://developers.facebook.com/docs/sharing/webmasters/crawler))"
198.38.94.67 - - [21/Jul/2026:17:19:28 +0000] "POST /wp-cron.php?doing_wp_cron=1784654368.4397540092468261718750 HTTP/1.1" 200 0 "-" "WordPress/7.0.1; https://goldendunesfilmfestival.com"
57.141.0.58 - - [21/Jul/2026:17:19:27 +0000] "GET /products/5605241/ HTTP/2" 404 31912 "-" "Mozilla/5.0 (Macintosh; Intel Mac OS X 10_15_7) AppleWebKit/537.36 (KHTML, like Gecko) Chrome/145.0.0.0 Safari/537.36 (compatible; meta-externalagent/1.1 (+https://developers.facebook.com/docs/sharing/webmasters/crawler))"
198.38.94.67 - - [21/Jul/2026:17:19:31 +0000] "POST /wp-cron.php?doing_wp_cron=1784654371.1053719520568847656250 HTTP/1.1" 200 0 "-" "WordPress/7.0.1; https://goldendunesfilmfestival.com"
57.141.0.34 - - [21/Jul/2026:17:19:30 +0000] "GET /products/3847607/ HTTP/2" 404 31912 "-" "Mozilla/5.0 (Macintosh; Intel Mac OS X 10_15_7) AppleWebKit/537.36 (KHTML, like Gecko) Chrome/145.0.0.0 Safari/537.36 (compatible; meta-externalagent/1.1 (+https://developers.facebook.com/docs/sharing/webmasters/crawler))"
57.141.0.8 - - [21/Jul/2026:17:20:15 +0000] "GET /products/25120352/ HTTP/2" 404 31916 "-" "Mozilla/5.0 (Windows NT 10.0; Win64; x64) AppleWebKit/537.36 (KHTML, like Gecko) Chrome/145.0.0.0 Safari/537.36 (compatible; meta-externalagent/1.1 (+https://developers.facebook.com/docs/sharing/webmasters/crawler))"
57.141.0.27 - - [21/Jul/2026:17:20:17 +0000] "GET /products/2764152/ HTTP/2" 404 31916 "-" "Mozilla/5.0 (Windows NT 10.0; Win64; x64) AppleWebKit/537.36 (KHTML, like Gecko) Chrome/145.0.0.0 Safari/537.36 (compatible; meta-externalagent/1.1 (+https://developers.facebook.com/docs/sharing/webmasters/crawler))"
198.38.94.67 - - [21/Jul/2026:17:20:39 +0000] "POST /wp-cron.php?doing_wp_cron=1784654439.5385088920593261718750 HTTP/1.1" 200 0 "-" "WordPress/7.0.1; https://goldendunesfilmfestival.com"
57.141.0.14 - - [21/Jul/2026:17:20:39 +0000] "GET /products/23927018/ HTTP/2" 404 31914 "-" "Mozilla/5.0 (Windows NT 10.0; Win64; x64) AppleWebKit/537.36 (KHTML, like Gecko) Chrome/145.0.0.0 Safari/537.36 Edg/145.0.0.0 (compatible; meta-externalagent/1.1 (+https://developers.facebook.com/docs/sharing/webmasters/crawler))"
198.38.94.67 - - [21/Jul/2026:17:21:34 +0000] "POST /wp-cron.php?doing_wp_cron=1784654494.8762979507446289062500 HTTP/1.1" 200 0 "-" "WordPress/7.0.1; https://goldendunesfilmfestival.com"
57.141.0.17 - - [21/Jul/2026:17:21:34 +0000] "GET /products/4567941/ HTTP/2" 404 31916 "-" "Mozilla/5.0 (Windows NT 10.0; Win64; x64) AppleWebKit/537.36 (KHTML, like Gecko) Chrome/145.0.0.0 Safari/537.36 (compatible; meta-externalagent/1.1 (+https://developers.facebook.com/docs/sharing/webmasters/crawler))"
57.141.0.39 - - [21/Jul/2026:17:21:46 +0000] "GET /products/23443507/ HTTP/2" 301 0 "-" "Mozilla/5.0 (Windows NT 10.0; Win64; x64) AppleWebKit/537.36 (KHTML, like Gecko) Chrome/145.0.0.0 Safari/537.36 (compatible; meta-externalagent/1.1 (+https://developers.facebook.com/docs/sharing/webmasters/crawler))"
198.38.94.67 - - [21/Jul/2026:17:22:30 +0000] "POST /wp-cron.php?doing_wp_cron=1784654550.8100090026855468750000 HTTP/1.1" 200 0 "-" "WordPress/7.0.1; https://goldendunesfilmfestival.com"
57.141.0.44 - - [21/Jul/2026:17:22:30 +0000] "GET /products/7536941/ HTTP/2" 404 31912 "-" "Mozilla/5.0 (Macintosh; Intel Mac OS X 10_15_7) AppleWebKit/537.36 (KHTML, like Gecko) Chrome/145.0.0.0 Safari/537.36 (compatible; meta-externalagent/1.1 (+https://developers.facebook.com/docs/sharing/webmasters/crawler))"
57.141.0.40 - - [21/Jul/2026:17:22:34 +0000] "GET /products/3932274/ HTTP/2" 301 0 "-" "Mozilla/5.0 (Windows NT 10.0; Win64; x64) AppleWebKit/537.36 (KHTML, like Gecko) Chrome/145.0.0.0 Safari/537.36 (compatible; meta-externalagent/1.1 (+https://developers.facebook.com/docs/sharing/webmasters/crawler))"
57.141.0.44 - - [21/Jul/2026:17:22:40 +0000] "GET /products/19974496/ HTTP/2" 404 31914 "-" "Mozilla/5.0 (Windows NT 10.0; Win64; x64) AppleWebKit/537.36 (KHTML, like Gecko) Chrome/145.0.0.0 Safari/537.36 Edg/145.0.0.0 (compatible; meta-externalagent/1.1 (+https://developers.facebook.com/docs/sharing/webmasters/crawler))"
57.141.0.26 - - [21/Jul/2026:17:22:47 +0000] "GET /products/22235563/ HTTP/2" 404 31912 "-" "Mozilla/5.0 (Macintosh; Intel Mac OS X 10_15_7) AppleWebKit/537.36 (KHTML, like Gecko) Chrome/145.0.0.0 Safari/537.36 (compatible; meta-externalagent/1.1 (+https://developers.facebook.com/docs/sharing/webmasters/crawler))"
57.141.0.18 - - [21/Jul/2026:17:23:20 +0000] "GET /products/7776052/ HTTP/2" 404 31916 "-" "Mozilla/5.0 (Windows NT 10.0; Win64; x64) AppleWebKit/537.36 (KHTML, like Gecko) Chrome/145.0.0.0 Safari/537.36 (compatible; meta-externalagent/1.1 (+https://developers.facebook.com/docs/sharing/webmasters/crawler))"
198.38.94.67 - - [21/Jul/2026:17:23:34 +0000] "POST /wp-cron.php?doing_wp_cron=1784654614.2952499389648437500000 HTTP/1.1" 200 0 "-" "WordPress/7.0.1; https://goldendunesfilmfestival.com"
57.141.0.49 - - [21/Jul/2026:17:23:34 +0000] "GET /products/5014518/ HTTP/2" 404 31916 "-" "Mozilla/5.0 (Windows NT 10.0; Win64; x64) AppleWebKit/537.36 (KHTML, like Gecko) Chrome/145.0.0.0 Safari/537.36 (compatible; meta-externalagent/1.1 (+https://developers.facebook.com/docs/sharing/webmasters/crawler))"
173.252.83.114 - - [21/Jul/2026:17:23:39 +0000] "GET /robots.txt HTTP/2" 301 0 "-" "facebookexternalhit/1.1 (+http://www.facebook.com/externalhit_uatext.php)"
173.252.83.114 - - [21/Jul/2026:17:23:39 +0000] "GET /robots.txt HTTP/2" 200 128 "-" "facebookexternalhit/1.1 (+http://www.facebook.com/externalhit_uatext.php)"
173.252.83.3 - - [21/Jul/2026:17:23:40 +0000] "GET /robots.txt HTTP/2" 301 0 "-" "facebookexternalhit/1.1 (+http://www.facebook.com/externalhit_uatext.php)"
173.252.83.13 - - [21/Jul/2026:17:23:40 +0000] "GET /robots.txt HTTP/2" 301 0 "-" "facebookexternalhit/1.1 (+http://www.facebook.com/externalhit_uatext.php)"
173.252.83.3 - - [21/Jul/2026:17:23:41 +0000] "GET /robots.txt HTTP/2" 200 128 "-" "facebookexternalhit/1.1 (+http://www.facebook.com/externalhit_uatext.php)"
173.252.83.13 - - [21/Jul/2026:17:23:41 +0000] "GET /robots.txt HTTP/2" 200 128 "-" "facebookexternalhit/1.1 (+http://www.facebook.com/externalhit_uatext.php)"
57.141.0.34 - - [21/Jul/2026:17:23:42 +0000] "GET /products/23728685/ HTTP/2" 301 0 "-" "Mozilla/5.0 (Windows NT 10.0; Win64; x64) AppleWebKit/537.36 (KHTML, like Gecko) Chrome/145.0.0.0 Safari/537.36 (compatible; meta-externalagent/1.1 (+https://developers.facebook.com/docs/sharing/webmasters/crawler))"
57.141.0.6 - - [21/Jul/2026:17:23:44 +0000] "GET /products/24567441/ HTTP/2" 404 31912 "-" "Mozilla/5.0 (Macintosh; Intel Mac OS X 10_15_7) AppleWebKit/537.36 (KHTML, like Gecko) Chrome/145.0.0.0 Safari/537.36 (compatible; meta-externalagent/1.1 (+https://developers.facebook.com/docs/sharing/webmasters/crawler))"
57.141.0.44 - - [21/Jul/2026:17:24:07 +0000] "GET /products/19890652/ HTTP/2" 404 31916 "-" "Mozilla/5.0 (Windows NT 10.0; Win64; x64) AppleWebKit/537.36 (KHTML, like Gecko) Chrome/145.0.0.0 Safari/537.36 (compatible; meta-externalagent/1.1 (+https://developers.facebook.com/docs/sharing/webmasters/crawler))"
57.141.0.48 - - [21/Jul/2026:17:24:10 +0000] "GET /products/4083718/ HTTP/2" 404 31916 "-" "Mozilla/5.0 (Windows NT 10.0; Win64; x64) AppleWebKit/537.36 (KHTML, like Gecko) Chrome/145.0.0.0 Safari/537.36 (compatible; meta-externalagent/1.1 (+https://developers.facebook.com/docs/sharing/webmasters/crawler))"
198.38.94.67 - - [21/Jul/2026:17:24:23 +0000] "POST /wp-cron.php?doing_wp_cron=1784654663.7660059928894042968750 HTTP/1.1" 200 0 "-" "WordPress/7.0.1; https://goldendunesfilmfestival.com"
57.141.0.71 - - [21/Jul/2026:17:24:23 +0000] "GET /products/4164396/ HTTP/2" 404 31912 "-" "Mozilla/5.0 (Macintosh; Intel Mac OS X 10_15_7) AppleWebKit/537.36 (KHTML, like Gecko) Chrome/145.0.0.0 Safari/537.36 (compatible; meta-externalagent/1.1 (+https://developers.facebook.com/docs/sharing/webmasters/crawler))"
57.141.0.4 - - [21/Jul/2026:17:24:33 +0000] "GET /products/23893630/ HTTP/2" 404 31916 "-" "Mozilla/5.0 (Windows NT 10.0; Win64; x64) AppleWebKit/537.36 (KHTML, like Gecko) Chrome/145.0.0.0 Safari/537.36 (compatible; meta-externalagent/1.1 (+https://developers.facebook.com/docs/sharing/webmasters/crawler))"
57.141.0.12 - - [21/Jul/2026:17:25:08 +0000] "GET /products/23964841/ HTTP/2" 404 31916 "-" "Mozilla/5.0 (Windows NT 10.0; Win64; x64) AppleWebKit/537.36 (KHTML, like Gecko) Chrome/145.0.0.0 Safari/537.36 (compatible; meta-externalagent/1.1 (+https://developers.facebook.com/docs/sharing/webmasters/crawler))"
57.141.0.47 - - [21/Jul/2026:17:25:09 +0000] "GET /products/23446418/ HTTP/2" 301 0 "-" "Mozilla/5.0 (Windows NT 10.0; Win64; x64) AppleWebKit/537.36 (KHTML, like Gecko) Chrome/145.0.0.0 Safari/537.36 (compatible; meta-externalagent/1.1 (+https://developers.facebook.com/docs/sharing/webmasters/crawler))"
198.38.94.67 - - [21/Jul/2026:17:25:24 +0000] "POST /wp-cron.php?doing_wp_cron=1784654724.1635539531707763671875 HTTP/1.1" 200 0 "-" "WordPress/7.0.1; https://goldendunesfilmfestival.com"
