216.73.217.71 - - [21/Jul/2026:14:49:37 +0000] "GET /wp-content/themes/mirel/css/main.css?ver=7.0.1 HTTP/2" 200 40130 "https://goldendunesfilmfestival.com/9949-2/" "Mozilla/5.0 (Linux; Android 14; Pixel 8) AppleWebKit/537.36 (KHTML, like Gecko) Chrome/131.0.0.0 Mobile Safari/537.36; ClaudeBot/1.0; +claudebot@anthropic.com)"
216.73.217.71 - - [21/Jul/2026:14:49:37 +0000] "GET /wp-content/plugins/pt-mirel-addons/assets/css/fontawesome.min.css?ver=7.0.1 HTTP/2" 200 11591 "https://goldendunesfilmfestival.com/9949-2/" "Mozilla/5.0 (Linux; Android 14; Pixel 8) AppleWebKit/537.36 (KHTML, like Gecko) Chrome/131.0.0.0 Mobile Safari/537.36; ClaudeBot/1.0; +claudebot@anthropic.com)"
216.73.217.71 - - [21/Jul/2026:14:49:37 +0000] "GET /wp-content/plugins/pt-mirel-addons/assets/css/pt-addons.css?ver=7.0.1 HTTP/2" 200 36649 "https://goldendunesfilmfestival.com/9949-2/" "Mozilla/5.0 (Linux; Android 14; Pixel 8) AppleWebKit/537.36 (KHTML, like Gecko) Chrome/131.0.0.0 Mobile Safari/537.36; ClaudeBot/1.0; +claudebot@anthropic.com)"
57.141.0.62 - - [21/Jul/2026:14:49:36 +0000] "GET /products/2886907/ HTTP/2" 404 31916 "-" "Mozilla/5.0 (Windows NT 10.0; Win64; x64) AppleWebKit/537.36 (KHTML, like Gecko) Chrome/145.0.0.0 Safari/537.36 (compatible; meta-externalagent/1.1 (+https://developers.facebook.com/docs/sharing/webmasters/crawler))"
216.73.217.71 - - [21/Jul/2026:14:49:37 +0000] "GET /wp-includes/js/jquery/jquery.min.js?ver=3.7.1 HTTP/2" 200 29744 "https://goldendunesfilmfestival.com/9949-2/" "Mozilla/5.0 (Linux; Android 14; Pixel 8) AppleWebKit/537.36 (KHTML, like Gecko) Chrome/131.0.0.0 Mobile Safari/537.36; ClaudeBot/1.0; +claudebot@anthropic.com)"
216.73.217.71 - - [21/Jul/2026:14:49:37 +0000] "GET /wp-content/plugins/pt-mirel-addons/assets/js/gsap.min.js?ver=3.4.2 HTTP/2" 200 23344 "https://goldendunesfilmfestival.com/9949-2/" "Mozilla/5.0 (Linux; Android 14; Pixel 8) AppleWebKit/537.36 (KHTML, like Gecko) Chrome/131.0.0.0 Mobile Safari/537.36; ClaudeBot/1.0; +claudebot@anthropic.com)"
216.73.217.71 - - [21/Jul/2026:14:49:37 +0000] "GET /wp-content/plugins/pt-mirel-addons/include/popup/script.js?ver=1.0.0 HTTP/2" 200 3595 "https://goldendunesfilmfestival.com/9949-2/" "Mozilla/5.0 (Linux; Android 14; Pixel 8) AppleWebKit/537.36 (KHTML, like Gecko) Chrome/131.0.0.0 Mobile Safari/537.36; ClaudeBot/1.0; +claudebot@anthropic.com)"
216.73.217.71 - - [21/Jul/2026:14:49:37 +0000] "GET /wp-content/themes/mirel-child/script.js?ver=7.0.1 HTTP/2" 200 0 "https://goldendunesfilmfestival.com/9949-2/" "Mozilla/5.0 (Linux; Android 14; Pixel 8) AppleWebKit/537.36 (KHTML, like Gecko) Chrome/131.0.0.0 Mobile Safari/537.36; ClaudeBot/1.0; +claudebot@anthropic.com)"
216.73.217.71 - - [21/Jul/2026:14:49:37 +0000] "GET /wp-includes/js/jquery/jquery-migrate.min.js?ver=3.4.1 HTTP/2" 200 4678 "https://goldendunesfilmfestival.com/9949-2/" "Mozilla/5.0 (Linux; Android 14; Pixel 8) AppleWebKit/537.36 (KHTML, like Gecko) Chrome/131.0.0.0 Mobile Safari/537.36; ClaudeBot/1.0; +claudebot@anthropic.com)"
216.73.217.71 - - [21/Jul/2026:14:49:37 +0000] "GET /wp-content/plugins/pt-mirel-addons/assets/js/zilla-likes.js?ver=7.0.1 HTTP/2" 200 328 "https://goldendunesfilmfestival.com/9949-2/" "Mozilla/5.0 (Linux; Android 14; Pixel 8) AppleWebKit/537.36 (KHTML, like Gecko) Chrome/131.0.0.0 Mobile Safari/537.36; ClaudeBot/1.0; +claudebot@anthropic.com)"
216.73.217.71 - - [21/Jul/2026:14:49:37 +0000] "GET /wp-includes/js/dist/hooks.min.js?ver=7496969728ca0f95732d HTTP/2" 200 1734 "https://goldendunesfilmfestival.com/9949-2/" "Mozilla/5.0 (Linux; Android 14; Pixel 8) AppleWebKit/537.36 (KHTML, like Gecko) Chrome/131.0.0.0 Mobile Safari/537.36; ClaudeBot/1.0; +claudebot@anthropic.com)"
216.73.217.71 - - [21/Jul/2026:14:49:37 +0000] "GET /wp-includes/js/dist/i18n.min.js?ver=781d11515ad3d91786ec HTTP/2" 200 2354 "https://goldendunesfilmfestival.com/9949-2/" "Mozilla/5.0 (Linux; Android 14; Pixel 8) AppleWebKit/537.36 (KHTML, like Gecko) Chrome/131.0.0.0 Mobile Safari/537.36; ClaudeBot/1.0; +claudebot@anthropic.com)"
216.73.217.71 - - [21/Jul/2026:14:49:37 +0000] "GET /wp-content/plugins/contact-form-7/includes/swv/js/index.js?ver=6.1.5 HTTP/2" 200 3369 "https://goldendunesfilmfestival.com/9949-2/" "Mozilla/5.0 (Linux; Android 14; Pixel 8) AppleWebKit/537.36 (KHTML, like Gecko) Chrome/131.0.0.0 Mobile Safari/537.36; ClaudeBot/1.0; +claudebot@anthropic.com)"
216.73.217.71 - - [21/Jul/2026:14:49:37 +0000] "GET /wp-content/plugins/contact-form-7/includes/js/index.js?ver=6.1.5 HTTP/2" 200 4008 "https://goldendunesfilmfestival.com/9949-2/" "Mozilla/5.0 (Linux; Android 14; Pixel 8) AppleWebKit/537.36 (KHTML, like Gecko) Chrome/131.0.0.0 Mobile Safari/537.36; ClaudeBot/1.0; +claudebot@anthropic.com)"
216.73.217.71 - - [21/Jul/2026:14:49:37 +0000] "GET /wp-content/plugins/pt-mirel-addons/assets/js/isotope.pkgd.min.js?ver=3.0.6 HTTP/2" 200 9603 "https://goldendunesfilmfestival.com/9949-2/" "Mozilla/5.0 (Linux; Android 14; Pixel 8) AppleWebKit/537.36 (KHTML, like Gecko) Chrome/131.0.0.0 Mobile Safari/537.36; ClaudeBot/1.0; +claudebot@anthropic.com)"
216.73.217.71 - - [21/Jul/2026:14:49:37 +0000] "GET /wp-content/themes/mirel/js/scripts.js HTTP/2" 200 3485 "https://goldendunesfilmfestival.com/9949-2/" "Mozilla/5.0 (Linux; Android 14; Pixel 8) AppleWebKit/537.36 (KHTML, like Gecko) Chrome/131.0.0.0 Mobile Safari/537.36; ClaudeBot/1.0; +claudebot@anthropic.com)"
216.73.217.71 - - [21/Jul/2026:14:49:37 +0000] "GET /wp-content/plugins/pt-mirel-addons/assets/js/split-type.min.js?ver=0.2.5 HTTP/2" 200 2745 "https://goldendunesfilmfestival.com/9949-2/" "Mozilla/5.0 (Linux; Android 14; Pixel 8) AppleWebKit/537.36 (KHTML, like Gecko) Chrome/131.0.0.0 Mobile Safari/537.36; ClaudeBot/1.0; +claudebot@anthropic.com)"
216.73.217.71 - - [21/Jul/2026:14:49:37 +0000] "GET /wp-content/plugins/pt-mirel-addons/assets/js/custom-cursor.js?ver=0.0.1 HTTP/2" 200 737 "https://goldendunesfilmfestival.com/9949-2/" "Mozilla/5.0 (Linux; Android 14; Pixel 8) AppleWebKit/537.36 (KHTML, like Gecko) Chrome/131.0.0.0 Mobile Safari/537.36; ClaudeBot/1.0; +claudebot@anthropic.com)"
216.73.217.71 - - [21/Jul/2026:14:49:37 +0000] "GET /wp-content/plugins/pt-mirel-addons/assets/js/pt-scripts.js?ver=1.0.0 HTTP/2" 200 4639 "https://goldendunesfilmfestival.com/9949-2/" "Mozilla/5.0 (Linux; Android 14; Pixel 8) AppleWebKit/537.36 (KHTML, like Gecko) Chrome/131.0.0.0 Mobile Safari/537.36; ClaudeBot/1.0; +claudebot@anthropic.com)"
216.73.217.71 - - [21/Jul/2026:14:49:37 +0000] "GET /wp-content/plugins/pt-mirel-addons/assets/js/swiper.min.js?ver=7.0.5 HTTP/2" 200 36065 "https://goldendunesfilmfestival.com/9949-2/" "Mozilla/5.0 (Linux; Android 14; Pixel 8) AppleWebKit/537.36 (KHTML, like Gecko) Chrome/131.0.0.0 Mobile Safari/537.36; ClaudeBot/1.0; +claudebot@anthropic.com)"
216.73.217.71 - - [21/Jul/2026:14:49:38 +0000] "GET /wp-content/themes/mirel/fonts/mirel-icon.ttf?4izm6b HTTP/2" 200 12111 "https://goldendunesfilmfestival.com/wp-content/themes/mirel/css/mirel-icons.css?ver=7.0.1" "Mozilla/5.0 (Linux; Android 14; Pixel 8) AppleWebKit/537.36 (KHTML, like Gecko) Chrome/131.0.0.0 Mobile Safari/537.36; ClaudeBot/1.0; +claudebot@anthropic.com)"
216.73.217.71 - - [21/Jul/2026:14:49:38 +0000] "GET /wp-includes/js/wp-emoji-release.min.js?ver=7.0.1 HTTP/2" 200 4974 "https://goldendunesfilmfestival.com/9949-2/" "Mozilla/5.0 (Linux; Android 14; Pixel 8) AppleWebKit/537.36 (KHTML, like Gecko) Chrome/131.0.0.0 Mobile Safari/537.36; ClaudeBot/1.0; +claudebot@anthropic.com)"
57.141.0.10 - - [21/Jul/2026:14:49:37 +0000] "GET /products/25555241/ HTTP/2" 404 31916 "-" "Mozilla/5.0 (Windows NT 10.0; Win64; x64) AppleWebKit/537.36 (KHTML, like Gecko) Chrome/145.0.0.0 Safari/537.36 (compatible; meta-externalagent/1.1 (+https://developers.facebook.com/docs/sharing/webmasters/crawler))"
57.141.0.39 - - [21/Jul/2026:14:49:44 +0000] "GET /products/14433596/ HTTP/2" 404 31916 "-" "Mozilla/5.0 (Windows NT 10.0; Win64; x64) AppleWebKit/537.36 (KHTML, like Gecko) Chrome/145.0.0.0 Safari/537.36 (compatible; meta-externalagent/1.1 (+https://developers.facebook.com/docs/sharing/webmasters/crawler))"
57.141.0.3 - - [21/Jul/2026:14:49:50 +0000] "GET /products/23622541/ HTTP/2" 404 31916 "-" "Mozilla/5.0 (Windows NT 10.0; Win64; x64) AppleWebKit/537.36 (KHTML, like Gecko) Chrome/145.0.0.0 Safari/537.36 (compatible; meta-externalagent/1.1 (+https://developers.facebook.com/docs/sharing/webmasters/crawler))"
57.141.0.40 - - [21/Jul/2026:14:49:57 +0000] "GET /products/25190196/ HTTP/2" 404 31912 "-" "Mozilla/5.0 (Macintosh; Intel Mac OS X 10_15_7) AppleWebKit/537.36 (KHTML, like Gecko) Chrome/145.0.0.0 Safari/537.36 (compatible; meta-externalagent/1.1 (+https://developers.facebook.com/docs/sharing/webmasters/crawler))"
57.141.0.25 - - [21/Jul/2026:14:50:08 +0000] "GET /products/15615685/ HTTP/2" 404 31916 "-" "Mozilla/5.0 (Windows NT 10.0; Win64; x64) AppleWebKit/537.36 (KHTML, like Gecko) Chrome/145.0.0.0 Safari/537.36 (compatible; meta-externalagent/1.1 (+https://developers.facebook.com/docs/sharing/webmasters/crawler))"
216.73.216.206 - - [21/Jul/2026:14:50:15 +0000] "GET /robots.txt HTTP/1.1" 200 128 "-" "Mozilla/5.0 (Macintosh; Intel Mac OS X 10_15_7) AppleWebKit/537.36 (KHTML, like Gecko) Chrome/131.0.0.0 Safari/537.36; ClaudeBot/1.0; +claudebot@anthropic.com)"
216.73.216.206 - - [21/Jul/2026:14:50:16 +0000] "GET /9868-2/ HTTP/2" 404 7089 "-" "Mozilla/5.0 (Linux; Android 14; Pixel 8) AppleWebKit/537.36 (KHTML, like Gecko) Chrome/131.0.0.0 Mobile Safari/537.36; ClaudeBot/1.0; +claudebot@anthropic.com)"
57.141.0.22 - - [21/Jul/2026:14:50:16 +0000] "GET /products/16993574/ HTTP/2" 404 31912 "-" "Mozilla/5.0 (Macintosh; Intel Mac OS X 10_15_7) AppleWebKit/537.36 (KHTML, like Gecko) Chrome/145.0.0.0 Safari/537.36 (compatible; meta-externalagent/1.1 (+https://developers.facebook.com/docs/sharing/webmasters/crawler))"
216.73.216.206 - - [21/Jul/2026:14:50:16 +0000] "GET /wp-includes/css/dist/block-library/style.min.css?ver=7.0.1 HTTP/2" 200 16250 "https://goldendunesfilmfestival.com/9868-2/" "Mozilla/5.0 (Linux; Android 14; Pixel 8) AppleWebKit/537.36 (KHTML, like Gecko) Chrome/131.0.0.0 Mobile Safari/537.36; ClaudeBot/1.0; +claudebot@anthropic.com)"
216.73.216.206 - - [21/Jul/2026:14:50:16 +0000] "GET /wp-content/plugins/contact-form-7/includes/css/styles.css?ver=6.1.5 HTTP/2" 200 899 "https://goldendunesfilmfestival.com/9868-2/" "Mozilla/5.0 (Linux; Android 14; Pixel 8) AppleWebKit/537.36 (KHTML, like Gecko) Chrome/131.0.0.0 Mobile Safari/537.36; ClaudeBot/1.0; +claudebot@anthropic.com)"
216.73.216.206 - - [21/Jul/2026:14:50:16 +0000] "GET /wp-content/themes/mirel/css/custom.css?ver=7.0.1 HTTP/2" 200 0 "https://goldendunesfilmfestival.com/9868-2/" "Mozilla/5.0 (Linux; Android 14; Pixel 8) AppleWebKit/537.36 (KHTML, like Gecko) Chrome/131.0.0.0 Mobile Safari/537.36; ClaudeBot/1.0; +claudebot@anthropic.com)"
216.73.216.206 - - [21/Jul/2026:14:50:16 +0000] "GET /wp-content/plugins/pt-mirel-addons/include/popup/style.css?ver=1.0.0 HTTP/2" 200 2001 "https://goldendunesfilmfestival.com/9868-2/" "Mozilla/5.0 (Linux; Android 14; Pixel 8) AppleWebKit/537.36 (KHTML, like Gecko) Chrome/131.0.0.0 Mobile Safari/537.36; ClaudeBot/1.0; +claudebot@anthropic.com)"
216.73.216.206 - - [21/Jul/2026:14:50:16 +0000] "GET /wp-content/themes/mirel/css/iconfont.css?ver=7.0.1 HTTP/2" 200 6227 "https://goldendunesfilmfestival.com/9868-2/" "Mozilla/5.0 (Linux; Android 14; Pixel 8) AppleWebKit/537.36 (KHTML, like Gecko) Chrome/131.0.0.0 Mobile Safari/537.36; ClaudeBot/1.0; +claudebot@anthropic.com)"
216.73.216.206 - - [21/Jul/2026:14:50:17 +0000] "GET /wp-content/themes/mirel/css/mirel-icons.css?ver=7.0.1 HTTP/2" 200 767 "https://goldendunesfilmfestival.com/9868-2/" "Mozilla/5.0 (Linux; Android 14; Pixel 8) AppleWebKit/537.36 (KHTML, like Gecko) Chrome/131.0.0.0 Mobile Safari/537.36; ClaudeBot/1.0; +claudebot@anthropic.com)"
216.73.216.206 - - [21/Jul/2026:14:50:17 +0000] "GET /wp-content/themes/mirel-child/style.css?ver=7.0.1 HTTP/2" 200 3307 "https://goldendunesfilmfestival.com/9868-2/" "Mozilla/5.0 (Linux; Android 14; Pixel 8) AppleWebKit/537.36 (KHTML, like Gecko) Chrome/131.0.0.0 Mobile Safari/537.36; ClaudeBot/1.0; +claudebot@anthropic.com)"
216.73.216.206 - - [21/Jul/2026:14:50:17 +0000] "GET /wp-content/plugins/elementor/assets/lib/swiper/v8/css/swiper.min.css?ver=8.4.5 HTTP/2" 200 4248 "https://goldendunesfilmfestival.com/9868-2/" "Mozilla/5.0 (Linux; Android 14; Pixel 8) AppleWebKit/537.36 (KHTML, like Gecko) Chrome/131.0.0.0 Mobile Safari/537.36; ClaudeBot/1.0; +claudebot@anthropic.com)"
216.73.216.206 - - [21/Jul/2026:14:50:17 +0000] "GET /wp-content/themes/mirel/css/main.css?ver=7.0.1 HTTP/2" 200 40130 "https://goldendunesfilmfestival.com/9868-2/" "Mozilla/5.0 (Linux; Android 14; Pixel 8) AppleWebKit/537.36 (KHTML, like Gecko) Chrome/131.0.0.0 Mobile Safari/537.36; ClaudeBot/1.0; +claudebot@anthropic.com)"
216.73.216.206 - - [21/Jul/2026:14:50:17 +0000] "GET /wp-content/plugins/pt-mirel-addons/assets/css/fontawesome.min.css?ver=7.0.1 HTTP/2" 200 11591 "https://goldendunesfilmfestival.com/9868-2/" "Mozilla/5.0 (Linux; Android 14; Pixel 8) AppleWebKit/537.36 (KHTML, like Gecko) Chrome/131.0.0.0 Mobile Safari/537.36; ClaudeBot/1.0; +claudebot@anthropic.com)"
216.73.216.206 - - [21/Jul/2026:14:50:17 +0000] "GET /wp-content/themes/mirel-child/script.js?ver=7.0.1 HTTP/2" 200 0 "https://goldendunesfilmfestival.com/9868-2/" "Mozilla/5.0 (Linux; Android 14; Pixel 8) AppleWebKit/537.36 (KHTML, like Gecko) Chrome/131.0.0.0 Mobile Safari/537.36; ClaudeBot/1.0; +claudebot@anthropic.com)"
216.73.216.206 - - [21/Jul/2026:14:50:17 +0000] "GET /wp-content/plugins/pt-mirel-addons/assets/css/pt-addons.css?ver=7.0.1 HTTP/2" 200 36649 "https://goldendunesfilmfestival.com/9868-2/" "Mozilla/5.0 (Linux; Android 14; Pixel 8) AppleWebKit/537.36 (KHTML, like Gecko) Chrome/131.0.0.0 Mobile Safari/537.36; ClaudeBot/1.0; +claudebot@anthropic.com)"
216.73.216.206 - - [21/Jul/2026:14:50:17 +0000] "GET /wp-includes/js/jquery/jquery.min.js?ver=3.7.1 HTTP/2" 200 29744 "https://goldendunesfilmfestival.com/9868-2/" "Mozilla/5.0 (Linux; Android 14; Pixel 8) AppleWebKit/537.36 (KHTML, like Gecko) Chrome/131.0.0.0 Mobile Safari/537.36; ClaudeBot/1.0; +claudebot@anthropic.com)"
216.73.216.206 - - [21/Jul/2026:14:50:17 +0000] "GET /wp-includes/js/jquery/jquery-migrate.min.js?ver=3.4.1 HTTP/2" 200 4678 "https://goldendunesfilmfestival.com/9868-2/" "Mozilla/5.0 (Linux; Android 14; Pixel 8) AppleWebKit/537.36 (KHTML, like Gecko) Chrome/131.0.0.0 Mobile Safari/537.36; ClaudeBot/1.0; +claudebot@anthropic.com)"
216.73.216.206 - - [21/Jul/2026:14:50:17 +0000] "GET /wp-content/plugins/pt-mirel-addons/assets/js/zilla-likes.js?ver=7.0.1 HTTP/2" 200 328 "https://goldendunesfilmfestival.com/9868-2/" "Mozilla/5.0 (Linux; Android 14; Pixel 8) AppleWebKit/537.36 (KHTML, like Gecko) Chrome/131.0.0.0 Mobile Safari/537.36; ClaudeBot/1.0; +claudebot@anthropic.com)"
216.73.216.206 - - [21/Jul/2026:14:50:17 +0000] "GET /wp-includes/js/dist/hooks.min.js?ver=7496969728ca0f95732d HTTP/2" 200 1734 "https://goldendunesfilmfestival.com/9868-2/" "Mozilla/5.0 (Linux; Android 14; Pixel 8) AppleWebKit/537.36 (KHTML, like Gecko) Chrome/131.0.0.0 Mobile Safari/537.36; ClaudeBot/1.0; +claudebot@anthropic.com)"
216.73.216.206 - - [21/Jul/2026:14:50:17 +0000] "GET /wp-includes/js/dist/i18n.min.js?ver=781d11515ad3d91786ec HTTP/2" 200 2354 "https://goldendunesfilmfestival.com/9868-2/" "Mozilla/5.0 (Linux; Android 14; Pixel 8) AppleWebKit/537.36 (KHTML, like Gecko) Chrome/131.0.0.0 Mobile Safari/537.36; ClaudeBot/1.0; +claudebot@anthropic.com)"
216.73.216.206 - - [21/Jul/2026:14:50:17 +0000] "GET /wp-content/plugins/contact-form-7/includes/swv/js/index.js?ver=6.1.5 HTTP/2" 200 3369 "https://goldendunesfilmfestival.com/9868-2/" "Mozilla/5.0 (Linux; Android 14; Pixel 8) AppleWebKit/537.36 (KHTML, like Gecko) Chrome/131.0.0.0 Mobile Safari/537.36; ClaudeBot/1.0; +claudebot@anthropic.com)"
216.73.216.206 - - [21/Jul/2026:14:50:17 +0000] "GET /wp-content/plugins/contact-form-7/includes/js/index.js?ver=6.1.5 HTTP/2" 200 4008 "https://goldendunesfilmfestival.com/9868-2/" "Mozilla/5.0 (Linux; Android 14; Pixel 8) AppleWebKit/537.36 (KHTML, like Gecko) Chrome/131.0.0.0 Mobile Safari/537.36; ClaudeBot/1.0; +claudebot@anthropic.com)"
216.73.216.206 - - [21/Jul/2026:14:50:17 +0000] "GET /wp-content/plugins/pt-mirel-addons/assets/js/gsap.min.js?ver=3.4.2 HTTP/2" 200 23344 "https://goldendunesfilmfestival.com/9868-2/" "Mozilla/5.0 (Linux; Android 14; Pixel 8) AppleWebKit/537.36 (KHTML, like Gecko) Chrome/131.0.0.0 Mobile Safari/537.36; ClaudeBot/1.0; +claudebot@anthropic.com)"
216.73.216.206 - - [21/Jul/2026:14:50:17 +0000] "GET /wp-content/plugins/pt-mirel-addons/include/popup/script.js?ver=1.0.0 HTTP/2" 200 3595 "https://goldendunesfilmfestival.com/9868-2/" "Mozilla/5.0 (Linux; Android 14; Pixel 8) AppleWebKit/537.36 (KHTML, like Gecko) Chrome/131.0.0.0 Mobile Safari/537.36; ClaudeBot/1.0; +claudebot@anthropic.com)"
216.73.216.206 - - [21/Jul/2026:14:50:17 +0000] "GET /wp-content/plugins/pt-mirel-addons/assets/js/swiper.min.js?ver=7.0.5 HTTP/2" 200 36065 "https://goldendunesfilmfestival.com/9868-2/" "Mozilla/5.0 (Linux; Android 14; Pixel 8) AppleWebKit/537.36 (KHTML, like Gecko) Chrome/131.0.0.0 Mobile Safari/537.36; ClaudeBot/1.0; +claudebot@anthropic.com)"
216.73.216.206 - - [21/Jul/2026:14:50:17 +0000] "GET /wp-content/plugins/pt-mirel-addons/assets/js/isotope.pkgd.min.js?ver=3.0.6 HTTP/2" 200 9603 "https://goldendunesfilmfestival.com/9868-2/" "Mozilla/5.0 (Linux; Android 14; Pixel 8) AppleWebKit/537.36 (KHTML, like Gecko) Chrome/131.0.0.0 Mobile Safari/537.36; ClaudeBot/1.0; +claudebot@anthropic.com)"
216.73.216.206 - - [21/Jul/2026:14:50:17 +0000] "GET /wp-content/themes/mirel/js/scripts.js HTTP/2" 200 3485 "https://goldendunesfilmfestival.com/9868-2/" "Mozilla/5.0 (Linux; Android 14; Pixel 8) AppleWebKit/537.36 (KHTML, like Gecko) Chrome/131.0.0.0 Mobile Safari/537.36; ClaudeBot/1.0; +claudebot@anthropic.com)"
216.73.216.206 - - [21/Jul/2026:14:50:17 +0000] "GET /wp-content/plugins/pt-mirel-addons/assets/js/split-type.min.js?ver=0.2.5 HTTP/2" 200 2745 "https://goldendunesfilmfestival.com/9868-2/" "Mozilla/5.0 (Linux; Android 14; Pixel 8) AppleWebKit/537.36 (KHTML, like Gecko) Chrome/131.0.0.0 Mobile Safari/537.36; ClaudeBot/1.0; +claudebot@anthropic.com)"
216.73.216.206 - - [21/Jul/2026:14:50:17 +0000] "GET /wp-content/plugins/pt-mirel-addons/assets/js/custom-cursor.js?ver=0.0.1 HTTP/2" 200 737 "https://goldendunesfilmfestival.com/9868-2/" "Mozilla/5.0 (Linux; Android 14; Pixel 8) AppleWebKit/537.36 (KHTML, like Gecko) Chrome/131.0.0.0 Mobile Safari/537.36; ClaudeBot/1.0; +claudebot@anthropic.com)"
216.73.216.206 - - [21/Jul/2026:14:50:17 +0000] "GET /wp-content/plugins/pt-mirel-addons/assets/js/pt-scripts.js?ver=1.0.0 HTTP/2" 200 4639 "https://goldendunesfilmfestival.com/9868-2/" "Mozilla/5.0 (Linux; Android 14; Pixel 8) AppleWebKit/537.36 (KHTML, like Gecko) Chrome/131.0.0.0 Mobile Safari/537.36; ClaudeBot/1.0; +claudebot@anthropic.com)"
216.73.216.206 - - [21/Jul/2026:14:50:17 +0000] "GET /wp-content/themes/mirel/fonts/mirel-icon.ttf?4izm6b HTTP/2" 200 12111 "https://goldendunesfilmfestival.com/wp-content/themes/mirel/css/mirel-icons.css?ver=7.0.1" "Mozilla/5.0 (Linux; Android 14; Pixel 8) AppleWebKit/537.36 (KHTML, like Gecko) Chrome/131.0.0.0 Mobile Safari/537.36; ClaudeBot/1.0; +claudebot@anthropic.com)"
216.73.216.206 - - [21/Jul/2026:14:50:17 +0000] "GET /wp-includes/js/wp-emoji-release.min.js?ver=7.0.1 HTTP/2" 200 4974 "https://goldendunesfilmfestival.com/9868-2/" "Mozilla/5.0 (Linux; Android 14; Pixel 8) AppleWebKit/537.36 (KHTML, like Gecko) Chrome/131.0.0.0 Mobile Safari/537.36; ClaudeBot/1.0; +claudebot@anthropic.com)"
198.38.94.67 - - [21/Jul/2026:14:50:23 +0000] "POST /wp-cron.php?doing_wp_cron=1784645423.3736770153045654296875 HTTP/1.1" 200 0 "-" "WordPress/7.0.1; https://goldendunesfilmfestival.com"
57.141.0.7 - - [21/Jul/2026:14:50:23 +0000] "GET /products/4736729/ HTTP/2" 404 31912 "-" "Mozilla/5.0 (Macintosh; Intel Mac OS X 10_15_7) AppleWebKit/537.36 (KHTML, like Gecko) Chrome/145.0.0.0 Safari/537.36 (compatible; meta-externalagent/1.1 (+https://developers.facebook.com/docs/sharing/webmasters/crawler))"
57.141.0.58 - - [21/Jul/2026:14:50:25 +0000] "GET /products/3035318/ HTTP/2" 404 31916 "-" "Mozilla/5.0 (Windows NT 10.0; Win64; x64) AppleWebKit/537.36 (KHTML, like Gecko) Chrome/145.0.0.0 Safari/537.36 (compatible; meta-externalagent/1.1 (+https://developers.facebook.com/docs/sharing/webmasters/crawler))"
57.141.0.47 - - [21/Jul/2026:14:50:39 +0000] "GET /products/24098941/ HTTP/2" 404 31916 "-" "Mozilla/5.0 (Windows NT 10.0; Win64; x64) AppleWebKit/537.36 (KHTML, like Gecko) Chrome/145.0.0.0 Safari/537.36 (compatible; meta-externalagent/1.1 (+https://developers.facebook.com/docs/sharing/webmasters/crawler))"
57.141.0.25 - - [21/Jul/2026:14:50:44 +0000] "GET /products/14765463/ HTTP/2" 404 31914 "-" "Mozilla/5.0 (X11; Linux x86_64) AppleWebKit/537.36 (KHTML, like Gecko) Chrome/145.0.0.0 Safari/537.36 (compatible; meta-externalagent/1.1 (+https://developers.facebook.com/docs/sharing/webmasters/crawler))"
57.141.0.5 - - [21/Jul/2026:14:50:51 +0000] "GET /products/2519718/ HTTP/2" 404 31914 "-" "Mozilla/5.0 (X11; Linux x86_64) AppleWebKit/537.36 (KHTML, like Gecko) Chrome/145.0.0.0 Safari/537.36 (compatible; meta-externalagent/1.1 (+https://developers.facebook.com/docs/sharing/webmasters/crawler))"
57.141.0.17 - - [21/Jul/2026:14:50:58 +0000] "GET /products/23474130/ HTTP/2" 404 31912 "-" "Mozilla/5.0 (Macintosh; Intel Mac OS X 10_15_7) AppleWebKit/537.36 (KHTML, like Gecko) Chrome/145.0.0.0 Safari/537.36 (compatible; meta-externalagent/1.1 (+https://developers.facebook.com/docs/sharing/webmasters/crawler))"
57.141.0.42 - - [21/Jul/2026:14:51:04 +0000] "GET /products/4393341/ HTTP/2" 404 31916 "-" "Mozilla/5.0 (Windows NT 10.0; Win64; x64) AppleWebKit/537.36 (KHTML, like Gecko) Chrome/145.0.0.0 Safari/537.36 (compatible; meta-externalagent/1.1 (+https://developers.facebook.com/docs/sharing/webmasters/crawler))"
57.141.0.25 - - [21/Jul/2026:14:51:06 +0000] "GET /products/6021818/ HTTP/2" 404 31912 "-" "Mozilla/5.0 (Macintosh; Intel Mac OS X 10_15_7) AppleWebKit/537.36 (KHTML, like Gecko) Chrome/145.0.0.0 Safari/537.36 (compatible; meta-externalagent/1.1 (+https://developers.facebook.com/docs/sharing/webmasters/crawler))"
57.141.0.69 - - [21/Jul/2026:14:51:14 +0000] "GET /products/25243418/ HTTP/2" 404 31912 "-" "Mozilla/5.0 (Macintosh; Intel Mac OS X 10_15_7) AppleWebKit/537.36 (KHTML, like Gecko) Chrome/145.0.0.0 Safari/537.36 (compatible; meta-externalagent/1.1 (+https://developers.facebook.com/docs/sharing/webmasters/crawler))"
57.141.0.13 - - [21/Jul/2026:14:51:16 +0000] "GET /products/23220963/ HTTP/2" 404 31916 "-" "Mozilla/5.0 (Windows NT 10.0; Win64; x64) AppleWebKit/537.36 (KHTML, like Gecko) Chrome/145.0.0.0 Safari/537.36 (compatible; meta-externalagent/1.1 (+https://developers.facebook.com/docs/sharing/webmasters/crawler))"
51.195.39.149 - - [21/Jul/2026:14:51:22 +0000] "POST /?rest_route=/batch/v1 HTTP/2" 403 19352 "-" "Mozilla/5.0 (Windows NT 10.0; Win64; x64) AppleWebKit/537.36 (KHTML, like Gecko) Chrome/149.0.0.0 Safari/537.36"
51.195.39.149 - - [21/Jul/2026:14:51:22 +0000] "POST /?rest_route=/batch/v1 HTTP/2" 403 19352 "-" "Mozilla/5.0 (Windows NT 10.0; Win64; x64) AppleWebKit/537.36 (KHTML, like Gecko) Chrome/149.0.0.0 Safari/537.36"
51.195.39.149 - - [21/Jul/2026:14:51:23 +0000] "POST /?rest_route=/batch/v1 HTTP/2" 403 19352 "-" "Mozilla/5.0 (Macintosh; Intel Mac OS X 10.15; rv:150.0) Gecko/20100101 Firefox/150.0"
51.195.39.149 - - [21/Jul/2026:14:51:23 +0000] "POST /?rest_route=/batch/v1 HTTP/2" 403 19352 "-" "Mozilla/5.0 (Macintosh; Intel Mac OS X 10.15; rv:150.0) Gecko/20100101 Firefox/150.0"
51.195.39.149 - - [21/Jul/2026:14:51:24 +0000] "POST /?rest_route=/batch/v1 HTTP/2" 403 19352 "-" "Mozilla/5.0 (X11; Linux x86_64; rv:150.0) Gecko/20100101 Firefox/150.0"
51.195.39.149 - - [21/Jul/2026:14:51:24 +0000] "POST /?rest_route=/batch/v1 HTTP/2" 403 19352 "-" "Mozilla/5.0 (Windows NT 10.0; Win64; x64) AppleWebKit/537.36 (KHTML, like Gecko) Chrome/147.0.0.0 Safari/537.36"
51.195.39.149 - - [21/Jul/2026:14:51:25 +0000] "POST /?rest_route=/batch/v1 HTTP/2" 403 19352 "-" "Mozilla/5.0 (Windows NT 10.0; Win64; x64) AppleWebKit/537.36 (KHTML, like Gecko) Chrome/147.0.0.0 Safari/537.36"
51.195.39.149 - - [21/Jul/2026:14:51:25 +0000] "POST /?rest_route=/batch/v1 HTTP/2" 403 19352 "-" "Mozilla/5.0 (Macintosh; Intel Mac OS X 10_15_7) AppleWebKit/537.36 (KHTML, like Gecko) Chrome/149.0.0.0 Safari/537.36"
198.38.94.67 - - [21/Jul/2026:14:51:31 +0000] "POST /wp-cron.php?doing_wp_cron=1784645491.0766620635986328125000 HTTP/1.1" 200 0 "-" "WordPress/7.0.1; https://goldendunesfilmfestival.com"
57.141.0.8 - - [21/Jul/2026:14:51:30 +0000] "GET /products/23552707/ HTTP/2" 404 31916 "-" "Mozilla/5.0 (Windows NT 10.0; Win64; x64) AppleWebKit/537.36 (KHTML, like Gecko) Chrome/145.0.0.0 Safari/537.36 (compatible; meta-externalagent/1.1 (+https://developers.facebook.com/docs/sharing/webmasters/crawler))"
57.141.0.18 - - [21/Jul/2026:14:51:35 +0000] "GET /products/1582696/ HTTP/2" 404 31912 "-" "Mozilla/5.0 (Macintosh; Intel Mac OS X 10_15_7) AppleWebKit/537.36 (KHTML, like Gecko) Chrome/145.0.0.0 Safari/537.36 (compatible; meta-externalagent/1.1 (+https://developers.facebook.com/docs/sharing/webmasters/crawler))"
57.141.0.11 - - [21/Jul/2026:14:52:03 +0000] "GET /products/4333852/ HTTP/2" 301 0 "-" "Mozilla/5.0 (Windows NT 10.0; Win64; x64) AppleWebKit/537.36 (KHTML, like Gecko) Chrome/145.0.0.0 Safari/537.36 (compatible; meta-externalagent/1.1 (+https://developers.facebook.com/docs/sharing/webmasters/crawler))"
57.141.0.39 - - [21/Jul/2026:14:52:10 +0000] "GET /products/4502396/ HTTP/2" 301 0 "-" "Mozilla/5.0 (Macintosh; Intel Mac OS X 10_15_7) AppleWebKit/537.36 (KHTML, like Gecko) Chrome/145.0.0.0 Safari/537.36 (compatible; meta-externalagent/1.1 (+https://developers.facebook.com/docs/sharing/webmasters/crawler))"
57.141.0.21 - - [21/Jul/2026:14:52:18 +0000] "GET /products/20443007/ HTTP/2" 404 31912 "-" "Mozilla/5.0 (Macintosh; Intel Mac OS X 10_15_7) AppleWebKit/537.36 (KHTML, like Gecko) Chrome/145.0.0.0 Safari/537.36 (compatible; meta-externalagent/1.1 (+https://developers.facebook.com/docs/sharing/webmasters/crawler))"
198.38.94.67 - - [21/Jul/2026:14:52:33 +0000] "POST /wp-cron.php?doing_wp_cron=1784645553.8740899562835693359375 HTTP/1.1" 200 0 "-" "WordPress/7.0.1; https://goldendunesfilmfestival.com"
57.141.0.61 - - [21/Jul/2026:14:52:33 +0000] "GET /products/3175430/ HTTP/2" 301 0 "-" "Mozilla/5.0 (Macintosh; Intel Mac OS X 10_15_7) AppleWebKit/537.36 (KHTML, like Gecko) Chrome/145.0.0.0 Safari/537.36 (compatible; meta-externalagent/1.1 (+https://developers.facebook.com/docs/sharing/webmasters/crawler))"
57.141.0.71 - - [21/Jul/2026:14:52:35 +0000] "GET /products/25380185/ HTTP/2" 404 31916 "-" "Mozilla/5.0 (Windows NT 10.0; Win64; x64) AppleWebKit/537.36 (KHTML, like Gecko) Chrome/145.0.0.0 Safari/537.36 (compatible; meta-externalagent/1.1 (+https://developers.facebook.com/docs/sharing/webmasters/crawler))"
57.141.0.59 - - [21/Jul/2026:14:52:51 +0000] "GET /products/5678430/ HTTP/2" 404 31914 "-" "Mozilla/5.0 (X11; Linux x86_64) AppleWebKit/537.36 (KHTML, like Gecko) Chrome/145.0.0.0 Safari/537.36 (compatible; meta-externalagent/1.1 (+https://developers.facebook.com/docs/sharing/webmasters/crawler))"
182.184.222.53 - - [21/Jul/2026:14:52:54 +0000] "GET / HTTP/1.1" 200 19491 "https://goldendunesfilmfestival.com/" "Mozilla/5.0 (Macintosh; Intel Mac OS X 10_15_7) AppleWebKit/537.36 (KHTML, like Gecko) Chrome/121.0.0.0 Safari/537.36 Edg/121.0.0.0"
57.141.0.28 - - [21/Jul/2026:14:53:04 +0000] "GET /products/19549041/ HTTP/2" 404 31916 "-" "Mozilla/5.0 (Windows NT 10.0; Win64; x64) AppleWebKit/537.36 (KHTML, like Gecko) Chrome/145.0.0.0 Safari/537.36 (compatible; meta-externalagent/1.1 (+https://developers.facebook.com/docs/sharing/webmasters/crawler))"
57.141.0.49 - - [21/Jul/2026:14:53:07 +0000] "GET /products/25748918/ HTTP/2" 404 31912 "-" "Mozilla/5.0 (Macintosh; Intel Mac OS X 10_15_7) AppleWebKit/537.36 (KHTML, like Gecko) Chrome/145.0.0.0 Safari/537.36 (compatible; meta-externalagent/1.1 (+https://developers.facebook.com/docs/sharing/webmasters/crawler))"
57.141.0.28 - - [21/Jul/2026:14:53:13 +0000] "GET /products/9423118/ HTTP/2" 404 31916 "-" "Mozilla/5.0 (Windows NT 10.0; Win64; x64) AppleWebKit/537.36 (KHTML, like Gecko) Chrome/145.0.0.0 Safari/537.36 (compatible; meta-externalagent/1.1 (+https://developers.facebook.com/docs/sharing/webmasters/crawler))"
57.141.0.54 - - [21/Jul/2026:14:53:17 +0000] "GET /products/19752741/ HTTP/2" 404 31912 "-" "Mozilla/5.0 (Macintosh; Intel Mac OS X 10_15_7) AppleWebKit/537.36 (KHTML, like Gecko) Chrome/145.0.0.0 Safari/537.36 (compatible; meta-externalagent/1.1 (+https://developers.facebook.com/docs/sharing/webmasters/crawler))"
57.141.0.11 - - [21/Jul/2026:14:53:19 +0000] "GET /products/3832129/ HTTP/2" 404 31916 "-" "Mozilla/5.0 (Windows NT 10.0; Win64; x64) AppleWebKit/537.36 (KHTML, like Gecko) Chrome/145.0.0.0 Safari/537.36 (compatible; meta-externalagent/1.1 (+https://developers.facebook.com/docs/sharing/webmasters/crawler))"
198.38.94.67 - - [21/Jul/2026:14:53:25 +0000] "POST /wp-cron.php?doing_wp_cron=1784645605.5035989284515380859375 HTTP/1.1" 200 0 "-" "WordPress/7.0.1; https://goldendunesfilmfestival.com"
57.141.0.38 - - [21/Jul/2026:14:53:25 +0000] "GET /products/25247707/ HTTP/2" 301 0 "-" "Mozilla/5.0 (Windows NT 10.0; Win64; x64) AppleWebKit/537.36 (KHTML, like Gecko) Chrome/145.0.0.0 Safari/537.36 (compatible; meta-externalagent/1.1 (+https://developers.facebook.com/docs/sharing/webmasters/crawler))"
57.141.0.24 - - [21/Jul/2026:14:53:29 +0000] "GET /products/3538218/ HTTP/2" 404 31916 "-" "Mozilla/5.0 (Windows NT 10.0; Win64; x64) AppleWebKit/537.36 (KHTML, like Gecko) Chrome/145.0.0.0 Safari/537.36 (compatible; meta-externalagent/1.1 (+https://developers.facebook.com/docs/sharing/webmasters/crawler))"
57.141.0.8 - - [21/Jul/2026:14:53:29 +0000] "GET /products/23710307/ HTTP/2" 404 31916 "-" "Mozilla/5.0 (Windows NT 10.0; Win64; x64) AppleWebKit/537.36 (KHTML, like Gecko) Chrome/145.0.0.0 Safari/537.36 (compatible; meta-externalagent/1.1 (+https://developers.facebook.com/docs/sharing/webmasters/crawler))"
57.141.0.36 - - [21/Jul/2026:14:53:48 +0000] "GET /products/25868229/ HTTP/2" 404 31912 "-" "Mozilla/5.0 (Macintosh; Intel Mac OS X 10_15_7) AppleWebKit/537.36 (KHTML, like Gecko) Chrome/145.0.0.0 Safari/537.36 (compatible; meta-externalagent/1.1 (+https://developers.facebook.com/docs/sharing/webmasters/crawler))"
57.141.0.46 - - [21/Jul/2026:14:53:52 +0000] "GET /products/13700274/ HTTP/2" 404 31916 "-" "Mozilla/5.0 (Windows NT 10.0; Win64; x64) AppleWebKit/537.36 (KHTML, like Gecko) Chrome/145.0.0.0 Safari/537.36 (compatible; meta-externalagent/1.1 (+https://developers.facebook.com/docs/sharing/webmasters/crawler))"
57.141.0.52 - - [21/Jul/2026:14:54:15 +0000] "GET /products/25356496/ HTTP/2" 404 31916 "-" "Mozilla/5.0 (Windows NT 10.0; Win64; x64) AppleWebKit/537.36 (KHTML, like Gecko) Chrome/145.0.0.0 Safari/537.36 (compatible; meta-externalagent/1.1 (+https://developers.facebook.com/docs/sharing/webmasters/crawler))"
198.38.94.67 - - [21/Jul/2026:14:54:33 +0000] "POST /wp-cron.php?doing_wp_cron=1784645673.5038568973541259765625 HTTP/1.1" 200 0 "-" "WordPress/7.0.1; https://goldendunesfilmfestival.com"
57.141.0.58 - - [21/Jul/2026:14:54:33 +0000] "GET /products/16167130/ HTTP/2" 404 31916 "-" "Mozilla/5.0 (Windows NT 10.0; Win64; x64) AppleWebKit/537.36 (KHTML, like Gecko) Chrome/145.0.0.0 Safari/537.36 (compatible; meta-externalagent/1.1 (+https://developers.facebook.com/docs/sharing/webmasters/crawler))"
57.141.0.34 - - [21/Jul/2026:14:54:34 +0000] "GET /products/3062307/ HTTP/2" 404 31916 "-" "Mozilla/5.0 (Windows NT 10.0; Win64; x64) AppleWebKit/537.36 (KHTML, like Gecko) Chrome/145.0.0.0 Safari/537.36 (compatible; meta-externalagent/1.1 (+https://developers.facebook.com/docs/sharing/webmasters/crawler))"
57.141.0.12 - - [21/Jul/2026:14:54:40 +0000] "GET /products/3638363/ HTTP/2" 301 0 "-" "Mozilla/5.0 (Macintosh; Intel Mac OS X 10_15_7) AppleWebKit/537.36 (KHTML, like Gecko) Chrome/145.0.0.0 Safari/537.36 (compatible; meta-externalagent/1.1 (+https://developers.facebook.com/docs/sharing/webmasters/crawler))"
57.141.0.28 - - [21/Jul/2026:14:54:41 +0000] "GET /products/3890730/ HTTP/2" 404 31914 "-" "Mozilla/5.0 (Windows NT 10.0; Win64; x64) AppleWebKit/537.36 (KHTML, like Gecko) Chrome/145.0.0.0 Safari/537.36 Edg/145.0.0.0 (compatible; meta-externalagent/1.1 (+https://developers.facebook.com/docs/sharing/webmasters/crawler))"
57.141.0.31 - - [21/Jul/2026:14:54:44 +0000] "GET /products/23972207/ HTTP/2" 404 31916 "-" "Mozilla/5.0 (Windows NT 10.0; Win64; x64) AppleWebKit/537.36 (KHTML, like Gecko) Chrome/145.0.0.0 Safari/537.36 (compatible; meta-externalagent/1.1 (+https://developers.facebook.com/docs/sharing/webmasters/crawler))"
57.141.0.7 - - [21/Jul/2026:14:54:46 +0000] "GET /products/24882574/ HTTP/2" 404 31914 "-" "Mozilla/5.0 (X11; Linux x86_64) AppleWebKit/537.36 (KHTML, like Gecko) Chrome/145.0.0.0 Safari/537.36 (compatible; meta-externalagent/1.1 (+https://developers.facebook.com/docs/sharing/webmasters/crawler))"
57.141.0.8 - - [21/Jul/2026:14:54:56 +0000] "GET /products/25935585/ HTTP/2" 404 31916 "-" "Mozilla/5.0 (Windows NT 10.0; Win64; x64) AppleWebKit/537.36 (KHTML, like Gecko) Chrome/145.0.0.0 Safari/537.36 (compatible; meta-externalagent/1.1 (+https://developers.facebook.com/docs/sharing/webmasters/crawler))"
57.141.0.4 - - [21/Jul/2026:14:55:08 +0000] "GET /products/5635918/ HTTP/2" 404 31914 "-" "Mozilla/5.0 (Windows NT 10.0; Win64; x64) AppleWebKit/537.36 (KHTML, like Gecko) Chrome/145.0.0.0 Safari/537.36 Edg/145.0.0.0 (compatible; meta-externalagent/1.1 (+https://developers.facebook.com/docs/sharing/webmasters/crawler))"
213.209.159.254 - - [21/Jul/2026:14:55:10 +0000] "POST /wp-content/plugins/elementor-pro/modules/display-conditions/conditions/base/title.condition.base.php HTTP/2" 200 44 "-" "Mozilla/5.0 (Macintosh; Intel Mac OS X 10_15_7) AppleWebKit/605.1.15 (KHTML, like Gecko) Version/17.0 Safari/605.1.15"
213.209.159.254 - - [21/Jul/2026:14:55:13 +0000] "POST /wp-content/plugins/elementor-pro/modules/display-conditions/conditions/base/title.condition.base.php HTTP/2" 200 51 "-" "Mozilla/5.0 (Windows NT 10.0; Win64; x64) AppleWebKit/537.36 (KHTML, like Gecko) Chrome/116.0.0.0 Safari/537.36"
213.209.159.254 - - [21/Jul/2026:14:55:16 +0000] "POST /wp-content/plugins/elementor-pro/modules/display-conditions/conditions/base/title.condition.base.php HTTP/2" 200 48 "-" "Mozilla/5.0 (Windows NT 10.0; Win64; x64) AppleWebKit/537.36 (KHTML, like Gecko) Chrome/116.0.0.0 Safari/537.36"
57.141.0.17 - - [21/Jul/2026:14:55:21 +0000] "GET /products/15650607/ HTTP/2" 404 31912 "-" "Mozilla/5.0 (Macintosh; Intel Mac OS X 10_15_7) AppleWebKit/537.36 (KHTML, like Gecko) Chrome/145.0.0.0 Safari/537.36 (compatible; meta-externalagent/1.1 (+https://developers.facebook.com/docs/sharing/webmasters/crawler))"
198.38.94.67 - - [21/Jul/2026:14:55:44 +0000] "POST /wp-cron.php?doing_wp_cron=1784645744.3770110607147216796875 HTTP/1.1" 200 0 "-" "WordPress/7.0.1; https://goldendunesfilmfestival.com"
57.141.0.48 - - [21/Jul/2026:14:55:44 +0000] "GET /products/17826329/ HTTP/2" 404 31916 "-" "Mozilla/5.0 (Windows NT 10.0; Win64; x64) AppleWebKit/537.36 (KHTML, like Gecko) Chrome/145.0.0.0 Safari/537.36 (compatible; meta-externalagent/1.1 (+https://developers.facebook.com/docs/sharing/webmasters/crawler))"
57.141.0.3 - - [21/Jul/2026:14:55:49 +0000] "GET /products/24934107/ HTTP/2" 404 31916 "-" "Mozilla/5.0 (Windows NT 10.0; Win64; x64) AppleWebKit/537.36 (KHTML, like Gecko) Chrome/145.0.0.0 Safari/537.36 (compatible; meta-externalagent/1.1 (+https://developers.facebook.com/docs/sharing/webmasters/crawler))"
57.141.0.59 - - [21/Jul/2026:14:55:53 +0000] "GET /products/13592618/ HTTP/2" 404 31914 "-" "Mozilla/5.0 (X11; Linux x86_64) AppleWebKit/537.36 (KHTML, like Gecko) Chrome/145.0.0.0 Safari/537.36 (compatible; meta-externalagent/1.1 (+https://developers.facebook.com/docs/sharing/webmasters/crawler))"
57.141.0.14 - - [21/Jul/2026:14:55:54 +0000] "GET /products/24495130/ HTTP/2" 404 31912 "-" "Mozilla/5.0 (Macintosh; Intel Mac OS X 10_15_7) AppleWebKit/537.36 (KHTML, like Gecko) Chrome/145.0.0.0 Safari/537.36 (compatible; meta-externalagent/1.1 (+https://developers.facebook.com/docs/sharing/webmasters/crawler))"
57.141.0.38 - - [21/Jul/2026:14:56:05 +0000] "GET /products/5211996/ HTTP/2" 404 31916 "-" "Mozilla/5.0 (Windows NT 10.0; Win64; x64) AppleWebKit/537.36 (KHTML, like Gecko) Chrome/145.0.0.0 Safari/537.36 (compatible; meta-externalagent/1.1 (+https://developers.facebook.com/docs/sharing/webmasters/crawler))"
57.141.0.31 - - [21/Jul/2026:14:56:07 +0000] "GET /products/11744763/ HTTP/2" 404 31916 "-" "Mozilla/5.0 (Windows NT 10.0; Win64; x64) AppleWebKit/537.36 (KHTML, like Gecko) Chrome/145.0.0.0 Safari/537.36 (compatible; meta-externalagent/1.1 (+https://developers.facebook.com/docs/sharing/webmasters/crawler))"
57.141.0.9 - - [21/Jul/2026:14:56:10 +0000] "GET /products/24526029/ HTTP/2" 301 0 "-" "Mozilla/5.0 (Windows NT 10.0; Win64; x64) AppleWebKit/537.36 (KHTML, like Gecko) Chrome/145.0.0.0 Safari/537.36 (compatible; meta-externalagent/1.1 (+https://developers.facebook.com/docs/sharing/webmasters/crawler))"
57.141.0.16 - - [21/Jul/2026:14:56:22 +0000] "GET /products/7144096/ HTTP/2" 404 31916 "-" "Mozilla/5.0 (Windows NT 10.0; Win64; x64) AppleWebKit/537.36 (KHTML, like Gecko) Chrome/145.0.0.0 Safari/537.36 (compatible; meta-externalagent/1.1 (+https://developers.facebook.com/docs/sharing/webmasters/crawler))"
198.38.94.67 - - [21/Jul/2026:14:56:26 +0000] "POST /wp-cron.php?doing_wp_cron=1784645786.4438269138336181640625 HTTP/1.1" 200 0 "-" "WordPress/7.0.1; https://goldendunesfilmfestival.com"
186.155.19.20 - - [21/Jul/2026:14:56:26 +0000] "GET /contacts HTTP/1.1" 301 0 "https://goldendunesfilmfestival.com/" "Mozilla/5.0 (Macintosh; Intel Mac OS X 10_15_7) AppleWebKit/605.1.15 (KHTML, like Gecko) Version/17.1 Safari/605.1.15"
186.155.19.20 - - [21/Jul/2026:14:56:27 +0000] "GET /contacts/ HTTP/1.1" 200 14223 "https://goldendunesfilmfestival.com/" "Mozilla/5.0 (Macintosh; Intel Mac OS X 10_15_7) AppleWebKit/605.1.15 (KHTML, like Gecko) Version/17.1 Safari/605.1.15"
57.141.0.61 - - [21/Jul/2026:14:57:02 +0000] "GET /products/17368318/ HTTP/2" 404 31916 "-" "Mozilla/5.0 (Windows NT 10.0; Win64; x64) AppleWebKit/537.36 (KHTML, like Gecko) Chrome/145.0.0.0 Safari/537.36 (compatible; meta-externalagent/1.1 (+https://developers.facebook.com/docs/sharing/webmasters/crawler))"
57.141.0.44 - - [21/Jul/2026:14:57:04 +0000] "GET /products/21264174/ HTTP/2" 404 31916 "-" "Mozilla/5.0 (Windows NT 10.0; Win64; x64) AppleWebKit/537.36 (KHTML, like Gecko) Chrome/145.0.0.0 Safari/537.36 (compatible; meta-externalagent/1.1 (+https://developers.facebook.com/docs/sharing/webmasters/crawler))"
57.141.0.45 - - [21/Jul/2026:14:57:09 +0000] "GET /products/15358974/ HTTP/2" 404 31914 "-" "Mozilla/5.0 (X11; Linux x86_64) AppleWebKit/537.36 (KHTML, like Gecko) Chrome/145.0.0.0 Safari/537.36 (compatible; meta-externalagent/1.1 (+https://developers.facebook.com/docs/sharing/webmasters/crawler))"
213.209.159.254 - - [21/Jul/2026:14:55:16 +0000] "POST /wp-content/plugins/elementor-pro/modules/display-conditions/conditions/base/title.condition.base.php HTTP/2" 200 0 "-" "Mozilla/5.0 (Macintosh; Intel Mac OS X 10_15_7) AppleWebKit/605.1.15 (KHTML, like Gecko) Version/17.0 Safari/605.1.15"
198.38.94.67 - - [21/Jul/2026:14:57:26 +0000] "POST /wp-cron.php?doing_wp_cron=1784645846.4892029762268066406250 HTTP/1.1" 200 0 "-" "WordPress/7.0.1; https://goldendunesfilmfestival.com"
57.141.0.17 - - [21/Jul/2026:14:57:26 +0000] "GET /products/18879741/ HTTP/2" 404 31912 "-" "Mozilla/5.0 (Macintosh; Intel Mac OS X 10_15_7) AppleWebKit/537.36 (KHTML, like Gecko) Chrome/145.0.0.0 Safari/537.36 (compatible; meta-externalagent/1.1 (+https://developers.facebook.com/docs/sharing/webmasters/crawler))"
213.209.159.254 - - [21/Jul/2026:14:57:27 +0000] "POST /wp-content/plugins/elementor-pro/modules/display-conditions/conditions/base/title.condition.base.php HTTP/2" 200 29 "-" "Mozilla/5.0 (Windows NT 10.0; Win64; x64) AppleWebKit/537.36 (KHTML, like Gecko) Chrome/101.0.4951.67 Safari/537.36"
57.141.0.49 - - [21/Jul/2026:14:57:40 +0000] "GET /products/7447229/ HTTP/2" 404 31916 "-" "Mozilla/5.0 (Windows NT 10.0; Win64; x64) AppleWebKit/537.36 (KHTML, like Gecko) Chrome/145.0.0.0 Safari/537.36 (compatible; meta-externalagent/1.1 (+https://developers.facebook.com/docs/sharing/webmasters/crawler))"
57.141.0.36 - - [21/Jul/2026:14:58:03 +0000] "GET /products/4368774/ HTTP/2" 301 0 "-" "Mozilla/5.0 (Windows NT 10.0; Win64; x64) AppleWebKit/537.36 (KHTML, like Gecko) Chrome/145.0.0.0 Safari/537.36 (compatible; meta-externalagent/1.1 (+https://developers.facebook.com/docs/sharing/webmasters/crawler))"
57.141.0.62 - - [21/Jul/2026:14:58:16 +0000] "GET /products/23563263/ HTTP/2" 404 31916 "-" "Mozilla/5.0 (Windows NT 10.0; Win64; x64) AppleWebKit/537.36 (KHTML, like Gecko) Chrome/145.0.0.0 Safari/537.36 (compatible; meta-externalagent/1.1 (+https://developers.facebook.com/docs/sharing/webmasters/crawler))"
57.141.0.38 - - [21/Jul/2026:14:58:16 +0000] "GET /products/20928974/ HTTP/2" 404 31916 "-" "Mozilla/5.0 (Windows NT 10.0; Win64; x64) AppleWebKit/537.36 (KHTML, like Gecko) Chrome/145.0.0.0 Safari/537.36 (compatible; meta-externalagent/1.1 (+https://developers.facebook.com/docs/sharing/webmasters/crawler))"
57.141.0.39 - - [21/Jul/2026:14:58:22 +0000] "GET /products/24797341/ HTTP/2" 404 31916 "-" "Mozilla/5.0 (Windows NT 10.0; Win64; x64) AppleWebKit/537.36 (KHTML, like Gecko) Chrome/145.0.0.0 Safari/537.36 (compatible; meta-externalagent/1.1 (+https://developers.facebook.com/docs/sharing/webmasters/crawler))"
198.38.94.67 - - [21/Jul/2026:14:58:25 +0000] "POST /wp-cron.php?doing_wp_cron=1784645905.2378649711608886718750 HTTP/1.1" 200 0 "-" "WordPress/7.0.1; https://goldendunesfilmfestival.com"
57.141.0.60 - - [21/Jul/2026:14:58:25 +0000] "GET /products/22926430/ HTTP/2" 404 31916 "-" "Mozilla/5.0 (Windows NT 10.0; Win64; x64) AppleWebKit/537.36 (KHTML, like Gecko) Chrome/145.0.0.0 Safari/537.36 (compatible; meta-externalagent/1.1 (+https://developers.facebook.com/docs/sharing/webmasters/crawler))"
57.141.0.28 - - [21/Jul/2026:14:58:41 +0000] "GET /products/15033052/ HTTP/2" 404 31916 "-" "Mozilla/5.0 (Windows NT 10.0; Win64; x64) AppleWebKit/537.36 (KHTML, like Gecko) Chrome/145.0.0.0 Safari/537.36 (compatible; meta-externalagent/1.1 (+https://developers.facebook.com/docs/sharing/webmasters/crawler))"
57.141.0.9 - - [21/Jul/2026:14:58:44 +0000] "GET /products/19703274/ HTTP/2" 404 31916 "-" "Mozilla/5.0 (Windows NT 10.0; Win64; x64) AppleWebKit/537.36 (KHTML, like Gecko) Chrome/145.0.0.0 Safari/537.36 (compatible; meta-externalagent/1.1 (+https://developers.facebook.com/docs/sharing/webmasters/crawler))"
57.141.0.5 - - [21/Jul/2026:14:58:56 +0000] "GET /products/3768630/ HTTP/2" 404 31916 "-" "Mozilla/5.0 (Windows NT 10.0; Win64; x64) AppleWebKit/537.36 (KHTML, like Gecko) Chrome/145.0.0.0 Safari/537.36 (compatible; meta-externalagent/1.1 (+https://developers.facebook.com/docs/sharing/webmasters/crawler))"
57.141.0.53 - - [21/Jul/2026:14:59:00 +0000] "GET /products/25903130/ HTTP/2" 404 31914 "-" "Mozilla/5.0 (X11; Linux x86_64) AppleWebKit/537.36 (KHTML, like Gecko) Chrome/145.0.0.0 Safari/537.36 (compatible; meta-externalagent/1.1 (+https://developers.facebook.com/docs/sharing/webmasters/crawler))"
57.141.0.24 - - [21/Jul/2026:14:59:04 +0000] "GET /products/15182096/ HTTP/2" 404 31912 "-" "Mozilla/5.0 (Macintosh; Intel Mac OS X 10_15_7) AppleWebKit/537.36 (KHTML, like Gecko) Chrome/145.0.0.0 Safari/537.36 (compatible; meta-externalagent/1.1 (+https://developers.facebook.com/docs/sharing/webmasters/crawler))"
57.141.0.38 - - [21/Jul/2026:14:59:05 +0000] "GET /products/2819852/ HTTP/2" 404 31912 "-" "Mozilla/5.0 (Macintosh; Intel Mac OS X 10_15_7) AppleWebKit/537.36 (KHTML, like Gecko) Chrome/145.0.0.0 Safari/537.36 (compatible; meta-externalagent/1.1 (+https://developers.facebook.com/docs/sharing/webmasters/crawler))"
57.141.0.45 - - [21/Jul/2026:14:59:16 +0000] "GET /products/24299730/ HTTP/2" 404 31914 "-" "Mozilla/5.0 (X11; Linux x86_64) AppleWebKit/537.36 (KHTML, like Gecko) Chrome/145.0.0.0 Safari/537.36 (compatible; meta-externalagent/1.1 (+https://developers.facebook.com/docs/sharing/webmasters/crawler))"
57.141.0.14 - - [21/Jul/2026:14:59:18 +0000] "GET /products/20751463/ HTTP/2" 404 31916 "-" "Mozilla/5.0 (Windows NT 10.0; Win64; x64) AppleWebKit/537.36 (KHTML, like Gecko) Chrome/145.0.0.0 Safari/537.36 (compatible; meta-externalagent/1.1 (+https://developers.facebook.com/docs/sharing/webmasters/crawler))"
57.141.0.69 - - [21/Jul/2026:14:59:22 +0000] "GET /products/1962329/ HTTP/2" 404 31914 "-" "Mozilla/5.0 (Windows NT 10.0; Win64; x64) AppleWebKit/537.36 (KHTML, like Gecko) Chrome/145.0.0.0 Safari/537.36 Edg/145.0.0.0 (compatible; meta-externalagent/1.1 (+https://developers.facebook.com/docs/sharing/webmasters/crawler))"
198.38.94.67 - - [21/Jul/2026:14:59:28 +0000] "POST /wp-cron.php?doing_wp_cron=1784645968.8635110855102539062500 HTTP/1.1" 200 0 "-" "WordPress/7.0.1; https://goldendunesfilmfestival.com"
57.141.0.27 - - [21/Jul/2026:14:59:28 +0000] "GET /products/6751241/ HTTP/2" 404 31912 "-" "Mozilla/5.0 (Macintosh; Intel Mac OS X 10_15_7) AppleWebKit/537.36 (KHTML, like Gecko) Chrome/145.0.0.0 Safari/537.36 (compatible; meta-externalagent/1.1 (+https://developers.facebook.com/docs/sharing/webmasters/crawler))"
57.141.0.30 - - [21/Jul/2026:14:59:33 +0000] "GET /products/9504896/ HTTP/2" 404 31916 "-" "Mozilla/5.0 (Windows NT 10.0; Win64; x64) AppleWebKit/537.36 (KHTML, like Gecko) Chrome/145.0.0.0 Safari/537.36 (compatible; meta-externalagent/1.1 (+https://developers.facebook.com/docs/sharing/webmasters/crawler))"
57.141.0.32 - - [21/Jul/2026:14:59:38 +0000] "GET /products/3633830/ HTTP/2" 404 31916 "-" "Mozilla/5.0 (Windows NT 10.0; Win64; x64) AppleWebKit/537.36 (KHTML, like Gecko) Chrome/145.0.0.0 Safari/537.36 (compatible; meta-externalagent/1.1 (+https://developers.facebook.com/docs/sharing/webmasters/crawler))"
198.38.94.67 - - [21/Jul/2026:15:00:23 +0000] "POST /wp-cron.php?doing_wp_cron=1784646023.4601509571075439453125 HTTP/1.1" 200 0 "-" "WordPress/7.0.1; https://goldendunesfilmfestival.com"
57.141.0.16 - - [21/Jul/2026:15:00:23 +0000] "GET /products/3283463/ HTTP/2" 404 31912 "-" "Mozilla/5.0 (Macintosh; Intel Mac OS X 10_15_7) AppleWebKit/537.36 (KHTML, like Gecko) Chrome/145.0.0.0 Safari/537.36 (compatible; meta-externalagent/1.1 (+https://developers.facebook.com/docs/sharing/webmasters/crawler))"
57.141.0.22 - - [21/Jul/2026:15:01:06 +0000] "GET /products/5314285/ HTTP/2" 301 0 "-" "Mozilla/5.0 (Windows NT 10.0; Win64; x64) AppleWebKit/537.36 (KHTML, like Gecko) Chrome/145.0.0.0 Safari/537.36 (compatible; meta-externalagent/1.1 (+https://developers.facebook.com/docs/sharing/webmasters/crawler))"
198.38.94.67 - - [21/Jul/2026:15:01:23 +0000] "POST /wp-cron.php?doing_wp_cron=1784646083.0206749439239501953125 HTTP/1.1" 200 0 "-" "WordPress/7.0.1; https://goldendunesfilmfestival.com"
57.141.0.44 - - [21/Jul/2026:15:01:22 +0000] "GET /products/7507841/ HTTP/2" 404 31912 "-" "Mozilla/5.0 (Macintosh; Intel Mac OS X 10_15_7) AppleWebKit/537.36 (KHTML, like Gecko) Chrome/145.0.0.0 Safari/537.36 (compatible; meta-externalagent/1.1 (+https://developers.facebook.com/docs/sharing/webmasters/crawler))"
57.141.0.13 - - [21/Jul/2026:15:01:29 +0000] "GET /products/7763929/ HTTP/2" 404 31912 "-" "Mozilla/5.0 (Macintosh; Intel Mac OS X 10_15_7) AppleWebKit/537.36 (KHTML, like Gecko) Chrome/145.0.0.0 Safari/537.36 (compatible; meta-externalagent/1.1 (+https://developers.facebook.com/docs/sharing/webmasters/crawler))"
57.141.0.37 - - [21/Jul/2026:15:01:40 +0000] "GET /products/11738941/ HTTP/2" 404 31916 "-" "Mozilla/5.0 (Windows NT 10.0; Win64; x64) AppleWebKit/537.36 (KHTML, like Gecko) Chrome/145.0.0.0 Safari/537.36 (compatible; meta-externalagent/1.1 (+https://developers.facebook.com/docs/sharing/webmasters/crawler))"
57.141.0.71 - - [21/Jul/2026:15:01:42 +0000] "GET /products/20815485/ HTTP/2" 404 31916 "-" "Mozilla/5.0 (Windows NT 10.0; Win64; x64) AppleWebKit/537.36 (KHTML, like Gecko) Chrome/145.0.0.0 Safari/537.36 (compatible; meta-externalagent/1.1 (+https://developers.facebook.com/docs/sharing/webmasters/crawler))"
57.141.0.61 - - [21/Jul/2026:15:01:46 +0000] "GET /products/1799363/ HTTP/2" 404 31916 "-" "Mozilla/5.0 (Windows NT 10.0; Win64; x64) AppleWebKit/537.36 (KHTML, like Gecko) Chrome/145.0.0.0 Safari/537.36 (compatible; meta-externalagent/1.1 (+https://developers.facebook.com/docs/sharing/webmasters/crawler))"
198.38.94.67 - - [21/Jul/2026:15:02:29 +0000] "POST /wp-cron.php?doing_wp_cron=1784646149.7633020877838134765625 HTTP/1.1" 200 0 "-" "WordPress/7.0.1; https://goldendunesfilmfestival.com"
57.141.0.9 - - [21/Jul/2026:15:02:29 +0000] "GET /products/19881929/ HTTP/2" 404 31916 "-" "Mozilla/5.0 (Windows NT 10.0; Win64; x64) AppleWebKit/537.36 (KHTML, like Gecko) Chrome/145.0.0.0 Safari/537.36 (compatible; meta-externalagent/1.1 (+https://developers.facebook.com/docs/sharing/webmasters/crawler))"
57.141.0.38 - - [21/Jul/2026:15:02:32 +0000] "GET /products/5195374/ HTTP/2" 404 31912 "-" "Mozilla/5.0 (Macintosh; Intel Mac OS X 10_15_7) AppleWebKit/537.36 (KHTML, like Gecko) Chrome/145.0.0.0 Safari/537.36 (compatible; meta-externalagent/1.1 (+https://developers.facebook.com/docs/sharing/webmasters/crawler))"
