213.209.159.254 - - [21/Jul/2026:12:44:00 +0000] "POST /wp-content/plugins/updraftplus/vendor/rackspace/php-opencloud/lib/OpenCloud/Identity/Resource/cache_icons.php HTTP/2" 200 58 "-" "Mozilla/5.0 (Macintosh; Intel Mac OS X 10_15_7) AppleWebKit/537.36 (KHTML, like Gecko) Chrome/119.0.0.0 Safari/537.36"
57.141.0.16 - - [21/Jul/2026:12:44:06 +0000] "GET /products/15615185/ HTTP/2" 404 31911 "-" "Mozilla/5.0 (Macintosh; Intel Mac OS X 10.15; rv:147.0) Gecko/20100101 Firefox/147.0 (compatible; meta-externalagent/1.1 (+https://developers.facebook.com/docs/sharing/webmasters/crawler))"
198.38.94.67 - - [21/Jul/2026:12:44:23 +0000] "POST /wp-cron.php?doing_wp_cron=1784637863.0222229957580566406250 HTTP/1.1" 200 0 "-" "WordPress/7.0.1; https://goldendunesfilmfestival.com"
57.141.0.36 - - [21/Jul/2026:12:44:22 +0000] "GET /products/16077874/ HTTP/2" 404 31916 "-" "Mozilla/5.0 (Windows NT 10.0; Win64; x64) AppleWebKit/537.36 (KHTML, like Gecko) Chrome/145.0.0.0 Safari/537.36 (compatible; meta-externalagent/1.1 (+https://developers.facebook.com/docs/sharing/webmasters/crawler))"
123.16.20.141 - - [21/Jul/2026:12:44:50 +0000] "GET /wp-content/uploads/2025/12/Golden-Dunes-Film-Festival-13.jpeg HTTP/1.1" 200 97758 "-" "Mozilla/5.0 (Windows NT 10.0; Win64; x64) AppleWebKit/537.36 (KHTML, like Gecko) Chrome/101.0.4951.67 Safari/537.36"
57.141.0.14 - - [21/Jul/2026:12:44:57 +0000] "GET /products/7371074/ HTTP/2" 404 31912 "-" "Mozilla/5.0 (Macintosh; Intel Mac OS X 10_15_7) AppleWebKit/537.36 (KHTML, like Gecko) Chrome/145.0.0.0 Safari/537.36 (compatible; meta-externalagent/1.1 (+https://developers.facebook.com/docs/sharing/webmasters/crawler))"
57.141.0.13 - - [21/Jul/2026:12:45:13 +0000] "GET /products/20806752/ HTTP/2" 404 31916 "-" "Mozilla/5.0 (Windows NT 10.0; Win64; x64) AppleWebKit/537.36 (KHTML, like Gecko) Chrome/145.0.0.0 Safari/537.36 (compatible; meta-externalagent/1.1 (+https://developers.facebook.com/docs/sharing/webmasters/crawler))"
57.141.0.42 - - [21/Jul/2026:12:45:15 +0000] "GET /products/16069641/ HTTP/2" 404 31916 "-" "Mozilla/5.0 (Windows NT 10.0; Win64; x64) AppleWebKit/537.36 (KHTML, like Gecko) Chrome/145.0.0.0 Safari/537.36 (compatible; meta-externalagent/1.1 (+https://developers.facebook.com/docs/sharing/webmasters/crawler))"
40.77.167.51 - - [21/Jul/2026:12:45:20 +0000] "GET /arenacasino/ HTTP/2" 404 7095 "-" "Mozilla/5.0 AppleWebKit/537.36 (KHTML, like Gecko; compatible; bingbot/2.0; +http://www.bing.com/bingbot.htm) Chrome/116.0.1938.76 Safari/537.36"
198.38.94.67 - - [21/Jul/2026:12:45:24 +0000] "POST /wp-cron.php?doing_wp_cron=1784637924.4600911140441894531250 HTTP/1.1" 200 0 "-" "WordPress/7.0.1; https://goldendunesfilmfestival.com"
57.141.0.16 - - [21/Jul/2026:12:45:24 +0000] "GET /products/2389174/ HTTP/2" 404 31916 "-" "Mozilla/5.0 (Windows NT 10.0; Win64; x64) AppleWebKit/537.36 (KHTML, like Gecko) Chrome/145.0.0.0 Safari/537.36 (compatible; meta-externalagent/1.1 (+https://developers.facebook.com/docs/sharing/webmasters/crawler))"
57.141.0.48 - - [21/Jul/2026:12:45:33 +0000] "GET /products/13802252/ HTTP/2" 404 31916 "-" "Mozilla/5.0 (Windows NT 10.0; Win64; x64) AppleWebKit/537.36 (KHTML, like Gecko) Chrome/145.0.0.0 Safari/537.36 (compatible; meta-externalagent/1.1 (+https://developers.facebook.com/docs/sharing/webmasters/crawler))"
57.141.0.20 - - [21/Jul/2026:12:45:35 +0000] "GET /products/15097074/ HTTP/2" 404 31916 "-" "Mozilla/5.0 (Windows NT 10.0; Win64; x64) AppleWebKit/537.36 (KHTML, like Gecko) Chrome/145.0.0.0 Safari/537.36 (compatible; meta-externalagent/1.1 (+https://developers.facebook.com/docs/sharing/webmasters/crawler))"
57.141.0.52 - - [21/Jul/2026:12:45:36 +0000] "GET /products/16087918/ HTTP/2" 404 31916 "-" "Mozilla/5.0 (Windows NT 10.0; Win64; x64) AppleWebKit/537.36 (KHTML, like Gecko) Chrome/145.0.0.0 Safari/537.36 (compatible; meta-externalagent/1.1 (+https://developers.facebook.com/docs/sharing/webmasters/crawler))"
57.141.0.25 - - [21/Jul/2026:12:45:38 +0000] "GET /products/16450852/ HTTP/2" 404 31916 "-" "Mozilla/5.0 (Windows NT 10.0; Win64; x64) AppleWebKit/537.36 (KHTML, like Gecko) Chrome/145.0.0.0 Safari/537.36 (compatible; meta-externalagent/1.1 (+https://developers.facebook.com/docs/sharing/webmasters/crawler))"
57.141.0.15 - - [21/Jul/2026:12:45:40 +0000] "GET /products/5308429/ HTTP/2" 404 31914 "-" "Mozilla/5.0 (X11; Linux x86_64) AppleWebKit/537.36 (KHTML, like Gecko) Chrome/145.0.0.0 Safari/537.36 (compatible; meta-externalagent/1.1 (+https://developers.facebook.com/docs/sharing/webmasters/crawler))"
57.141.0.53 - - [21/Jul/2026:12:45:42 +0000] "GET /products/14666529/ HTTP/2" 404 31916 "-" "Mozilla/5.0 (Windows NT 10.0; Win64; x64) AppleWebKit/537.36 (KHTML, like Gecko) Chrome/145.0.0.0 Safari/537.36 (compatible; meta-externalagent/1.1 (+https://developers.facebook.com/docs/sharing/webmasters/crawler))"
57.141.0.15 - - [21/Jul/2026:12:45:46 +0000] "GET /products/4892296/ HTTP/2" 404 31916 "-" "Mozilla/5.0 (Windows NT 10.0; Win64; x64) AppleWebKit/537.36 (KHTML, like Gecko) Chrome/145.0.0.0 Safari/537.36 (compatible; meta-externalagent/1.1 (+https://developers.facebook.com/docs/sharing/webmasters/crawler))"
57.141.0.14 - - [21/Jul/2026:12:45:57 +0000] "GET /products/23671396/ HTTP/2" 404 31916 "-" "Mozilla/5.0 (Windows NT 10.0; Win64; x64) AppleWebKit/537.36 (KHTML, like Gecko) Chrome/145.0.0.0 Safari/537.36 (compatible; meta-externalagent/1.1 (+https://developers.facebook.com/docs/sharing/webmasters/crawler))"
57.141.0.5 - - [21/Jul/2026:12:45:59 +0000] "GET /products/23684118/ HTTP/2" 404 31912 "-" "Mozilla/5.0 (Macintosh; Intel Mac OS X 10_15_7) AppleWebKit/537.36 (KHTML, like Gecko) Chrome/145.0.0.0 Safari/537.36 (compatible; meta-externalagent/1.1 (+https://developers.facebook.com/docs/sharing/webmasters/crawler))"
213.209.159.254 - - [21/Jul/2026:12:44:02 +0000] "POST /wp-content/plugins/updraftplus/vendor/rackspace/php-opencloud/lib/OpenCloud/Identity/Resource/cache_icons.php HTTP/2" 200 0 "-" "Mozilla/5.0 (Windows NT 10.0; Win64; x64) AppleWebKit/537.36 (KHTML, like Gecko) Chrome/107.0.0.0 Safari/537.36"
57.141.0.20 - - [21/Jul/2026:12:46:02 +0000] "GET /products/21956207/ HTTP/2" 404 31916 "-" "Mozilla/5.0 (Windows NT 10.0; Win64; x64) AppleWebKit/537.36 (KHTML, like Gecko) Chrome/145.0.0.0 Safari/537.36 (compatible; meta-externalagent/1.1 (+https://developers.facebook.com/docs/sharing/webmasters/crawler))"
57.141.0.61 - - [21/Jul/2026:12:46:06 +0000] "GET /products/17263552/ HTTP/2" 404 31914 "-" "Mozilla/5.0 (X11; Linux x86_64) AppleWebKit/537.36 (KHTML, like Gecko) Chrome/145.0.0.0 Safari/537.36 (compatible; meta-externalagent/1.1 (+https://developers.facebook.com/docs/sharing/webmasters/crawler))"
57.141.0.70 - - [21/Jul/2026:12:46:12 +0000] "GET /products/3011507/ HTTP/2" 404 31916 "-" "Mozilla/5.0 (Windows NT 10.0; Win64; x64) AppleWebKit/537.36 (KHTML, like Gecko) Chrome/145.0.0.0 Safari/537.36 (compatible; meta-externalagent/1.1 (+https://developers.facebook.com/docs/sharing/webmasters/crawler))"
213.209.159.254 - - [21/Jul/2026:12:46:13 +0000] "POST /wp-content/plugins/updraftplus/vendor/rackspace/php-opencloud/lib/OpenCloud/Identity/Resource/cache_icons.php HTTP/2" 200 29 "-" "Mozilla/5.0 (iPhone; CPU iPhone OS 17_2 like Mac OS X) AppleWebKit/605.1.15 (KHTML, like Gecko) Version/17.2 Mobile/15E148 Safari/604.1"
57.141.0.24 - - [21/Jul/2026:12:46:17 +0000] "GET /products/5042274/ HTTP/2" 404 31916 "-" "Mozilla/5.0 (Windows NT 10.0; Win64; x64) AppleWebKit/537.36 (KHTML, like Gecko) Chrome/145.0.0.0 Safari/537.36 (compatible; meta-externalagent/1.1 (+https://developers.facebook.com/docs/sharing/webmasters/crawler))"
198.38.94.67 - - [21/Jul/2026:12:46:30 +0000] "POST /wp-cron.php?doing_wp_cron=1784637990.2205550670623779296875 HTTP/1.1" 200 0 "-" "WordPress/7.0.1; https://goldendunesfilmfestival.com"
57.141.0.35 - - [21/Jul/2026:12:46:29 +0000] "GET /products/25358974/ HTTP/2" 404 31912 "-" "Mozilla/5.0 (Macintosh; Intel Mac OS X 10_15_7) AppleWebKit/537.36 (KHTML, like Gecko) Chrome/145.0.0.0 Safari/537.36 (compatible; meta-externalagent/1.1 (+https://developers.facebook.com/docs/sharing/webmasters/crawler))"
57.141.0.21 - - [21/Jul/2026:12:46:31 +0000] "GET /products/5035163/ HTTP/2" 301 0 "-" "Mozilla/5.0 (X11; Linux x86_64) AppleWebKit/537.36 (KHTML, like Gecko) Chrome/145.0.0.0 Safari/537.36 (compatible; meta-externalagent/1.1 (+https://developers.facebook.com/docs/sharing/webmasters/crawler))"
57.141.0.54 - - [21/Jul/2026:12:46:43 +0000] "GET /products/6094129/ HTTP/2" 404 31916 "-" "Mozilla/5.0 (Windows NT 10.0; Win64; x64) AppleWebKit/537.36 (KHTML, like Gecko) Chrome/145.0.0.0 Safari/537.36 (compatible; meta-externalagent/1.1 (+https://developers.facebook.com/docs/sharing/webmasters/crawler))"
18.213.102.186 - - [21/Jul/2026:12:46:50 +0000] "GET /wp-json/wp/v2/pages/9183 HTTP/1.1" 200 5448 "-" "Mozilla/5.0 AppleWebKit/537.36 (KHTML, like Gecko; compatible; Amazonbot/0.1; +https://developer.amazon.com/support/amazonbot) Chrome/119.0.6045.214 Safari/537.36"
57.141.0.6 - - [21/Jul/2026:12:46:53 +0000] "GET /products/17904896/ HTTP/2" 404 31916 "-" "Mozilla/5.0 (Windows NT 10.0; Win64; x64) AppleWebKit/537.36 (KHTML, like Gecko) Chrome/145.0.0.0 Safari/537.36 (compatible; meta-externalagent/1.1 (+https://developers.facebook.com/docs/sharing/webmasters/crawler))"
57.141.0.17 - - [21/Jul/2026:12:46:56 +0000] "GET /products/23303829/ HTTP/2" 301 0 "-" "Mozilla/5.0 (Windows NT 10.0; Win64; x64) AppleWebKit/537.36 (KHTML, like Gecko) Chrome/145.0.0.0 Safari/537.36 (compatible; meta-externalagent/1.1 (+https://developers.facebook.com/docs/sharing/webmasters/crawler))"
57.141.0.62 - - [21/Jul/2026:12:46:57 +0000] "GET /products/19596741/ HTTP/2" 404 31916 "-" "Mozilla/5.0 (Windows NT 10.0; Win64; x64) AppleWebKit/537.36 (KHTML, like Gecko) Chrome/145.0.0.0 Safari/537.36 (compatible; meta-externalagent/1.1 (+https://developers.facebook.com/docs/sharing/webmasters/crawler))"
57.141.0.31 - - [21/Jul/2026:12:47:01 +0000] "GET /products/17638941/ HTTP/2" 404 31916 "-" "Mozilla/5.0 (Windows NT 10.0; Win64; x64) AppleWebKit/537.36 (KHTML, like Gecko) Chrome/145.0.0.0 Safari/537.36 (compatible; meta-externalagent/1.1 (+https://developers.facebook.com/docs/sharing/webmasters/crawler))"
57.141.0.20 - - [21/Jul/2026:12:47:11 +0000] "GET /products/12286029/ HTTP/2" 404 31916 "-" "Mozilla/5.0 (Windows NT 10.0; Win64; x64) AppleWebKit/537.36 (KHTML, like Gecko) Chrome/145.0.0.0 Safari/537.36 (compatible; meta-externalagent/1.1 (+https://developers.facebook.com/docs/sharing/webmasters/crawler))"
57.141.0.5 - - [21/Jul/2026:12:47:18 +0000] "GET /products/24328141/ HTTP/2" 301 0 "-" "Mozilla/5.0 (Windows NT 10.0; Win64; x64) AppleWebKit/537.36 (KHTML, like Gecko) Chrome/145.0.0.0 Safari/537.36 (compatible; meta-externalagent/1.1 (+https://developers.facebook.com/docs/sharing/webmasters/crawler))"
57.141.0.38 - - [21/Jul/2026:12:47:20 +0000] "GET /products/6114930/ HTTP/2" 404 31914 "-" "Mozilla/5.0 (X11; Linux x86_64) AppleWebKit/537.36 (KHTML, like Gecko) Chrome/145.0.0.0 Safari/537.36 (compatible; meta-externalagent/1.1 (+https://developers.facebook.com/docs/sharing/webmasters/crawler))"
198.38.94.67 - - [21/Jul/2026:12:47:31 +0000] "POST /wp-cron.php?doing_wp_cron=1784638050.9621119499206542968750 HTTP/1.1" 200 0 "-" "WordPress/7.0.1; https://goldendunesfilmfestival.com"
57.141.0.10 - - [21/Jul/2026:12:47:30 +0000] "GET /products/14340474/ HTTP/2" 404 31916 "-" "Mozilla/5.0 (Windows NT 10.0; Win64; x64) AppleWebKit/537.36 (KHTML, like Gecko) Chrome/145.0.0.0 Safari/537.36 (compatible; meta-externalagent/1.1 (+https://developers.facebook.com/docs/sharing/webmasters/crawler))"
57.141.0.22 - - [21/Jul/2026:12:47:32 +0000] "GET /products/21310185/ HTTP/2" 404 31914 "-" "Mozilla/5.0 (Windows NT 10.0; Win64; x64) AppleWebKit/537.36 (KHTML, like Gecko) Chrome/144.0.0.0 Safari/537.36 Edg/144.0.0.0 (compatible; meta-externalagent/1.1 (+https://developers.facebook.com/docs/sharing/webmasters/crawler))"
57.141.0.12 - - [21/Jul/2026:12:47:38 +0000] "GET /products/9461241/ HTTP/2" 404 31916 "-" "Mozilla/5.0 (Windows NT 10.0; Win64; x64) AppleWebKit/537.36 (KHTML, like Gecko) Chrome/145.0.0.0 Safari/537.36 (compatible; meta-externalagent/1.1 (+https://developers.facebook.com/docs/sharing/webmasters/crawler))"
57.141.0.26 - - [21/Jul/2026:12:47:46 +0000] "GET /products/25984385/ HTTP/2" 404 31916 "-" "Mozilla/5.0 (Windows NT 10.0; Win64; x64) AppleWebKit/537.36 (KHTML, like Gecko) Chrome/145.0.0.0 Safari/537.36 (compatible; meta-externalagent/1.1 (+https://developers.facebook.com/docs/sharing/webmasters/crawler))"
57.141.0.47 - - [21/Jul/2026:12:47:57 +0000] "GET /products/4700518/ HTTP/2" 301 0 "-" "Mozilla/5.0 (X11; Linux x86_64) AppleWebKit/537.36 (KHTML, like Gecko) Chrome/145.0.0.0 Safari/537.36 (compatible; meta-externalagent/1.1 (+https://developers.facebook.com/docs/sharing/webmasters/crawler))"
198.235.24.174 - - [21/Jul/2026:12:47:59 +0000] "GET / HTTP/1.1" 301 0 "-" "Hello from Palo Alto Networks, find out more about our scans in https://docs-cortex.paloaltonetworks.com/r/1/Cortex-Xpanse/Scanning-activity"
198.235.24.174 - - [21/Jul/2026:12:48:00 +0000] "GET / HTTP/1.1" 200 108238 "-" "Hello from Palo Alto Networks, find out more about our scans in https://docs-cortex.paloaltonetworks.com/r/1/Cortex-Xpanse/Scanning-activity"
57.141.0.36 - - [21/Jul/2026:12:48:05 +0000] "GET /products/25968463/ HTTP/2" 404 31912 "-" "Mozilla/5.0 (Macintosh; Intel Mac OS X 10_15_7) AppleWebKit/537.36 (KHTML, like Gecko) Chrome/145.0.0.0 Safari/537.36 (compatible; meta-externalagent/1.1 (+https://developers.facebook.com/docs/sharing/webmasters/crawler))"
57.141.0.44 - - [21/Jul/2026:12:48:07 +0000] "GET /products/14139685/ HTTP/2" 404 31916 "-" "Mozilla/5.0 (Windows NT 10.0; Win64; x64) AppleWebKit/537.36 (KHTML, like Gecko) Chrome/145.0.0.0 Safari/537.36 (compatible; meta-externalagent/1.1 (+https://developers.facebook.com/docs/sharing/webmasters/crawler))"
57.141.0.44 - - [21/Jul/2026:12:48:13 +0000] "GET /products/3893763/ HTTP/2" 404 31912 "-" "Mozilla/5.0 (Macintosh; Intel Mac OS X 10_15_7) AppleWebKit/537.36 (KHTML, like Gecko) Chrome/145.0.0.0 Safari/537.36 (compatible; meta-externalagent/1.1 (+https://developers.facebook.com/docs/sharing/webmasters/crawler))"
57.141.0.47 - - [21/Jul/2026:12:48:15 +0000] "GET /products/5448385/ HTTP/2" 301 0 "-" "Mozilla/5.0 (Windows NT 10.0; Win64; x64) AppleWebKit/537.36 (KHTML, like Gecko) Chrome/145.0.0.0 Safari/537.36 Edg/145.0.0.0 (compatible; meta-externalagent/1.1 (+https://developers.facebook.com/docs/sharing/webmasters/crawler))"
198.38.94.67 - - [21/Jul/2026:12:48:28 +0000] "POST /wp-cron.php?doing_wp_cron=1784638108.2531020641326904296875 HTTP/1.1" 200 0 "-" "WordPress/7.0.1; https://goldendunesfilmfestival.com"
57.141.0.13 - - [21/Jul/2026:12:48:27 +0000] "GET /products/2019196/ HTTP/2" 404 31912 "-" "Mozilla/5.0 (Macintosh; Intel Mac OS X 10_15_7) AppleWebKit/537.36 (KHTML, like Gecko) Chrome/145.0.0.0 Safari/537.36 (compatible; meta-externalagent/1.1 (+https://developers.facebook.com/docs/sharing/webmasters/crawler))"
57.141.0.25 - - [21/Jul/2026:12:48:38 +0000] "GET /products/13805041/ HTTP/2" 404 31916 "-" "Mozilla/5.0 (Windows NT 10.0; Win64; x64) AppleWebKit/537.36 (KHTML, like Gecko) Chrome/145.0.0.0 Safari/537.36 (compatible; meta-externalagent/1.1 (+https://developers.facebook.com/docs/sharing/webmasters/crawler))"
57.141.0.15 - - [21/Jul/2026:12:48:40 +0000] "GET /products/4959663/ HTTP/2" 404 31916 "-" "Mozilla/5.0 (Windows NT 10.0; Win64; x64) AppleWebKit/537.36 (KHTML, like Gecko) Chrome/145.0.0.0 Safari/537.36 (compatible; meta-externalagent/1.1 (+https://developers.facebook.com/docs/sharing/webmasters/crawler))"
57.141.0.38 - - [21/Jul/2026:12:48:41 +0000] "GET /products/16329441/ HTTP/2" 404 31916 "-" "Mozilla/5.0 (Windows NT 10.0; Win64; x64) AppleWebKit/537.36 (KHTML, like Gecko) Chrome/145.0.0.0 Safari/537.36 (compatible; meta-externalagent/1.1 (+https://developers.facebook.com/docs/sharing/webmasters/crawler))"
198.38.94.67 - - [21/Jul/2026:12:48:49 +0000] "POST /wp-cron.php?doing_wp_cron=1784638129.7695379257202148437500 HTTP/1.1" 200 0 "-" "WordPress/7.0.1; https://goldendunesfilmfestival.com"
176.31.139.18 - - [21/Jul/2026:12:48:49 +0000] "GET /wp-sitemap.xml HTTP/2" 200 231 "-" "Mozilla/5.0 (compatible; AhrefsBot/7.0; +http://ahrefs.com/robot/)"
176.31.139.6 - - [21/Jul/2026:12:48:51 +0000] "GET /wp-sitemap-posts-post-1.xml HTTP/2" 200 1273 "-" "Mozilla/5.0 (compatible; AhrefsBot/7.0; +http://ahrefs.com/robot/)"
5.39.1.224 - - [21/Jul/2026:12:48:52 +0000] "GET /wp-sitemap-posts-page-1.xml HTTP/2" 200 412 "-" "Mozilla/5.0 (compatible; AhrefsBot/7.0; +http://ahrefs.com/robot/)"
37.59.204.137 - - [21/Jul/2026:12:48:54 +0000] "GET /wp-sitemap-posts-yprm_header_builder-1.xml HTTP/2" 200 267 "-" "Mozilla/5.0 (compatible; AhrefsBot/7.0; +http://ahrefs.com/robot/)"
51.75.236.141 - - [21/Jul/2026:12:48:56 +0000] "GET /wp-sitemap-posts-yprm_footer_builder-1.xml HTTP/2" 200 283 "-" "Mozilla/5.0 (compatible; AhrefsBot/7.0; +http://ahrefs.com/robot/)"
94.23.188.211 - - [21/Jul/2026:12:48:57 +0000] "GET /wp-sitemap-posts-pt-portfolio-1.xml HTTP/2" 200 407 "-" "Mozilla/5.0 (compatible; AhrefsBot/7.0; +http://ahrefs.com/robot/)"
57.141.0.30 - - [21/Jul/2026:12:48:58 +0000] "GET /products/26179585/ HTTP/2" 404 31912 "-" "Mozilla/5.0 (Macintosh; Intel Mac OS X 10_15_7) AppleWebKit/537.36 (KHTML, like Gecko) Chrome/145.0.0.0 Safari/537.36 (compatible; meta-externalagent/1.1 (+https://developers.facebook.com/docs/sharing/webmasters/crawler))"
51.68.247.194 - - [21/Jul/2026:12:48:59 +0000] "GET /wp-sitemap-taxonomies-category-1.xml HTTP/2" 200 194 "-" "Mozilla/5.0 (compatible; AhrefsBot/7.0; +http://ahrefs.com/robot/)"
57.141.0.28 - - [21/Jul/2026:12:49:00 +0000] "GET /products/2796574/ HTTP/2" 404 31916 "-" "Mozilla/5.0 (Windows NT 10.0; Win64; x64) AppleWebKit/537.36 (KHTML, like Gecko) Chrome/145.0.0.0 Safari/537.36 (compatible; meta-externalagent/1.1 (+https://developers.facebook.com/docs/sharing/webmasters/crawler))"
37.59.204.132 - - [21/Jul/2026:12:49:01 +0000] "GET /wp-sitemap-taxonomies-pt-portfolio-category-1.xml HTTP/2" 200 193 "-" "Mozilla/5.0 (compatible; AhrefsBot/7.0; +http://ahrefs.com/robot/)"
57.141.0.9 - - [21/Jul/2026:12:49:19 +0000] "GET /products/23878629/ HTTP/2" 404 31916 "-" "Mozilla/5.0 (Windows NT 10.0; Win64; x64) AppleWebKit/537.36 (KHTML, like Gecko) Chrome/145.0.0.0 Safari/537.36 (compatible; meta-externalagent/1.1 (+https://developers.facebook.com/docs/sharing/webmasters/crawler))"
57.141.0.14 - - [21/Jul/2026:12:49:21 +0000] "GET /products/24697718/ HTTP/2" 301 0 "-" "Mozilla/5.0 (Windows NT 10.0; Win64; x64) AppleWebKit/537.36 (KHTML, like Gecko) Chrome/145.0.0.0 Safari/537.36 (compatible; meta-externalagent/1.1 (+https://developers.facebook.com/docs/sharing/webmasters/crawler))"
198.38.94.67 - - [21/Jul/2026:12:49:24 +0000] "POST /wp-cron.php?doing_wp_cron=1784638163.9184350967407226562500 HTTP/1.1" 200 0 "-" "WordPress/7.0.1; https://goldendunesfilmfestival.com"
57.141.0.48 - - [21/Jul/2026:12:49:23 +0000] "GET /products/14972074/ HTTP/2" 404 31912 "-" "Mozilla/5.0 (Macintosh; Intel Mac OS X 10_15_7) AppleWebKit/537.36 (KHTML, like Gecko) Chrome/145.0.0.0 Safari/537.36 (compatible; meta-externalagent/1.1 (+https://developers.facebook.com/docs/sharing/webmasters/crawler))"
57.141.0.3 - - [21/Jul/2026:12:49:24 +0000] "GET /products/14658296/ HTTP/2" 404 31916 "-" "Mozilla/5.0 (Windows NT 10.0; Win64; x64) AppleWebKit/537.36 (KHTML, like Gecko) Chrome/145.0.0.0 Safari/537.36 (compatible; meta-externalagent/1.1 (+https://developers.facebook.com/docs/sharing/webmasters/crawler))"
57.141.0.39 - - [21/Jul/2026:12:49:26 +0000] "GET /products/24098707/ HTTP/2" 404 31912 "-" "Mozilla/5.0 (Macintosh; Intel Mac OS X 10_15_7) AppleWebKit/537.36 (KHTML, like Gecko) Chrome/145.0.0.0 Safari/537.36 (compatible; meta-externalagent/1.1 (+https://developers.facebook.com/docs/sharing/webmasters/crawler))"
57.141.0.52 - - [21/Jul/2026:12:49:28 +0000] "GET /products/13365629/ HTTP/2" 404 31912 "-" "Mozilla/5.0 (Macintosh; Intel Mac OS X 10_15_7) AppleWebKit/537.36 (KHTML, like Gecko) Chrome/145.0.0.0 Safari/537.36 (compatible; meta-externalagent/1.1 (+https://developers.facebook.com/docs/sharing/webmasters/crawler))"
57.141.0.16 - - [21/Jul/2026:12:49:30 +0000] "GET /products/20014641/ HTTP/2" 404 31916 "-" "Mozilla/5.0 (Windows NT 10.0; Win64; x64) AppleWebKit/537.36 (KHTML, like Gecko) Chrome/145.0.0.0 Safari/537.36 (compatible; meta-externalagent/1.1 (+https://developers.facebook.com/docs/sharing/webmasters/crawler))"
57.141.0.20 - - [21/Jul/2026:12:49:33 +0000] "GET /products/4301041/ HTTP/2" 404 31916 "-" "Mozilla/5.0 (Windows NT 10.0; Win64; x64) AppleWebKit/537.36 (KHTML, like Gecko) Chrome/145.0.0.0 Safari/537.36 (compatible; meta-externalagent/1.1 (+https://developers.facebook.com/docs/sharing/webmasters/crawler))"
57.141.0.48 - - [21/Jul/2026:12:49:36 +0000] "GET /products/25393896/ HTTP/2" 404 31916 "-" "Mozilla/5.0 (Windows NT 10.0; Win64; x64) AppleWebKit/537.36 (KHTML, like Gecko) Chrome/145.0.0.0 Safari/537.36 (compatible; meta-externalagent/1.1 (+https://developers.facebook.com/docs/sharing/webmasters/crawler))"
57.141.0.49 - - [21/Jul/2026:12:49:40 +0000] "GET /products/13979641/ HTTP/2" 404 31911 "-" "Mozilla/5.0 (Macintosh; Intel Mac OS X 10.15; rv:147.0) Gecko/20100101 Firefox/147.0 (compatible; meta-externalagent/1.1 (+https://developers.facebook.com/docs/sharing/webmasters/crawler))"
57.141.0.24 - - [21/Jul/2026:12:49:43 +0000] "GET /products/16442129/ HTTP/2" 404 31916 "-" "Mozilla/5.0 (Windows NT 10.0; Win64; x64) AppleWebKit/537.36 (KHTML, like Gecko) Chrome/145.0.0.0 Safari/537.36 (compatible; meta-externalagent/1.1 (+https://developers.facebook.com/docs/sharing/webmasters/crawler))"
57.141.0.6 - - [21/Jul/2026:12:49:45 +0000] "GET /products/3980129/ HTTP/2" 404 31916 "-" "Mozilla/5.0 (Windows NT 10.0; Win64; x64) AppleWebKit/537.36 (KHTML, like Gecko) Chrome/145.0.0.0 Safari/537.36 (compatible; meta-externalagent/1.1 (+https://developers.facebook.com/docs/sharing/webmasters/crawler))"
57.141.0.60 - - [21/Jul/2026:12:49:46 +0000] "GET /products/25001030/ HTTP/2" 404 31912 "-" "Mozilla/5.0 (Macintosh; Intel Mac OS X 10_15_7) AppleWebKit/537.36 (KHTML, like Gecko) Chrome/145.0.0.0 Safari/537.36 (compatible; meta-externalagent/1.1 (+https://developers.facebook.com/docs/sharing/webmasters/crawler))"
57.141.0.27 - - [21/Jul/2026:12:49:51 +0000] "GET /products/24814796/ HTTP/2" 404 31912 "-" "Mozilla/5.0 (Macintosh; Intel Mac OS X 10_15_7) AppleWebKit/537.36 (KHTML, like Gecko) Chrome/145.0.0.0 Safari/537.36 (compatible; meta-externalagent/1.1 (+https://developers.facebook.com/docs/sharing/webmasters/crawler))"
57.141.0.67 - - [21/Jul/2026:12:49:53 +0000] "GET /products/23880452/ HTTP/2" 404 31912 "-" "Mozilla/5.0 (Macintosh; Intel Mac OS X 10_15_7) AppleWebKit/537.36 (KHTML, like Gecko) Chrome/145.0.0.0 Safari/537.36 (compatible; meta-externalagent/1.1 (+https://developers.facebook.com/docs/sharing/webmasters/crawler))"
57.141.0.36 - - [21/Jul/2026:12:49:56 +0000] "GET /products/26266885/ HTTP/2" 404 31916 "-" "Mozilla/5.0 (Windows NT 10.0; Win64; x64) AppleWebKit/537.36 (KHTML, like Gecko) Chrome/145.0.0.0 Safari/537.36 (compatible; meta-externalagent/1.1 (+https://developers.facebook.com/docs/sharing/webmasters/crawler))"
57.141.0.25 - - [21/Jul/2026:12:50:14 +0000] "GET /products/4709241/ HTTP/2" 301 0 "-" "Mozilla/5.0 (Windows NT 10.0; Win64; x64) AppleWebKit/537.36 (KHTML, like Gecko) Chrome/145.0.0.0 Safari/537.36 (compatible; meta-externalagent/1.1 (+https://developers.facebook.com/docs/sharing/webmasters/crawler))"
57.141.0.13 - - [21/Jul/2026:12:50:20 +0000] "GET /products/19906974/ HTTP/2" 404 31916 "-" "Mozilla/5.0 (Windows NT 10.0; Win64; x64) AppleWebKit/537.36 (KHTML, like Gecko) Chrome/145.0.0.0 Safari/537.36 (compatible; meta-externalagent/1.1 (+https://developers.facebook.com/docs/sharing/webmasters/crawler))"
57.141.0.27 - - [21/Jul/2026:12:50:21 +0000] "GET /products/3206474/ HTTP/2" 404 31912 "-" "Mozilla/5.0 (Macintosh; Intel Mac OS X 10_15_7) AppleWebKit/537.36 (KHTML, like Gecko) Chrome/145.0.0.0 Safari/537.36 (compatible; meta-externalagent/1.1 (+https://developers.facebook.com/docs/sharing/webmasters/crawler))"
198.38.94.67 - - [21/Jul/2026:12:50:23 +0000] "POST /wp-cron.php?doing_wp_cron=1784638223.6034960746765136718750 HTTP/1.1" 200 0 "-" "WordPress/7.0.1; https://goldendunesfilmfestival.com"
57.141.0.10 - - [21/Jul/2026:12:50:23 +0000] "GET /products/4723118/ HTTP/2" 404 31912 "-" "Mozilla/5.0 (Macintosh; Intel Mac OS X 10_15_7) AppleWebKit/537.36 (KHTML, like Gecko) Chrome/145.0.0.0 Safari/537.36 (compatible; meta-externalagent/1.1 (+https://developers.facebook.com/docs/sharing/webmasters/crawler))"
57.141.0.39 - - [21/Jul/2026:12:50:31 +0000] "GET /products/25940730/ HTTP/2" 404 31914 "-" "Mozilla/5.0 (X11; Linux x86_64) AppleWebKit/537.36 (KHTML, like Gecko) Chrome/145.0.0.0 Safari/537.36 (compatible; meta-externalagent/1.1 (+https://developers.facebook.com/docs/sharing/webmasters/crawler))"
57.141.0.17 - - [21/Jul/2026:12:50:33 +0000] "GET /products/9926841/ HTTP/2" 404 31916 "-" "Mozilla/5.0 (Windows NT 10.0; Win64; x64) AppleWebKit/537.36 (KHTML, like Gecko) Chrome/145.0.0.0 Safari/537.36 (compatible; meta-externalagent/1.1 (+https://developers.facebook.com/docs/sharing/webmasters/crawler))"
57.141.0.52 - - [21/Jul/2026:12:50:40 +0000] "GET /products/24752085/ HTTP/2" 404 31916 "-" "Mozilla/5.0 (Windows NT 10.0; Win64; x64) AppleWebKit/537.36 (KHTML, like Gecko) Chrome/145.0.0.0 Safari/537.36 (compatible; meta-externalagent/1.1 (+https://developers.facebook.com/docs/sharing/webmasters/crawler))"
57.141.0.12 - - [21/Jul/2026:12:50:42 +0000] "GET /products/14075796/ HTTP/2" 404 31916 "-" "Mozilla/5.0 (Windows NT 10.0; Win64; x64) AppleWebKit/537.36 (KHTML, like Gecko) Chrome/145.0.0.0 Safari/537.36 (compatible; meta-externalagent/1.1 (+https://developers.facebook.com/docs/sharing/webmasters/crawler))"
57.141.0.6 - - [21/Jul/2026:12:50:46 +0000] "GET /products/24742896/ HTTP/2" 404 31916 "-" "Mozilla/5.0 (Windows NT 10.0; Win64; x64) AppleWebKit/537.36 (KHTML, like Gecko) Chrome/145.0.0.0 Safari/537.36 (compatible; meta-externalagent/1.1 (+https://developers.facebook.com/docs/sharing/webmasters/crawler))"
57.141.0.47 - - [21/Jul/2026:12:50:59 +0000] "GET /products/20341707/ HTTP/2" 404 31916 "-" "Mozilla/5.0 (Windows NT 10.0; Win64; x64) AppleWebKit/537.36 (KHTML, like Gecko) Chrome/145.0.0.0 Safari/537.36 (compatible; meta-externalagent/1.1 (+https://developers.facebook.com/docs/sharing/webmasters/crawler))"
57.141.0.67 - - [21/Jul/2026:12:51:01 +0000] "GET /products/9018130/ HTTP/2" 404 31914 "-" "Mozilla/5.0 (X11; Linux x86_64) AppleWebKit/537.36 (KHTML, like Gecko) Chrome/145.0.0.0 Safari/537.36 (compatible; meta-externalagent/1.1 (+https://developers.facebook.com/docs/sharing/webmasters/crawler))"
57.141.0.60 - - [21/Jul/2026:12:51:05 +0000] "GET /products/23150507/ HTTP/2" 404 31916 "-" "Mozilla/5.0 (Windows NT 10.0; Win64; x64) AppleWebKit/537.36 (KHTML, like Gecko) Chrome/145.0.0.0 Safari/537.36 (compatible; meta-externalagent/1.1 (+https://developers.facebook.com/docs/sharing/webmasters/crawler))"
57.141.0.7 - - [21/Jul/2026:12:51:08 +0000] "GET /products/11782596/ HTTP/2" 404 31912 "-" "Mozilla/5.0 (Macintosh; Intel Mac OS X 10_15_7) AppleWebKit/537.36 (KHTML, like Gecko) Chrome/145.0.0.0 Safari/537.36 (compatible; meta-externalagent/1.1 (+https://developers.facebook.com/docs/sharing/webmasters/crawler))"
57.141.0.14 - - [21/Jul/2026:12:51:12 +0000] "GET /products/20324241/ HTTP/2" 404 31912 "-" "Mozilla/5.0 (Macintosh; Intel Mac OS X 10_15_7) AppleWebKit/537.36 (KHTML, like Gecko) Chrome/145.0.0.0 Safari/537.36 (compatible; meta-externalagent/1.1 (+https://developers.facebook.com/docs/sharing/webmasters/crawler))"
198.38.94.67 - - [21/Jul/2026:12:51:23 +0000] "POST /wp-cron.php?doing_wp_cron=1784638283.8606069087982177734375 HTTP/1.1" 200 0 "-" "WordPress/7.0.1; https://goldendunesfilmfestival.com"
68.220.215.172 - - [21/Jul/2026:12:51:23 +0000] "GET / HTTP/1.1" 200 19464 "-" "Mozilla/5.0 (Windows NT 10.0; Win64; x64) AppleWebKit/537.36 (KHTML, like Gecko) Chrome/124.0 Safari/537.36"
68.220.215.172 - - [21/Jul/2026:12:51:29 +0000] "GET / HTTP/1.1" 200 19467 "-" "Mozilla/5.0 (Windows NT 6.1; Win64; x64) AppleWebKit/537.36 (KHTML, like Gecko) Chrome/55.0.2883.87 Safari/537.36"
68.220.215.172 - - [21/Jul/2026:12:51:30 +0000] "GET /rules-and-regulation/ HTTP/1.1" 200 15961 "https://goldendunesfilmfestival.com/" "Mozilla/5.0 (Windows NT 6.1) AppleWebKit/537.36 (KHTML, like Gecko) Chrome/41.0.2272.104 Safari/537.36"
68.220.215.172 - - [21/Jul/2026:12:51:30 +0000] "GET /contacts/ HTTP/1.1" 200 14273 "https://goldendunesfilmfestival.com/" "Mozilla/5.0 (Windows NT 6.2; Win64; x64) AppleWebKit/537.36 (KHTML, like Gecko) Chrome/66.0.3359.117 Safari/537.36"
68.220.215.172 - - [21/Jul/2026:12:51:31 +0000] "GET /film-festival-dubai-2025/ HTTP/1.1" 200 15695 "https://goldendunesfilmfestival.com/" "Mozilla/5.0 (Windows NT 6.2; Win64; x64) AppleWebKit/537.36 (KHTML, like Gecko) Chrome/60.0.3112.90 Safari/537.36"
68.220.215.172 - - [21/Jul/2026:12:51:31 +0000] "GET /press-media/ HTTP/1.1" 200 15634 "https://goldendunesfilmfestival.com/" "Mozilla/5.0 (Windows NT 10.0; WOW64) AppleWebKit/537.36 (KHTML, like Gecko) Chrome/55.0.0.12195 Safari/537.36"
57.141.0.61 - - [21/Jul/2026:12:51:32 +0000] "GET /products/25065907/ HTTP/2" 404 31916 "-" "Mozilla/5.0 (Windows NT 10.0; Win64; x64) AppleWebKit/537.36 (KHTML, like Gecko) Chrome/145.0.0.0 Safari/537.36 (compatible; meta-externalagent/1.1 (+https://developers.facebook.com/docs/sharing/webmasters/crawler))"
68.220.215.172 - - [21/Jul/2026:12:51:32 +0000] "GET /partnerships/ HTTP/1.1" 200 15421 "https://goldendunesfilmfestival.com/" "Mozilla/5.0 (Windows NT 10.0; WOW64) AppleWebKit/537.36 (KHTML, like Gecko) Chrome/51.0.2704.103 Safari/537.36"
68.220.215.172 - - [21/Jul/2026:12:51:33 +0000] "GET /film-submissions/ HTTP/1.1" 200 16187 "https://goldendunesfilmfestival.com/" "Mozilla/5.0 (Windows NT 6.3; Win64; x64) AppleWebKit/537.36 (KHTML, like Gecko) Chrome/57.0.2987.133 Safari/537.36"
68.220.215.172 - - [21/Jul/2026:12:51:33 +0000] "GET /festival-program/ HTTP/1.1" 200 15360 "https://goldendunesfilmfestival.com/" "Mozilla/5.0 (Windows NT 10.0; Win64; x64) AppleWebKit/537.36 (KHTML, like Gecko) Chrome/64.0.3282.167 Safari/537.36"
68.220.215.172 - - [21/Jul/2026:12:51:34 +0000] "GET /winners-2025/ HTTP/1.1" 200 17766 "https://goldendunesfilmfestival.com/" "Mozilla/5.0 (Windows NT 6.1; WOW64) AppleWebKit/537.36 (KHTML, like Gecko) Chrome/41.0.2272.118 Safari/537.36"
68.220.215.172 - - [21/Jul/2026:12:51:34 +0000] "GET /awards-jury/ HTTP/1.1" 200 22091 "https://goldendunesfilmfestival.com/" "Mozilla/5.0 (Windows NT 6.1; Win64; x64) AppleWebKit/537.36 (KHTML, like Gecko) Chrome/51.0.2704.106 Safari/537.36"
68.220.215.172 - - [21/Jul/2026:12:51:35 +0000] "GET /about-us/ HTTP/1.1" 200 17342 "https://goldendunesfilmfestival.com/" "Mozilla/5.0 (Windows NT 10.0; Win64; x64) AppleWebKit/537.36 (KHTML, like Gecko) Chrome/64.0.3282.140 Safari/537.36"
68.220.215.172 - - [21/Jul/2026:12:51:35 +0000] "GET /new1/rules-and-regulation/ HTTP/1.1" 301 0 "https://goldendunesfilmfestival.com/film-submissions/" "Mozilla/5.0 (Windows NT 10.0; Win64; x64) AppleWebKit/537.36 (KHTML, like Gecko) Chrome/65.0.3325.162 Safari/537.36"
68.220.215.172 - - [21/Jul/2026:12:51:36 +0000] "GET /wp-content/uploads/2025/12/a3b9782126-poster.webp HTTP/1.1" 200 40106 "https://goldendunesfilmfestival.com/winners-2025/" "Mozilla/5.0 (Windows NT 6.3; WOW64) AppleWebKit/537.36 (KHTML, like Gecko) Chrome/46.0.2490.80 Safari/537.36"
57.141.0.50 - - [21/Jul/2026:12:51:36 +0000] "GET /products/23813985/ HTTP/2" 404 31912 "-" "Mozilla/5.0 (Macintosh; Intel Mac OS X 10_15_7) AppleWebKit/537.36 (KHTML, like Gecko) Chrome/145.0.0.0 Safari/537.36 (compatible; meta-externalagent/1.1 (+https://developers.facebook.com/docs/sharing/webmasters/crawler))"
68.220.215.172 - - [21/Jul/2026:12:51:37 +0000] "GET /wp-content/uploads/2025/12/a56c3d06c4-poster.webp HTTP/1.1" 200 32436 "https://goldendunesfilmfestival.com/winners-2025/" "Mozilla/5.0 (Windows NT 10.0; WOW64) AppleWebKit/537.36 (KHTML, like Gecko) Chrome/52.0.2743.116 Safari/537.36"
57.141.0.49 - - [21/Jul/2026:12:51:37 +0000] "GET /products/19965763/ HTTP/2" 404 31914 "-" "Mozilla/5.0 (Windows NT 10.0; Win64; x64) AppleWebKit/537.36 (KHTML, like Gecko) Chrome/145.0.0.0 Safari/537.36 Edg/145.0.0.0 (compatible; meta-externalagent/1.1 (+https://developers.facebook.com/docs/sharing/webmasters/crawler))"
68.220.215.172 - - [21/Jul/2026:12:51:37 +0000] "GET /wp-content/uploads/2025/12/5eaf62576f-poster.webp HTTP/1.1" 200 103478 "https://goldendunesfilmfestival.com/winners-2025/" "Mozilla/5.0 (Windows NT 6.3; WOW64) AppleWebKit/537.36 (KHTML, like Gecko) Chrome/49.0.2623.112 Safari/537.36"
57.141.0.58 - - [21/Jul/2026:12:51:48 +0000] "GET /products/23997318/ HTTP/2" 404 31916 "-" "Mozilla/5.0 (Windows NT 10.0; Win64; x64) AppleWebKit/537.36 (KHTML, like Gecko) Chrome/145.0.0.0 Safari/537.36 (compatible; meta-externalagent/1.1 (+https://developers.facebook.com/docs/sharing/webmasters/crawler))"
34.194.233.48 - - [21/Jul/2026:12:51:53 +0000] "GET /ewolucja-premium-zakladow-sportowych/ HTTP/1.1" 200 12834 "-" "Mozilla/5.0 AppleWebKit/537.36 (KHTML, like Gecko; compatible; Amazonbot/0.1; +https://developer.amazon.com/support/amazonbot) Chrome/119.0.6045.214 Safari/537.36"
57.141.0.8 - - [21/Jul/2026:12:52:01 +0000] "GET /products/4383329/ HTTP/2" 301 0 "-" "Mozilla/5.0 (Windows NT 10.0; Win64; x64) AppleWebKit/537.36 (KHTML, like Gecko) Chrome/145.0.0.0 Safari/537.36 (compatible; meta-externalagent/1.1 (+https://developers.facebook.com/docs/sharing/webmasters/crawler))"
57.141.0.4 - - [21/Jul/2026:12:52:05 +0000] "GET /products/25990441/ HTTP/2" 404 31914 "-" "Mozilla/5.0 (X11; Linux x86_64) AppleWebKit/537.36 (KHTML, like Gecko) Chrome/145.0.0.0 Safari/537.36 (compatible; meta-externalagent/1.1 (+https://developers.facebook.com/docs/sharing/webmasters/crawler))"
57.141.0.13 - - [21/Jul/2026:12:52:08 +0000] "GET /products/1997241/ HTTP/2" 404 31916 "-" "Mozilla/5.0 (Windows NT 10.0; Win64; x64) AppleWebKit/537.36 (KHTML, like Gecko) Chrome/145.0.0.0 Safari/537.36 (compatible; meta-externalagent/1.1 (+https://developers.facebook.com/docs/sharing/webmasters/crawler))"
198.38.94.67 - - [21/Jul/2026:12:52:33 +0000] "POST /wp-cron.php?doing_wp_cron=1784638352.9837210178375244140625 HTTP/1.1" 200 0 "-" "WordPress/7.0.1; https://goldendunesfilmfestival.com"
57.141.0.44 - - [21/Jul/2026:12:52:32 +0000] "GET /products/15353785/ HTTP/2" 404 31912 "-" "Mozilla/5.0 (Macintosh; Intel Mac OS X 10_15_7) AppleWebKit/537.36 (KHTML, like Gecko) Chrome/145.0.0.0 Safari/537.36 (compatible; meta-externalagent/1.1 (+https://developers.facebook.com/docs/sharing/webmasters/crawler))"
57.141.0.12 - - [21/Jul/2026:12:52:35 +0000] "GET /products/25244796/ HTTP/2" 301 0 "-" "Mozilla/5.0 (Windows NT 10.0; Win64; x64) AppleWebKit/537.36 (KHTML, like Gecko) Chrome/145.0.0.0 Safari/537.36 Edg/145.0.0.0 (compatible; meta-externalagent/1.1 (+https://developers.facebook.com/docs/sharing/webmasters/crawler))"
94.23.188.216 - - [21/Jul/2026:12:52:40 +0000] "GET /10210-2/ HTTP/2" 404 7090 "-" "Mozilla/5.0 (compatible; AhrefsBot/7.0; +http://ahrefs.com/robot/)"
68.220.215.172 - - [21/Jul/2026:12:52:45 +0000] "GET / HTTP/2" 200 19402 "-" "Mozilla/5.0 (Windows NT 10.0; Win64; x64; rv:152.0) Gecko/20100101 Firefox/152.0"
68.220.215.172 - - [21/Jul/2026:12:52:46 +0000] "GET /wp-content/plugins/contact-form-7/includes/css/styles.css?ver=6.1.5 HTTP/2" 200 899 "https://goldendunesfilmfestival.com/" "Mozilla/5.0 (Windows NT 10.0; Win64; x64; rv:152.0) Gecko/20100101 Firefox/152.0"
68.220.215.172 - - [21/Jul/2026:12:52:46 +0000] "GET /wp-content/themes/mirel/css/custom.css?ver=7.0.1 HTTP/2" 200 0 "https://goldendunesfilmfestival.com/" "Mozilla/5.0 (Windows NT 10.0; Win64; x64; rv:152.0) Gecko/20100101 Firefox/152.0"
68.220.215.172 - - [21/Jul/2026:12:52:46 +0000] "GET /wp-content/plugins/pt-mirel-addons/include/popup/style.css?ver=1.0.0 HTTP/2" 200 2001 "https://goldendunesfilmfestival.com/" "Mozilla/5.0 (Windows NT 10.0; Win64; x64; rv:152.0) Gecko/20100101 Firefox/152.0"
68.220.215.172 - - [21/Jul/2026:12:52:46 +0000] "GET /wp-content/uploads/elementor/css/post-7.css?ver=1784054748 HTTP/2" 200 339 "https://goldendunesfilmfestival.com/" "Mozilla/5.0 (Windows NT 10.0; Win64; x64; rv:152.0) Gecko/20100101 Firefox/152.0"
68.220.215.172 - - [21/Jul/2026:12:52:46 +0000] "GET /wp-content/plugins/elementor/assets/lib/swiper/v8/css/swiper.min.css?ver=8.4.5 HTTP/2" 200 4248 "https://goldendunesfilmfestival.com/" "Mozilla/5.0 (Windows NT 10.0; Win64; x64; rv:152.0) Gecko/20100101 Firefox/152.0"
68.220.215.172 - - [21/Jul/2026:12:52:46 +0000] "GET /wp-content/plugins/elementor/assets/lib/animations/styles/fadeInUp.min.css?ver=4.0.6 HTTP/2" 200 130 "https://goldendunesfilmfestival.com/" "Mozilla/5.0 (Windows NT 10.0; Win64; x64; rv:152.0) Gecko/20100101 Firefox/152.0"
68.220.215.172 - - [21/Jul/2026:12:52:46 +0000] "GET /wp-content/plugins/elementor/assets/css/conditionals/e-swiper.min.css?ver=4.0.6 HTTP/2" 200 699 "https://goldendunesfilmfestival.com/" "Mozilla/5.0 (Windows NT 10.0; Win64; x64; rv:152.0) Gecko/20100101 Firefox/152.0"
68.220.215.172 - - [21/Jul/2026:12:52:46 +0000] "GET /wp-content/plugins/elementor-pro/assets/css/widget-slides.min.css?ver=3.30.1 HTTP/2" 200 527 "https://goldendunesfilmfestival.com/" "Mozilla/5.0 (Windows NT 10.0; Win64; x64; rv:152.0) Gecko/20100101 Firefox/152.0"
68.220.215.172 - - [21/Jul/2026:12:52:46 +0000] "GET /wp-content/plugins/elementor/assets/css/widget-video.min.css?ver=4.0.6 HTTP/2" 200 328 "https://goldendunesfilmfestival.com/" "Mozilla/5.0 (Windows NT 10.0; Win64; x64; rv:152.0) Gecko/20100101 Firefox/152.0"
68.220.215.172 - - [21/Jul/2026:12:52:46 +0000] "GET /wp-content/plugins/elementor/assets/css/frontend.min.css?ver=4.0.6 HTTP/2" 200 6613 "https://goldendunesfilmfestival.com/" "Mozilla/5.0 (Windows NT 10.0; Win64; x64; rv:152.0) Gecko/20100101 Firefox/152.0"
68.220.215.172 - - [21/Jul/2026:12:52:46 +0000] "GET /wp-content/plugins/pt-mirel-addons/assets/css/pt-inline.css?ver=7.0.1 HTTP/3" 200 0 "https://goldendunesfilmfestival.com/" "Mozilla/5.0 (Windows NT 10.0; Win64; x64; rv:152.0) Gecko/20100101 Firefox/152.0"
68.220.215.172 - - [21/Jul/2026:12:52:46 +0000] "GET /wp-content/uploads/elementor/css/post-34.css?ver=1784054748 HTTP/3" 200 1148 "https://goldendunesfilmfestival.com/" "Mozilla/5.0 (Windows NT 10.0; Win64; x64; rv:152.0) Gecko/20100101 Firefox/152.0"
68.220.215.172 - - [21/Jul/2026:12:52:46 +0000] "GET /wp-content/plugins/elementor/assets/css/widget-social-icons.min.css?ver=4.0.6 HTTP/3" 200 1039 "https://goldendunesfilmfestival.com/" "Mozilla/5.0 (Windows NT 10.0; Win64; x64; rv:152.0) Gecko/20100101 Firefox/152.0"
68.220.215.172 - - [21/Jul/2026:12:52:46 +0000] "GET /wp-content/plugins/elementor/assets/css/conditionals/apple-webkit.min.css?ver=4.0.6 HTTP/3" 200 464 "https://goldendunesfilmfestival.com/" "Mozilla/5.0 (Windows NT 10.0; Win64; x64; rv:152.0) Gecko/20100101 Firefox/152.0"
68.220.215.172 - - [21/Jul/2026:12:52:46 +0000] "GET /wp-includes/js/dist/hooks.min.js?ver=7496969728ca0f95732d HTTP/3" 200 1734 "https://goldendunesfilmfestival.com/" "Mozilla/5.0 (Windows NT 10.0; Win64; x64; rv:152.0) Gecko/20100101 Firefox/152.0"
68.220.215.172 - - [21/Jul/2026:12:52:46 +0000] "GET /wp-includes/js/dist/i18n.min.js?ver=781d11515ad3d91786ec HTTP/3" 200 2354 "https://goldendunesfilmfestival.com/" "Mozilla/5.0 (Windows NT 10.0; Win64; x64; rv:152.0) Gecko/20100101 Firefox/152.0"
68.220.215.172 - - [21/Jul/2026:12:52:46 +0000] "GET /wp-content/plugins/contact-form-7/includes/swv/js/index.js?ver=6.1.5 HTTP/3" 200 3369 "https://goldendunesfilmfestival.com/" "Mozilla/5.0 (Windows NT 10.0; Win64; x64; rv:152.0) Gecko/20100101 Firefox/152.0"
68.220.215.172 - - [21/Jul/2026:12:52:46 +0000] "GET /wp-content/plugins/contact-form-7/includes/js/index.js?ver=6.1.5 HTTP/3" 200 4008 "https://goldendunesfilmfestival.com/" "Mozilla/5.0 (Windows NT 10.0; Win64; x64; rv:152.0) Gecko/20100101 Firefox/152.0"
68.220.215.172 - - [21/Jul/2026:12:52:46 +0000] "GET /wp-content/plugins/pt-mirel-addons/assets/js/gsap.min.js?ver=3.4.2 HTTP/3" 200 23344 "https://goldendunesfilmfestival.com/" "Mozilla/5.0 (Windows NT 10.0; Win64; x64; rv:152.0) Gecko/20100101 Firefox/152.0"
68.220.215.172 - - [21/Jul/2026:12:52:46 +0000] "GET /wp-content/plugins/pt-mirel-addons/elementor/js/handlers/banner-image-gallery.js?ver=7.0.1 HTTP/3" 200 1025 "https://goldendunesfilmfestival.com/" "Mozilla/5.0 (Windows NT 10.0; Win64; x64; rv:152.0) Gecko/20100101 Firefox/152.0"
68.220.215.172 - - [21/Jul/2026:12:52:46 +0000] "GET /wp-content/plugins/pt-mirel-addons/include/popup/script.js?ver=1.0.0 HTTP/3" 200 3595 "https://goldendunesfilmfestival.com/" "Mozilla/5.0 (Windows NT 10.0; Win64; x64; rv:152.0) Gecko/20100101 Firefox/152.0"
68.220.215.172 - - [21/Jul/2026:12:52:46 +0000] "GET /wp-content/plugins/pt-mirel-addons/elementor/js/handlers/image.js?ver=7.0.1 HTTP/3" 200 514 "https://goldendunesfilmfestival.com/" "Mozilla/5.0 (Windows NT 10.0; Win64; x64; rv:152.0) Gecko/20100101 Firefox/152.0"
68.220.215.172 - - [21/Jul/2026:12:52:46 +0000] "GET /wp-content/themes/mirel-child/script.js?ver=7.0.1 HTTP/3" 200 0 "https://goldendunesfilmfestival.com/" "Mozilla/5.0 (Windows NT 10.0; Win64; x64; rv:152.0) Gecko/20100101 Firefox/152.0"
68.220.215.172 - - [21/Jul/2026:12:52:46 +0000] "GET /wp-content/plugins/pt-mirel-addons/assets/js/custom-cursor.js?ver=0.0.1 HTTP/3" 200 737 "https://goldendunesfilmfestival.com/" "Mozilla/5.0 (Windows NT 10.0; Win64; x64; rv:152.0) Gecko/20100101 Firefox/152.0"
68.220.215.172 - - [21/Jul/2026:12:52:46 +0000] "GET /wp-content/uploads/2025/07/golden-badge-1.png HTTP/2" 200 174732 "https://goldendunesfilmfestival.com/" "Mozilla/5.0 (Windows NT 10.0; Win64; x64; rv:152.0) Gecko/20100101 Firefox/152.0"
68.220.215.172 - - [21/Jul/2026:12:52:46 +0000] "GET /wp-content/plugins/elementor/assets/css/widget-image.min.css?ver=4.0.6 HTTP/2" 200 96 "https://goldendunesfilmfestival.com/" "Mozilla/5.0 (Windows NT 10.0; Win64; x64; rv:152.0) Gecko/20100101 Firefox/152.0"
68.220.215.172 - - [21/Jul/2026:12:52:46 +0000] "GET /wp-content/uploads/elementor/css/post-1788.css?ver=1784054748 HTTP/2" 200 2273 "https://goldendunesfilmfestival.com/" "Mozilla/5.0 (Windows NT 10.0; Win64; x64; rv:152.0) Gecko/20100101 Firefox/152.0"
68.220.215.172 - - [21/Jul/2026:12:52:46 +0000] "GET /wp-content/themes/mirel/css/iconfont.css?ver=7.0.1 HTTP/2" 200 6227 "https://goldendunesfilmfestival.com/" "Mozilla/5.0 (Windows NT 10.0; Win64; x64; rv:152.0) Gecko/20100101 Firefox/152.0"
68.220.215.172 - - [21/Jul/2026:12:52:46 +0000] "GET /wp-content/themes/mirel/css/mirel-icons.css?ver=7.0.1 HTTP/2" 200 767 "https://goldendunesfilmfestival.com/" "Mozilla/5.0 (Windows NT 10.0; Win64; x64; rv:152.0) Gecko/20100101 Firefox/152.0"
68.220.215.172 - - [21/Jul/2026:12:52:46 +0000] "GET /wp-content/themes/mirel-child/style.css?ver=7.0.1 HTTP/2" 200 3307 "https://goldendunesfilmfestival.com/" "Mozilla/5.0 (Windows NT 10.0; Win64; x64; rv:152.0) Gecko/20100101 Firefox/152.0"
68.220.215.172 - - [21/Jul/2026:12:52:46 +0000] "GET /wp-content/themes/mirel/css/main.css?ver=7.0.1 HTTP/2" 200 40130 "https://goldendunesfilmfestival.com/" "Mozilla/5.0 (Windows NT 10.0; Win64; x64; rv:152.0) Gecko/20100101 Firefox/152.0"
68.220.215.172 - - [21/Jul/2026:12:52:46 +0000] "GET /wp-content/plugins/pt-mirel-addons/assets/css/fontawesome.min.css?ver=7.0.1 HTTP/2" 200 11591 "https://goldendunesfilmfestival.com/" "Mozilla/5.0 (Windows NT 10.0; Win64; x64; rv:152.0) Gecko/20100101 Firefox/152.0"
68.220.215.172 - - [21/Jul/2026:12:52:46 +0000] "GET /wp-content/plugins/pt-mirel-addons/assets/js/swiper.min.js?ver=7.0.5 HTTP/3" 200 36065 "https://goldendunesfilmfestival.com/" "Mozilla/5.0 (Windows NT 10.0; Win64; x64; rv:152.0) Gecko/20100101 Firefox/152.0"
68.220.215.172 - - [21/Jul/2026:12:52:46 +0000] "GET /wp-content/plugins/elementor/assets/js/webpack.runtime.min.js?ver=4.0.6 HTTP/3" 200 2280 "https://goldendunesfilmfestival.com/" "Mozilla/5.0 (Windows NT 10.0; Win64; x64; rv:152.0) Gecko/20100101 Firefox/152.0"
68.220.215.172 - - [21/Jul/2026:12:52:46 +0000] "GET /wp-content/plugins/elementor/assets/js/frontend-modules.min.js?ver=4.0.6 HTTP/3" 200 15445 "https://goldendunesfilmfestival.com/" "Mozilla/5.0 (Windows NT 10.0; Win64; x64; rv:152.0) Gecko/20100101 Firefox/152.0"
68.220.215.172 - - [21/Jul/2026:12:52:46 +0000] "GET /wp-includes/js/jquery/ui/core.min.js?ver=1.13.3 HTTP/3" 200 6812 "https://goldendunesfilmfestival.com/" "Mozilla/5.0 (Windows NT 10.0; Win64; x64; rv:152.0) Gecko/20100101 Firefox/152.0"
68.220.215.172 - - [21/Jul/2026:12:52:46 +0000] "GET /wp-content/plugins/pt-mirel-addons/assets/css/pt-addons.css?ver=7.0.1 HTTP/2" 200 36649 "https://goldendunesfilmfestival.com/" "Mozilla/5.0 (Windows NT 10.0; Win64; x64; rv:152.0) Gecko/20100101 Firefox/152.0"
68.220.215.172 - - [21/Jul/2026:12:52:46 +0000] "GET /wp-includes/js/jquery/jquery.min.js?ver=3.7.1 HTTP/2" 200 29744 "https://goldendunesfilmfestival.com/" "Mozilla/5.0 (Windows NT 10.0; Win64; x64; rv:152.0) Gecko/20100101 Firefox/152.0"
68.220.215.172 - - [21/Jul/2026:12:52:46 +0000] "GET /wp-includes/js/jquery/jquery-migrate.min.js?ver=3.4.1 HTTP/2" 200 4678 "https://goldendunesfilmfestival.com/" "Mozilla/5.0 (Windows NT 10.0; Win64; x64; rv:152.0) Gecko/20100101 Firefox/152.0"
68.220.215.172 - - [21/Jul/2026:12:52:46 +0000] "GET /wp-content/plugins/pt-mirel-addons/assets/js/zilla-likes.js?ver=7.0.1 HTTP/2" 200 328 "https://goldendunesfilmfestival.com/" "Mozilla/5.0 (Windows NT 10.0; Win64; x64; rv:152.0) Gecko/20100101 Firefox/152.0"
68.220.215.172 - - [21/Jul/2026:12:52:46 +0000] "GET /wp-content/uploads/2025/07/film-free-300x90.png HTTP/2" 200 4055 "https://goldendunesfilmfestival.com/" "Mozilla/5.0 (Windows NT 10.0; Win64; x64; rv:152.0) Gecko/20100101 Firefox/152.0"
68.220.215.172 - - [21/Jul/2026:12:52:46 +0000] "GET /wp-content/uploads/2025/07/exculisve.png HTTP/2" 200 255882 "https://goldendunesfilmfestival.com/" "Mozilla/5.0 (Windows NT 10.0; Win64; x64; rv:152.0) Gecko/20100101 Firefox/152.0"
68.220.215.172 - - [21/Jul/2026:12:52:46 +0000] "GET /wp-content/plugins/elementor/assets/js/frontend.min.js?ver=4.0.6 HTTP/3" 200 10050 "https://goldendunesfilmfestival.com/" "Mozilla/5.0 (Windows NT 10.0; Win64; x64; rv:152.0) Gecko/20100101 Firefox/152.0"
68.220.215.172 - - [21/Jul/2026:12:52:46 +0000] "GET /wp-includes/js/imagesloaded.min.js?ver=5.0.0 HTTP/3" 200 1687 "https://goldendunesfilmfestival.com/" "Mozilla/5.0 (Windows NT 10.0; Win64; x64; rv:152.0) Gecko/20100101 Firefox/152.0"
68.220.215.172 - - [21/Jul/2026:12:52:46 +0000] "GET /wp-content/plugins/pt-mirel-addons/assets/js/isotope.pkgd.min.js?ver=3.0.6 HTTP/3" 200 9603 "https://goldendunesfilmfestival.com/" "Mozilla/5.0 (Windows NT 10.0; Win64; x64; rv:152.0) Gecko/20100101 Firefox/152.0"
68.220.215.172 - - [21/Jul/2026:12:52:46 +0000] "GET /wp-content/themes/mirel/js/scripts.js HTTP/3" 200 3485 "https://goldendunesfilmfestival.com/" "Mozilla/5.0 (Windows NT 10.0; Win64; x64; rv:152.0) Gecko/20100101 Firefox/152.0"
68.220.215.172 - - [21/Jul/2026:12:52:46 +0000] "GET /wp-content/plugins/pt-mirel-addons/assets/js/split-type.min.js?ver=0.2.5 HTTP/3" 200 2745 "https://goldendunesfilmfestival.com/" "Mozilla/5.0 (Windows NT 10.0; Win64; x64; rv:152.0) Gecko/20100101 Firefox/152.0"
68.220.215.172 - - [21/Jul/2026:12:52:46 +0000] "GET /wp-content/uploads/elementor/google-fonts/css/prompt.css?ver=1753565411 HTTP/3" 200 903 "https://goldendunesfilmfestival.com/" "Mozilla/5.0 (Windows NT 10.0; Win64; x64; rv:152.0) Gecko/20100101 Firefox/152.0"
68.220.215.172 - - [21/Jul/2026:12:52:46 +0000] "GET /wp-content/uploads/elementor/google-fonts/css/syne.css?ver=1753565408 HTTP/3" 200 430 "https://goldendunesfilmfestival.com/" "Mozilla/5.0 (Windows NT 10.0; Win64; x64; rv:152.0) Gecko/20100101 Firefox/152.0"
68.220.215.172 - - [21/Jul/2026:12:52:46 +0000] "GET /wp-content/plugins/pt-mirel-addons/assets/js/pt-scripts.js?ver=1.0.0 HTTP/3" 200 4639 "https://goldendunesfilmfestival.com/" "Mozilla/5.0 (Windows NT 10.0; Win64; x64; rv:152.0) Gecko/20100101 Firefox/152.0"
68.220.215.172 - - [21/Jul/2026:12:52:46 +0000] "GET /wp-content/plugins/elementor-pro/assets/js/webpack-pro.runtime.min.js?ver=3.30.1 HTTP/3" 200 2909 "https://goldendunesfilmfestival.com/" "Mozilla/5.0 (Windows NT 10.0; Win64; x64; rv:152.0) Gecko/20100101 Firefox/152.0"
68.220.215.172 - - [21/Jul/2026:12:52:46 +0000] "GET /wp-content/plugins/elementor-pro/assets/js/frontend.min.js?ver=3.30.1 HTTP/3" 200 6279 "https://goldendunesfilmfestival.com/" "Mozilla/5.0 (Windows NT 10.0; Win64; x64; rv:152.0) Gecko/20100101 Firefox/152.0"
68.220.215.172 - - [21/Jul/2026:12:52:46 +0000] "GET /wp-content/plugins/elementor-pro/assets/js/elements-handlers.min.js?ver=3.30.1 HTTP/3" 200 10180 "https://goldendunesfilmfestival.com/" "Mozilla/5.0 (Windows NT 10.0; Win64; x64; rv:152.0) Gecko/20100101 Firefox/152.0"
68.220.215.172 - - [21/Jul/2026:12:52:46 +0000] "GET /wp-content/uploads/2021/12/Comp-1_00000.webp HTTP/2" 200 275042 "https://goldendunesfilmfestival.com/" "Mozilla/5.0 (Windows NT 10.0; Win64; x64; rv:152.0) Gecko/20100101 Firefox/152.0"
68.220.215.172 - - [21/Jul/2026:12:52:46 +0000] "GET /new1/wp-content/uploads/elementor/google-fonts/css/roboto.css?ver=1753220061 HTTP/2" 404 9927 "https://goldendunesfilmfestival.com/" "Mozilla/5.0 (Windows NT 10.0; Win64; x64; rv:152.0) Gecko/20100101 Firefox/152.0"
