216.73.217.122 - - [21/Jul/2026:14:09:28 +0000] "GET /wp-includes/css/dist/block-library/style.min.css?ver=7.0.1 HTTP/2" 200 16250 "https://goldendunesfilmfestival.com/spinsy-casino/" "Mozilla/5.0 (Linux; Android 14; Pixel 8) AppleWebKit/537.36 (KHTML, like Gecko) Chrome/131.0.0.0 Mobile Safari/537.36; ClaudeBot/1.0; +claudebot@anthropic.com)"
216.73.217.122 - - [21/Jul/2026:14:09:29 +0000] "GET /wp-content/plugins/contact-form-7/includes/css/styles.css?ver=6.1.5 HTTP/2" 200 899 "https://goldendunesfilmfestival.com/spinsy-casino/" "Mozilla/5.0 (Linux; Android 14; Pixel 8) AppleWebKit/537.36 (KHTML, like Gecko) Chrome/131.0.0.0 Mobile Safari/537.36; ClaudeBot/1.0; +claudebot@anthropic.com)"
216.73.217.122 - - [21/Jul/2026:14:09:29 +0000] "GET /wp-content/themes/mirel/css/custom.css?ver=7.0.1 HTTP/2" 200 0 "https://goldendunesfilmfestival.com/spinsy-casino/" "Mozilla/5.0 (Linux; Android 14; Pixel 8) AppleWebKit/537.36 (KHTML, like Gecko) Chrome/131.0.0.0 Mobile Safari/537.36; ClaudeBot/1.0; +claudebot@anthropic.com)"
216.73.217.122 - - [21/Jul/2026:14:09:29 +0000] "GET /wp-content/plugins/pt-mirel-addons/include/popup/style.css?ver=1.0.0 HTTP/2" 200 2001 "https://goldendunesfilmfestival.com/spinsy-casino/" "Mozilla/5.0 (Linux; Android 14; Pixel 8) AppleWebKit/537.36 (KHTML, like Gecko) Chrome/131.0.0.0 Mobile Safari/537.36; ClaudeBot/1.0; +claudebot@anthropic.com)"
216.73.217.122 - - [21/Jul/2026:14:09:29 +0000] "GET /wp-content/themes/mirel/css/iconfont.css?ver=7.0.1 HTTP/2" 200 6227 "https://goldendunesfilmfestival.com/spinsy-casino/" "Mozilla/5.0 (Linux; Android 14; Pixel 8) AppleWebKit/537.36 (KHTML, like Gecko) Chrome/131.0.0.0 Mobile Safari/537.36; ClaudeBot/1.0; +claudebot@anthropic.com)"
216.73.217.122 - - [21/Jul/2026:14:09:29 +0000] "GET /wp-content/themes/mirel/css/mirel-icons.css?ver=7.0.1 HTTP/2" 200 767 "https://goldendunesfilmfestival.com/spinsy-casino/" "Mozilla/5.0 (Linux; Android 14; Pixel 8) AppleWebKit/537.36 (KHTML, like Gecko) Chrome/131.0.0.0 Mobile Safari/537.36; ClaudeBot/1.0; +claudebot@anthropic.com)"
216.73.217.122 - - [21/Jul/2026:14:09:29 +0000] "GET /wp-content/themes/mirel-child/style.css?ver=7.0.1 HTTP/2" 200 3307 "https://goldendunesfilmfestival.com/spinsy-casino/" "Mozilla/5.0 (Linux; Android 14; Pixel 8) AppleWebKit/537.36 (KHTML, like Gecko) Chrome/131.0.0.0 Mobile Safari/537.36; ClaudeBot/1.0; +claudebot@anthropic.com)"
216.73.217.122 - - [21/Jul/2026:14:09:29 +0000] "GET /wp-content/plugins/elementor/assets/lib/swiper/v8/css/swiper.min.css?ver=8.4.5 HTTP/2" 200 4248 "https://goldendunesfilmfestival.com/spinsy-casino/" "Mozilla/5.0 (Linux; Android 14; Pixel 8) AppleWebKit/537.36 (KHTML, like Gecko) Chrome/131.0.0.0 Mobile Safari/537.36; ClaudeBot/1.0; +claudebot@anthropic.com)"
216.73.217.122 - - [21/Jul/2026:14:09:29 +0000] "GET /wp-content/themes/mirel/css/main.css?ver=7.0.1 HTTP/2" 200 40130 "https://goldendunesfilmfestival.com/spinsy-casino/" "Mozilla/5.0 (Linux; Android 14; Pixel 8) AppleWebKit/537.36 (KHTML, like Gecko) Chrome/131.0.0.0 Mobile Safari/537.36; ClaudeBot/1.0; +claudebot@anthropic.com)"
216.73.217.122 - - [21/Jul/2026:14:09:29 +0000] "GET /wp-content/plugins/pt-mirel-addons/assets/css/fontawesome.min.css?ver=7.0.1 HTTP/2" 200 11591 "https://goldendunesfilmfestival.com/spinsy-casino/" "Mozilla/5.0 (Linux; Android 14; Pixel 8) AppleWebKit/537.36 (KHTML, like Gecko) Chrome/131.0.0.0 Mobile Safari/537.36; ClaudeBot/1.0; +claudebot@anthropic.com)"
216.73.217.122 - - [21/Jul/2026:14:09:29 +0000] "GET /wp-content/plugins/pt-mirel-addons/assets/css/pt-addons.css?ver=7.0.1 HTTP/2" 200 36649 "https://goldendunesfilmfestival.com/spinsy-casino/" "Mozilla/5.0 (Linux; Android 14; Pixel 8) AppleWebKit/537.36 (KHTML, like Gecko) Chrome/131.0.0.0 Mobile Safari/537.36; ClaudeBot/1.0; +claudebot@anthropic.com)"
216.73.217.122 - - [21/Jul/2026:14:09:29 +0000] "GET /wp-includes/js/jquery/jquery-migrate.min.js?ver=3.4.1 HTTP/2" 200 4678 "https://goldendunesfilmfestival.com/spinsy-casino/" "Mozilla/5.0 (Linux; Android 14; Pixel 8) AppleWebKit/537.36 (KHTML, like Gecko) Chrome/131.0.0.0 Mobile Safari/537.36; ClaudeBot/1.0; +claudebot@anthropic.com)"
216.73.217.122 - - [21/Jul/2026:14:09:29 +0000] "GET /wp-content/plugins/pt-mirel-addons/assets/js/zilla-likes.js?ver=7.0.1 HTTP/2" 200 328 "https://goldendunesfilmfestival.com/spinsy-casino/" "Mozilla/5.0 (Linux; Android 14; Pixel 8) AppleWebKit/537.36 (KHTML, like Gecko) Chrome/131.0.0.0 Mobile Safari/537.36; ClaudeBot/1.0; +claudebot@anthropic.com)"
216.73.217.122 - - [21/Jul/2026:14:09:29 +0000] "GET /wp-includes/js/dist/hooks.min.js?ver=7496969728ca0f95732d HTTP/2" 200 1734 "https://goldendunesfilmfestival.com/spinsy-casino/" "Mozilla/5.0 (Linux; Android 14; Pixel 8) AppleWebKit/537.36 (KHTML, like Gecko) Chrome/131.0.0.0 Mobile Safari/537.36; ClaudeBot/1.0; +claudebot@anthropic.com)"
216.73.217.122 - - [21/Jul/2026:14:09:29 +0000] "GET /wp-includes/js/dist/i18n.min.js?ver=781d11515ad3d91786ec HTTP/2" 200 2354 "https://goldendunesfilmfestival.com/spinsy-casino/" "Mozilla/5.0 (Linux; Android 14; Pixel 8) AppleWebKit/537.36 (KHTML, like Gecko) Chrome/131.0.0.0 Mobile Safari/537.36; ClaudeBot/1.0; +claudebot@anthropic.com)"
216.73.217.122 - - [21/Jul/2026:14:09:29 +0000] "GET /wp-content/plugins/contact-form-7/includes/swv/js/index.js?ver=6.1.5 HTTP/2" 200 3369 "https://goldendunesfilmfestival.com/spinsy-casino/" "Mozilla/5.0 (Linux; Android 14; Pixel 8) AppleWebKit/537.36 (KHTML, like Gecko) Chrome/131.0.0.0 Mobile Safari/537.36; ClaudeBot/1.0; +claudebot@anthropic.com)"
216.73.217.122 - - [21/Jul/2026:14:09:29 +0000] "GET /wp-content/plugins/contact-form-7/includes/js/index.js?ver=6.1.5 HTTP/2" 200 4008 "https://goldendunesfilmfestival.com/spinsy-casino/" "Mozilla/5.0 (Linux; Android 14; Pixel 8) AppleWebKit/537.36 (KHTML, like Gecko) Chrome/131.0.0.0 Mobile Safari/537.36; ClaudeBot/1.0; +claudebot@anthropic.com)"
216.73.217.122 - - [21/Jul/2026:14:09:29 +0000] "GET /wp-content/plugins/pt-mirel-addons/assets/js/gsap.min.js?ver=3.4.2 HTTP/2" 200 23344 "https://goldendunesfilmfestival.com/spinsy-casino/" "Mozilla/5.0 (Linux; Android 14; Pixel 8) AppleWebKit/537.36 (KHTML, like Gecko) Chrome/131.0.0.0 Mobile Safari/537.36; ClaudeBot/1.0; +claudebot@anthropic.com)"
216.73.217.122 - - [21/Jul/2026:14:09:29 +0000] "GET /wp-content/plugins/pt-mirel-addons/include/popup/script.js?ver=1.0.0 HTTP/2" 200 3595 "https://goldendunesfilmfestival.com/spinsy-casino/" "Mozilla/5.0 (Linux; Android 14; Pixel 8) AppleWebKit/537.36 (KHTML, like Gecko) Chrome/131.0.0.0 Mobile Safari/537.36; ClaudeBot/1.0; +claudebot@anthropic.com)"
216.73.217.122 - - [21/Jul/2026:14:09:29 +0000] "GET /wp-content/themes/mirel-child/script.js?ver=7.0.1 HTTP/2" 200 0 "https://goldendunesfilmfestival.com/spinsy-casino/" "Mozilla/5.0 (Linux; Android 14; Pixel 8) AppleWebKit/537.36 (KHTML, like Gecko) Chrome/131.0.0.0 Mobile Safari/537.36; ClaudeBot/1.0; +claudebot@anthropic.com)"
216.73.217.122 - - [21/Jul/2026:14:09:29 +0000] "GET /wp-content/plugins/pt-mirel-addons/assets/js/swiper.min.js?ver=7.0.5 HTTP/2" 200 36065 "https://goldendunesfilmfestival.com/spinsy-casino/" "Mozilla/5.0 (Linux; Android 14; Pixel 8) AppleWebKit/537.36 (KHTML, like Gecko) Chrome/131.0.0.0 Mobile Safari/537.36; ClaudeBot/1.0; +claudebot@anthropic.com)"
216.73.217.122 - - [21/Jul/2026:14:09:29 +0000] "GET /wp-content/plugins/pt-mirel-addons/assets/js/isotope.pkgd.min.js?ver=3.0.6 HTTP/2" 200 9603 "https://goldendunesfilmfestival.com/spinsy-casino/" "Mozilla/5.0 (Linux; Android 14; Pixel 8) AppleWebKit/537.36 (KHTML, like Gecko) Chrome/131.0.0.0 Mobile Safari/537.36; ClaudeBot/1.0; +claudebot@anthropic.com)"
216.73.217.122 - - [21/Jul/2026:14:09:29 +0000] "GET /wp-content/themes/mirel/js/scripts.js HTTP/2" 200 3485 "https://goldendunesfilmfestival.com/spinsy-casino/" "Mozilla/5.0 (Linux; Android 14; Pixel 8) AppleWebKit/537.36 (KHTML, like Gecko) Chrome/131.0.0.0 Mobile Safari/537.36; ClaudeBot/1.0; +claudebot@anthropic.com)"
216.73.217.122 - - [21/Jul/2026:14:09:29 +0000] "GET /wp-content/plugins/pt-mirel-addons/assets/js/split-type.min.js?ver=0.2.5 HTTP/2" 200 2745 "https://goldendunesfilmfestival.com/spinsy-casino/" "Mozilla/5.0 (Linux; Android 14; Pixel 8) AppleWebKit/537.36 (KHTML, like Gecko) Chrome/131.0.0.0 Mobile Safari/537.36; ClaudeBot/1.0; +claudebot@anthropic.com)"
216.73.217.122 - - [21/Jul/2026:14:09:29 +0000] "GET /wp-content/plugins/pt-mirel-addons/assets/js/custom-cursor.js?ver=0.0.1 HTTP/2" 200 737 "https://goldendunesfilmfestival.com/spinsy-casino/" "Mozilla/5.0 (Linux; Android 14; Pixel 8) AppleWebKit/537.36 (KHTML, like Gecko) Chrome/131.0.0.0 Mobile Safari/537.36; ClaudeBot/1.0; +claudebot@anthropic.com)"
216.73.217.122 - - [21/Jul/2026:14:09:29 +0000] "GET /wp-content/plugins/pt-mirel-addons/assets/js/pt-scripts.js?ver=1.0.0 HTTP/2" 200 4639 "https://goldendunesfilmfestival.com/spinsy-casino/" "Mozilla/5.0 (Linux; Android 14; Pixel 8) AppleWebKit/537.36 (KHTML, like Gecko) Chrome/131.0.0.0 Mobile Safari/537.36; ClaudeBot/1.0; +claudebot@anthropic.com)"
216.73.217.122 - - [21/Jul/2026:14:09:29 +0000] "GET /wp-includes/js/jquery/jquery.min.js?ver=3.7.1 HTTP/2" 200 29744 "https://goldendunesfilmfestival.com/spinsy-casino/" "Mozilla/5.0 (Linux; Android 14; Pixel 8) AppleWebKit/537.36 (KHTML, like Gecko) Chrome/131.0.0.0 Mobile Safari/537.36; ClaudeBot/1.0; +claudebot@anthropic.com)"
216.73.217.122 - - [21/Jul/2026:14:09:30 +0000] "GET /wp-content/themes/mirel/fonts/mirel-icon.ttf?4izm6b HTTP/2" 200 12111 "https://goldendunesfilmfestival.com/wp-content/themes/mirel/css/mirel-icons.css?ver=7.0.1" "Mozilla/5.0 (Linux; Android 14; Pixel 8) AppleWebKit/537.36 (KHTML, like Gecko) Chrome/131.0.0.0 Mobile Safari/537.36; ClaudeBot/1.0; +claudebot@anthropic.com)"
216.73.217.122 - - [21/Jul/2026:14:09:30 +0000] "GET /wp-includes/js/wp-emoji-release.min.js?ver=7.0.1 HTTP/2" 200 4974 "https://goldendunesfilmfestival.com/spinsy-casino/" "Mozilla/5.0 (Linux; Android 14; Pixel 8) AppleWebKit/537.36 (KHTML, like Gecko) Chrome/131.0.0.0 Mobile Safari/537.36; ClaudeBot/1.0; +claudebot@anthropic.com)"
216.73.217.93 - - [21/Jul/2026:14:09:42 +0000] "GET /robots.txt HTTP/1.1" 200 128 "-" "Mozilla/5.0 (Macintosh; Intel Mac OS X 10_15_7) AppleWebKit/537.36 (KHTML, like Gecko) Chrome/131.0.0.0 Safari/537.36; ClaudeBot/1.0; +claudebot@anthropic.com)"
57.141.0.48 - - [21/Jul/2026:14:09:42 +0000] "GET /products/25105118/ HTTP/2" 301 0 "-" "Mozilla/5.0 (Macintosh; Intel Mac OS X 10_15_7) AppleWebKit/537.36 (KHTML, like Gecko) Chrome/145.0.0.0 Safari/537.36 (compatible; meta-externalagent/1.1 (+https://developers.facebook.com/docs/sharing/webmasters/crawler))"
216.73.217.93 - - [21/Jul/2026:14:09:42 +0000] "GET /speel-winnen-herhaal-bij-wintari-casino-in-nederland-vandaag-nog/ HTTP/2" 404 7089 "-" "Mozilla/5.0 (Linux; Android 14; Pixel 8) AppleWebKit/537.36 (KHTML, like Gecko) Chrome/131.0.0.0 Mobile Safari/537.36; ClaudeBot/1.0; +claudebot@anthropic.com)"
216.73.217.93 - - [21/Jul/2026:14:09:43 +0000] "GET /wp-includes/css/dist/block-library/style.min.css?ver=7.0.1 HTTP/2" 200 16250 "https://goldendunesfilmfestival.com/speel-winnen-herhaal-bij-wintari-casino-in-nederland-vandaag-nog/" "Mozilla/5.0 (Linux; Android 14; Pixel 8) AppleWebKit/537.36 (KHTML, like Gecko) Chrome/131.0.0.0 Mobile Safari/537.36; ClaudeBot/1.0; +claudebot@anthropic.com)"
216.73.217.93 - - [21/Jul/2026:14:09:43 +0000] "GET /wp-content/plugins/contact-form-7/includes/css/styles.css?ver=6.1.5 HTTP/2" 200 899 "https://goldendunesfilmfestival.com/speel-winnen-herhaal-bij-wintari-casino-in-nederland-vandaag-nog/" "Mozilla/5.0 (Linux; Android 14; Pixel 8) AppleWebKit/537.36 (KHTML, like Gecko) Chrome/131.0.0.0 Mobile Safari/537.36; ClaudeBot/1.0; +claudebot@anthropic.com)"
216.73.217.93 - - [21/Jul/2026:14:09:43 +0000] "GET /wp-content/themes/mirel/css/custom.css?ver=7.0.1 HTTP/2" 200 0 "https://goldendunesfilmfestival.com/speel-winnen-herhaal-bij-wintari-casino-in-nederland-vandaag-nog/" "Mozilla/5.0 (Linux; Android 14; Pixel 8) AppleWebKit/537.36 (KHTML, like Gecko) Chrome/131.0.0.0 Mobile Safari/537.36; ClaudeBot/1.0; +claudebot@anthropic.com)"
216.73.217.93 - - [21/Jul/2026:14:09:43 +0000] "GET /wp-content/plugins/pt-mirel-addons/include/popup/style.css?ver=1.0.0 HTTP/2" 200 2001 "https://goldendunesfilmfestival.com/speel-winnen-herhaal-bij-wintari-casino-in-nederland-vandaag-nog/" "Mozilla/5.0 (Linux; Android 14; Pixel 8) AppleWebKit/537.36 (KHTML, like Gecko) Chrome/131.0.0.0 Mobile Safari/537.36; ClaudeBot/1.0; +claudebot@anthropic.com)"
216.73.217.93 - - [21/Jul/2026:14:09:43 +0000] "GET /wp-content/themes/mirel/css/iconfont.css?ver=7.0.1 HTTP/2" 200 6227 "https://goldendunesfilmfestival.com/speel-winnen-herhaal-bij-wintari-casino-in-nederland-vandaag-nog/" "Mozilla/5.0 (Linux; Android 14; Pixel 8) AppleWebKit/537.36 (KHTML, like Gecko) Chrome/131.0.0.0 Mobile Safari/537.36; ClaudeBot/1.0; +claudebot@anthropic.com)"
216.73.217.93 - - [21/Jul/2026:14:09:43 +0000] "GET /wp-content/themes/mirel/css/mirel-icons.css?ver=7.0.1 HTTP/2" 200 767 "https://goldendunesfilmfestival.com/speel-winnen-herhaal-bij-wintari-casino-in-nederland-vandaag-nog/" "Mozilla/5.0 (Linux; Android 14; Pixel 8) AppleWebKit/537.36 (KHTML, like Gecko) Chrome/131.0.0.0 Mobile Safari/537.36; ClaudeBot/1.0; +claudebot@anthropic.com)"
216.73.217.93 - - [21/Jul/2026:14:09:43 +0000] "GET /wp-content/themes/mirel-child/style.css?ver=7.0.1 HTTP/2" 200 3307 "https://goldendunesfilmfestival.com/speel-winnen-herhaal-bij-wintari-casino-in-nederland-vandaag-nog/" "Mozilla/5.0 (Linux; Android 14; Pixel 8) AppleWebKit/537.36 (KHTML, like Gecko) Chrome/131.0.0.0 Mobile Safari/537.36; ClaudeBot/1.0; +claudebot@anthropic.com)"
216.73.217.93 - - [21/Jul/2026:14:09:43 +0000] "GET /wp-content/plugins/elementor/assets/lib/swiper/v8/css/swiper.min.css?ver=8.4.5 HTTP/2" 200 4248 "https://goldendunesfilmfestival.com/speel-winnen-herhaal-bij-wintari-casino-in-nederland-vandaag-nog/" "Mozilla/5.0 (Linux; Android 14; Pixel 8) AppleWebKit/537.36 (KHTML, like Gecko) Chrome/131.0.0.0 Mobile Safari/537.36; ClaudeBot/1.0; +claudebot@anthropic.com)"
216.73.217.93 - - [21/Jul/2026:14:09:43 +0000] "GET /wp-content/themes/mirel/css/main.css?ver=7.0.1 HTTP/2" 200 40130 "https://goldendunesfilmfestival.com/speel-winnen-herhaal-bij-wintari-casino-in-nederland-vandaag-nog/" "Mozilla/5.0 (Linux; Android 14; Pixel 8) AppleWebKit/537.36 (KHTML, like Gecko) Chrome/131.0.0.0 Mobile Safari/537.36; ClaudeBot/1.0; +claudebot@anthropic.com)"
216.73.217.93 - - [21/Jul/2026:14:09:43 +0000] "GET /wp-content/plugins/pt-mirel-addons/assets/css/fontawesome.min.css?ver=7.0.1 HTTP/2" 200 11591 "https://goldendunesfilmfestival.com/speel-winnen-herhaal-bij-wintari-casino-in-nederland-vandaag-nog/" "Mozilla/5.0 (Linux; Android 14; Pixel 8) AppleWebKit/537.36 (KHTML, like Gecko) Chrome/131.0.0.0 Mobile Safari/537.36; ClaudeBot/1.0; +claudebot@anthropic.com)"
216.73.217.93 - - [21/Jul/2026:14:09:43 +0000] "GET /wp-content/plugins/pt-mirel-addons/assets/css/pt-addons.css?ver=7.0.1 HTTP/2" 200 36649 "https://goldendunesfilmfestival.com/speel-winnen-herhaal-bij-wintari-casino-in-nederland-vandaag-nog/" "Mozilla/5.0 (Linux; Android 14; Pixel 8) AppleWebKit/537.36 (KHTML, like Gecko) Chrome/131.0.0.0 Mobile Safari/537.36; ClaudeBot/1.0; +claudebot@anthropic.com)"
216.73.217.93 - - [21/Jul/2026:14:09:43 +0000] "GET /wp-includes/js/jquery/jquery-migrate.min.js?ver=3.4.1 HTTP/2" 200 4678 "https://goldendunesfilmfestival.com/speel-winnen-herhaal-bij-wintari-casino-in-nederland-vandaag-nog/" "Mozilla/5.0 (Linux; Android 14; Pixel 8) AppleWebKit/537.36 (KHTML, like Gecko) Chrome/131.0.0.0 Mobile Safari/537.36; ClaudeBot/1.0; +claudebot@anthropic.com)"
216.73.217.93 - - [21/Jul/2026:14:09:43 +0000] "GET /wp-content/plugins/pt-mirel-addons/assets/js/zilla-likes.js?ver=7.0.1 HTTP/2" 200 328 "https://goldendunesfilmfestival.com/speel-winnen-herhaal-bij-wintari-casino-in-nederland-vandaag-nog/" "Mozilla/5.0 (Linux; Android 14; Pixel 8) AppleWebKit/537.36 (KHTML, like Gecko) Chrome/131.0.0.0 Mobile Safari/537.36; ClaudeBot/1.0; +claudebot@anthropic.com)"
216.73.217.93 - - [21/Jul/2026:14:09:43 +0000] "GET /wp-includes/js/dist/hooks.min.js?ver=7496969728ca0f95732d HTTP/2" 200 1734 "https://goldendunesfilmfestival.com/speel-winnen-herhaal-bij-wintari-casino-in-nederland-vandaag-nog/" "Mozilla/5.0 (Linux; Android 14; Pixel 8) AppleWebKit/537.36 (KHTML, like Gecko) Chrome/131.0.0.0 Mobile Safari/537.36; ClaudeBot/1.0; +claudebot@anthropic.com)"
216.73.217.93 - - [21/Jul/2026:14:09:43 +0000] "GET /wp-includes/js/dist/i18n.min.js?ver=781d11515ad3d91786ec HTTP/2" 200 2354 "https://goldendunesfilmfestival.com/speel-winnen-herhaal-bij-wintari-casino-in-nederland-vandaag-nog/" "Mozilla/5.0 (Linux; Android 14; Pixel 8) AppleWebKit/537.36 (KHTML, like Gecko) Chrome/131.0.0.0 Mobile Safari/537.36; ClaudeBot/1.0; +claudebot@anthropic.com)"
216.73.217.93 - - [21/Jul/2026:14:09:43 +0000] "GET /wp-content/plugins/contact-form-7/includes/swv/js/index.js?ver=6.1.5 HTTP/2" 200 3369 "https://goldendunesfilmfestival.com/speel-winnen-herhaal-bij-wintari-casino-in-nederland-vandaag-nog/" "Mozilla/5.0 (Linux; Android 14; Pixel 8) AppleWebKit/537.36 (KHTML, like Gecko) Chrome/131.0.0.0 Mobile Safari/537.36; ClaudeBot/1.0; +claudebot@anthropic.com)"
216.73.217.93 - - [21/Jul/2026:14:09:43 +0000] "GET /wp-content/plugins/contact-form-7/includes/js/index.js?ver=6.1.5 HTTP/2" 200 4008 "https://goldendunesfilmfestival.com/speel-winnen-herhaal-bij-wintari-casino-in-nederland-vandaag-nog/" "Mozilla/5.0 (Linux; Android 14; Pixel 8) AppleWebKit/537.36 (KHTML, like Gecko) Chrome/131.0.0.0 Mobile Safari/537.36; ClaudeBot/1.0; +claudebot@anthropic.com)"
216.73.217.93 - - [21/Jul/2026:14:09:43 +0000] "GET /wp-content/plugins/pt-mirel-addons/assets/js/gsap.min.js?ver=3.4.2 HTTP/2" 200 23344 "https://goldendunesfilmfestival.com/speel-winnen-herhaal-bij-wintari-casino-in-nederland-vandaag-nog/" "Mozilla/5.0 (Linux; Android 14; Pixel 8) AppleWebKit/537.36 (KHTML, like Gecko) Chrome/131.0.0.0 Mobile Safari/537.36; ClaudeBot/1.0; +claudebot@anthropic.com)"
216.73.217.93 - - [21/Jul/2026:14:09:43 +0000] "GET /wp-content/plugins/pt-mirel-addons/include/popup/script.js?ver=1.0.0 HTTP/2" 200 3595 "https://goldendunesfilmfestival.com/speel-winnen-herhaal-bij-wintari-casino-in-nederland-vandaag-nog/" "Mozilla/5.0 (Linux; Android 14; Pixel 8) AppleWebKit/537.36 (KHTML, like Gecko) Chrome/131.0.0.0 Mobile Safari/537.36; ClaudeBot/1.0; +claudebot@anthropic.com)"
216.73.217.93 - - [21/Jul/2026:14:09:43 +0000] "GET /wp-content/themes/mirel-child/script.js?ver=7.0.1 HTTP/2" 200 0 "https://goldendunesfilmfestival.com/speel-winnen-herhaal-bij-wintari-casino-in-nederland-vandaag-nog/" "Mozilla/5.0 (Linux; Android 14; Pixel 8) AppleWebKit/537.36 (KHTML, like Gecko) Chrome/131.0.0.0 Mobile Safari/537.36; ClaudeBot/1.0; +claudebot@anthropic.com)"
216.73.217.93 - - [21/Jul/2026:14:09:43 +0000] "GET /wp-content/plugins/pt-mirel-addons/assets/js/swiper.min.js?ver=7.0.5 HTTP/2" 200 36065 "https://goldendunesfilmfestival.com/speel-winnen-herhaal-bij-wintari-casino-in-nederland-vandaag-nog/" "Mozilla/5.0 (Linux; Android 14; Pixel 8) AppleWebKit/537.36 (KHTML, like Gecko) Chrome/131.0.0.0 Mobile Safari/537.36; ClaudeBot/1.0; +claudebot@anthropic.com)"
216.73.217.93 - - [21/Jul/2026:14:09:43 +0000] "GET /wp-includes/js/jquery/jquery.min.js?ver=3.7.1 HTTP/2" 200 29744 "https://goldendunesfilmfestival.com/speel-winnen-herhaal-bij-wintari-casino-in-nederland-vandaag-nog/" "Mozilla/5.0 (Linux; Android 14; Pixel 8) AppleWebKit/537.36 (KHTML, like Gecko) Chrome/131.0.0.0 Mobile Safari/537.36; ClaudeBot/1.0; +claudebot@anthropic.com)"
216.73.217.93 - - [21/Jul/2026:14:09:43 +0000] "GET /wp-content/plugins/pt-mirel-addons/assets/js/isotope.pkgd.min.js?ver=3.0.6 HTTP/2" 200 9603 "https://goldendunesfilmfestival.com/speel-winnen-herhaal-bij-wintari-casino-in-nederland-vandaag-nog/" "Mozilla/5.0 (Linux; Android 14; Pixel 8) AppleWebKit/537.36 (KHTML, like Gecko) Chrome/131.0.0.0 Mobile Safari/537.36; ClaudeBot/1.0; +claudebot@anthropic.com)"
216.73.217.93 - - [21/Jul/2026:14:09:43 +0000] "GET /wp-content/themes/mirel/js/scripts.js HTTP/2" 200 3485 "https://goldendunesfilmfestival.com/speel-winnen-herhaal-bij-wintari-casino-in-nederland-vandaag-nog/" "Mozilla/5.0 (Linux; Android 14; Pixel 8) AppleWebKit/537.36 (KHTML, like Gecko) Chrome/131.0.0.0 Mobile Safari/537.36; ClaudeBot/1.0; +claudebot@anthropic.com)"
216.73.217.93 - - [21/Jul/2026:14:09:43 +0000] "GET /wp-content/plugins/pt-mirel-addons/assets/js/split-type.min.js?ver=0.2.5 HTTP/2" 200 2745 "https://goldendunesfilmfestival.com/speel-winnen-herhaal-bij-wintari-casino-in-nederland-vandaag-nog/" "Mozilla/5.0 (Linux; Android 14; Pixel 8) AppleWebKit/537.36 (KHTML, like Gecko) Chrome/131.0.0.0 Mobile Safari/537.36; ClaudeBot/1.0; +claudebot@anthropic.com)"
216.73.217.93 - - [21/Jul/2026:14:09:43 +0000] "GET /wp-content/plugins/pt-mirel-addons/assets/js/custom-cursor.js?ver=0.0.1 HTTP/2" 200 737 "https://goldendunesfilmfestival.com/speel-winnen-herhaal-bij-wintari-casino-in-nederland-vandaag-nog/" "Mozilla/5.0 (Linux; Android 14; Pixel 8) AppleWebKit/537.36 (KHTML, like Gecko) Chrome/131.0.0.0 Mobile Safari/537.36; ClaudeBot/1.0; +claudebot@anthropic.com)"
216.73.217.93 - - [21/Jul/2026:14:09:43 +0000] "GET /wp-content/plugins/pt-mirel-addons/assets/js/pt-scripts.js?ver=1.0.0 HTTP/2" 200 4639 "https://goldendunesfilmfestival.com/speel-winnen-herhaal-bij-wintari-casino-in-nederland-vandaag-nog/" "Mozilla/5.0 (Linux; Android 14; Pixel 8) AppleWebKit/537.36 (KHTML, like Gecko) Chrome/131.0.0.0 Mobile Safari/537.36; ClaudeBot/1.0; +claudebot@anthropic.com)"
216.73.217.93 - - [21/Jul/2026:14:09:44 +0000] "GET /wp-content/themes/mirel/fonts/mirel-icon.ttf?4izm6b HTTP/2" 200 12111 "https://goldendunesfilmfestival.com/wp-content/themes/mirel/css/mirel-icons.css?ver=7.0.1" "Mozilla/5.0 (Linux; Android 14; Pixel 8) AppleWebKit/537.36 (KHTML, like Gecko) Chrome/131.0.0.0 Mobile Safari/537.36; ClaudeBot/1.0; +claudebot@anthropic.com)"
216.73.217.93 - - [21/Jul/2026:14:09:44 +0000] "GET /wp-includes/js/wp-emoji-release.min.js?ver=7.0.1 HTTP/2" 200 4974 "https://goldendunesfilmfestival.com/speel-winnen-herhaal-bij-wintari-casino-in-nederland-vandaag-nog/" "Mozilla/5.0 (Linux; Android 14; Pixel 8) AppleWebKit/537.36 (KHTML, like Gecko) Chrome/131.0.0.0 Mobile Safari/537.36; ClaudeBot/1.0; +claudebot@anthropic.com)"
57.141.0.10 - - [21/Jul/2026:14:09:48 +0000] "GET /products/21933474/ HTTP/2" 404 31916 "-" "Mozilla/5.0 (Windows NT 10.0; Win64; x64) AppleWebKit/537.36 (KHTML, like Gecko) Chrome/145.0.0.0 Safari/537.36 (compatible; meta-externalagent/1.1 (+https://developers.facebook.com/docs/sharing/webmasters/crawler))"
57.141.0.67 - - [21/Jul/2026:14:10:03 +0000] "GET /products/15001041/ HTTP/2" 404 31916 "-" "Mozilla/5.0 (Windows NT 10.0; Win64; x64) AppleWebKit/537.36 (KHTML, like Gecko) Chrome/145.0.0.0 Safari/537.36 (compatible; meta-externalagent/1.1 (+https://developers.facebook.com/docs/sharing/webmasters/crawler))"
57.141.0.18 - - [21/Jul/2026:14:10:05 +0000] "GET /products/4758474/ HTTP/2" 301 0 "-" "Mozilla/5.0 (Windows NT 10.0; Win64; x64) AppleWebKit/537.36 (KHTML, like Gecko) Chrome/145.0.0.0 Safari/537.36 (compatible; meta-externalagent/1.1 (+https://developers.facebook.com/docs/sharing/webmasters/crawler))"
57.141.0.47 - - [21/Jul/2026:14:10:07 +0000] "GET /products/25615485/ HTTP/2" 404 31916 "-" "Mozilla/5.0 (Windows NT 10.0; Win64; x64) AppleWebKit/537.36 (KHTML, like Gecko) Chrome/145.0.0.0 Safari/537.36 (compatible; meta-externalagent/1.1 (+https://developers.facebook.com/docs/sharing/webmasters/crawler))"
57.141.0.17 - - [21/Jul/2026:14:10:15 +0000] "GET /products/12617763/ HTTP/2" 404 31916 "-" "Mozilla/5.0 (Windows NT 10.0; Win64; x64) AppleWebKit/537.36 (KHTML, like Gecko) Chrome/145.0.0.0 Safari/537.36 (compatible; meta-externalagent/1.1 (+https://developers.facebook.com/docs/sharing/webmasters/crawler))"
57.141.0.34 - - [21/Jul/2026:14:10:19 +0000] "GET /products/4204196/ HTTP/2" 404 31916 "-" "Mozilla/5.0 (Windows NT 10.0; Win64; x64) AppleWebKit/537.36 (KHTML, like Gecko) Chrome/145.0.0.0 Safari/537.36 (compatible; meta-externalagent/1.1 (+https://developers.facebook.com/docs/sharing/webmasters/crawler))"
57.141.0.44 - - [21/Jul/2026:14:10:20 +0000] "GET /products/7924463/ HTTP/2" 404 31916 "-" "Mozilla/5.0 (Windows NT 10.0; Win64; x64) AppleWebKit/537.36 (KHTML, like Gecko) Chrome/145.0.0.0 Safari/537.36 (compatible; meta-externalagent/1.1 (+https://developers.facebook.com/docs/sharing/webmasters/crawler))"
198.38.94.67 - - [21/Jul/2026:14:10:25 +0000] "POST /wp-cron.php?doing_wp_cron=1784643025.8790240287780761718750 HTTP/1.1" 200 0 "-" "WordPress/7.0.1; https://goldendunesfilmfestival.com"
57.141.0.40 - - [21/Jul/2026:14:10:25 +0000] "GET /sitemap.html HTTP/2" 404 31916 "-" "Mozilla/5.0 (Windows NT 10.0; Win64; x64) AppleWebKit/537.36 (KHTML, like Gecko) Chrome/145.0.0.0 Safari/537.36 (compatible; meta-externalagent/1.1 (+https://developers.facebook.com/docs/sharing/webmasters/crawler))"
57.141.0.17 - - [21/Jul/2026:14:10:36 +0000] "GET /products/23520696/ HTTP/2" 404 31916 "-" "Mozilla/5.0 (Windows NT 10.0; Win64; x64) AppleWebKit/537.36 (KHTML, like Gecko) Chrome/145.0.0.0 Safari/537.36 (compatible; meta-externalagent/1.1 (+https://developers.facebook.com/docs/sharing/webmasters/crawler))"
57.141.0.37 - - [21/Jul/2026:14:10:38 +0000] "GET /products/24843218/ HTTP/2" 301 0 "-" "Mozilla/5.0 (Macintosh; Intel Mac OS X 10_15_7) AppleWebKit/537.36 (KHTML, like Gecko) Chrome/145.0.0.0 Safari/537.36 (compatible; meta-externalagent/1.1 (+https://developers.facebook.com/docs/sharing/webmasters/crawler))"
57.141.0.61 - - [21/Jul/2026:14:10:53 +0000] "GET /products/1831429/ HTTP/2" 404 31916 "-" "Mozilla/5.0 (Windows NT 10.0; Win64; x64) AppleWebKit/537.36 (KHTML, like Gecko) Chrome/145.0.0.0 Safari/537.36 (compatible; meta-externalagent/1.1 (+https://developers.facebook.com/docs/sharing/webmasters/crawler))"
57.141.0.59 - - [21/Jul/2026:14:10:55 +0000] "GET /products/24067152/ HTTP/2" 404 31912 "-" "Mozilla/5.0 (Macintosh; Intel Mac OS X 10_15_7) AppleWebKit/537.36 (KHTML, like Gecko) Chrome/145.0.0.0 Safari/537.36 (compatible; meta-externalagent/1.1 (+https://developers.facebook.com/docs/sharing/webmasters/crawler))"
57.141.0.27 - - [21/Jul/2026:14:11:22 +0000] "GET /products/3600296/ HTTP/2" 301 0 "-" "Mozilla/5.0 (Windows NT 10.0; Win64; x64) AppleWebKit/537.36 (KHTML, like Gecko) Chrome/145.0.0.0 Safari/537.36 (compatible; meta-externalagent/1.1 (+https://developers.facebook.com/docs/sharing/webmasters/crawler))"
198.38.94.67 - - [21/Jul/2026:14:11:23 +0000] "POST /wp-cron.php?doing_wp_cron=1784643083.3930010795593261718750 HTTP/1.1" 200 0 "-" "WordPress/7.0.1; https://goldendunesfilmfestival.com"
57.141.0.9 - - [21/Jul/2026:14:11:23 +0000] "GET /products/16672018/ HTTP/2" 404 31916 "-" "Mozilla/5.0 (Windows NT 10.0; Win64; x64) AppleWebKit/537.36 (KHTML, like Gecko) Chrome/145.0.0.0 Safari/537.36 (compatible; meta-externalagent/1.1 (+https://developers.facebook.com/docs/sharing/webmasters/crawler))"
57.141.0.13 - - [21/Jul/2026:14:11:35 +0000] "GET /products/17864152/ HTTP/2" 404 31914 "-" "Mozilla/5.0 (Windows NT 10.0; Win64; x64) AppleWebKit/537.36 (KHTML, like Gecko) Chrome/145.0.0.0 Safari/537.36 Edg/145.0.0.0 (compatible; meta-externalagent/1.1 (+https://developers.facebook.com/docs/sharing/webmasters/crawler))"
57.141.0.61 - - [21/Jul/2026:14:11:48 +0000] "GET /products/4639407/ HTTP/2" 301 0 "-" "Mozilla/5.0 (X11; Linux x86_64) AppleWebKit/537.36 (KHTML, like Gecko) Chrome/145.0.0.0 Safari/537.36 (compatible; meta-externalagent/1.1 (+https://developers.facebook.com/docs/sharing/webmasters/crawler))"
57.141.0.71 - - [21/Jul/2026:14:12:09 +0000] "GET /products/9775229/ HTTP/2" 404 31912 "-" "Mozilla/5.0 (Macintosh; Intel Mac OS X 10_15_7) AppleWebKit/537.36 (KHTML, like Gecko) Chrome/145.0.0.0 Safari/537.36 (compatible; meta-externalagent/1.1 (+https://developers.facebook.com/docs/sharing/webmasters/crawler))"
195.96.139.88 - - [21/Jul/2026:14:12:17 +0000] "GET / HTTP/1.1" 401 53 "http://cpcalendars.goldendunesfilmfestival.com" "Mozilla/5.0 (compatible; InternetMeasurement/1.0; +https://internet-measurement.com/)"
198.38.94.67 - - [21/Jul/2026:14:12:41 +0000] "POST /wp-cron.php?doing_wp_cron=1784643161.3960061073303222656250 HTTP/1.1" 200 0 "-" "WordPress/7.0.1; https://goldendunesfilmfestival.com"
57.141.0.35 - - [21/Jul/2026:14:12:41 +0000] "GET /products/10273130/ HTTP/2" 404 31912 "-" "Mozilla/5.0 (Macintosh; Intel Mac OS X 10_15_7) AppleWebKit/537.36 (KHTML, like Gecko) Chrome/145.0.0.0 Safari/537.36 (compatible; meta-externalagent/1.1 (+https://developers.facebook.com/docs/sharing/webmasters/crawler))"
57.141.0.34 - - [21/Jul/2026:14:13:13 +0000] "GET /products/5745207/ HTTP/2" 301 0 "-" "Mozilla/5.0 (Windows NT 10.0; Win64; x64) AppleWebKit/537.36 (KHTML, like Gecko) Chrome/145.0.0.0 Safari/537.36 (compatible; meta-externalagent/1.1 (+https://developers.facebook.com/docs/sharing/webmasters/crawler))"
198.38.94.67 - - [21/Jul/2026:14:13:33 +0000] "POST /wp-cron.php?doing_wp_cron=1784643213.1595358848571777343750 HTTP/1.1" 200 0 "-" "WordPress/7.0.1; https://goldendunesfilmfestival.com"
57.141.0.5 - - [21/Jul/2026:14:13:32 +0000] "GET /products/25030141/ HTTP/2" 404 31916 "-" "Mozilla/5.0 (Windows NT 10.0; Win64; x64) AppleWebKit/537.36 (KHTML, like Gecko) Chrome/145.0.0.0 Safari/537.36 (compatible; meta-externalagent/1.1 (+https://developers.facebook.com/docs/sharing/webmasters/crawler))"
57.141.0.4 - - [21/Jul/2026:14:13:43 +0000] "GET /products/23440596/ HTTP/2" 301 0 "-" "Mozilla/5.0 (Windows NT 10.0; Win64; x64) AppleWebKit/537.36 (KHTML, like Gecko) Chrome/145.0.0.0 Safari/537.36 (compatible; meta-externalagent/1.1 (+https://developers.facebook.com/docs/sharing/webmasters/crawler))"
57.141.0.71 - - [21/Jul/2026:14:13:44 +0000] "GET /products/4866107/ HTTP/2" 404 31916 "-" "Mozilla/5.0 (Windows NT 10.0; Win64; x64) AppleWebKit/537.36 (KHTML, like Gecko) Chrome/145.0.0.0 Safari/537.36 (compatible; meta-externalagent/1.1 (+https://developers.facebook.com/docs/sharing/webmasters/crawler))"
57.141.0.25 - - [21/Jul/2026:14:13:58 +0000] "GET /products/15018630/ HTTP/2" 404 31916 "-" "Mozilla/5.0 (Windows NT 10.0; Win64; x64) AppleWebKit/537.36 (KHTML, like Gecko) Chrome/145.0.0.0 Safari/537.36 (compatible; meta-externalagent/1.1 (+https://developers.facebook.com/docs/sharing/webmasters/crawler))"
57.141.0.37 - - [21/Jul/2026:14:14:03 +0000] "GET /products/4149841/ HTTP/2" 404 31912 "-" "Mozilla/5.0 (Macintosh; Intel Mac OS X 10_15_7) AppleWebKit/537.36 (KHTML, like Gecko) Chrome/145.0.0.0 Safari/537.36 (compatible; meta-externalagent/1.1 (+https://developers.facebook.com/docs/sharing/webmasters/crawler))"
57.141.0.13 - - [21/Jul/2026:14:14:13 +0000] "GET /products/23834352/ HTTP/2" 404 31912 "-" "Mozilla/5.0 (Macintosh; Intel Mac OS X 10_15_7) AppleWebKit/537.36 (KHTML, like Gecko) Chrome/145.0.0.0 Safari/537.36 (compatible; meta-externalagent/1.1 (+https://developers.facebook.com/docs/sharing/webmasters/crawler))"
57.141.0.44 - - [21/Jul/2026:14:14:15 +0000] "GET /products/14285185/ HTTP/2" 404 31912 "-" "Mozilla/5.0 (Macintosh; Intel Mac OS X 10_15_7) AppleWebKit/537.36 (KHTML, like Gecko) Chrome/145.0.0.0 Safari/537.36 (compatible; meta-externalagent/1.1 (+https://developers.facebook.com/docs/sharing/webmasters/crawler))"
57.141.0.16 - - [21/Jul/2026:14:14:17 +0000] "GET /products/24460218/ HTTP/2" 404 31916 "-" "Mozilla/5.0 (Windows NT 10.0; Win64; x64) AppleWebKit/537.36 (KHTML, like Gecko) Chrome/145.0.0.0 Safari/537.36 (compatible; meta-externalagent/1.1 (+https://developers.facebook.com/docs/sharing/webmasters/crawler))"
57.141.0.34 - - [21/Jul/2026:14:14:22 +0000] "GET /products/24849030/ HTTP/2" 301 0 "-" "Mozilla/5.0 (Macintosh; Intel Mac OS X 10_15_7) AppleWebKit/537.36 (KHTML, like Gecko) Chrome/145.0.0.0 Safari/537.36 (compatible; meta-externalagent/1.1 (+https://developers.facebook.com/docs/sharing/webmasters/crawler))"
213.209.159.254 - - [21/Jul/2026:14:14:36 +0000] "POST /wp-content/plugins/updraftplus/vendor/rackspace/php-opencloud/lib/OpenCloud/Identity/Resource/cache_icons.php HTTP/2" 200 49 "-" "Mozilla/5.0 (Macintosh; Intel Mac OS X 10_15_7) AppleWebKit/537.36 (KHTML, like Gecko) Chrome/120.0.0.0 Safari/537.36"
198.38.94.67 - - [21/Jul/2026:14:14:39 +0000] "POST /wp-cron.php?doing_wp_cron=1784643279.1182320117950439453125 HTTP/1.1" 200 0 "-" "WordPress/7.0.1; https://goldendunesfilmfestival.com"
57.141.0.44 - - [21/Jul/2026:14:14:38 +0000] "GET /products/3073141/ HTTP/2" 404 31914 "-" "Mozilla/5.0 (Windows NT 10.0; Win64; x64) AppleWebKit/537.36 (KHTML, like Gecko) Chrome/144.0.0.0 Safari/537.36 Edg/144.0.0.0 (compatible; meta-externalagent/1.1 (+https://developers.facebook.com/docs/sharing/webmasters/crawler))"
213.209.159.254 - - [21/Jul/2026:14:14:40 +0000] "POST /wp-content/plugins/updraftplus/vendor/rackspace/php-opencloud/lib/OpenCloud/Identity/Resource/cache_icons.php HTTP/2" 200 51 "-" "Mozilla/5.0 (Windows NT 10.0; Win64; x64) AppleWebKit/537.36 (KHTML, like Gecko) Chrome/101.0.4951.64 Safari/537.36 Edg/101.0.1210.47"
213.209.159.254 - - [21/Jul/2026:14:14:45 +0000] "POST /wp-content/plugins/updraftplus/vendor/rackspace/php-opencloud/lib/OpenCloud/Identity/Resource/cache_icons.php HTTP/2" 200 47 "-" "Mozilla/5.0 (Windows NT 10.0; Win64; x64) AppleWebKit/537.36 (KHTML, like Gecko) Chrome/110.0.0.0 Safari/537.36"
188.39.109.162 - - [21/Jul/2026:14:14:48 +0000] "GET /film-festival-dubai-2025 HTTP/1.1" 301 0 "-" "uk-nhs-data/0.0 (internal fraud-research)"
188.39.109.162 - - [21/Jul/2026:14:14:49 +0000] "GET /film-festival-dubai-2025/ HTTP/1.1" 200 18053 "-" "uk-nhs-data/0.0 (internal fraud-research)"
57.141.0.26 - - [21/Jul/2026:14:14:59 +0000] "GET /products/15347463/ HTTP/2" 404 31916 "-" "Mozilla/5.0 (Windows NT 10.0; Win64; x64) AppleWebKit/537.36 (KHTML, like Gecko) Chrome/145.0.0.0 Safari/537.36 (compatible; meta-externalagent/1.1 (+https://developers.facebook.com/docs/sharing/webmasters/crawler))"
57.141.0.52 - - [21/Jul/2026:14:15:00 +0000] "GET /products/16644374/ HTTP/2" 404 31916 "-" "Mozilla/5.0 (Windows NT 10.0; Win64; x64) AppleWebKit/537.36 (KHTML, like Gecko) Chrome/145.0.0.0 Safari/537.36 (compatible; meta-externalagent/1.1 (+https://developers.facebook.com/docs/sharing/webmasters/crawler))"
57.141.0.14 - - [21/Jul/2026:14:15:19 +0000] "GET /products/19249318/ HTTP/2" 404 31916 "-" "Mozilla/5.0 (Windows NT 10.0; Win64; x64) AppleWebKit/537.36 (KHTML, like Gecko) Chrome/145.0.0.0 Safari/537.36 (compatible; meta-externalagent/1.1 (+https://developers.facebook.com/docs/sharing/webmasters/crawler))"
198.38.94.67 - - [21/Jul/2026:14:15:51 +0000] "POST /wp-cron.php?doing_wp_cron=1784643351.0290050506591796875000 HTTP/1.1" 200 0 "-" "WordPress/7.0.1; https://goldendunesfilmfestival.com"
57.141.0.14 - - [21/Jul/2026:14:15:50 +0000] "GET /products/25946552/ HTTP/2" 404 31912 "-" "Mozilla/5.0 (Macintosh; Intel Mac OS X 10_15_7) AppleWebKit/537.36 (KHTML, like Gecko) Chrome/145.0.0.0 Safari/537.36 (compatible; meta-externalagent/1.1 (+https://developers.facebook.com/docs/sharing/webmasters/crawler))"
198.38.94.67 - - [21/Jul/2026:14:16:27 +0000] "POST /wp-cron.php?doing_wp_cron=1784643387.7515890598297119140625 HTTP/1.1" 200 0 "-" "WordPress/7.0.1; https://goldendunesfilmfestival.com"
57.141.0.8 - - [21/Jul/2026:14:16:27 +0000] "GET /products/13953441/ HTTP/2" 404 31916 "-" "Mozilla/5.0 (Windows NT 10.0; Win64; x64) AppleWebKit/537.36 (KHTML, like Gecko) Chrome/145.0.0.0 Safari/537.36 (compatible; meta-externalagent/1.1 (+https://developers.facebook.com/docs/sharing/webmasters/crawler))"
57.141.0.30 - - [21/Jul/2026:14:16:32 +0000] "GET /products/23667574/ HTTP/2" 301 0 "-" "Mozilla/5.0 (Windows NT 10.0; Win64; x64) AppleWebKit/537.36 (KHTML, like Gecko) Chrome/145.0.0.0 Safari/537.36 (compatible; meta-externalagent/1.1 (+https://developers.facebook.com/docs/sharing/webmasters/crawler))"
213.209.159.254 - - [21/Jul/2026:14:14:46 +0000] "POST /wp-content/plugins/updraftplus/vendor/rackspace/php-opencloud/lib/OpenCloud/Identity/Resource/cache_icons.php HTTP/2" 200 0 "-" "Mozilla/5.0 (Macintosh; Intel Mac OS X 10_15_7) AppleWebKit/605.1.15 (KHTML, like Gecko) Version/15.3 Safari/605.1.15"
213.209.159.254 - - [21/Jul/2026:14:16:57 +0000] "POST /wp-content/plugins/updraftplus/vendor/rackspace/php-opencloud/lib/OpenCloud/Identity/Resource/cache_icons.php HTTP/2" 200 29 "-" "Mozilla/5.0 (Macintosh; Intel Mac OS X 10_15_7) AppleWebKit/605.1.15 (KHTML, like Gecko) Version/15.3 Safari/605.1.15"
216.73.217.104 - - [21/Jul/2026:14:17:03 +0000] "GET /robots.txt HTTP/1.1" 200 128 "-" "Mozilla/5.0 (Macintosh; Intel Mac OS X 10_15_7) AppleWebKit/537.36 (KHTML, like Gecko) Chrome/131.0.0.0 Safari/537.36; ClaudeBot/1.0; +claudebot@anthropic.com)"
57.141.0.5 - - [21/Jul/2026:14:17:04 +0000] "GET /products/4487407/ HTTP/2" 404 31912 "-" "Mozilla/5.0 (Macintosh; Intel Mac OS X 10_15_7) AppleWebKit/537.36 (KHTML, like Gecko) Chrome/145.0.0.0 Safari/537.36 (compatible; meta-externalagent/1.1 (+https://developers.facebook.com/docs/sharing/webmasters/crawler))"
216.73.217.104 - - [21/Jul/2026:14:17:05 +0000] "GET /app-installatie-stap-voor-stap-bij-instasino-casino-voor-nederland/ HTTP/2" 404 7089 "-" "Mozilla/5.0 (Linux; Android 14; Pixel 8) AppleWebKit/537.36 (KHTML, like Gecko) Chrome/131.0.0.0 Mobile Safari/537.36; ClaudeBot/1.0; +claudebot@anthropic.com)"
216.73.217.104 - - [21/Jul/2026:14:17:05 +0000] "GET /wp-includes/css/dist/block-library/style.min.css?ver=7.0.1 HTTP/2" 200 16250 "https://goldendunesfilmfestival.com/app-installatie-stap-voor-stap-bij-instasino-casino-voor-nederland/" "Mozilla/5.0 (Linux; Android 14; Pixel 8) AppleWebKit/537.36 (KHTML, like Gecko) Chrome/131.0.0.0 Mobile Safari/537.36; ClaudeBot/1.0; +claudebot@anthropic.com)"
216.73.217.104 - - [21/Jul/2026:14:17:05 +0000] "GET /wp-content/plugins/contact-form-7/includes/css/styles.css?ver=6.1.5 HTTP/2" 200 899 "https://goldendunesfilmfestival.com/app-installatie-stap-voor-stap-bij-instasino-casino-voor-nederland/" "Mozilla/5.0 (Linux; Android 14; Pixel 8) AppleWebKit/537.36 (KHTML, like Gecko) Chrome/131.0.0.0 Mobile Safari/537.36; ClaudeBot/1.0; +claudebot@anthropic.com)"
216.73.217.104 - - [21/Jul/2026:14:17:05 +0000] "GET /wp-content/themes/mirel/css/custom.css?ver=7.0.1 HTTP/2" 200 0 "https://goldendunesfilmfestival.com/app-installatie-stap-voor-stap-bij-instasino-casino-voor-nederland/" "Mozilla/5.0 (Linux; Android 14; Pixel 8) AppleWebKit/537.36 (KHTML, like Gecko) Chrome/131.0.0.0 Mobile Safari/537.36; ClaudeBot/1.0; +claudebot@anthropic.com)"
216.73.217.104 - - [21/Jul/2026:14:17:05 +0000] "GET /wp-content/plugins/pt-mirel-addons/include/popup/style.css?ver=1.0.0 HTTP/2" 200 2001 "https://goldendunesfilmfestival.com/app-installatie-stap-voor-stap-bij-instasino-casino-voor-nederland/" "Mozilla/5.0 (Linux; Android 14; Pixel 8) AppleWebKit/537.36 (KHTML, like Gecko) Chrome/131.0.0.0 Mobile Safari/537.36; ClaudeBot/1.0; +claudebot@anthropic.com)"
216.73.217.104 - - [21/Jul/2026:14:17:05 +0000] "GET /wp-content/themes/mirel/css/iconfont.css?ver=7.0.1 HTTP/2" 200 6227 "https://goldendunesfilmfestival.com/app-installatie-stap-voor-stap-bij-instasino-casino-voor-nederland/" "Mozilla/5.0 (Linux; Android 14; Pixel 8) AppleWebKit/537.36 (KHTML, like Gecko) Chrome/131.0.0.0 Mobile Safari/537.36; ClaudeBot/1.0; +claudebot@anthropic.com)"
216.73.217.104 - - [21/Jul/2026:14:17:05 +0000] "GET /wp-content/themes/mirel/css/mirel-icons.css?ver=7.0.1 HTTP/2" 200 767 "https://goldendunesfilmfestival.com/app-installatie-stap-voor-stap-bij-instasino-casino-voor-nederland/" "Mozilla/5.0 (Linux; Android 14; Pixel 8) AppleWebKit/537.36 (KHTML, like Gecko) Chrome/131.0.0.0 Mobile Safari/537.36; ClaudeBot/1.0; +claudebot@anthropic.com)"
216.73.217.104 - - [21/Jul/2026:14:17:05 +0000] "GET /wp-content/themes/mirel-child/style.css?ver=7.0.1 HTTP/2" 200 3307 "https://goldendunesfilmfestival.com/app-installatie-stap-voor-stap-bij-instasino-casino-voor-nederland/" "Mozilla/5.0 (Linux; Android 14; Pixel 8) AppleWebKit/537.36 (KHTML, like Gecko) Chrome/131.0.0.0 Mobile Safari/537.36; ClaudeBot/1.0; +claudebot@anthropic.com)"
216.73.217.104 - - [21/Jul/2026:14:17:05 +0000] "GET /wp-content/plugins/elementor/assets/lib/swiper/v8/css/swiper.min.css?ver=8.4.5 HTTP/2" 200 4248 "https://goldendunesfilmfestival.com/app-installatie-stap-voor-stap-bij-instasino-casino-voor-nederland/" "Mozilla/5.0 (Linux; Android 14; Pixel 8) AppleWebKit/537.36 (KHTML, like Gecko) Chrome/131.0.0.0 Mobile Safari/537.36; ClaudeBot/1.0; +claudebot@anthropic.com)"
216.73.217.104 - - [21/Jul/2026:14:17:05 +0000] "GET /wp-content/themes/mirel/css/main.css?ver=7.0.1 HTTP/2" 200 40130 "https://goldendunesfilmfestival.com/app-installatie-stap-voor-stap-bij-instasino-casino-voor-nederland/" "Mozilla/5.0 (Linux; Android 14; Pixel 8) AppleWebKit/537.36 (KHTML, like Gecko) Chrome/131.0.0.0 Mobile Safari/537.36; ClaudeBot/1.0; +claudebot@anthropic.com)"
216.73.217.104 - - [21/Jul/2026:14:17:05 +0000] "GET /wp-content/plugins/pt-mirel-addons/assets/css/fontawesome.min.css?ver=7.0.1 HTTP/2" 200 11591 "https://goldendunesfilmfestival.com/app-installatie-stap-voor-stap-bij-instasino-casino-voor-nederland/" "Mozilla/5.0 (Linux; Android 14; Pixel 8) AppleWebKit/537.36 (KHTML, like Gecko) Chrome/131.0.0.0 Mobile Safari/537.36; ClaudeBot/1.0; +claudebot@anthropic.com)"
216.73.217.104 - - [21/Jul/2026:14:17:05 +0000] "GET /wp-content/plugins/pt-mirel-addons/assets/css/pt-addons.css?ver=7.0.1 HTTP/2" 200 36649 "https://goldendunesfilmfestival.com/app-installatie-stap-voor-stap-bij-instasino-casino-voor-nederland/" "Mozilla/5.0 (Linux; Android 14; Pixel 8) AppleWebKit/537.36 (KHTML, like Gecko) Chrome/131.0.0.0 Mobile Safari/537.36; ClaudeBot/1.0; +claudebot@anthropic.com)"
216.73.217.104 - - [21/Jul/2026:14:17:05 +0000] "GET /wp-includes/js/jquery/jquery.min.js?ver=3.7.1 HTTP/2" 200 29744 "https://goldendunesfilmfestival.com/app-installatie-stap-voor-stap-bij-instasino-casino-voor-nederland/" "Mozilla/5.0 (Linux; Android 14; Pixel 8) AppleWebKit/537.36 (KHTML, like Gecko) Chrome/131.0.0.0 Mobile Safari/537.36; ClaudeBot/1.0; +claudebot@anthropic.com)"
216.73.217.104 - - [21/Jul/2026:14:17:05 +0000] "GET /wp-content/plugins/contact-form-7/includes/swv/js/index.js?ver=6.1.5 HTTP/2" 200 3369 "https://goldendunesfilmfestival.com/app-installatie-stap-voor-stap-bij-instasino-casino-voor-nederland/" "Mozilla/5.0 (Linux; Android 14; Pixel 8) AppleWebKit/537.36 (KHTML, like Gecko) Chrome/131.0.0.0 Mobile Safari/537.36; ClaudeBot/1.0; +claudebot@anthropic.com)"
216.73.217.104 - - [21/Jul/2026:14:17:05 +0000] "GET /wp-content/plugins/contact-form-7/includes/js/index.js?ver=6.1.5 HTTP/2" 200 4008 "https://goldendunesfilmfestival.com/app-installatie-stap-voor-stap-bij-instasino-casino-voor-nederland/" "Mozilla/5.0 (Linux; Android 14; Pixel 8) AppleWebKit/537.36 (KHTML, like Gecko) Chrome/131.0.0.0 Mobile Safari/537.36; ClaudeBot/1.0; +claudebot@anthropic.com)"
216.73.217.104 - - [21/Jul/2026:14:17:05 +0000] "GET /wp-content/plugins/pt-mirel-addons/assets/js/gsap.min.js?ver=3.4.2 HTTP/2" 200 23344 "https://goldendunesfilmfestival.com/app-installatie-stap-voor-stap-bij-instasino-casino-voor-nederland/" "Mozilla/5.0 (Linux; Android 14; Pixel 8) AppleWebKit/537.36 (KHTML, like Gecko) Chrome/131.0.0.0 Mobile Safari/537.36; ClaudeBot/1.0; +claudebot@anthropic.com)"
216.73.217.104 - - [21/Jul/2026:14:17:05 +0000] "GET /wp-content/plugins/pt-mirel-addons/include/popup/script.js?ver=1.0.0 HTTP/2" 200 3595 "https://goldendunesfilmfestival.com/app-installatie-stap-voor-stap-bij-instasino-casino-voor-nederland/" "Mozilla/5.0 (Linux; Android 14; Pixel 8) AppleWebKit/537.36 (KHTML, like Gecko) Chrome/131.0.0.0 Mobile Safari/537.36; ClaudeBot/1.0; +claudebot@anthropic.com)"
216.73.217.104 - - [21/Jul/2026:14:17:05 +0000] "GET /wp-content/themes/mirel-child/script.js?ver=7.0.1 HTTP/2" 200 0 "https://goldendunesfilmfestival.com/app-installatie-stap-voor-stap-bij-instasino-casino-voor-nederland/" "Mozilla/5.0 (Linux; Android 14; Pixel 8) AppleWebKit/537.36 (KHTML, like Gecko) Chrome/131.0.0.0 Mobile Safari/537.36; ClaudeBot/1.0; +claudebot@anthropic.com)"
216.73.217.104 - - [21/Jul/2026:14:17:05 +0000] "GET /wp-content/plugins/pt-mirel-addons/assets/js/isotope.pkgd.min.js?ver=3.0.6 HTTP/2" 200 9603 "https://goldendunesfilmfestival.com/app-installatie-stap-voor-stap-bij-instasino-casino-voor-nederland/" "Mozilla/5.0 (Linux; Android 14; Pixel 8) AppleWebKit/537.36 (KHTML, like Gecko) Chrome/131.0.0.0 Mobile Safari/537.36; ClaudeBot/1.0; +claudebot@anthropic.com)"
216.73.217.104 - - [21/Jul/2026:14:17:05 +0000] "GET /wp-content/themes/mirel/js/scripts.js HTTP/2" 200 3485 "https://goldendunesfilmfestival.com/app-installatie-stap-voor-stap-bij-instasino-casino-voor-nederland/" "Mozilla/5.0 (Linux; Android 14; Pixel 8) AppleWebKit/537.36 (KHTML, like Gecko) Chrome/131.0.0.0 Mobile Safari/537.36; ClaudeBot/1.0; +claudebot@anthropic.com)"
216.73.217.104 - - [21/Jul/2026:14:17:05 +0000] "GET /wp-content/plugins/pt-mirel-addons/assets/js/split-type.min.js?ver=0.2.5 HTTP/2" 200 2745 "https://goldendunesfilmfestival.com/app-installatie-stap-voor-stap-bij-instasino-casino-voor-nederland/" "Mozilla/5.0 (Linux; Android 14; Pixel 8) AppleWebKit/537.36 (KHTML, like Gecko) Chrome/131.0.0.0 Mobile Safari/537.36; ClaudeBot/1.0; +claudebot@anthropic.com)"
216.73.217.104 - - [21/Jul/2026:14:17:05 +0000] "GET /wp-content/plugins/pt-mirel-addons/assets/js/custom-cursor.js?ver=0.0.1 HTTP/2" 200 737 "https://goldendunesfilmfestival.com/app-installatie-stap-voor-stap-bij-instasino-casino-voor-nederland/" "Mozilla/5.0 (Linux; Android 14; Pixel 8) AppleWebKit/537.36 (KHTML, like Gecko) Chrome/131.0.0.0 Mobile Safari/537.36; ClaudeBot/1.0; +claudebot@anthropic.com)"
216.73.217.104 - - [21/Jul/2026:14:17:05 +0000] "GET /wp-content/plugins/pt-mirel-addons/assets/js/pt-scripts.js?ver=1.0.0 HTTP/2" 200 4639 "https://goldendunesfilmfestival.com/app-installatie-stap-voor-stap-bij-instasino-casino-voor-nederland/" "Mozilla/5.0 (Linux; Android 14; Pixel 8) AppleWebKit/537.36 (KHTML, like Gecko) Chrome/131.0.0.0 Mobile Safari/537.36; ClaudeBot/1.0; +claudebot@anthropic.com)"
216.73.217.104 - - [21/Jul/2026:14:17:05 +0000] "GET /wp-includes/js/jquery/jquery-migrate.min.js?ver=3.4.1 HTTP/2" 200 4678 "https://goldendunesfilmfestival.com/app-installatie-stap-voor-stap-bij-instasino-casino-voor-nederland/" "Mozilla/5.0 (Linux; Android 14; Pixel 8) AppleWebKit/537.36 (KHTML, like Gecko) Chrome/131.0.0.0 Mobile Safari/537.36; ClaudeBot/1.0; +claudebot@anthropic.com)"
216.73.217.104 - - [21/Jul/2026:14:17:05 +0000] "GET /wp-content/plugins/pt-mirel-addons/assets/js/zilla-likes.js?ver=7.0.1 HTTP/2" 200 328 "https://goldendunesfilmfestival.com/app-installatie-stap-voor-stap-bij-instasino-casino-voor-nederland/" "Mozilla/5.0 (Linux; Android 14; Pixel 8) AppleWebKit/537.36 (KHTML, like Gecko) Chrome/131.0.0.0 Mobile Safari/537.36; ClaudeBot/1.0; +claudebot@anthropic.com)"
216.73.217.104 - - [21/Jul/2026:14:17:05 +0000] "GET /wp-includes/js/dist/hooks.min.js?ver=7496969728ca0f95732d HTTP/2" 200 1734 "https://goldendunesfilmfestival.com/app-installatie-stap-voor-stap-bij-instasino-casino-voor-nederland/" "Mozilla/5.0 (Linux; Android 14; Pixel 8) AppleWebKit/537.36 (KHTML, like Gecko) Chrome/131.0.0.0 Mobile Safari/537.36; ClaudeBot/1.0; +claudebot@anthropic.com)"
216.73.217.104 - - [21/Jul/2026:14:17:05 +0000] "GET /wp-includes/js/dist/i18n.min.js?ver=781d11515ad3d91786ec HTTP/2" 200 2354 "https://goldendunesfilmfestival.com/app-installatie-stap-voor-stap-bij-instasino-casino-voor-nederland/" "Mozilla/5.0 (Linux; Android 14; Pixel 8) AppleWebKit/537.36 (KHTML, like Gecko) Chrome/131.0.0.0 Mobile Safari/537.36; ClaudeBot/1.0; +claudebot@anthropic.com)"
216.73.217.104 - - [21/Jul/2026:14:17:05 +0000] "GET /wp-content/plugins/pt-mirel-addons/assets/js/swiper.min.js?ver=7.0.5 HTTP/2" 200 36065 "https://goldendunesfilmfestival.com/app-installatie-stap-voor-stap-bij-instasino-casino-voor-nederland/" "Mozilla/5.0 (Linux; Android 14; Pixel 8) AppleWebKit/537.36 (KHTML, like Gecko) Chrome/131.0.0.0 Mobile Safari/537.36; ClaudeBot/1.0; +claudebot@anthropic.com)"
216.73.217.104 - - [21/Jul/2026:14:17:06 +0000] "GET /wp-content/themes/mirel/fonts/mirel-icon.ttf?4izm6b HTTP/2" 200 12111 "https://goldendunesfilmfestival.com/wp-content/themes/mirel/css/mirel-icons.css?ver=7.0.1" "Mozilla/5.0 (Linux; Android 14; Pixel 8) AppleWebKit/537.36 (KHTML, like Gecko) Chrome/131.0.0.0 Mobile Safari/537.36; ClaudeBot/1.0; +claudebot@anthropic.com)"
216.73.217.104 - - [21/Jul/2026:14:17:06 +0000] "GET /wp-includes/js/wp-emoji-release.min.js?ver=7.0.1 HTTP/2" 200 4974 "https://goldendunesfilmfestival.com/app-installatie-stap-voor-stap-bij-instasino-casino-voor-nederland/" "Mozilla/5.0 (Linux; Android 14; Pixel 8) AppleWebKit/537.36 (KHTML, like Gecko) Chrome/131.0.0.0 Mobile Safari/537.36; ClaudeBot/1.0; +claudebot@anthropic.com)"
213.209.159.254 - - [21/Jul/2026:14:17:07 +0000] "POST /get.php HTTP/2" 200 56 "-" "Mozilla/5.0 (Windows NT 10.0; Win64; x64) AppleWebKit/537.36 (KHTML, like Gecko) Chrome/110.0.0.0 Safari/537.36"
213.209.159.254 - - [21/Jul/2026:14:17:09 +0000] "POST /get.php HTTP/2" 200 84 "-" "Mozilla/5.0 (Macintosh; Intel Mac OS X 10_15_7) AppleWebKit/537.36 (KHTML, like Gecko) Chrome/120.0.0.0 Safari/537.36"
57.141.0.25 - - [21/Jul/2026:14:17:15 +0000] "GET /products/16704029/ HTTP/2" 404 31916 "-" "Mozilla/5.0 (Windows NT 10.0; Win64; x64) AppleWebKit/537.36 (KHTML, like Gecko) Chrome/145.0.0.0 Safari/537.36 (compatible; meta-externalagent/1.1 (+https://developers.facebook.com/docs/sharing/webmasters/crawler))"
