57.141.0.38 - - [21/Jul/2026:18:20:17 +0000] "GET /products/24973241/ HTTP/2" 404 31914 "-" "Mozilla/5.0 (X11; Linux x86_64) AppleWebKit/537.36 (KHTML, like Gecko) Chrome/145.0.0.0 Safari/537.36 (compatible; meta-externalagent/1.1 (+https://developers.facebook.com/docs/sharing/webmasters/crawler))"
57.141.0.34 - - [21/Jul/2026:18:20:22 +0000] "GET /products/8587941/ HTTP/2" 404 31912 "-" "Mozilla/5.0 (Macintosh; Intel Mac OS X 10_15_7) AppleWebKit/537.36 (KHTML, like Gecko) Chrome/145.0.0.0 Safari/537.36 (compatible; meta-externalagent/1.1 (+https://developers.facebook.com/docs/sharing/webmasters/crawler))"
198.38.94.67 - - [21/Jul/2026:18:20:42 +0000] "POST /wp-cron.php?doing_wp_cron=1784658042.5145308971405029296875 HTTP/1.1" 200 0 "-" "WordPress/7.0.1; https://goldendunesfilmfestival.com"
57.141.0.71 - - [21/Jul/2026:18:20:42 +0000] "GET /products/14623374/ HTTP/2" 404 31914 "-" "Mozilla/5.0 (Windows NT 10.0; Win64; x64) AppleWebKit/537.36 (KHTML, like Gecko) Chrome/143.0.0.0 Safari/537.36 Edg/143.0.0.0 (compatible; meta-externalagent/1.1 (+https://developers.facebook.com/docs/sharing/webmasters/crawler))"
57.141.0.28 - - [21/Jul/2026:18:20:47 +0000] "GET /products/21438774/ HTTP/2" 404 31916 "-" "Mozilla/5.0 (Windows NT 10.0; Win64; x64) AppleWebKit/537.36 (KHTML, like Gecko) Chrome/145.0.0.0 Safari/537.36 (compatible; meta-externalagent/1.1 (+https://developers.facebook.com/docs/sharing/webmasters/crawler))"
57.141.0.28 - - [21/Jul/2026:18:20:49 +0000] "GET /products/6123229/ HTTP/2" 404 31912 "-" "Mozilla/5.0 (Macintosh; Intel Mac OS X 10_15_7) AppleWebKit/537.36 (KHTML, like Gecko) Chrome/145.0.0.0 Safari/537.36 (compatible; meta-externalagent/1.1 (+https://developers.facebook.com/docs/sharing/webmasters/crawler))"
57.141.0.37 - - [21/Jul/2026:18:20:50 +0000] "GET /products/3681218/ HTTP/2" 404 31916 "-" "Mozilla/5.0 (Windows NT 10.0; Win64; x64) AppleWebKit/537.36 (KHTML, like Gecko) Chrome/145.0.0.0 Safari/537.36 (compatible; meta-externalagent/1.1 (+https://developers.facebook.com/docs/sharing/webmasters/crawler))"
57.141.0.39 - - [21/Jul/2026:18:21:00 +0000] "GET /products/25508685/ HTTP/2" 404 31914 "-" "Mozilla/5.0 (Windows NT 10.0; Win64; x64) AppleWebKit/537.36 (KHTML, like Gecko) Chrome/145.0.0.0 Safari/537.36 Edg/145.0.0.0 (compatible; meta-externalagent/1.1 (+https://developers.facebook.com/docs/sharing/webmasters/crawler))"
209.87.169.103 - - [21/Jul/2026:18:21:08 +0000] "POST /wp-login.php HTTP/1.1" 503 7739 "-" "Mozilla/5.0 (Macintosh; Intel Mac OS X 10_15_7) AppleWebKit/605.1.15 Version/17.0 Safari/605.1.15"
57.141.0.15 - - [21/Jul/2026:18:21:20 +0000] "GET /products/19561829/ HTTP/2" 404 31916 "-" "Mozilla/5.0 (Windows NT 10.0; Win64; x64) AppleWebKit/537.36 (KHTML, like Gecko) Chrome/145.0.0.0 Safari/537.36 (compatible; meta-externalagent/1.1 (+https://developers.facebook.com/docs/sharing/webmasters/crawler))"
57.141.0.21 - - [21/Jul/2026:18:21:22 +0000] "GET /products/23071930/ HTTP/2" 404 31916 "-" "Mozilla/5.0 (Windows NT 10.0; Win64; x64) AppleWebKit/537.36 (KHTML, like Gecko) Chrome/145.0.0.0 Safari/537.36 (compatible; meta-externalagent/1.1 (+https://developers.facebook.com/docs/sharing/webmasters/crawler))"
198.38.94.67 - - [21/Jul/2026:18:21:33 +0000] "POST /wp-cron.php?doing_wp_cron=1784658093.9620978832244873046875 HTTP/1.1" 200 0 "-" "WordPress/7.0.1; https://goldendunesfilmfestival.com"
57.141.0.34 - - [21/Jul/2026:18:21:33 +0000] "GET /products/3864541/ HTTP/2" 404 31916 "-" "Mozilla/5.0 (Windows NT 10.0; Win64; x64) AppleWebKit/537.36 (KHTML, like Gecko) Chrome/145.0.0.0 Safari/537.36 (compatible; meta-externalagent/1.1 (+https://developers.facebook.com/docs/sharing/webmasters/crawler))"
198.38.94.67 - - [21/Jul/2026:18:21:42 +0000] "POST /wp-cron.php?doing_wp_cron=1784658102.1403720378875732421875 HTTP/1.1" 200 0 "-" "WordPress/7.0.1; https://goldendunesfilmfestival.com"
57.141.0.4 - - [21/Jul/2026:18:21:41 +0000] "GET /products/2942630/ HTTP/2" 301 0 "-" "Mozilla/5.0 (Macintosh; Intel Mac OS X 10_15_7) AppleWebKit/537.36 (KHTML, like Gecko) Chrome/145.0.0.0 Safari/537.36 (compatible; meta-externalagent/1.1 (+https://developers.facebook.com/docs/sharing/webmasters/crawler))"
57.141.0.17 - - [21/Jul/2026:18:21:48 +0000] "GET /products/2125285/ HTTP/2" 404 31916 "-" "Mozilla/5.0 (Windows NT 10.0; Win64; x64) AppleWebKit/537.36 (KHTML, like Gecko) Chrome/145.0.0.0 Safari/537.36 (compatible; meta-externalagent/1.1 (+https://developers.facebook.com/docs/sharing/webmasters/crawler))"
57.141.0.42 - - [21/Jul/2026:18:21:56 +0000] "GET /products/3760341/ HTTP/2" 301 0 "-" "Mozilla/5.0 (X11; Linux x86_64) AppleWebKit/537.36 (KHTML, like Gecko) Chrome/145.0.0.0 Safari/537.36 (compatible; meta-externalagent/1.1 (+https://developers.facebook.com/docs/sharing/webmasters/crawler))"
57.141.0.22 - - [21/Jul/2026:18:22:00 +0000] "GET /products/3802618/ HTTP/2" 404 31912 "-" "Mozilla/5.0 (Macintosh; Intel Mac OS X 10_15_7) AppleWebKit/537.36 (KHTML, like Gecko) Chrome/145.0.0.0 Safari/537.36 (compatible; meta-externalagent/1.1 (+https://developers.facebook.com/docs/sharing/webmasters/crawler))"
57.141.0.69 - - [21/Jul/2026:18:22:07 +0000] "GET /products/14344018/ HTTP/2" 404 31912 "-" "Mozilla/5.0 (Macintosh; Intel Mac OS X 10_15_7) AppleWebKit/537.36 (KHTML, like Gecko) Chrome/145.0.0.0 Safari/537.36 (compatible; meta-externalagent/1.1 (+https://developers.facebook.com/docs/sharing/webmasters/crawler))"
57.141.0.39 - - [21/Jul/2026:18:22:14 +0000] "GET /products/10724185/ HTTP/2" 404 31916 "-" "Mozilla/5.0 (Windows NT 10.0; Win64; x64) AppleWebKit/537.36 (KHTML, like Gecko) Chrome/145.0.0.0 Safari/537.36 (compatible; meta-externalagent/1.1 (+https://developers.facebook.com/docs/sharing/webmasters/crawler))"
57.141.0.18 - - [21/Jul/2026:18:22:15 +0000] "GET /products/4377263/ HTTP/2" 301 0 "-" "Mozilla/5.0 (Windows NT 10.0; Win64; x64) AppleWebKit/537.36 (KHTML, like Gecko) Chrome/142.0.0.0 Safari/537.36 Edg/142.0.0.0 (compatible; meta-externalagent/1.1 (+https://developers.facebook.com/docs/sharing/webmasters/crawler))"
198.38.94.67 - - [21/Jul/2026:18:22:32 +0000] "POST /wp-cron.php?doing_wp_cron=1784658152.6867930889129638671875 HTTP/1.1" 200 0 "-" "WordPress/7.0.1; https://goldendunesfilmfestival.com"
57.141.0.25 - - [21/Jul/2026:18:22:32 +0000] "GET /products/24731718/ HTTP/2" 404 31912 "-" "Mozilla/5.0 (Macintosh; Intel Mac OS X 10_15_7) AppleWebKit/537.36 (KHTML, like Gecko) Chrome/145.0.0.0 Safari/537.36 (compatible; meta-externalagent/1.1 (+https://developers.facebook.com/docs/sharing/webmasters/crawler))"
5.192.19.90 - - [21/Jul/2026:18:22:32 +0000] "GET /wp-content/uploads/2025/12/Golden-Dunes-Film-Festival-17.jpeg HTTP/1.1" 200 230686 "-" "Mozilla/5.0 (Macintosh; Intel Mac OS X 10_13_6) AppleWebKit/537.36 (KHTML, like Gecko) Brave Chrome/83.0.4103.116 Safari/537.36"
57.141.0.53 - - [21/Jul/2026:18:22:38 +0000] "GET /products/16768852/ HTTP/2" 404 31916 "-" "Mozilla/5.0 (Windows NT 10.0; Win64; x64) AppleWebKit/537.36 (KHTML, like Gecko) Chrome/145.0.0.0 Safari/537.36 (compatible; meta-externalagent/1.1 (+https://developers.facebook.com/docs/sharing/webmasters/crawler))"
57.141.0.48 - - [21/Jul/2026:18:22:47 +0000] "GET /products/20917885/ HTTP/2" 404 31912 "-" "Mozilla/5.0 (Macintosh; Intel Mac OS X 10_15_7) AppleWebKit/537.36 (KHTML, like Gecko) Chrome/145.0.0.0 Safari/537.36 (compatible; meta-externalagent/1.1 (+https://developers.facebook.com/docs/sharing/webmasters/crawler))"
57.141.0.62 - - [21/Jul/2026:18:22:57 +0000] "GET /products/4630396/ HTTP/2" 404 31916 "-" "Mozilla/5.0 (Windows NT 10.0; Win64; x64) AppleWebKit/537.36 (KHTML, like Gecko) Chrome/145.0.0.0 Safari/537.36 (compatible; meta-externalagent/1.1 (+https://developers.facebook.com/docs/sharing/webmasters/crawler))"
57.141.0.15 - - [21/Jul/2026:18:23:08 +0000] "GET /products/1755763/ HTTP/2" 404 31916 "-" "Mozilla/5.0 (Windows NT 10.0; Win64; x64) AppleWebKit/537.36 (KHTML, like Gecko) Chrome/145.0.0.0 Safari/537.36 (compatible; meta-externalagent/1.1 (+https://developers.facebook.com/docs/sharing/webmasters/crawler))"
57.141.0.34 - - [21/Jul/2026:18:23:12 +0000] "GET /products/23229074/ HTTP/2" 404 31916 "-" "Mozilla/5.0 (Windows NT 10.0; Win64; x64) AppleWebKit/537.36 (KHTML, like Gecko) Chrome/145.0.0.0 Safari/537.36 (compatible; meta-externalagent/1.1 (+https://developers.facebook.com/docs/sharing/webmasters/crawler))"
57.141.0.71 - - [21/Jul/2026:18:23:16 +0000] "GET /products/14410441/ HTTP/2" 404 31916 "-" "Mozilla/5.0 (Windows NT 10.0; Win64; x64) AppleWebKit/537.36 (KHTML, like Gecko) Chrome/145.0.0.0 Safari/537.36 (compatible; meta-externalagent/1.1 (+https://developers.facebook.com/docs/sharing/webmasters/crawler))"
57.141.0.7 - - [21/Jul/2026:18:23:21 +0000] "GET /products/16032629/ HTTP/2" 404 31916 "-" "Mozilla/5.0 (Windows NT 10.0; Win64; x64) AppleWebKit/537.36 (KHTML, like Gecko) Chrome/145.0.0.0 Safari/537.36 (compatible; meta-externalagent/1.1 (+https://developers.facebook.com/docs/sharing/webmasters/crawler))"
57.141.0.12 - - [21/Jul/2026:18:23:21 +0000] "GET /products/3919952/ HTTP/2" 404 31916 "-" "Mozilla/5.0 (Windows NT 10.0; Win64; x64) AppleWebKit/537.36 (KHTML, like Gecko) Chrome/145.0.0.0 Safari/537.36 (compatible; meta-externalagent/1.1 (+https://developers.facebook.com/docs/sharing/webmasters/crawler))"
57.141.0.21 - - [21/Jul/2026:18:23:22 +0000] "GET /products/1767407/ HTTP/2" 404 31916 "-" "Mozilla/5.0 (Windows NT 10.0; Win64; x64) AppleWebKit/537.36 (KHTML, like Gecko) Chrome/145.0.0.0 Safari/537.36 (compatible; meta-externalagent/1.1 (+https://developers.facebook.com/docs/sharing/webmasters/crawler))"
198.38.94.67 - - [21/Jul/2026:18:23:29 +0000] "POST /wp-cron.php?doing_wp_cron=1784658209.6804089546203613281250 HTTP/1.1" 200 0 "-" "WordPress/7.0.1; https://goldendunesfilmfestival.com"
57.141.0.45 - - [21/Jul/2026:18:23:29 +0000] "GET /products/15586585/ HTTP/2" 404 31912 "-" "Mozilla/5.0 (Macintosh; Intel Mac OS X 10_15_7) AppleWebKit/537.36 (KHTML, like Gecko) Chrome/145.0.0.0 Safari/537.36 (compatible; meta-externalagent/1.1 (+https://developers.facebook.com/docs/sharing/webmasters/crawler))"
57.141.0.14 - - [21/Jul/2026:18:23:31 +0000] "GET /products/14474330/ HTTP/2" 404 31914 "-" "Mozilla/5.0 (Windows NT 10.0; Win64; x64) AppleWebKit/537.36 (KHTML, like Gecko) Chrome/145.0.0.0 Safari/537.36 Edg/145.0.0.0 (compatible; meta-externalagent/1.1 (+https://developers.facebook.com/docs/sharing/webmasters/crawler))"
57.141.0.67 - - [21/Jul/2026:18:23:33 +0000] "GET /products/15493463/ HTTP/2" 404 31912 "-" "Mozilla/5.0 (Macintosh; Intel Mac OS X 10_15_7) AppleWebKit/537.36 (KHTML, like Gecko) Chrome/145.0.0.0 Safari/537.36 (compatible; meta-externalagent/1.1 (+https://developers.facebook.com/docs/sharing/webmasters/crawler))"
57.141.0.10 - - [21/Jul/2026:18:23:37 +0000] "GET /products/21485330/ HTTP/2" 404 31914 "-" "Mozilla/5.0 (Windows NT 10.0; Win64; x64) AppleWebKit/537.36 (KHTML, like Gecko) Chrome/144.0.0.0 Safari/537.36 Edg/144.0.0.0 (compatible; meta-externalagent/1.1 (+https://developers.facebook.com/docs/sharing/webmasters/crawler))"
57.141.0.24 - - [21/Jul/2026:18:23:43 +0000] "GET /products/5298352/ HTTP/2" 404 31916 "-" "Mozilla/5.0 (Windows NT 10.0; Win64; x64) AppleWebKit/537.36 (KHTML, like Gecko) Chrome/145.0.0.0 Safari/537.36 (compatible; meta-externalagent/1.1 (+https://developers.facebook.com/docs/sharing/webmasters/crawler))"
57.141.0.32 - - [21/Jul/2026:18:23:46 +0000] "GET /products/25955952/ HTTP/2" 404 31912 "-" "Mozilla/5.0 (Macintosh; Intel Mac OS X 10_15_7) AppleWebKit/537.36 (KHTML, like Gecko) Chrome/145.0.0.0 Safari/537.36 (compatible; meta-externalagent/1.1 (+https://developers.facebook.com/docs/sharing/webmasters/crawler))"
57.141.0.7 - - [21/Jul/2026:18:23:51 +0000] "GET /products/4799218/ HTTP/2" 301 0 "-" "Mozilla/5.0 (Windows NT 10.0; Win64; x64) AppleWebKit/537.36 (KHTML, like Gecko) Chrome/145.0.0.0 Safari/537.36 (compatible; meta-externalagent/1.1 (+https://developers.facebook.com/docs/sharing/webmasters/crawler))"
57.141.0.46 - - [21/Jul/2026:18:24:02 +0000] "GET /products/1712063/ HTTP/2" 404 31916 "-" "Mozilla/5.0 (Windows NT 10.0; Win64; x64) AppleWebKit/537.36 (KHTML, like Gecko) Chrome/145.0.0.0 Safari/537.36 (compatible; meta-externalagent/1.1 (+https://developers.facebook.com/docs/sharing/webmasters/crawler))"
57.141.0.5 - - [21/Jul/2026:18:24:08 +0000] "GET /products/13726474/ HTTP/2" 404 31912 "-" "Mozilla/5.0 (Macintosh; Intel Mac OS X 10_15_7) AppleWebKit/537.36 (KHTML, like Gecko) Chrome/145.0.0.0 Safari/537.36 (compatible; meta-externalagent/1.1 (+https://developers.facebook.com/docs/sharing/webmasters/crawler))"
57.141.0.58 - - [21/Jul/2026:18:24:14 +0000] "GET /products/3728296/ HTTP/2" 404 31916 "-" "Mozilla/5.0 (Windows NT 10.0; Win64; x64) AppleWebKit/537.36 (KHTML, like Gecko) Chrome/145.0.0.0 Safari/537.36 (compatible; meta-externalagent/1.1 (+https://developers.facebook.com/docs/sharing/webmasters/crawler))"
92.222.104.205 - - [21/Jul/2026:18:24:20 +0000] "GET /robots.txt HTTP/2" 200 103 "-" "Mozilla/5.0 (compatible; AhrefsBot/7.0; +http://ahrefs.com/robot/)"
57.141.0.61 - - [21/Jul/2026:18:24:20 +0000] "GET /products/15886318/ HTTP/2" 404 31916 "-" "Mozilla/5.0 (Windows NT 10.0; Win64; x64) AppleWebKit/537.36 (KHTML, like Gecko) Chrome/145.0.0.0 Safari/537.36 (compatible; meta-externalagent/1.1 (+https://developers.facebook.com/docs/sharing/webmasters/crawler))"
198.38.94.67 - - [21/Jul/2026:18:24:23 +0000] "POST /wp-cron.php?doing_wp_cron=1784658263.2374360561370849609375 HTTP/1.1" 200 0 "-" "WordPress/7.0.1; https://goldendunesfilmfestival.com"
198.244.226.147 - - [21/Jul/2026:18:24:22 +0000] "GET /alawin-casino-nuevo/ HTTP/2" 404 7090 "-" "Mozilla/5.0 (compatible; AhrefsBot/7.0; +http://ahrefs.com/robot/)"
57.141.0.53 - - [21/Jul/2026:18:24:25 +0000] "GET /products/12227829/ HTTP/2" 404 31912 "-" "Mozilla/5.0 (Macintosh; Intel Mac OS X 10_15_7) AppleWebKit/537.36 (KHTML, like Gecko) Chrome/145.0.0.0 Safari/537.36 (compatible; meta-externalagent/1.1 (+https://developers.facebook.com/docs/sharing/webmasters/crawler))"
57.141.0.38 - - [21/Jul/2026:18:24:31 +0000] "GET /products/25853663/ HTTP/2" 404 31912 "-" "Mozilla/5.0 (Macintosh; Intel Mac OS X 10_15_7) AppleWebKit/537.36 (KHTML, like Gecko) Chrome/145.0.0.0 Safari/537.36 (compatible; meta-externalagent/1.1 (+https://developers.facebook.com/docs/sharing/webmasters/crawler))"
57.141.0.24 - - [21/Jul/2026:18:24:39 +0000] "GET /products/24811896/ HTTP/2" 404 31916 "-" "Mozilla/5.0 (Windows NT 10.0; Win64; x64) AppleWebKit/537.36 (KHTML, like Gecko) Chrome/145.0.0.0 Safari/537.36 (compatible; meta-externalagent/1.1 (+https://developers.facebook.com/docs/sharing/webmasters/crawler))"
57.141.0.37 - - [21/Jul/2026:18:24:49 +0000] "GET /products/4960796/ HTTP/2" 404 31912 "-" "Mozilla/5.0 (Macintosh; Intel Mac OS X 10_15_7) AppleWebKit/537.36 (KHTML, like Gecko) Chrome/145.0.0.0 Safari/537.36 (compatible; meta-externalagent/1.1 (+https://developers.facebook.com/docs/sharing/webmasters/crawler))"
57.141.0.54 - - [21/Jul/2026:18:24:52 +0000] "GET /products/17449796/ HTTP/2" 404 31916 "-" "Mozilla/5.0 (Windows NT 10.0; Win64; x64) AppleWebKit/537.36 (KHTML, like Gecko) Chrome/145.0.0.0 Safari/537.36 (compatible; meta-externalagent/1.1 (+https://developers.facebook.com/docs/sharing/webmasters/crawler))"
57.141.0.5 - - [21/Jul/2026:18:24:54 +0000] "GET /products/16243741/ HTTP/2" 404 31916 "-" "Mozilla/5.0 (Windows NT 10.0; Win64; x64) AppleWebKit/537.36 (KHTML, like Gecko) Chrome/145.0.0.0 Safari/537.36 (compatible; meta-externalagent/1.1 (+https://developers.facebook.com/docs/sharing/webmasters/crawler))"
57.141.0.18 - - [21/Jul/2026:18:24:55 +0000] "GET /products/5588063/ HTTP/2" 301 0 "-" "Mozilla/5.0 (Windows NT 10.0; Win64; x64) AppleWebKit/537.36 (KHTML, like Gecko) Chrome/145.0.0.0 Safari/537.36 (compatible; meta-externalagent/1.1 (+https://developers.facebook.com/docs/sharing/webmasters/crawler))"
57.141.0.24 - - [21/Jul/2026:18:24:59 +0000] "GET /products/4640696/ HTTP/2" 404 31916 "-" "Mozilla/5.0 (Windows NT 10.0; Win64; x64) AppleWebKit/537.36 (KHTML, like Gecko) Chrome/145.0.0.0 Safari/537.36 (compatible; meta-externalagent/1.1 (+https://developers.facebook.com/docs/sharing/webmasters/crawler))"
198.38.94.67 - - [21/Jul/2026:18:25:26 +0000] "POST /wp-cron.php?doing_wp_cron=1784658326.6312110424041748046875 HTTP/1.1" 200 0 "-" "WordPress/7.0.1; https://goldendunesfilmfestival.com"
57.141.0.42 - - [21/Jul/2026:18:25:26 +0000] "GET /products/13738118/ HTTP/2" 404 31912 "-" "Mozilla/5.0 (Macintosh; Intel Mac OS X 10_15_7) AppleWebKit/537.36 (KHTML, like Gecko) Chrome/145.0.0.0 Safari/537.36 (compatible; meta-externalagent/1.1 (+https://developers.facebook.com/docs/sharing/webmasters/crawler))"
57.141.0.54 - - [21/Jul/2026:18:25:28 +0000] "GET /products/3968485/ HTTP/2" 404 31912 "-" "Mozilla/5.0 (Macintosh; Intel Mac OS X 10_15_7) AppleWebKit/537.36 (KHTML, like Gecko) Chrome/145.0.0.0 Safari/537.36 (compatible; meta-externalagent/1.1 (+https://developers.facebook.com/docs/sharing/webmasters/crawler))"
57.141.0.42 - - [21/Jul/2026:18:25:29 +0000] "GET /products/5313841/ HTTP/2" 404 31914 "-" "Mozilla/5.0 (Windows NT 10.0; Win64; x64) AppleWebKit/537.36 (KHTML, like Gecko) Chrome/145.0.0.0 Safari/537.36 Edg/145.0.0.0 (compatible; meta-externalagent/1.1 (+https://developers.facebook.com/docs/sharing/webmasters/crawler))"
57.141.0.7 - - [21/Jul/2026:18:25:46 +0000] "GET /products/3942296/ HTTP/2" 404 31916 "-" "Mozilla/5.0 (Windows NT 10.0; Win64; x64) AppleWebKit/537.36 (KHTML, like Gecko) Chrome/145.0.0.0 Safari/537.36 (compatible; meta-externalagent/1.1 (+https://developers.facebook.com/docs/sharing/webmasters/crawler))"
57.141.0.45 - - [21/Jul/2026:18:25:53 +0000] "GET /products/3172885/ HTTP/2" 404 31914 "-" "Mozilla/5.0 (X11; Linux x86_64) AppleWebKit/537.36 (KHTML, like Gecko) Chrome/145.0.0.0 Safari/537.36 (compatible; meta-externalagent/1.1 (+https://developers.facebook.com/docs/sharing/webmasters/crawler))"
57.141.0.47 - - [21/Jul/2026:18:26:12 +0000] "GET /products/4712318/ HTTP/2" 404 31916 "-" "Mozilla/5.0 (Windows NT 10.0; Win64; x64) AppleWebKit/537.36 (KHTML, like Gecko) Chrome/145.0.0.0 Safari/537.36 (compatible; meta-externalagent/1.1 (+https://developers.facebook.com/docs/sharing/webmasters/crawler))"
20.151.10.161 - - [21/Jul/2026:18:26:13 +0000] "GET /wp-content/plugins/hellopress/wp_filemanager.php HTTP/1.1" 404 5749 "-" "-"
20.151.10.161 - - [21/Jul/2026:18:26:13 +0000] "GET /this_is_a_new_hello_world.php HTTP/1.1" 404 5749 "-" "-"
20.151.10.161 - - [21/Jul/2026:18:26:14 +0000] "GET /media.php HTTP/1.1" 404 5749 "-" "-"
20.151.10.161 - - [21/Jul/2026:18:26:14 +0000] "GET /images.php HTTP/1.1" 404 5749 "-" "-"
20.151.10.161 - - [21/Jul/2026:18:26:15 +0000] "GET /adminner.php HTTP/1.1" 404 5749 "-" "-"
20.151.10.161 - - [21/Jul/2026:18:26:15 +0000] "GET /admin.php HTTP/1.1" 404 5749 "-" "-"
20.151.10.161 - - [21/Jul/2026:18:26:15 +0000] "GET /k.php?p= HTTP/1.1" 404 5749 "-" "-"
20.151.10.161 - - [21/Jul/2026:18:26:16 +0000] "GET /x.php HTTP/1.1" 404 5749 "-" "-"
57.141.0.46 - - [21/Jul/2026:18:26:16 +0000] "GET /products/15283441/ HTTP/2" 404 31916 "-" "Mozilla/5.0 (Windows NT 10.0; Win64; x64) AppleWebKit/537.36 (KHTML, like Gecko) Chrome/145.0.0.0 Safari/537.36 (compatible; meta-externalagent/1.1 (+https://developers.facebook.com/docs/sharing/webmasters/crawler))"
20.151.10.161 - - [21/Jul/2026:18:26:16 +0000] "GET /wss.php HTTP/1.1" 404 5749 "-" "-"
20.151.10.161 - - [21/Jul/2026:18:26:16 +0000] "GET /ty.php?p= HTTP/1.1" 404 5749 "-" "-"
20.151.10.161 - - [21/Jul/2026:18:26:17 +0000] "GET /155.php HTTP/1.1" 404 5749 "-" "-"
20.151.10.161 - - [21/Jul/2026:18:26:17 +0000] "GET /ops.php HTTP/1.1" 404 5749 "-" "-"
20.151.10.161 - - [21/Jul/2026:18:26:18 +0000] "GET /ingfo.php HTTP/1.1" 404 5749 "-" "-"
20.151.10.161 - - [21/Jul/2026:18:26:18 +0000] "GET /error_log.php HTTP/1.1" 404 5749 "-" "-"
20.151.10.161 - - [21/Jul/2026:18:26:18 +0000] "GET /ok.php HTTP/1.1" 404 5749 "-" "-"
20.151.10.161 - - [21/Jul/2026:18:26:19 +0000] "GET /mac.php HTTP/1.1" 404 5749 "-" "-"
20.151.10.161 - - [21/Jul/2026:18:26:19 +0000] "GET /wefile.php HTTP/1.1" 404 5749 "-" "-"
20.151.10.161 - - [21/Jul/2026:18:26:20 +0000] "GET /modules/mod_simplefileuploadv1.3/elements/filemanager.php?p= HTTP/1.1" 404 5749 "-" "-"
20.151.10.161 - - [21/Jul/2026:18:26:20 +0000] "GET /wp-includes/blocks/post-comments-form/ HTTP/1.1" 404 5749 "-" "-"
57.141.0.5 - - [21/Jul/2026:18:26:20 +0000] "GET /products/8198007/ HTTP/2" 404 31916 "-" "Mozilla/5.0 (Windows NT 10.0; Win64; x64) AppleWebKit/537.36 (KHTML, like Gecko) Chrome/145.0.0.0 Safari/537.36 (compatible; meta-externalagent/1.1 (+https://developers.facebook.com/docs/sharing/webmasters/crawler))"
20.151.10.161 - - [21/Jul/2026:18:26:20 +0000] "GET /wp-admin/js/ HTTP/1.1" 404 5749 "-" "-"
20.151.10.161 - - [21/Jul/2026:18:26:21 +0000] "GET /wp-admin/css/colour.php HTTP/1.1" 404 5749 "-" "-"
20.151.10.161 - - [21/Jul/2026:18:26:21 +0000] "GET /wordpress/wp-admin/maint/ HTTP/1.1" 404 5749 "-" "-"
20.151.10.161 - - [21/Jul/2026:18:26:21 +0000] "GET /like.php HTTP/1.1" 404 5749 "-" "-"
20.151.10.161 - - [21/Jul/2026:18:26:22 +0000] "GET /.well-known/about.php HTTP/1.1" 404 5749 "-" "-"
20.151.10.161 - - [21/Jul/2026:18:26:22 +0000] "GET /wp-includes/ID3/about.php HTTP/1.1" 404 5749 "-" "-"
20.151.10.161 - - [21/Jul/2026:18:26:23 +0000] "GET /wp-admin/css/ HTTP/1.1" 404 5749 "-" "-"
20.151.10.161 - - [21/Jul/2026:18:26:23 +0000] "GET /wp-admin/css/colors/modern/ HTTP/1.1" 404 5749 "-" "-"
20.151.10.161 - - [21/Jul/2026:18:26:23 +0000] "GET /pucci.php HTTP/1.1" 404 5749 "-" "-"
20.151.10.161 - - [21/Jul/2026:18:26:24 +0000] "GET /wp-includes/blocks/details/ HTTP/1.1" 404 5749 "-" "-"
20.151.10.161 - - [21/Jul/2026:18:26:24 +0000] "GET /wp-includes/blocks/audio/ HTTP/1.1" 404 5749 "-" "-"
20.151.10.161 - - [21/Jul/2026:18:26:25 +0000] "GET /wp-temp.php HTTP/1.1" 404 5749 "-" "-"
20.151.10.161 - - [21/Jul/2026:18:26:25 +0000] "GET /wp-includes/blocks/buttons/ HTTP/1.1" 404 5749 "-" "-"
20.151.10.161 - - [21/Jul/2026:18:26:26 +0000] "GET /xmu.php HTTP/1.1" 404 5749 "-" "-"
20.151.10.161 - - [21/Jul/2026:18:26:26 +0000] "GET /wp-admin/js/index.php HTTP/1.1" 404 5749 "-" "-"
20.151.10.161 - - [21/Jul/2026:18:26:26 +0000] "GET /puc.php HTTP/1.1" 404 5749 "-" "-"
20.151.10.161 - - [21/Jul/2026:18:26:27 +0000] "GET /themes.php HTTP/1.1" 404 5749 "-" "-"
20.151.10.161 - - [21/Jul/2026:18:26:27 +0000] "GET /wp-includes/Requests/ HTTP/1.1" 404 5749 "-" "-"
20.151.10.161 - - [21/Jul/2026:18:26:28 +0000] "GET /8.php HTTP/1.1" 404 5749 "-" "-"
20.151.10.161 - - [21/Jul/2026:18:26:28 +0000] "GET /1.php HTTP/1.1" 404 5749 "-" "-"
20.151.10.161 - - [21/Jul/2026:18:26:28 +0000] "GET /100.php HTTP/1.1" 404 5749 "-" "-"
20.151.10.161 - - [21/Jul/2026:18:26:29 +0000] "GET /about.php HTTP/1.1" 404 5749 "-" "-"
20.151.10.161 - - [21/Jul/2026:18:26:29 +0000] "GET /about.php HTTP/1.1" 404 5749 "-" "-"
20.151.10.161 - - [21/Jul/2026:18:26:30 +0000] "GET /admin.php HTTP/1.1" 404 5749 "-" "-"
20.151.10.161 - - [21/Jul/2026:18:26:30 +0000] "GET /admin.php HTTP/1.1" 404 5749 "-" "-"
20.151.10.161 - - [21/Jul/2026:18:26:30 +0000] "GET /edit.php HTTP/1.1" 404 5749 "-" "-"
20.151.10.161 - - [21/Jul/2026:18:26:31 +0000] "GET /wp-content/admin.php HTTP/1.1" 404 5749 "-" "-"
20.151.10.161 - - [21/Jul/2026:18:26:31 +0000] "GET /f6.php HTTP/1.1" 404 5749 "-" "-"
20.151.10.161 - - [21/Jul/2026:18:26:32 +0000] "GET /inputs.php HTTP/1.1" 404 5749 "-" "-"
20.151.10.161 - - [21/Jul/2026:18:26:32 +0000] "GET /inputs.php HTTP/1.1" 404 5749 "-" "-"
20.151.10.161 - - [21/Jul/2026:18:26:33 +0000] "GET /av.php HTTP/1.1" 404 5749 "-" "-"
198.38.94.67 - - [21/Jul/2026:18:26:33 +0000] "POST /wp-cron.php?doing_wp_cron=1784658393.4305279254913330078125 HTTP/1.1" 200 0 "-" "WordPress/7.0.1; https://goldendunesfilmfestival.com"
57.141.0.60 - - [21/Jul/2026:18:26:33 +0000] "GET /products/4991518/ HTTP/2" 301 0 "-" "Mozilla/5.0 (Windows NT 10.0; Win64; x64) AppleWebKit/537.36 (KHTML, like Gecko) Chrome/145.0.0.0 Safari/537.36 (compatible; meta-externalagent/1.1 (+https://developers.facebook.com/docs/sharing/webmasters/crawler))"
20.151.10.161 - - [21/Jul/2026:18:26:40 +0000] "GET /classwithtostring.php?p= HTTP/1.1" 404 5749 "-" "-"
20.151.10.161 - - [21/Jul/2026:18:26:40 +0000] "GET /wp-content/themes/index.php HTTP/1.1" 404 5749 "-" "-"
20.151.10.161 - - [21/Jul/2026:18:26:41 +0000] "GET /wp-blog.php HTTP/1.1" 404 5749 "-" "-"
20.151.10.161 - - [21/Jul/2026:18:26:41 +0000] "GET /wp-includes/js/jquery/ HTTP/1.1" 404 5749 "-" "-"
20.151.10.161 - - [21/Jul/2026:18:26:42 +0000] "GET /wp-content/admin.php HTTP/1.1" 404 5749 "-" "-"
20.151.10.161 - - [21/Jul/2026:18:26:42 +0000] "GET /adminfuns.php HTTP/1.1" 404 5749 "-" "-"
20.151.10.161 - - [21/Jul/2026:18:26:42 +0000] "GET /goods.php HTTP/1.1" 404 5749 "-" "-"
20.151.10.161 - - [21/Jul/2026:18:26:43 +0000] "GET /ms-edit.php HTTP/1.1" 404 5749 "-" "-"
20.151.10.161 - - [21/Jul/2026:18:26:43 +0000] "GET /222.php HTTP/1.1" 404 5749 "-" "-"
20.151.10.161 - - [21/Jul/2026:18:26:44 +0000] "GET /cgi-bin/index.php HTTP/1.1" 404 5749 "-" "-"
20.151.10.161 - - [21/Jul/2026:18:26:44 +0000] "GET /wp-includes/css/dist/ HTTP/1.1" 404 5749 "-" "-"
57.141.0.50 - - [21/Jul/2026:18:26:44 +0000] "GET /products/4248785/ HTTP/2" 404 31916 "-" "Mozilla/5.0 (Windows NT 10.0; Win64; x64) AppleWebKit/537.36 (KHTML, like Gecko) Chrome/145.0.0.0 Safari/537.36 (compatible; meta-externalagent/1.1 (+https://developers.facebook.com/docs/sharing/webmasters/crawler))"
20.151.10.161 - - [21/Jul/2026:18:26:44 +0000] "GET /BDKR28WP.php HTTP/1.1" 404 5749 "-" "-"
20.151.10.161 - - [21/Jul/2026:18:26:45 +0000] "GET /wp-includes/l10n/ HTTP/1.1" 404 5749 "-" "-"
20.151.10.161 - - [21/Jul/2026:18:26:45 +0000] "GET /wp-content/uploads/ HTTP/1.1" 404 5749 "-" "-"
20.151.10.161 - - [21/Jul/2026:18:26:45 +0000] "GET /raw.php HTTP/1.1" 404 5749 "-" "-"
20.151.10.161 - - [21/Jul/2026:18:26:46 +0000] "GET /abcd.php HTTP/1.1" 404 5749 "-" "-"
20.151.10.161 - - [21/Jul/2026:18:26:46 +0000] "GET /a1.php HTTP/1.1" 404 5749 "-" "-"
20.151.10.161 - - [21/Jul/2026:18:26:47 +0000] "GET /wp-includes/Text/Diff/Engine/about.php HTTP/1.1" 404 5749 "-" "-"
20.151.10.161 - - [21/Jul/2026:18:26:47 +0000] "GET /cgi-bin/admin.php HTTP/1.1" 404 5749 "-" "-"
20.151.10.161 - - [21/Jul/2026:18:26:47 +0000] "GET /wp-content/BypassBest.php HTTP/1.1" 404 5749 "-" "-"
20.151.10.161 - - [21/Jul/2026:18:26:48 +0000] "GET /wp-content/ HTTP/1.1" 404 5749 "-" "-"
20.151.10.161 - - [21/Jul/2026:18:26:48 +0000] "GET /simple.php HTTP/1.1" 404 5749 "-" "-"
20.151.10.161 - - [21/Jul/2026:18:26:48 +0000] "GET /xxx.php HTTP/1.1" 404 5749 "-" "-"
20.151.10.161 - - [21/Jul/2026:18:26:49 +0000] "GET /hypo.php HTTP/1.1" 404 5749 "-" "-"
20.151.10.161 - - [21/Jul/2026:18:26:49 +0000] "GET /wp-admin/css/colors/blue/ HTTP/1.1" 404 5749 "-" "-"
20.151.10.161 - - [21/Jul/2026:18:26:50 +0000] "GET /chosen.php HTTP/1.1" 404 5749 "-" "-"
20.151.10.161 - - [21/Jul/2026:18:26:50 +0000] "GET /wp-includes/block-bindings/ HTTP/1.1" 404 5749 "-" "-"
20.151.10.161 - - [21/Jul/2026:18:26:50 +0000] "GET /file5.php HTTP/1.1" 404 5749 "-" "-"
20.151.10.161 - - [21/Jul/2026:18:26:51 +0000] "GET /file.php HTTP/1.1" 404 5749 "-" "-"
20.151.10.161 - - [21/Jul/2026:18:26:51 +0000] "GET /aa2.php HTTP/1.1" 404 5749 "-" "-"
20.151.10.161 - - [21/Jul/2026:18:26:52 +0000] "GET /ccou.php HTTP/1.1" 404 5749 "-" "-"
20.151.10.161 - - [21/Jul/2026:18:26:52 +0000] "GET /dr.php HTTP/1.1" 404 5749 "-" "-"
20.151.10.161 - - [21/Jul/2026:18:26:52 +0000] "GET /file31.php HTTP/1.1" 404 5749 "-" "-"
20.151.10.161 - - [21/Jul/2026:18:26:53 +0000] "GET /file6.php HTTP/1.1" 404 5749 "-" "-"
20.151.10.161 - - [21/Jul/2026:18:26:53 +0000] "GET /file15.php HTTP/1.1" 404 5749 "-" "-"
20.151.10.161 - - [21/Jul/2026:18:26:54 +0000] "GET /jp.php HTTP/1.1" 404 5749 "-" "-"
57.141.0.25 - - [21/Jul/2026:18:26:54 +0000] "GET /products/5070085/ HTTP/2" 301 0 "-" "Mozilla/5.0 (Macintosh; Intel Mac OS X 10_15_7) AppleWebKit/537.36 (KHTML, like Gecko) Chrome/145.0.0.0 Safari/537.36 (compatible; meta-externalagent/1.1 (+https://developers.facebook.com/docs/sharing/webmasters/crawler))"
20.151.10.161 - - [21/Jul/2026:18:26:54 +0000] "GET /f35.php HTTP/1.1" 404 5749 "-" "-"
20.151.10.161 - - [21/Jul/2026:18:26:55 +0000] "GET /wp-load.php HTTP/1.1" 404 5749 "-" "-"
20.151.10.161 - - [21/Jul/2026:18:26:55 +0000] "GET /wp-includes/assets/ HTTP/1.1" 404 5749 "-" "-"
20.151.10.161 - - [21/Jul/2026:18:26:55 +0000] "GET /wp-admin/css/colors/sunrise/ HTTP/1.1" 404 5749 "-" "-"
20.151.10.161 - - [21/Jul/2026:18:26:56 +0000] "GET /wp-admin/css/colors/midnight/about.php HTTP/1.1" 404 5749 "-" "-"
20.151.10.161 - - [21/Jul/2026:18:26:56 +0000] "GET /wp-links.php HTTP/1.1" 404 5749 "-" "-"
20.151.10.161 - - [21/Jul/2026:18:26:57 +0000] "GET /solo1.php HTTP/1.1" 404 5749 "-" "-"
20.151.10.161 - - [21/Jul/2026:18:26:57 +0000] "GET /sixxis.php HTTP/1.1" 404 5749 "-" "-"
20.151.10.161 - - [21/Jul/2026:18:26:57 +0000] "GET /2P.update.php HTTP/1.1" 404 5749 "-" "-"
20.151.10.161 - - [21/Jul/2026:18:26:58 +0000] "GET /a.php HTTP/1.1" 404 5749 "-" "-"
20.151.10.161 - - [21/Jul/2026:18:26:58 +0000] "GET /k.php HTTP/1.1" 404 5749 "-" "-"
20.151.10.161 - - [21/Jul/2026:18:26:59 +0000] "GET /w.php HTTP/1.1" 404 5749 "-" "-"
20.151.10.161 - - [21/Jul/2026:18:26:59 +0000] "GET /insc.php HTTP/1.1" 404 5749 "-" "-"
20.151.10.161 - - [21/Jul/2026:18:27:00 +0000] "GET /4PJcpMFsD8B.php HTTP/1.1" 404 5749 "-" "-"
213.209.159.254 - - [21/Jul/2026:18:27:00 +0000] "POST /wp-content/plugins/elementor-pro/modules/display-conditions/conditions/base/title.condition.base.php HTTP/2" 200 43 "-" "Mozilla/5.0 (Macintosh; Intel Mac OS X 10_15_7) AppleWebKit/605.1.15 (KHTML, like Gecko) Version/15.3 Safari/605.1.15"
20.151.10.161 - - [21/Jul/2026:18:27:00 +0000] "GET /u.php?p= HTTP/1.1" 404 5749 "-" "-"
20.151.10.161 - - [21/Jul/2026:18:27:00 +0000] "GET /sss.php HTTP/1.1" 404 5749 "-" "-"
20.151.10.161 - - [21/Jul/2026:18:27:01 +0000] "GET /sss.php?p= HTTP/1.1" 404 5749 "-" "-"
20.151.10.161 - - [21/Jul/2026:18:27:01 +0000] "GET /c.php?p= HTTP/1.1" 404 5749 "-" "-"
20.151.10.161 - - [21/Jul/2026:18:27:02 +0000] "GET /aa.php HTTP/1.1" 404 5749 "-" "-"
20.151.10.161 - - [21/Jul/2026:18:27:02 +0000] "GET /100.php HTTP/1.1" 404 5749 "-" "-"
213.209.159.254 - - [21/Jul/2026:18:27:02 +0000] "POST /wp-content/plugins/elementor-pro/modules/display-conditions/conditions/base/title.condition.base.php HTTP/2" 200 51 "-" "Mozilla/5.0 (Macintosh; Intel Mac OS X 10_15_7) AppleWebKit/537.36 (KHTML, like Gecko) Chrome/119.0.0.0 Safari/537.36"
20.151.10.161 - - [21/Jul/2026:18:27:03 +0000] "GET /footer.php HTTP/1.1" 404 5749 "-" "-"
20.151.10.161 - - [21/Jul/2026:18:27:03 +0000] "GET /users.php HTTP/1.1" 404 5749 "-" "-"
20.151.10.161 - - [21/Jul/2026:18:27:03 +0000] "GET /177.php HTTP/1.1" 404 5749 "-" "-"
20.151.10.161 - - [21/Jul/2026:18:27:04 +0000] "GET /config.php HTTP/1.1" 404 5749 "-" "-"
20.151.10.161 - - [21/Jul/2026:18:27:04 +0000] "GET /gettest.php HTTP/1.1" 404 5749 "-" "-"
20.151.10.161 - - [21/Jul/2026:18:27:05 +0000] "GET /min.php HTTP/1.1" 404 5749 "-" "-"
213.209.159.254 - - [21/Jul/2026:18:27:05 +0000] "POST /wp-content/plugins/elementor-pro/modules/display-conditions/conditions/base/title.condition.base.php HTTP/2" 200 42 "-" "Mozilla/5.0 (Windows NT 10.0; Win64; x64) AppleWebKit/537.36 (KHTML, like Gecko) Chrome/107.0.0.0 Safari/537.36"
20.151.10.161 - - [21/Jul/2026:18:27:05 +0000] "GET /edorxrr.php HTTP/1.1" 404 5749 "-" "-"
20.151.10.161 - - [21/Jul/2026:18:27:05 +0000] "GET /hur.php HTTP/1.1" 404 5749 "-" "-"
20.151.10.161 - - [21/Jul/2026:18:27:06 +0000] "GET /zoro.php HTTP/1.1" 404 5749 "-" "-"
20.151.10.161 - - [21/Jul/2026:18:27:06 +0000] "GET /coffexium.php HTTP/1.1" 404 5749 "-" "-"
20.151.10.161 - - [21/Jul/2026:18:27:06 +0000] "GET /app.php HTTP/1.1" 404 5749 "-" "-"
20.151.10.161 - - [21/Jul/2026:18:27:07 +0000] "GET /core.php HTTP/1.1" 404 5749 "-" "-"
20.151.10.161 - - [21/Jul/2026:18:27:07 +0000] "GET /main.php HTTP/1.1" 404 5749 "-" "-"
20.151.10.161 - - [21/Jul/2026:18:27:08 +0000] "GET /init.php HTTP/1.1" 404 5749 "-" "-"
20.151.10.161 - - [21/Jul/2026:18:27:08 +0000] "GET /prekel.php HTTP/1.1" 404 5749 "-" "-"
20.151.10.161 - - [21/Jul/2026:18:27:08 +0000] "GET /0.php HTTP/1.1" 404 5749 "-" "-"
20.151.10.161 - - [21/Jul/2026:18:27:09 +0000] "GET /BDKR28.php HTTP/1.1" 404 5749 "-" "-"
20.151.10.161 - - [21/Jul/2026:18:27:09 +0000] "GET /f35.update.php HTTP/1.1" 404 5749 "-" "-"
20.151.10.161 - - [21/Jul/2026:18:27:10 +0000] "GET /f900.php HTTP/1.1" 404 5749 "-" "-"
20.151.10.161 - - [21/Jul/2026:18:27:10 +0000] "GET /xmrl.php HTTP/1.1" 404 5749 "-" "-"
20.151.10.161 - - [21/Jul/2026:18:27:10 +0000] "GET /memberfuns.php HTTP/1.1" 404 5749 "-" "-"
20.151.10.161 - - [21/Jul/2026:18:27:11 +0000] "GET /ms.php HTTP/1.1" 404 5749 "-" "-"
20.151.10.161 - - [21/Jul/2026:18:27:11 +0000] "GET /zz.php?p= HTTP/1.1" 404 5749 "-" "-"
20.151.10.161 - - [21/Jul/2026:18:27:11 +0000] "GET /for.php HTTP/1.1" 404 5749 "-" "-"
20.151.10.161 - - [21/Jul/2026:18:27:12 +0000] "GET /yup.php HTTP/1.1" 404 5749 "-" "-"
20.151.10.161 - - [21/Jul/2026:18:27:12 +0000] "GET /wpxml.php HTTP/1.1" 404 5749 "-" "-"
57.141.0.58 - - [21/Jul/2026:18:27:12 +0000] "GET /products/20440641/ HTTP/2" 404 31912 "-" "Mozilla/5.0 (Macintosh; Intel Mac OS X 10_15_7) AppleWebKit/537.36 (KHTML, like Gecko) Chrome/145.0.0.0 Safari/537.36 (compatible; meta-externalagent/1.1 (+https://developers.facebook.com/docs/sharing/webmasters/crawler))"
20.151.10.161 - - [21/Jul/2026:18:27:13 +0000] "GET /fffm.php?p= HTTP/1.1" 404 5749 "-" "-"
20.151.10.161 - - [21/Jul/2026:18:27:13 +0000] "GET /gecko.php HTTP/1.1" 404 5749 "-" "-"
20.151.10.161 - - [21/Jul/2026:18:27:14 +0000] "GET /a1.php HTTP/1.1" 404 5749 "-" "-"
20.151.10.161 - - [21/Jul/2026:18:27:14 +0000] "GET /k2.php HTTP/1.1" 404 5749 "-" "-"
20.151.10.161 - - [21/Jul/2026:18:27:14 +0000] "GET /82.php HTTP/1.1" 404 5749 "-" "-"
20.151.10.161 - - [21/Jul/2026:18:27:15 +0000] "GET /config.json.php HTTP/1.1" 404 5749 "-" "-"
20.151.10.161 - - [21/Jul/2026:18:27:15 +0000] "GET /fpwch.php HTTP/1.1" 404 5749 "-" "-"
57.141.0.71 - - [21/Jul/2026:18:27:17 +0000] "GET /products/1463385/ HTTP/2" 404 31916 "-" "Mozilla/5.0 (Windows NT 10.0; Win64; x64) AppleWebKit/537.36 (KHTML, like Gecko) Chrome/145.0.0.0 Safari/537.36 (compatible; meta-externalagent/1.1 (+https://developers.facebook.com/docs/sharing/webmasters/crawler))"
57.141.0.32 - - [21/Jul/2026:18:27:22 +0000] "GET /products/24477230/ HTTP/2" 404 31912 "-" "Mozilla/5.0 (Macintosh; Intel Mac OS X 10_15_7) AppleWebKit/537.36 (KHTML, like Gecko) Chrome/145.0.0.0 Safari/537.36 (compatible; meta-externalagent/1.1 (+https://developers.facebook.com/docs/sharing/webmasters/crawler))"
198.38.94.67 - - [21/Jul/2026:18:27:41 +0000] "POST /wp-cron.php?doing_wp_cron=1784658461.6881630420684814453125 HTTP/1.1" 200 0 "-" "WordPress/7.0.1; https://goldendunesfilmfestival.com"
57.141.0.9 - - [21/Jul/2026:18:27:41 +0000] "GET /products/24756363/ HTTP/2" 404 31912 "-" "Mozilla/5.0 (Macintosh; Intel Mac OS X 10_15_7) AppleWebKit/537.36 (KHTML, like Gecko) Chrome/145.0.0.0 Safari/537.36 (compatible; meta-externalagent/1.1 (+https://developers.facebook.com/docs/sharing/webmasters/crawler))"
57.141.0.59 - - [21/Jul/2026:18:27:45 +0000] "GET /products/24186463/ HTTP/2" 404 31916 "-" "Mozilla/5.0 (Windows NT 10.0; Win64; x64) AppleWebKit/537.36 (KHTML, like Gecko) Chrome/145.0.0.0 Safari/537.36 (compatible; meta-externalagent/1.1 (+https://developers.facebook.com/docs/sharing/webmasters/crawler))"
57.141.0.26 - - [21/Jul/2026:18:27:48 +0000] "GET /products/3148807/ HTTP/2" 404 31914 "-" "Mozilla/5.0 (Windows NT 10.0; Win64; x64) AppleWebKit/537.36 (KHTML, like Gecko) Chrome/145.0.0.0 Safari/537.36 Edg/145.0.0.0 (compatible; meta-externalagent/1.1 (+https://developers.facebook.com/docs/sharing/webmasters/crawler))"
57.141.0.58 - - [21/Jul/2026:18:27:48 +0000] "GET /products/13729374/ HTTP/2" 404 31912 "-" "Mozilla/5.0 (Macintosh; Intel Mac OS X 10_15_7) AppleWebKit/537.36 (KHTML, like Gecko) Chrome/145.0.0.0 Safari/537.36 (compatible; meta-externalagent/1.1 (+https://developers.facebook.com/docs/sharing/webmasters/crawler))"
57.141.0.7 - - [21/Jul/2026:18:27:51 +0000] "GET /products/8724718/ HTTP/2" 404 31916 "-" "Mozilla/5.0 (Windows NT 10.0; Win64; x64) AppleWebKit/537.36 (KHTML, like Gecko) Chrome/145.0.0.0 Safari/537.36 (compatible; meta-externalagent/1.1 (+https://developers.facebook.com/docs/sharing/webmasters/crawler))"
34.195.137.67 - - [21/Jul/2026:18:27:52 +0000] "GET /partnerships/ HTTP/1.1" 301 0 "-" "Mozilla/5.0 AppleWebKit/605.1.15 (KHTML, like Gecko) Chrome/139.0.0.0 Safari/605.1.15"
57.141.0.58 - - [21/Jul/2026:18:27:53 +0000] "GET /products/25793863/ HTTP/2" 404 31912 "-" "Mozilla/5.0 (Macintosh; Intel Mac OS X 10_15_7) AppleWebKit/537.36 (KHTML, like Gecko) Chrome/145.0.0.0 Safari/537.36 (compatible; meta-externalagent/1.1 (+https://developers.facebook.com/docs/sharing/webmasters/crawler))"
75.101.184.59 - - [21/Jul/2026:18:27:53 +0000] "GET /partnerships/ HTTP/1.1" 200 17393 "-" "Mozilla/5.0 AppleWebKit/605.1.15 (KHTML, like Gecko) Chrome/139.0.0.0 Safari/605.1.15"
57.141.0.27 - - [21/Jul/2026:18:27:56 +0000] "GET /products/5005785/ HTTP/2" 404 31916 "-" "Mozilla/5.0 (Windows NT 10.0; Win64; x64) AppleWebKit/537.36 (KHTML, like Gecko) Chrome/145.0.0.0 Safari/537.36 (compatible; meta-externalagent/1.1 (+https://developers.facebook.com/docs/sharing/webmasters/crawler))"
57.141.0.39 - - [21/Jul/2026:18:27:59 +0000] "GET /products/10209118/ HTTP/2" 404 31912 "-" "Mozilla/5.0 (Macintosh; Intel Mac OS X 10_15_7) AppleWebKit/537.36 (KHTML, like Gecko) Chrome/145.0.0.0 Safari/537.36 (compatible; meta-externalagent/1.1 (+https://developers.facebook.com/docs/sharing/webmasters/crawler))"
57.141.0.22 - - [21/Jul/2026:18:28:05 +0000] "GET /products/2025018/ HTTP/2" 404 31916 "-" "Mozilla/5.0 (Windows NT 10.0; Win64; x64) AppleWebKit/537.36 (KHTML, like Gecko) Chrome/145.0.0.0 Safari/537.36 (compatible; meta-externalagent/1.1 (+https://developers.facebook.com/docs/sharing/webmasters/crawler))"
57.141.0.27 - - [21/Jul/2026:18:28:06 +0000] "GET /products/22484118/ HTTP/2" 404 31916 "-" "Mozilla/5.0 (Windows NT 10.0; Win64; x64) AppleWebKit/537.36 (KHTML, like Gecko) Chrome/145.0.0.0 Safari/537.36 (compatible; meta-externalagent/1.1 (+https://developers.facebook.com/docs/sharing/webmasters/crawler))"
209.87.169.92 - - [21/Jul/2026:18:28:11 +0000] "POST /wp-login.php HTTP/1.1" 503 7739 "-" "Mozilla/5.0 (Windows NT 10.0; Win64; rv:143.0) Gecko/20100101 Firefox/143.0"
57.141.0.53 - - [21/Jul/2026:18:28:18 +0000] "GET /products/12472263/ HTTP/2" 404 31916 "-" "Mozilla/5.0 (Windows NT 10.0; Win64; x64) AppleWebKit/537.36 (KHTML, like Gecko) Chrome/145.0.0.0 Safari/537.36 (compatible; meta-externalagent/1.1 (+https://developers.facebook.com/docs/sharing/webmasters/crawler))"
198.38.94.67 - - [21/Jul/2026:18:28:24 +0000] "POST /wp-cron.php?doing_wp_cron=1784658504.7508499622344970703125 HTTP/1.1" 200 0 "-" "WordPress/7.0.1; https://goldendunesfilmfestival.com"
57.141.0.9 - - [21/Jul/2026:18:28:24 +0000] "GET /products/24500529/ HTTP/2" 404 31912 "-" "Mozilla/5.0 (Macintosh; Intel Mac OS X 10_15_7) AppleWebKit/537.36 (KHTML, like Gecko) Chrome/145.0.0.0 Safari/537.36 (compatible; meta-externalagent/1.1 (+https://developers.facebook.com/docs/sharing/webmasters/crawler))"
57.141.0.39 - - [21/Jul/2026:18:28:25 +0000] "GET /products/21985307/ HTTP/2" 404 31912 "-" "Mozilla/5.0 (Macintosh; Intel Mac OS X 10_15_7) AppleWebKit/537.36 (KHTML, like Gecko) Chrome/145.0.0.0 Safari/537.36 (compatible; meta-externalagent/1.1 (+https://developers.facebook.com/docs/sharing/webmasters/crawler))"
57.141.0.11 - - [21/Jul/2026:18:28:26 +0000] "GET /products/26144663/ HTTP/2" 404 31914 "-" "Mozilla/5.0 (X11; Linux x86_64) AppleWebKit/537.36 (KHTML, like Gecko) Chrome/145.0.0.0 Safari/537.36 (compatible; meta-externalagent/1.1 (+https://developers.facebook.com/docs/sharing/webmasters/crawler))"
57.141.0.70 - - [21/Jul/2026:18:28:37 +0000] "GET /products/9286641/ HTTP/2" 404 31916 "-" "Mozilla/5.0 (Windows NT 10.0; Win64; x64) AppleWebKit/537.36 (KHTML, like Gecko) Chrome/145.0.0.0 Safari/537.36 (compatible; meta-externalagent/1.1 (+https://developers.facebook.com/docs/sharing/webmasters/crawler))"
198.38.94.67 - - [21/Jul/2026:18:28:49 +0000] "POST /wp-cron.php?doing_wp_cron=1784658529.7464458942413330078125 HTTP/1.1" 200 0 "-" "WordPress/7.0.1; https://goldendunesfilmfestival.com"
57.141.0.70 - - [21/Jul/2026:18:28:49 +0000] "GET /products/10788207/ HTTP/2" 404 31914 "-" "Mozilla/5.0 (X11; Linux x86_64) AppleWebKit/537.36 (KHTML, like Gecko) Chrome/145.0.0.0 Safari/537.36 (compatible; meta-externalagent/1.1 (+https://developers.facebook.com/docs/sharing/webmasters/crawler))"
57.141.0.24 - - [21/Jul/2026:18:28:50 +0000] "GET /products/25591774/ HTTP/2" 404 31912 "-" "Mozilla/5.0 (Macintosh; Intel Mac OS X 10_15_7) AppleWebKit/537.36 (KHTML, like Gecko) Chrome/145.0.0.0 Safari/537.36 (compatible; meta-externalagent/1.1 (+https://developers.facebook.com/docs/sharing/webmasters/crawler))"
57.141.0.67 - - [21/Jul/2026:18:28:58 +0000] "GET /products/3171552/ HTTP/2" 404 31914 "-" "Mozilla/5.0 (X11; Linux x86_64) AppleWebKit/537.36 (KHTML, like Gecko) Chrome/145.0.0.0 Safari/537.36 (compatible; meta-externalagent/1.1 (+https://developers.facebook.com/docs/sharing/webmasters/crawler))"
57.141.0.35 - - [21/Jul/2026:18:29:02 +0000] "GET /products/24554207/ HTTP/2" 404 31916 "-" "Mozilla/5.0 (Windows NT 10.0; Win64; x64) AppleWebKit/537.36 (KHTML, like Gecko) Chrome/145.0.0.0 Safari/537.36 (compatible; meta-externalagent/1.1 (+https://developers.facebook.com/docs/sharing/webmasters/crawler))"
213.209.159.254 - - [21/Jul/2026:18:27:05 +0000] "POST /wp-content/plugins/elementor-pro/modules/display-conditions/conditions/base/title.condition.base.php HTTP/2" 500 384 "-" "Mozilla/5.0 (Windows NT 10.0; Win64; x64) AppleWebKit/537.36 (KHTML, like Gecko) Chrome/107.0.0.0 Safari/537.36"
57.141.0.16 - - [21/Jul/2026:18:29:10 +0000] "GET /products/23988796/ HTTP/2" 404 31916 "-" "Mozilla/5.0 (Windows NT 10.0; Win64; x64) AppleWebKit/537.36 (KHTML, like Gecko) Chrome/145.0.0.0 Safari/537.36 (compatible; meta-externalagent/1.1 (+https://developers.facebook.com/docs/sharing/webmasters/crawler))"
213.209.159.254 - - [21/Jul/2026:18:29:17 +0000] "POST /wp-content/plugins/elementor-pro/modules/display-conditions/conditions/base/title.condition.base.php HTTP/2" 200 29 "-" "Mozilla/5.0 (Windows NT 10.0; Win64; x64) AppleWebKit/537.36 (KHTML, like Gecko) Chrome/101.0.4951.64 Safari/537.36 Edg/101.0.1210.47"
57.141.0.61 - - [21/Jul/2026:18:29:19 +0000] "GET /products/19589785/ HTTP/2" 404 31916 "-" "Mozilla/5.0 (Windows NT 10.0; Win64; x64) AppleWebKit/537.36 (KHTML, like Gecko) Chrome/145.0.0.0 Safari/537.36 (compatible; meta-externalagent/1.1 (+https://developers.facebook.com/docs/sharing/webmasters/crawler))"
198.38.94.67 - - [21/Jul/2026:18:29:29 +0000] "POST /wp-cron.php?doing_wp_cron=1784658569.6453690528869628906250 HTTP/1.1" 200 0 "-" "WordPress/7.0.1; https://goldendunesfilmfestival.com"
57.141.0.60 - - [21/Jul/2026:18:29:29 +0000] "GET /products/23366463/ HTTP/2" 404 31912 "-" "Mozilla/5.0 (Macintosh; Intel Mac OS X 10_15_7) AppleWebKit/537.36 (KHTML, like Gecko) Chrome/145.0.0.0 Safari/537.36 (compatible; meta-externalagent/1.1 (+https://developers.facebook.com/docs/sharing/webmasters/crawler))"
57.141.0.54 - - [21/Jul/2026:18:29:40 +0000] "GET /products/9222329/ HTTP/2" 404 31912 "-" "Mozilla/5.0 (Macintosh; Intel Mac OS X 10_15_7) AppleWebKit/537.36 (KHTML, like Gecko) Chrome/145.0.0.0 Safari/537.36 (compatible; meta-externalagent/1.1 (+https://developers.facebook.com/docs/sharing/webmasters/crawler))"
57.141.0.48 - - [21/Jul/2026:18:29:41 +0000] "GET /products/20475018/ HTTP/2" 404 31912 "-" "Mozilla/5.0 (Macintosh; Intel Mac OS X 10_15_7) AppleWebKit/537.36 (KHTML, like Gecko) Chrome/145.0.0.0 Safari/537.36 (compatible; meta-externalagent/1.1 (+https://developers.facebook.com/docs/sharing/webmasters/crawler))"
57.141.0.54 - - [21/Jul/2026:18:29:44 +0000] "GET /products/3399741/ HTTP/2" 301 0 "-" "Mozilla/5.0 (Windows NT 10.0; Win64; x64) AppleWebKit/537.36 (KHTML, like Gecko) Chrome/145.0.0.0 Safari/537.36 (compatible; meta-externalagent/1.1 (+https://developers.facebook.com/docs/sharing/webmasters/crawler))"
57.141.0.34 - - [21/Jul/2026:18:29:50 +0000] "GET /products/3751174/ HTTP/2" 404 31912 "-" "Mozilla/5.0 (Macintosh; Intel Mac OS X 10_15_7) AppleWebKit/537.36 (KHTML, like Gecko) Chrome/145.0.0.0 Safari/537.36 (compatible; meta-externalagent/1.1 (+https://developers.facebook.com/docs/sharing/webmasters/crawler))"
57.141.0.12 - - [21/Jul/2026:18:30:16 +0000] "GET /products/24109896/ HTTP/2" 301 0 "-" "Mozilla/5.0 (Macintosh; Intel Mac OS X 10_15_7) AppleWebKit/537.36 (KHTML, like Gecko) Chrome/145.0.0.0 Safari/537.36 (compatible; meta-externalagent/1.1 (+https://developers.facebook.com/docs/sharing/webmasters/crawler))"
57.141.0.7 - - [21/Jul/2026:18:30:20 +0000] "GET /products/13447118/ HTTP/2" 404 31916 "-" "Mozilla/5.0 (Windows NT 10.0; Win64; x64) AppleWebKit/537.36 (KHTML, like Gecko) Chrome/145.0.0.0 Safari/537.36 (compatible; meta-externalagent/1.1 (+https://developers.facebook.com/docs/sharing/webmasters/crawler))"
198.38.94.67 - - [21/Jul/2026:18:30:25 +0000] "POST /wp-cron.php?doing_wp_cron=1784658625.0589940547943115234375 HTTP/1.1" 200 0 "-" "WordPress/7.0.1; https://goldendunesfilmfestival.com"
57.141.0.18 - - [21/Jul/2026:18:30:24 +0000] "GET /products/23073930/ HTTP/2" 301 0 "-" "Mozilla/5.0 (Macintosh; Intel Mac OS X 10_15_7) AppleWebKit/537.36 (KHTML, like Gecko) Chrome/145.0.0.0 Safari/537.36 (compatible; meta-externalagent/1.1 (+https://developers.facebook.com/docs/sharing/webmasters/crawler))"
57.141.0.35 - - [21/Jul/2026:18:30:34 +0000] "GET /products/19362807/ HTTP/2" 404 31912 "-" "Mozilla/5.0 (Macintosh; Intel Mac OS X 10_15_7) AppleWebKit/537.36 (KHTML, like Gecko) Chrome/145.0.0.0 Safari/537.36 (compatible; meta-externalagent/1.1 (+https://developers.facebook.com/docs/sharing/webmasters/crawler))"
57.141.0.11 - - [21/Jul/2026:18:30:47 +0000] "GET /products/6236718/ HTTP/2" 404 31916 "-" "Mozilla/5.0 (Windows NT 10.0; Win64; x64) AppleWebKit/537.36 (KHTML, like Gecko) Chrome/145.0.0.0 Safari/537.36 (compatible; meta-externalagent/1.1 (+https://developers.facebook.com/docs/sharing/webmasters/crawler))"
57.141.0.15 - - [21/Jul/2026:18:30:58 +0000] "GET /products/16449407/ HTTP/2" 404 31916 "-" "Mozilla/5.0 (Windows NT 10.0; Win64; x64) AppleWebKit/537.36 (KHTML, like Gecko) Chrome/145.0.0.0 Safari/537.36 (compatible; meta-externalagent/1.1 (+https://developers.facebook.com/docs/sharing/webmasters/crawler))"
57.141.0.26 - - [21/Jul/2026:18:31:19 +0000] "GET /products/5128007/ HTTP/2" 404 31916 "-" "Mozilla/5.0 (Windows NT 10.0; Win64; x64) AppleWebKit/537.36 (KHTML, like Gecko) Chrome/145.0.0.0 Safari/537.36 (compatible; meta-externalagent/1.1 (+https://developers.facebook.com/docs/sharing/webmasters/crawler))"
57.141.0.70 - - [21/Jul/2026:18:31:21 +0000] "GET /products/18183118/ HTTP/2" 404 31914 "-" "Mozilla/5.0 (Windows NT 10.0; Win64; x64) AppleWebKit/537.36 (KHTML, like Gecko) Chrome/146.0.0.0 Safari/537.36 Edg/146.0.0.0 (compatible; meta-externalagent/1.1 (+https://developers.facebook.com/docs/sharing/webmasters/crawler))"
198.38.94.67 - - [21/Jul/2026:18:31:35 +0000] "POST /wp-cron.php?doing_wp_cron=1784658695.6357650756835937500000 HTTP/1.1" 200 0 "-" "WordPress/7.0.1; https://goldendunesfilmfestival.com"
57.141.0.13 - - [21/Jul/2026:18:31:35 +0000] "GET /products/3817574/ HTTP/2" 404 31912 "-" "Mozilla/5.0 (Macintosh; Intel Mac OS X 10_15_7) AppleWebKit/537.36 (KHTML, like Gecko) Chrome/145.0.0.0 Safari/537.36 (compatible; meta-externalagent/1.1 (+https://developers.facebook.com/docs/sharing/webmasters/crawler))"
74.7.244.22 - - [21/Jul/2026:18:31:39 +0000] "GET /robots.txt HTTP/2" 200 26 "-" "Mozilla/5.0 (Macintosh; Intel Mac OS X 10_15_7) AppleWebKit/537.36 (KHTML, like Gecko) Chrome/131.0.0.0 Safari/537.36; compatible; OAI-SearchBot/1.4; robots.txt; +https://openai.com/searchbot"
57.141.0.22 - - [21/Jul/2026:18:31:46 +0000] "GET /products/6595085/ HTTP/2" 404 31912 "-" "Mozilla/5.0 (Macintosh; Intel Mac OS X 10_15_7) AppleWebKit/537.36 (KHTML, like Gecko) Chrome/145.0.0.0 Safari/537.36 (compatible; meta-externalagent/1.1 (+https://developers.facebook.com/docs/sharing/webmasters/crawler))"
57.141.0.26 - - [21/Jul/2026:18:31:54 +0000] "GET /products/21269441/ HTTP/2" 404 31916 "-" "Mozilla/5.0 (Windows NT 10.0; Win64; x64) AppleWebKit/537.36 (KHTML, like Gecko) Chrome/145.0.0.0 Safari/537.36 (compatible; meta-externalagent/1.1 (+https://developers.facebook.com/docs/sharing/webmasters/crawler))"
57.141.0.14 - - [21/Jul/2026:18:31:59 +0000] "GET /products/25536241/ HTTP/2" 404 31916 "-" "Mozilla/5.0 (Windows NT 10.0; Win64; x64) AppleWebKit/537.36 (KHTML, like Gecko) Chrome/145.0.0.0 Safari/537.36 (compatible; meta-externalagent/1.1 (+https://developers.facebook.com/docs/sharing/webmasters/crawler))"
57.141.0.28 - - [21/Jul/2026:18:32:06 +0000] "GET /products/13866274/ HTTP/2" 404 31916 "-" "Mozilla/5.0 (Windows NT 10.0; Win64; x64) AppleWebKit/537.36 (KHTML, like Gecko) Chrome/145.0.0.0 Safari/537.36 (compatible; meta-externalagent/1.1 (+https://developers.facebook.com/docs/sharing/webmasters/crawler))"
57.141.0.28 - - [21/Jul/2026:18:32:10 +0000] "GET /products/19671263/ HTTP/2" 404 31916 "-" "Mozilla/5.0 (Windows NT 10.0; Win64; x64) AppleWebKit/537.36 (KHTML, like Gecko) Chrome/145.0.0.0 Safari/537.36 (compatible; meta-externalagent/1.1 (+https://developers.facebook.com/docs/sharing/webmasters/crawler))"
