27.44.125.106 - - [21/Jul/2026:16:43:26 +0000] "GET /wp-content/uploads/elementor/google-fonts/css/syne.css?ver=1753565408 HTTP/2" 200 430 "https://goldendunesfilmfestival.com/" "Mozilla/5.0 (Linux; Android 6.0; Nexus 5 Build/MRA58N) AppleWebKit/537.36 (KHTML, like Gecko) Chrome/99.0.4844.51 Mobile Safari/537.36 MicroMessenger/7.0.1"
27.44.125.64 - - [21/Jul/2026:16:43:26 +0000] "GET /wp-content/plugins/pt-mirel-addons/assets/css/pt-inline.css?ver=7.0.1 HTTP/2" 200 0 "https://goldendunesfilmfestival.com/festival-program/" "Mozilla/5.0 (Linux; Android 6.0; Nexus 5 Build/MRA58N) AppleWebKit/537.36 (KHTML, like Gecko) Chrome/99.0.4844.51 Mobile Safari/537.36 MicroMessenger/7.0.1"
27.44.125.64 - - [21/Jul/2026:16:43:26 +0000] "GET /wp-content/uploads/elementor/css/post-34.css?ver=1784054748 HTTP/2" 200 1148 "https://goldendunesfilmfestival.com/festival-program/" "Mozilla/5.0 (Linux; Android 6.0; Nexus 5 Build/MRA58N) AppleWebKit/537.36 (KHTML, like Gecko) Chrome/99.0.4844.51 Mobile Safari/537.36 MicroMessenger/7.0.1"
27.44.125.64 - - [21/Jul/2026:16:43:26 +0000] "GET /wp-content/plugins/elementor/assets/css/widget-social-icons.min.css?ver=4.0.6 HTTP/2" 200 1039 "https://goldendunesfilmfestival.com/festival-program/" "Mozilla/5.0 (Linux; Android 6.0; Nexus 5 Build/MRA58N) AppleWebKit/537.36 (KHTML, like Gecko) Chrome/99.0.4844.51 Mobile Safari/537.36 MicroMessenger/7.0.1"
27.44.125.64 - - [21/Jul/2026:16:43:26 +0000] "GET /wp-content/plugins/elementor/assets/css/conditionals/apple-webkit.min.css?ver=4.0.6 HTTP/2" 200 464 "https://goldendunesfilmfestival.com/festival-program/" "Mozilla/5.0 (Linux; Android 6.0; Nexus 5 Build/MRA58N) AppleWebKit/537.36 (KHTML, like Gecko) Chrome/99.0.4844.51 Mobile Safari/537.36 MicroMessenger/7.0.1"
27.44.125.64 - - [21/Jul/2026:16:43:26 +0000] "GET /wp-includes/js/dist/hooks.min.js?ver=7496969728ca0f95732d HTTP/2" 200 1734 "https://goldendunesfilmfestival.com/festival-program/" "Mozilla/5.0 (Linux; Android 6.0; Nexus 5 Build/MRA58N) AppleWebKit/537.36 (KHTML, like Gecko) Chrome/99.0.4844.51 Mobile Safari/537.36 MicroMessenger/7.0.1"
27.44.125.64 - - [21/Jul/2026:16:43:26 +0000] "GET /wp-includes/js/dist/i18n.min.js?ver=781d11515ad3d91786ec HTTP/2" 200 2354 "https://goldendunesfilmfestival.com/festival-program/" "Mozilla/5.0 (Linux; Android 6.0; Nexus 5 Build/MRA58N) AppleWebKit/537.36 (KHTML, like Gecko) Chrome/99.0.4844.51 Mobile Safari/537.36 MicroMessenger/7.0.1"
27.44.125.64 - - [21/Jul/2026:16:43:26 +0000] "GET /wp-content/plugins/contact-form-7/includes/swv/js/index.js?ver=6.1.5 HTTP/2" 200 3369 "https://goldendunesfilmfestival.com/festival-program/" "Mozilla/5.0 (Linux; Android 6.0; Nexus 5 Build/MRA58N) AppleWebKit/537.36 (KHTML, like Gecko) Chrome/99.0.4844.51 Mobile Safari/537.36 MicroMessenger/7.0.1"
27.44.125.106 - - [21/Jul/2026:16:43:26 +0000] "GET /wp-content/uploads/elementor/google-fonts/css/prompt.css?ver=1753565411 HTTP/2" 200 903 "https://goldendunesfilmfestival.com/" "Mozilla/5.0 (Linux; Android 6.0; Nexus 5 Build/MRA58N) AppleWebKit/537.36 (KHTML, like Gecko) Chrome/99.0.4844.51 Mobile Safari/537.36 MicroMessenger/7.0.1"
27.44.125.64 - - [21/Jul/2026:16:43:26 +0000] "GET /wp-content/uploads/2021/12/Comp-1_00000.webp HTTP/2" 200 275042 "https://goldendunesfilmfestival.com/festival-program/" "Mozilla/5.0 (Linux; Android 6.0; Nexus 5 Build/MRA58N) AppleWebKit/537.36 (KHTML, like Gecko) Chrome/99.0.4844.51 Mobile Safari/537.36 MicroMessenger/7.0.1"
27.44.125.64 - - [21/Jul/2026:16:43:26 +0000] "GET /wp-content/themes/mirel/fonts/mirel-icon.ttf?4izm6b HTTP/2" 200 12111 "https://goldendunesfilmfestival.com/wp-content/themes/mirel/css/mirel-icons.css?ver=7.0.1" "Mozilla/5.0 (Linux; Android 6.0; Nexus 5 Build/MRA58N) AppleWebKit/537.36 (KHTML, like Gecko) Chrome/99.0.4844.51 Mobile Safari/537.36 MicroMessenger/7.0.1"
27.44.125.64 - - [21/Jul/2026:16:43:27 +0000] "GET /wp-content/plugins/contact-form-7/includes/js/index.js?ver=6.1.5 HTTP/2" 200 4008 "https://goldendunesfilmfestival.com/festival-program/" "Mozilla/5.0 (Linux; Android 6.0; Nexus 5 Build/MRA58N) AppleWebKit/537.36 (KHTML, like Gecko) Chrome/99.0.4844.51 Mobile Safari/537.36 MicroMessenger/7.0.1"
27.44.125.64 - - [21/Jul/2026:16:43:26 +0000] "GET /wp-content/uploads/2025/07/IMG_8668.webp HTTP/2" 200 1254836 "https://goldendunesfilmfestival.com/festival-program/" "Mozilla/5.0 (Linux; Android 6.0; Nexus 5 Build/MRA58N) AppleWebKit/537.36 (KHTML, like Gecko) Chrome/99.0.4844.51 Mobile Safari/537.36 MicroMessenger/7.0.1"
183.60.225.235 - - [21/Jul/2026:16:43:27 +0000] "GET /wp-content/uploads/elementor/google-fonts/fonts/syne-8vih7w4qzmvxm2bl9a.woff2 HTTP/2" 200 34608 "https://www.goldendunesfilmfestival.com/wp-content/uploads/elementor/google-fonts/css/syne.css?ver=1753565408" "Mozilla/5.0 (Linux; Android 6.0; Nexus 5 Build/MRA58N) AppleWebKit/537.36 (KHTML, like Gecko) Chrome/99.0.4844.51 Mobile Safari/537.36 MicroMessenger/7.0.1"
183.60.225.235 - - [21/Jul/2026:16:43:27 +0000] "GET /wp-content/uploads/elementor/google-fonts/fonts/prompt-w_8xjnvud7dzb2cv_4iawmu.woff2 HTTP/2" 200 18104 "https://www.goldendunesfilmfestival.com/wp-content/uploads/elementor/google-fonts/css/prompt.css?ver=1753565411" "Mozilla/5.0 (Linux; Android 6.0; Nexus 5 Build/MRA58N) AppleWebKit/537.36 (KHTML, like Gecko) Chrome/99.0.4844.51 Mobile Safari/537.36 MicroMessenger/7.0.1"
183.60.225.235 - - [21/Jul/2026:16:43:27 +0000] "GET /wp-content/uploads/elementor/google-fonts/fonts/prompt-w_8xjnvud7dzb2ck_kiawmu.woff2 HTTP/2" 200 18096 "https://www.goldendunesfilmfestival.com/wp-content/uploads/elementor/google-fonts/css/prompt.css?ver=1753565411" "Mozilla/5.0 (Linux; Android 6.0; Nexus 5 Build/MRA58N) AppleWebKit/537.36 (KHTML, like Gecko) Chrome/99.0.4844.51 Mobile Safari/537.36 MicroMessenger/7.0.1"
27.44.125.64 - - [21/Jul/2026:16:43:27 +0000] "GET /wp-content/plugins/pt-mirel-addons/assets/js/gsap.min.js?ver=3.4.2 HTTP/2" 200 23344 "https://goldendunesfilmfestival.com/festival-program/" "Mozilla/5.0 (Linux; Android 6.0; Nexus 5 Build/MRA58N) AppleWebKit/537.36 (KHTML, like Gecko) Chrome/99.0.4844.51 Mobile Safari/537.36 MicroMessenger/7.0.1"
27.44.125.64 - - [21/Jul/2026:16:43:28 +0000] "GET /wp-content/plugins/pt-mirel-addons/include/popup/script.js?ver=1.0.0 HTTP/2" 200 3595 "https://goldendunesfilmfestival.com/festival-program/" "Mozilla/5.0 (Linux; Android 6.0; Nexus 5 Build/MRA58N) AppleWebKit/537.36 (KHTML, like Gecko) Chrome/99.0.4844.51 Mobile Safari/537.36 MicroMessenger/7.0.1"
27.44.125.64 - - [21/Jul/2026:16:43:28 +0000] "GET /wp-content/plugins/elementor/assets/js/webpack.runtime.min.js?ver=4.0.6 HTTP/2" 200 2280 "https://goldendunesfilmfestival.com/festival-program/" "Mozilla/5.0 (Linux; Android 6.0; Nexus 5 Build/MRA58N) AppleWebKit/537.36 (KHTML, like Gecko) Chrome/99.0.4844.51 Mobile Safari/537.36 MicroMessenger/7.0.1"
27.44.125.64 - - [21/Jul/2026:16:43:28 +0000] "GET /wp-content/plugins/elementor/assets/js/frontend-modules.min.js?ver=4.0.6 HTTP/2" 200 15445 "https://goldendunesfilmfestival.com/festival-program/" "Mozilla/5.0 (Linux; Android 6.0; Nexus 5 Build/MRA58N) AppleWebKit/537.36 (KHTML, like Gecko) Chrome/99.0.4844.51 Mobile Safari/537.36 MicroMessenger/7.0.1"
27.44.125.64 - - [21/Jul/2026:16:43:28 +0000] "GET /wp-includes/js/jquery/ui/core.min.js?ver=1.13.3 HTTP/2" 200 6812 "https://goldendunesfilmfestival.com/festival-program/" "Mozilla/5.0 (Linux; Android 6.0; Nexus 5 Build/MRA58N) AppleWebKit/537.36 (KHTML, like Gecko) Chrome/99.0.4844.51 Mobile Safari/537.36 MicroMessenger/7.0.1"
27.44.125.64 - - [21/Jul/2026:16:43:29 +0000] "GET /wp-content/plugins/pt-mirel-addons/elementor/js/handlers/image.js?ver=7.0.1 HTTP/2" 200 514 "https://goldendunesfilmfestival.com/festival-program/" "Mozilla/5.0 (Linux; Android 6.0; Nexus 5 Build/MRA58N) AppleWebKit/537.36 (KHTML, like Gecko) Chrome/99.0.4844.51 Mobile Safari/537.36 MicroMessenger/7.0.1"
27.44.125.64 - - [21/Jul/2026:16:43:29 +0000] "GET /wp-content/plugins/elementor/assets/js/frontend.min.js?ver=4.0.6 HTTP/2" 200 10050 "https://goldendunesfilmfestival.com/festival-program/" "Mozilla/5.0 (Linux; Android 6.0; Nexus 5 Build/MRA58N) AppleWebKit/537.36 (KHTML, like Gecko) Chrome/99.0.4844.51 Mobile Safari/537.36 MicroMessenger/7.0.1"
27.44.125.64 - - [21/Jul/2026:16:43:29 +0000] "GET /wp-content/themes/mirel-child/script.js?ver=7.0.1 HTTP/2" 200 0 "https://goldendunesfilmfestival.com/festival-program/" "Mozilla/5.0 (Linux; Android 6.0; Nexus 5 Build/MRA58N) AppleWebKit/537.36 (KHTML, like Gecko) Chrome/99.0.4844.51 Mobile Safari/537.36 MicroMessenger/7.0.1"
27.44.125.64 - - [21/Jul/2026:16:43:29 +0000] "GET /wp-content/plugins/pt-mirel-addons/assets/js/swiper.min.js?ver=7.0.5 HTTP/2" 200 36065 "https://goldendunesfilmfestival.com/festival-program/" "Mozilla/5.0 (Linux; Android 6.0; Nexus 5 Build/MRA58N) AppleWebKit/537.36 (KHTML, like Gecko) Chrome/99.0.4844.51 Mobile Safari/537.36 MicroMessenger/7.0.1"
27.44.125.64 - - [21/Jul/2026:16:43:29 +0000] "GET /wp-content/plugins/pt-mirel-addons/assets/js/isotope.pkgd.min.js?ver=3.0.6 HTTP/2" 200 9603 "https://goldendunesfilmfestival.com/festival-program/" "Mozilla/5.0 (Linux; Android 6.0; Nexus 5 Build/MRA58N) AppleWebKit/537.36 (KHTML, like Gecko) Chrome/99.0.4844.51 Mobile Safari/537.36 MicroMessenger/7.0.1"
27.44.125.64 - - [21/Jul/2026:16:43:29 +0000] "GET /wp-content/themes/mirel/js/scripts.js HTTP/2" 200 3485 "https://goldendunesfilmfestival.com/festival-program/" "Mozilla/5.0 (Linux; Android 6.0; Nexus 5 Build/MRA58N) AppleWebKit/537.36 (KHTML, like Gecko) Chrome/99.0.4844.51 Mobile Safari/537.36 MicroMessenger/7.0.1"
27.44.125.64 - - [21/Jul/2026:16:43:30 +0000] "GET /wp-content/plugins/pt-mirel-addons/assets/js/split-type.min.js?ver=0.2.5 HTTP/2" 200 2745 "https://goldendunesfilmfestival.com/festival-program/" "Mozilla/5.0 (Linux; Android 6.0; Nexus 5 Build/MRA58N) AppleWebKit/537.36 (KHTML, like Gecko) Chrome/99.0.4844.51 Mobile Safari/537.36 MicroMessenger/7.0.1"
27.44.125.64 - - [21/Jul/2026:16:43:30 +0000] "GET /wp-content/plugins/pt-mirel-addons/assets/js/custom-cursor.js?ver=0.0.1 HTTP/2" 200 737 "https://goldendunesfilmfestival.com/festival-program/" "Mozilla/5.0 (Linux; Android 6.0; Nexus 5 Build/MRA58N) AppleWebKit/537.36 (KHTML, like Gecko) Chrome/99.0.4844.51 Mobile Safari/537.36 MicroMessenger/7.0.1"
27.44.125.64 - - [21/Jul/2026:16:43:30 +0000] "GET /wp-content/plugins/pt-mirel-addons/assets/js/pt-scripts.js?ver=1.0.0 HTTP/2" 200 4639 "https://goldendunesfilmfestival.com/festival-program/" "Mozilla/5.0 (Linux; Android 6.0; Nexus 5 Build/MRA58N) AppleWebKit/537.36 (KHTML, like Gecko) Chrome/99.0.4844.51 Mobile Safari/537.36 MicroMessenger/7.0.1"
27.44.125.64 - - [21/Jul/2026:16:43:30 +0000] "GET /wp-content/plugins/elementor-pro/assets/js/webpack-pro.runtime.min.js?ver=3.30.1 HTTP/2" 200 2909 "https://goldendunesfilmfestival.com/festival-program/" "Mozilla/5.0 (Linux; Android 6.0; Nexus 5 Build/MRA58N) AppleWebKit/537.36 (KHTML, like Gecko) Chrome/99.0.4844.51 Mobile Safari/537.36 MicroMessenger/7.0.1"
27.44.125.64 - - [21/Jul/2026:16:43:30 +0000] "GET /wp-content/plugins/elementor-pro/assets/js/frontend.min.js?ver=3.30.1 HTTP/2" 200 6279 "https://goldendunesfilmfestival.com/festival-program/" "Mozilla/5.0 (Linux; Android 6.0; Nexus 5 Build/MRA58N) AppleWebKit/537.36 (KHTML, like Gecko) Chrome/99.0.4844.51 Mobile Safari/537.36 MicroMessenger/7.0.1"
27.44.125.64 - - [21/Jul/2026:16:43:30 +0000] "GET /wp-content/plugins/elementor-pro/assets/js/elements-handlers.min.js?ver=3.30.1 HTTP/2" 200 10180 "https://goldendunesfilmfestival.com/festival-program/" "Mozilla/5.0 (Linux; Android 6.0; Nexus 5 Build/MRA58N) AppleWebKit/537.36 (KHTML, like Gecko) Chrome/99.0.4844.51 Mobile Safari/537.36 MicroMessenger/7.0.1"
27.44.125.64 - - [21/Jul/2026:16:43:31 +0000] "GET /wp-content/plugins/elementor/assets/js/section-frontend-handlers.d85ab872da118940910d.bundle.min.js HTTP/2" 200 229 "https://goldendunesfilmfestival.com/festival-program/" "Mozilla/5.0 (Linux; Android 6.0; Nexus 5 Build/MRA58N) AppleWebKit/537.36 (KHTML, like Gecko) Chrome/99.0.4844.51 Mobile Safari/537.36 MicroMessenger/7.0.1"
27.44.125.64 - - [21/Jul/2026:16:43:31 +0000] "GET /wp-content/plugins/elementor/assets/js/shared-frontend-handlers.03caa53373b56d3bab67.bundle.min.js HTTP/2" 200 2511 "https://goldendunesfilmfestival.com/festival-program/" "Mozilla/5.0 (Linux; Android 6.0; Nexus 5 Build/MRA58N) AppleWebKit/537.36 (KHTML, like Gecko) Chrome/99.0.4844.51 Mobile Safari/537.36 MicroMessenger/7.0.1"
27.44.125.64 - - [21/Jul/2026:16:43:30 +0000] "GET /wp-json/contact-form-7/v1/contact-forms/9260/feedback/schema HTTP/2" 200 187 "https://goldendunesfilmfestival.com/festival-program/" "Mozilla/5.0 (Linux; Android 6.0; Nexus 5 Build/MRA58N) AppleWebKit/537.36 (KHTML, like Gecko) Chrome/99.0.4844.51 Mobile Safari/537.36 MicroMessenger/7.0.1"
27.44.125.64 - - [21/Jul/2026:16:43:31 +0000] "GET /wp-content/plugins/elementor/assets/js/text-editor.45609661e409413f1cef.bundle.min.js HTTP/2" 200 592 "https://goldendunesfilmfestival.com/festival-program/" "Mozilla/5.0 (Linux; Android 6.0; Nexus 5 Build/MRA58N) AppleWebKit/537.36 (KHTML, like Gecko) Chrome/99.0.4844.51 Mobile Safari/537.36 MicroMessenger/7.0.1"
27.44.125.64 - - [21/Jul/2026:16:43:31 +0000] "GET /wp-includes/js/wp-emoji-release.min.js?ver=7.0.1 HTTP/2" 200 4974 "https://goldendunesfilmfestival.com/festival-program/" "Mozilla/5.0 (Linux; Android 6.0; Nexus 5 Build/MRA58N) AppleWebKit/537.36 (KHTML, like Gecko) Chrome/99.0.4844.51 Mobile Safari/537.36 MicroMessenger/7.0.1"
57.141.0.49 - - [21/Jul/2026:16:43:56 +0000] "GET /products/4922963/ HTTP/2" 404 31916 "-" "Mozilla/5.0 (Windows NT 10.0; Win64; x64) AppleWebKit/537.36 (KHTML, like Gecko) Chrome/145.0.0.0 Safari/537.36 (compatible; meta-externalagent/1.1 (+https://developers.facebook.com/docs/sharing/webmasters/crawler))"
149.102.228.25 - - [21/Jul/2026:16:44:10 +0000] "GET /jocuri-gratis-casino-aparate/ HTTP/1.1" 404 7074 "https://goldendunesfilmfestival.com/" "Mozilla/5.0 (Macintosh; Intel Mac OS X 10.15; rv:151.0) Gecko/20100101 Firefox/151.0"
149.102.228.25 - - [21/Jul/2026:16:44:13 +0000] "GET / HTTP/1.1" 200 19466 "-" "Mozilla/5.0 (Macintosh; Intel Mac OS X 10.15; rv:151.0) Gecko/20100101 Firefox/151.0"
149.102.228.25 - - [21/Jul/2026:16:44:15 +0000] "GET /rules-and-regulation/ HTTP/1.1" 200 15972 "https://goldendunesfilmfestival.com" "Mozilla/5.0 (Macintosh; Intel Mac OS X 10.15; rv:151.0) Gecko/20100101 Firefox/151.0"
198.38.94.67 - - [21/Jul/2026:16:44:23 +0000] "POST /wp-cron.php?doing_wp_cron=1784652263.4340400695800781250000 HTTP/1.1" 200 0 "-" "WordPress/7.0.1; https://goldendunesfilmfestival.com"
57.141.0.25 - - [21/Jul/2026:16:44:23 +0000] "GET /products/5261907/ HTTP/2" 301 0 "-" "Mozilla/5.0 (Windows NT 10.0; Win64; x64) AppleWebKit/537.36 (KHTML, like Gecko) Chrome/145.0.0.0 Safari/537.36 (compatible; meta-externalagent/1.1 (+https://developers.facebook.com/docs/sharing/webmasters/crawler))"
57.141.0.22 - - [21/Jul/2026:16:44:31 +0000] "GET /products/10747463/ HTTP/2" 404 31916 "-" "Mozilla/5.0 (Windows NT 10.0; Win64; x64) AppleWebKit/537.36 (KHTML, like Gecko) Chrome/145.0.0.0 Safari/537.36 (compatible; meta-externalagent/1.1 (+https://developers.facebook.com/docs/sharing/webmasters/crawler))"
57.141.0.35 - - [21/Jul/2026:16:44:35 +0000] "GET /products/19733518/ HTTP/2" 404 31912 "-" "Mozilla/5.0 (Macintosh; Intel Mac OS X 10_15_7) AppleWebKit/537.36 (KHTML, like Gecko) Chrome/145.0.0.0 Safari/537.36 (compatible; meta-externalagent/1.1 (+https://developers.facebook.com/docs/sharing/webmasters/crawler))"
57.141.0.25 - - [21/Jul/2026:16:45:12 +0000] "GET /products/20206707/ HTTP/2" 404 31916 "-" "Mozilla/5.0 (Windows NT 10.0; Win64; x64) AppleWebKit/537.36 (KHTML, like Gecko) Chrome/145.0.0.0 Safari/537.36 (compatible; meta-externalagent/1.1 (+https://developers.facebook.com/docs/sharing/webmasters/crawler))"
198.38.94.67 - - [21/Jul/2026:16:45:25 +0000] "POST /wp-cron.php?doing_wp_cron=1784652324.9388918876647949218750 HTTP/1.1" 200 0 "-" "WordPress/7.0.1; https://goldendunesfilmfestival.com"
57.141.0.18 - - [21/Jul/2026:16:45:24 +0000] "GET /products/25199763/ HTTP/2" 404 31914 "-" "Mozilla/5.0 (X11; Linux x86_64) AppleWebKit/537.36 (KHTML, like Gecko) Chrome/145.0.0.0 Safari/537.36 (compatible; meta-externalagent/1.1 (+https://developers.facebook.com/docs/sharing/webmasters/crawler))"
52.167.144.161 - - [21/Jul/2026:16:45:30 +0000] "GET /meet-the-team/ HTTP/2" 200 17532 "-" "Mozilla/5.0 AppleWebKit/537.36 (KHTML, like Gecko; compatible; bingbot/2.0; +http://www.bing.com/bingbot.htm) Chrome/116.0.1938.76 Safari/537.36"
65.55.210.162 - - [21/Jul/2026:16:45:33 +0000] "GET /meet-the-team HTTP/2" 301 0 "-" "Mozilla/5.0 AppleWebKit/537.36 (KHTML, like Gecko; compatible; bingbot/2.0; +http://www.bing.com/bingbot.htm) Chrome/136.0.0.0 Safari/537.36"
213.209.159.254 - - [21/Jul/2026:16:46:13 +0000] "POST /wp-content/plugins/elementor-pro/modules/display-conditions/conditions/base/title.condition.base.php HTTP/2" 200 53 "-" "Mozilla/5.0 (Windows NT 10.0; Win64; x64) AppleWebKit/537.36 (KHTML, like Gecko) Chrome/101.0.4951.67 Safari/537.36"
57.141.0.48 - - [21/Jul/2026:16:46:14 +0000] "GET /products/1811007/ HTTP/2" 404 31916 "-" "Mozilla/5.0 (Windows NT 10.0; Win64; x64) AppleWebKit/537.36 (KHTML, like Gecko) Chrome/145.0.0.0 Safari/537.36 (compatible; meta-externalagent/1.1 (+https://developers.facebook.com/docs/sharing/webmasters/crawler))"
213.209.159.254 - - [21/Jul/2026:16:46:16 +0000] "POST /wp-content/plugins/elementor-pro/modules/display-conditions/conditions/base/title.condition.base.php HTTP/2" 200 51 "-" "Mozilla/5.0 (Macintosh; Intel Mac OS X 10_15_7) AppleWebKit/537.36 (KHTML, like Gecko) Chrome/120.0.0.0 Safari/537.36"
57.141.0.42 - - [21/Jul/2026:16:46:18 +0000] "GET /products/25626452/ HTTP/2" 404 31916 "-" "Mozilla/5.0 (Windows NT 10.0; Win64; x64) AppleWebKit/537.36 (KHTML, like Gecko) Chrome/145.0.0.0 Safari/537.36 (compatible; meta-externalagent/1.1 (+https://developers.facebook.com/docs/sharing/webmasters/crawler))"
213.209.159.254 - - [21/Jul/2026:16:46:22 +0000] "POST /wp-content/plugins/elementor-pro/modules/display-conditions/conditions/base/title.condition.base.php HTTP/2" 200 43 "-" "Mozilla/5.0 (Macintosh; Intel Mac OS X 10_15_7) AppleWebKit/605.1.15 (KHTML, like Gecko) Version/17.0 Safari/605.1.15"
198.38.94.67 - - [21/Jul/2026:16:46:36 +0000] "POST /wp-cron.php?doing_wp_cron=1784652396.7812659740447998046875 HTTP/1.1" 200 0 "-" "WordPress/7.0.1; https://goldendunesfilmfestival.com"
57.141.0.37 - - [21/Jul/2026:16:46:36 +0000] "GET /products/22687818/ HTTP/2" 404 31916 "-" "Mozilla/5.0 (Windows NT 10.0; Win64; x64) AppleWebKit/537.36 (KHTML, like Gecko) Chrome/145.0.0.0 Safari/537.36 (compatible; meta-externalagent/1.1 (+https://developers.facebook.com/docs/sharing/webmasters/crawler))"
57.141.0.11 - - [21/Jul/2026:16:46:52 +0000] "GET /products/3360707/ HTTP/2" 404 31916 "-" "Mozilla/5.0 (Windows NT 10.0; Win64; x64) AppleWebKit/537.36 (KHTML, like Gecko) Chrome/145.0.0.0 Safari/537.36 (compatible; meta-externalagent/1.1 (+https://developers.facebook.com/docs/sharing/webmasters/crawler))"
57.141.0.10 - - [21/Jul/2026:16:47:15 +0000] "GET /products/24664785/ HTTP/2" 404 31916 "-" "Mozilla/5.0 (Windows NT 10.0; Win64; x64) AppleWebKit/537.36 (KHTML, like Gecko) Chrome/145.0.0.0 Safari/537.36 (compatible; meta-externalagent/1.1 (+https://developers.facebook.com/docs/sharing/webmasters/crawler))"
57.141.0.52 - - [21/Jul/2026:16:47:15 +0000] "GET /products/3425930/ HTTP/2" 301 0 "-" "Mozilla/5.0 (Windows NT 10.0; Win64; x64) AppleWebKit/537.36 (KHTML, like Gecko) Chrome/145.0.0.0 Safari/537.36 (compatible; meta-externalagent/1.1 (+https://developers.facebook.com/docs/sharing/webmasters/crawler))"
198.38.94.67 - - [21/Jul/2026:16:47:24 +0000] "POST /wp-cron.php?doing_wp_cron=1784652444.9711780548095703125000 HTTP/1.1" 200 0 "-" "WordPress/7.0.1; https://goldendunesfilmfestival.com"
57.141.0.46 - - [21/Jul/2026:16:47:24 +0000] "GET /products/24291430/ HTTP/2" 404 31912 "-" "Mozilla/5.0 (Macintosh; Intel Mac OS X 10_15_7) AppleWebKit/537.36 (KHTML, like Gecko) Chrome/145.0.0.0 Safari/537.36 (compatible; meta-externalagent/1.1 (+https://developers.facebook.com/docs/sharing/webmasters/crawler))"
57.141.0.11 - - [21/Jul/2026:16:47:31 +0000] "GET /products/10369163/ HTTP/2" 404 31916 "-" "Mozilla/5.0 (Windows NT 10.0; Win64; x64) AppleWebKit/537.36 (KHTML, like Gecko) Chrome/145.0.0.0 Safari/537.36 (compatible; meta-externalagent/1.1 (+https://developers.facebook.com/docs/sharing/webmasters/crawler))"
57.141.0.15 - - [21/Jul/2026:16:47:35 +0000] "GET /products/26348363/ HTTP/2" 404 31916 "-" "Mozilla/5.0 (Windows NT 10.0; Win64; x64) AppleWebKit/537.36 (KHTML, like Gecko) Chrome/145.0.0.0 Safari/537.36 (compatible; meta-externalagent/1.1 (+https://developers.facebook.com/docs/sharing/webmasters/crawler))"
57.141.0.11 - - [21/Jul/2026:16:47:53 +0000] "GET /products/24978196/ HTTP/2" 404 31912 "-" "Mozilla/5.0 (Macintosh; Intel Mac OS X 10_15_7) AppleWebKit/537.36 (KHTML, like Gecko) Chrome/145.0.0.0 Safari/537.36 (compatible; meta-externalagent/1.1 (+https://developers.facebook.com/docs/sharing/webmasters/crawler))"
57.141.0.35 - - [21/Jul/2026:16:48:09 +0000] "GET /products/21874729/ HTTP/2" 404 31916 "-" "Mozilla/5.0 (Windows NT 10.0; Win64; x64) AppleWebKit/537.36 (KHTML, like Gecko) Chrome/145.0.0.0 Safari/537.36 (compatible; meta-externalagent/1.1 (+https://developers.facebook.com/docs/sharing/webmasters/crawler))"
213.209.159.254 - - [21/Jul/2026:16:46:22 +0000] "POST /wp-content/plugins/elementor-pro/modules/display-conditions/conditions/base/title.condition.base.php HTTP/2" 500 384 "-" "Mozilla/5.0 (Macintosh; Intel Mac OS X 10_15_7) AppleWebKit/605.1.15 (KHTML, like Gecko) Version/15.5 Safari/605.1.15"
213.209.159.254 - - [21/Jul/2026:16:48:34 +0000] "POST /wp-content/plugins/elementor-pro/modules/display-conditions/conditions/base/title.condition.base.php HTTP/2" 200 29 "-" "Mozilla/5.0 (Macintosh; Intel Mac OS X 10_15_7) AppleWebKit/605.1.15 (KHTML, like Gecko) Version/17.0 Safari/605.1.15"
198.38.94.67 - - [21/Jul/2026:16:48:39 +0000] "POST /wp-cron.php?doing_wp_cron=1784652518.9746749401092529296875 HTTP/1.1" 200 0 "-" "WordPress/7.0.1; https://goldendunesfilmfestival.com"
57.141.0.46 - - [21/Jul/2026:16:48:38 +0000] "GET /products/16987107/ HTTP/2" 404 31916 "-" "Mozilla/5.0 (Windows NT 10.0; Win64; x64) AppleWebKit/537.36 (KHTML, like Gecko) Chrome/145.0.0.0 Safari/537.36 (compatible; meta-externalagent/1.1 (+https://developers.facebook.com/docs/sharing/webmasters/crawler))"
57.141.0.69 - - [21/Jul/2026:16:48:44 +0000] "GET /products/20632152/ HTTP/2" 404 31912 "-" "Mozilla/5.0 (Macintosh; Intel Mac OS X 10_15_7) AppleWebKit/537.36 (KHTML, like Gecko) Chrome/145.0.0.0 Safari/537.36 (compatible; meta-externalagent/1.1 (+https://developers.facebook.com/docs/sharing/webmasters/crawler))"
57.141.0.20 - - [21/Jul/2026:16:48:47 +0000] "GET /products/2083218/ HTTP/2" 404 31916 "-" "Mozilla/5.0 (Windows NT 10.0; Win64; x64) AppleWebKit/537.36 (KHTML, like Gecko) Chrome/145.0.0.0 Safari/537.36 (compatible; meta-externalagent/1.1 (+https://developers.facebook.com/docs/sharing/webmasters/crawler))"
57.141.0.69 - - [21/Jul/2026:16:48:47 +0000] "GET /products/2616152/ HTTP/2" 404 31916 "-" "Mozilla/5.0 (Windows NT 10.0; Win64; x64) AppleWebKit/537.36 (KHTML, like Gecko) Chrome/145.0.0.0 Safari/537.36 (compatible; meta-externalagent/1.1 (+https://developers.facebook.com/docs/sharing/webmasters/crawler))"
57.141.0.59 - - [21/Jul/2026:16:48:50 +0000] "GET /products/25946785/ HTTP/2" 404 31916 "-" "Mozilla/5.0 (Windows NT 10.0; Win64; x64) AppleWebKit/537.36 (KHTML, like Gecko) Chrome/145.0.0.0 Safari/537.36 (compatible; meta-externalagent/1.1 (+https://developers.facebook.com/docs/sharing/webmasters/crawler))"
198.235.24.182 - - [21/Jul/2026:16:48:56 +0000] "GET / HTTP/1.1" 400 52 "-" "Hello from Palo Alto Networks, find out more about our scans in https://docs-cortex.paloaltonetworks.com/r/1/Cortex-Xpanse/Scanning-activity"
57.141.0.25 - - [21/Jul/2026:16:48:57 +0000] "GET /products/17051129/ HTTP/2" 404 31912 "-" "Mozilla/5.0 (Macintosh; Intel Mac OS X 10_15_7) AppleWebKit/537.36 (KHTML, like Gecko) Chrome/145.0.0.0 Safari/537.36 (compatible; meta-externalagent/1.1 (+https://developers.facebook.com/docs/sharing/webmasters/crawler))"
57.141.0.10 - - [21/Jul/2026:16:49:07 +0000] "GET /products/4186730/ HTTP/2" 404 31916 "-" "Mozilla/5.0 (Windows NT 10.0; Win64; x64) AppleWebKit/537.36 (KHTML, like Gecko) Chrome/145.0.0.0 Safari/537.36 (compatible; meta-externalagent/1.1 (+https://developers.facebook.com/docs/sharing/webmasters/crawler))"
57.141.0.12 - - [21/Jul/2026:16:49:18 +0000] "GET /products/24025952/ HTTP/2" 404 31914 "-" "Mozilla/5.0 (X11; Linux x86_64) AppleWebKit/537.36 (KHTML, like Gecko) Chrome/145.0.0.0 Safari/537.36 (compatible; meta-externalagent/1.1 (+https://developers.facebook.com/docs/sharing/webmasters/crawler))"
198.38.94.67 - - [21/Jul/2026:16:49:40 +0000] "POST /wp-cron.php?doing_wp_cron=1784652580.2237429618835449218750 HTTP/1.1" 200 0 "-" "WordPress/7.0.1; https://goldendunesfilmfestival.com"
57.141.0.30 - - [21/Jul/2026:16:49:39 +0000] "GET /products/25616352/ HTTP/2" 404 31914 "-" "Mozilla/5.0 (X11; Linux x86_64) AppleWebKit/537.36 (KHTML, like Gecko) Chrome/145.0.0.0 Safari/537.36 (compatible; meta-externalagent/1.1 (+https://developers.facebook.com/docs/sharing/webmasters/crawler))"
57.141.0.47 - - [21/Jul/2026:16:49:42 +0000] "GET /products/20745641/ HTTP/2" 404 31916 "-" "Mozilla/5.0 (Windows NT 10.0; Win64; x64) AppleWebKit/537.36 (KHTML, like Gecko) Chrome/145.0.0.0 Safari/537.36 (compatible; meta-externalagent/1.1 (+https://developers.facebook.com/docs/sharing/webmasters/crawler))"
57.141.0.4 - - [21/Jul/2026:16:49:55 +0000] "GET /products/4105252/ HTTP/2" 404 31912 "-" "Mozilla/5.0 (Macintosh; Intel Mac OS X 10_15_7) AppleWebKit/537.36 (KHTML, like Gecko) Chrome/145.0.0.0 Safari/537.36 (compatible; meta-externalagent/1.1 (+https://developers.facebook.com/docs/sharing/webmasters/crawler))"
57.141.0.10 - - [21/Jul/2026:16:49:57 +0000] "GET /products/21010452/ HTTP/2" 404 31912 "-" "Mozilla/5.0 (Macintosh; Intel Mac OS X 10_15_7) AppleWebKit/537.36 (KHTML, like Gecko) Chrome/145.0.0.0 Safari/537.36 (compatible; meta-externalagent/1.1 (+https://developers.facebook.com/docs/sharing/webmasters/crawler))"
57.141.0.6 - - [21/Jul/2026:16:50:07 +0000] "GET /products/20029785/ HTTP/2" 404 31912 "-" "Mozilla/5.0 (Macintosh; Intel Mac OS X 10_15_7) AppleWebKit/537.36 (KHTML, like Gecko) Chrome/145.0.0.0 Safari/537.36 (compatible; meta-externalagent/1.1 (+https://developers.facebook.com/docs/sharing/webmasters/crawler))"
57.141.0.11 - - [21/Jul/2026:16:50:20 +0000] "GET /products/3241807/ HTTP/2" 404 31916 "-" "Mozilla/5.0 (Windows NT 10.0; Win64; x64) AppleWebKit/537.36 (KHTML, like Gecko) Chrome/145.0.0.0 Safari/537.36 (compatible; meta-externalagent/1.1 (+https://developers.facebook.com/docs/sharing/webmasters/crawler))"
57.141.0.13 - - [21/Jul/2026:16:50:21 +0000] "GET /products/25964018/ HTTP/2" 404 31912 "-" "Mozilla/5.0 (Macintosh; Intel Mac OS X 10_15_7) AppleWebKit/537.36 (KHTML, like Gecko) Chrome/145.0.0.0 Safari/537.36 (compatible; meta-externalagent/1.1 (+https://developers.facebook.com/docs/sharing/webmasters/crawler))"
198.38.94.67 - - [21/Jul/2026:16:51:21 +0000] "POST /wp-cron.php?doing_wp_cron=1784652681.2993569374084472656250 HTTP/1.1" 200 0 "-" "WordPress/7.0.1; https://goldendunesfilmfestival.com"
57.141.0.32 - - [21/Jul/2026:16:51:21 +0000] "GET /products/4860285/ HTTP/2" 404 31916 "-" "Mozilla/5.0 (Windows NT 10.0; Win64; x64) AppleWebKit/537.36 (KHTML, like Gecko) Chrome/145.0.0.0 Safari/537.36 (compatible; meta-externalagent/1.1 (+https://developers.facebook.com/docs/sharing/webmasters/crawler))"
198.38.94.67 - - [21/Jul/2026:16:51:36 +0000] "POST /wp-cron.php?doing_wp_cron=1784652696.8636350631713867187500 HTTP/1.1" 200 0 "-" "WordPress/7.0.1; https://goldendunesfilmfestival.com"
57.141.0.49 - - [21/Jul/2026:16:51:36 +0000] "GET /products/25053185/ HTTP/2" 404 31914 "-" "Mozilla/5.0 (X11; Linux x86_64) AppleWebKit/537.36 (KHTML, like Gecko) Chrome/145.0.0.0 Safari/537.36 (compatible; meta-externalagent/1.1 (+https://developers.facebook.com/docs/sharing/webmasters/crawler))"
57.141.0.49 - - [21/Jul/2026:16:51:38 +0000] "GET /products/13653718/ HTTP/2" 404 31916 "-" "Mozilla/5.0 (Windows NT 10.0; Win64; x64) AppleWebKit/537.36 (KHTML, like Gecko) Chrome/145.0.0.0 Safari/537.36 (compatible; meta-externalagent/1.1 (+https://developers.facebook.com/docs/sharing/webmasters/crawler))"
57.141.0.17 - - [21/Jul/2026:16:51:43 +0000] "GET /products/10145096/ HTTP/2" 404 31916 "-" "Mozilla/5.0 (Windows NT 10.0; Win64; x64) AppleWebKit/537.36 (KHTML, like Gecko) Chrome/145.0.0.0 Safari/537.36 (compatible; meta-externalagent/1.1 (+https://developers.facebook.com/docs/sharing/webmasters/crawler))"
107.152.32.177 - - [21/Jul/2026:16:52:01 +0000] "GET /popular-pokies-with-welcome-bonus-promotions/ HTTP/1.1" 404 7080 "https://goldendunesfilmfestival.com/" "Mozilla/5.0 (X11; Fedora; Linux x86_64; rv:114.0) Gecko/20100101 Firefox/114.0"
107.152.32.177 - - [21/Jul/2026:16:52:03 +0000] "GET / HTTP/1.1" 200 19461 "-" "Mozilla/5.0 (X11; Fedora; Linux x86_64; rv:114.0) Gecko/20100101 Firefox/114.0"
57.141.0.22 - - [21/Jul/2026:16:52:04 +0000] "GET /products/13697363/ HTTP/2" 404 31916 "-" "Mozilla/5.0 (Windows NT 10.0; Win64; x64) AppleWebKit/537.36 (KHTML, like Gecko) Chrome/145.0.0.0 Safari/537.36 (compatible; meta-externalagent/1.1 (+https://developers.facebook.com/docs/sharing/webmasters/crawler))"
107.152.32.177 - - [21/Jul/2026:16:52:06 +0000] "GET /rules-and-regulation/ HTTP/1.1" 200 15992 "https://goldendunesfilmfestival.com" "Mozilla/5.0 (X11; Fedora; Linux x86_64; rv:114.0) Gecko/20100101 Firefox/114.0"
57.141.0.61 - - [21/Jul/2026:16:52:15 +0000] "GET /products/2103585/ HTTP/2" 404 31916 "-" "Mozilla/5.0 (Windows NT 10.0; Win64; x64) AppleWebKit/537.36 (KHTML, like Gecko) Chrome/145.0.0.0 Safari/537.36 (compatible; meta-externalagent/1.1 (+https://developers.facebook.com/docs/sharing/webmasters/crawler))"
198.38.94.67 - - [21/Jul/2026:16:52:25 +0000] "POST /wp-cron.php?doing_wp_cron=1784652745.1328010559082031250000 HTTP/1.1" 200 0 "-" "WordPress/7.0.1; https://goldendunesfilmfestival.com"
92.222.104.223 - - [21/Jul/2026:16:52:24 +0000] "GET /casino-shuffle-speelschema/ HTTP/2" 404 7090 "-" "Mozilla/5.0 (compatible; AhrefsBot/7.0; +http://ahrefs.com/robot/)"
57.141.0.13 - - [21/Jul/2026:16:52:31 +0000] "GET /products/25023630/ HTTP/2" 301 0 "-" "Mozilla/5.0 (Windows NT 10.0; Win64; x64) AppleWebKit/537.36 (KHTML, like Gecko) Chrome/145.0.0.0 Safari/537.36 (compatible; meta-externalagent/1.1 (+https://developers.facebook.com/docs/sharing/webmasters/crawler))"
57.141.0.46 - - [21/Jul/2026:16:52:32 +0000] "GET /products/5157541/ HTTP/2" 404 31914 "-" "Mozilla/5.0 (Windows NT 10.0; Win64; x64) AppleWebKit/537.36 (KHTML, like Gecko) Chrome/145.0.0.0 Safari/537.36 Edg/145.0.0.0 (compatible; meta-externalagent/1.1 (+https://developers.facebook.com/docs/sharing/webmasters/crawler))"
57.141.0.59 - - [21/Jul/2026:16:53:11 +0000] "GET /products/20699085/ HTTP/2" 404 31916 "-" "Mozilla/5.0 (Windows NT 10.0; Win64; x64) AppleWebKit/537.36 (KHTML, like Gecko) Chrome/145.0.0.0 Safari/537.36 (compatible; meta-externalagent/1.1 (+https://developers.facebook.com/docs/sharing/webmasters/crawler))"
57.141.0.61 - - [21/Jul/2026:16:53:19 +0000] "GET /products/13223041/ HTTP/2" 404 31914 "-" "Mozilla/5.0 (X11; Linux x86_64) AppleWebKit/537.36 (KHTML, like Gecko) Chrome/145.0.0.0 Safari/537.36 (compatible; meta-externalagent/1.1 (+https://developers.facebook.com/docs/sharing/webmasters/crawler))"
198.38.94.67 - - [21/Jul/2026:16:53:28 +0000] "POST /wp-cron.php?doing_wp_cron=1784652808.7903470993041992187500 HTTP/1.1" 200 0 "-" "WordPress/7.0.1; https://goldendunesfilmfestival.com"
57.141.0.31 - - [21/Jul/2026:16:53:28 +0000] "GET /products/3474196/ HTTP/2" 404 31916 "-" "Mozilla/5.0 (Windows NT 10.0; Win64; x64) AppleWebKit/537.36 (KHTML, like Gecko) Chrome/145.0.0.0 Safari/537.36 (compatible; meta-externalagent/1.1 (+https://developers.facebook.com/docs/sharing/webmasters/crawler))"
57.141.0.18 - - [21/Jul/2026:16:53:51 +0000] "GET /products/21691941/ HTTP/2" 404 31916 "-" "Mozilla/5.0 (Windows NT 10.0; Win64; x64) AppleWebKit/537.36 (KHTML, like Gecko) Chrome/145.0.0.0 Safari/537.36 (compatible; meta-externalagent/1.1 (+https://developers.facebook.com/docs/sharing/webmasters/crawler))"
57.141.0.53 - - [21/Jul/2026:16:54:01 +0000] "GET /products/1886718/ HTTP/2" 404 31914 "-" "Mozilla/5.0 (X11; Linux x86_64) AppleWebKit/537.36 (KHTML, like Gecko) Chrome/145.0.0.0 Safari/537.36 (compatible; meta-externalagent/1.1 (+https://developers.facebook.com/docs/sharing/webmasters/crawler))"
57.141.0.48 - - [21/Jul/2026:16:54:14 +0000] "GET /products/22880496/ HTTP/2" 404 31912 "-" "Mozilla/5.0 (Macintosh; Intel Mac OS X 10_15_7) AppleWebKit/537.36 (KHTML, like Gecko) Chrome/145.0.0.0 Safari/537.36 (compatible; meta-externalagent/1.1 (+https://developers.facebook.com/docs/sharing/webmasters/crawler))"
198.38.94.67 - - [21/Jul/2026:16:54:26 +0000] "POST /wp-cron.php?doing_wp_cron=1784652866.7501900196075439453125 HTTP/1.1" 200 0 "-" "WordPress/7.0.1; https://goldendunesfilmfestival.com"
57.141.0.24 - - [21/Jul/2026:16:54:26 +0000] "GET /products/7411818/ HTTP/2" 404 31916 "-" "Mozilla/5.0 (Windows NT 10.0; Win64; x64) AppleWebKit/537.36 (KHTML, like Gecko) Chrome/145.0.0.0 Safari/537.36 (compatible; meta-externalagent/1.1 (+https://developers.facebook.com/docs/sharing/webmasters/crawler))"
57.141.0.27 - - [21/Jul/2026:16:54:27 +0000] "GET /products/2500674/ HTTP/2" 404 31916 "-" "Mozilla/5.0 (Windows NT 10.0; Win64; x64) AppleWebKit/537.36 (KHTML, like Gecko) Chrome/145.0.0.0 Safari/537.36 (compatible; meta-externalagent/1.1 (+https://developers.facebook.com/docs/sharing/webmasters/crawler))"
57.141.0.31 - - [21/Jul/2026:16:54:30 +0000] "GET /products/18308241/ HTTP/2" 404 31916 "-" "Mozilla/5.0 (Windows NT 10.0; Win64; x64) AppleWebKit/537.36 (KHTML, like Gecko) Chrome/145.0.0.0 Safari/537.36 (compatible; meta-externalagent/1.1 (+https://developers.facebook.com/docs/sharing/webmasters/crawler))"
57.141.0.37 - - [21/Jul/2026:16:54:37 +0000] "GET /products/24750785/ HTTP/2" 404 31916 "-" "Mozilla/5.0 (Windows NT 10.0; Win64; x64) AppleWebKit/537.36 (KHTML, like Gecko) Chrome/145.0.0.0 Safari/537.36 (compatible; meta-externalagent/1.1 (+https://developers.facebook.com/docs/sharing/webmasters/crawler))"
57.141.0.53 - - [21/Jul/2026:16:54:40 +0000] "GET /products/25284152/ HTTP/2" 404 31916 "-" "Mozilla/5.0 (Windows NT 10.0; Win64; x64) AppleWebKit/537.36 (KHTML, like Gecko) Chrome/145.0.0.0 Safari/537.36 (compatible; meta-externalagent/1.1 (+https://developers.facebook.com/docs/sharing/webmasters/crawler))"
57.141.0.22 - - [21/Jul/2026:16:54:42 +0000] "GET /products/9122896/ HTTP/2" 404 31916 "-" "Mozilla/5.0 (Windows NT 10.0; Win64; x64) AppleWebKit/537.36 (KHTML, like Gecko) Chrome/145.0.0.0 Safari/537.36 (compatible; meta-externalagent/1.1 (+https://developers.facebook.com/docs/sharing/webmasters/crawler))"
57.141.0.11 - - [21/Jul/2026:16:54:44 +0000] "GET /products/19368629/ HTTP/2" 404 31916 "-" "Mozilla/5.0 (Windows NT 10.0; Win64; x64) AppleWebKit/537.36 (KHTML, like Gecko) Chrome/145.0.0.0 Safari/537.36 (compatible; meta-externalagent/1.1 (+https://developers.facebook.com/docs/sharing/webmasters/crawler))"
57.141.0.17 - - [21/Jul/2026:16:54:51 +0000] "GET /products/24532529/ HTTP/2" 404 31914 "-" "Mozilla/5.0 (X11; Linux x86_64) AppleWebKit/537.36 (KHTML, like Gecko) Chrome/145.0.0.0 Safari/537.36 (compatible; meta-externalagent/1.1 (+https://developers.facebook.com/docs/sharing/webmasters/crawler))"
57.141.0.21 - - [21/Jul/2026:16:54:52 +0000] "GET /products/21619196/ HTTP/2" 404 31916 "-" "Mozilla/5.0 (Windows NT 10.0; Win64; x64) AppleWebKit/537.36 (KHTML, like Gecko) Chrome/145.0.0.0 Safari/537.36 (compatible; meta-externalagent/1.1 (+https://developers.facebook.com/docs/sharing/webmasters/crawler))"
57.141.0.48 - - [21/Jul/2026:16:54:59 +0000] "GET /products/24674430/ HTTP/2" 301 0 "-" "Mozilla/5.0 (Macintosh; Intel Mac OS X 10_15_7) AppleWebKit/537.36 (KHTML, like Gecko) Chrome/145.0.0.0 Safari/537.36 (compatible; meta-externalagent/1.1 (+https://developers.facebook.com/docs/sharing/webmasters/crawler))"
57.141.0.58 - - [21/Jul/2026:16:54:59 +0000] "GET /products/9143752/ HTTP/2" 404 31916 "-" "Mozilla/5.0 (Windows NT 10.0; Win64; x64) AppleWebKit/537.36 (KHTML, like Gecko) Chrome/145.0.0.0 Safari/537.36 (compatible; meta-externalagent/1.1 (+https://developers.facebook.com/docs/sharing/webmasters/crawler))"
57.141.0.31 - - [21/Jul/2026:16:55:13 +0000] "GET /products/19829541/ HTTP/2" 404 31914 "-" "Mozilla/5.0 (X11; Linux x86_64) AppleWebKit/537.36 (KHTML, like Gecko) Chrome/145.0.0.0 Safari/537.36 (compatible; meta-externalagent/1.1 (+https://developers.facebook.com/docs/sharing/webmasters/crawler))"
57.141.0.45 - - [21/Jul/2026:16:55:14 +0000] "GET /products/16064630/ HTTP/2" 404 31912 "-" "Mozilla/5.0 (Macintosh; Intel Mac OS X 10_15_7) AppleWebKit/537.36 (KHTML, like Gecko) Chrome/145.0.0.0 Safari/537.36 (compatible; meta-externalagent/1.1 (+https://developers.facebook.com/docs/sharing/webmasters/crawler))"
57.141.0.67 - - [21/Jul/2026:16:55:21 +0000] "GET /products/18984507/ HTTP/2" 404 31916 "-" "Mozilla/5.0 (Windows NT 10.0; Win64; x64) AppleWebKit/537.36 (KHTML, like Gecko) Chrome/145.0.0.0 Safari/537.36 (compatible; meta-externalagent/1.1 (+https://developers.facebook.com/docs/sharing/webmasters/crawler))"
57.141.0.46 - - [21/Jul/2026:16:55:21 +0000] "GET /products/6736696/ HTTP/2" 404 31916 "-" "Mozilla/5.0 (Windows NT 10.0; Win64; x64) AppleWebKit/537.36 (KHTML, like Gecko) Chrome/145.0.0.0 Safari/537.36 (compatible; meta-externalagent/1.1 (+https://developers.facebook.com/docs/sharing/webmasters/crawler))"
198.38.94.67 - - [21/Jul/2026:16:55:30 +0000] "POST /wp-cron.php?doing_wp_cron=1784652930.5105640888214111328125 HTTP/1.1" 200 0 "-" "WordPress/7.0.1; https://goldendunesfilmfestival.com"
57.141.0.13 - - [21/Jul/2026:16:55:30 +0000] "GET /products/13333629/ HTTP/2" 404 31916 "-" "Mozilla/5.0 (Windows NT 10.0; Win64; x64) AppleWebKit/537.36 (KHTML, like Gecko) Chrome/145.0.0.0 Safari/537.36 (compatible; meta-externalagent/1.1 (+https://developers.facebook.com/docs/sharing/webmasters/crawler))"
57.141.0.16 - - [21/Jul/2026:16:55:35 +0000] "GET /products/9804629/ HTTP/2" 404 31914 "-" "Mozilla/5.0 (X11; Linux x86_64) AppleWebKit/537.36 (KHTML, like Gecko) Chrome/145.0.0.0 Safari/537.36 (compatible; meta-externalagent/1.1 (+https://developers.facebook.com/docs/sharing/webmasters/crawler))"
57.141.0.44 - - [21/Jul/2026:16:55:42 +0000] "GET /products/23689063/ HTTP/2" 404 31916 "-" "Mozilla/5.0 (Windows NT 10.0; Win64; x64) AppleWebKit/537.36 (KHTML, like Gecko) Chrome/145.0.0.0 Safari/537.36 (compatible; meta-externalagent/1.1 (+https://developers.facebook.com/docs/sharing/webmasters/crawler))"
57.141.0.32 - - [21/Jul/2026:16:55:54 +0000] "GET /products/3367852/ HTTP/2" 404 31916 "-" "Mozilla/5.0 (Windows NT 10.0; Win64; x64) AppleWebKit/537.36 (KHTML, like Gecko) Chrome/145.0.0.0 Safari/537.36 (compatible; meta-externalagent/1.1 (+https://developers.facebook.com/docs/sharing/webmasters/crawler))"
57.141.0.60 - - [21/Jul/2026:16:56:13 +0000] "GET /products/22388085/ HTTP/2" 404 31914 "-" "Mozilla/5.0 (X11; Linux x86_64) AppleWebKit/537.36 (KHTML, like Gecko) Chrome/145.0.0.0 Safari/537.36 (compatible; meta-externalagent/1.1 (+https://developers.facebook.com/docs/sharing/webmasters/crawler))"
213.209.159.254 - - [21/Jul/2026:16:56:24 +0000] "POST /wp-content/plugins/elementor-pro/modules/display-conditions/conditions/base/title.condition.base.php HTTP/2" 200 54 "-" "Mozilla/5.0 (Macintosh; Intel Mac OS X 10_15_7) AppleWebKit/537.36 (KHTML, like Gecko) Chrome/119.0.0.0 Safari/537.36"
198.38.94.67 - - [21/Jul/2026:16:56:25 +0000] "POST /wp-cron.php?doing_wp_cron=1784652985.0123460292816162109375 HTTP/1.1" 200 0 "-" "WordPress/7.0.1; https://goldendunesfilmfestival.com"
57.141.0.48 - - [21/Jul/2026:16:56:24 +0000] "GET /products/3049863/ HTTP/2" 404 31916 "-" "Mozilla/5.0 (Windows NT 10.0; Win64; x64) AppleWebKit/537.36 (KHTML, like Gecko) Chrome/145.0.0.0 Safari/537.36 (compatible; meta-externalagent/1.1 (+https://developers.facebook.com/docs/sharing/webmasters/crawler))"
57.141.0.10 - - [21/Jul/2026:16:56:25 +0000] "GET /products/26185418/ HTTP/2" 404 31914 "-" "Mozilla/5.0 (Windows NT 10.0; Win64; x64) AppleWebKit/537.36 (KHTML, like Gecko) Chrome/143.0.0.0 Safari/537.36 Edg/143.0.0.0 (compatible; meta-externalagent/1.1 (+https://developers.facebook.com/docs/sharing/webmasters/crawler))"
213.209.159.254 - - [21/Jul/2026:16:56:27 +0000] "POST /wp-content/plugins/elementor-pro/modules/display-conditions/conditions/base/title.condition.base.php HTTP/2" 200 51 "-" "Mozilla/5.0 (Macintosh; Intel Mac OS X 10_15_7) AppleWebKit/605.1.15 (KHTML, like Gecko) Version/17.0 Safari/605.1.15"
213.209.159.254 - - [21/Jul/2026:16:56:29 +0000] "POST /wp-content/plugins/elementor-pro/modules/display-conditions/conditions/base/title.condition.base.php HTTP/2" 200 43 "-" "Mozilla/5.0 (Linux; Android 12; Pixel 6) AppleWebKit/537.36 (KHTML, like Gecko) Chrome/99.0.4844.58 Mobile Safari/537.36"
57.141.0.71 - - [21/Jul/2026:16:56:35 +0000] "GET /products/4662441/ HTTP/2" 301 0 "-" "Mozilla/5.0 (Windows NT 10.0; Win64; x64) AppleWebKit/537.36 (KHTML, like Gecko) Chrome/145.0.0.0 Safari/537.36 (compatible; meta-externalagent/1.1 (+https://developers.facebook.com/docs/sharing/webmasters/crawler))"
57.141.0.61 - - [21/Jul/2026:16:56:36 +0000] "GET /products/21423674/ HTTP/2" 404 31916 "-" "Mozilla/5.0 (Windows NT 10.0; Win64; x64) AppleWebKit/537.36 (KHTML, like Gecko) Chrome/145.0.0.0 Safari/537.36 (compatible; meta-externalagent/1.1 (+https://developers.facebook.com/docs/sharing/webmasters/crawler))"
57.141.0.21 - - [21/Jul/2026:16:56:38 +0000] "GET /products/21118674/ HTTP/2" 404 31916 "-" "Mozilla/5.0 (Windows NT 10.0; Win64; x64) AppleWebKit/537.36 (KHTML, like Gecko) Chrome/145.0.0.0 Safari/537.36 (compatible; meta-externalagent/1.1 (+https://developers.facebook.com/docs/sharing/webmasters/crawler))"
57.141.0.67 - - [21/Jul/2026:16:56:55 +0000] "GET /products/13193930/ HTTP/2" 404 31914 "-" "Mozilla/5.0 (X11; Linux x86_64) AppleWebKit/537.36 (KHTML, like Gecko) Chrome/145.0.0.0 Safari/537.36 (compatible; meta-externalagent/1.1 (+https://developers.facebook.com/docs/sharing/webmasters/crawler))"
57.141.0.25 - - [21/Jul/2026:16:56:58 +0000] "GET /products/15629730/ HTTP/2" 404 31916 "-" "Mozilla/5.0 (Windows NT 10.0; Win64; x64) AppleWebKit/537.36 (KHTML, like Gecko) Chrome/145.0.0.0 Safari/537.36 (compatible; meta-externalagent/1.1 (+https://developers.facebook.com/docs/sharing/webmasters/crawler))"
57.141.0.31 - - [21/Jul/2026:16:57:05 +0000] "GET /products/10759107/ HTTP/2" 404 31916 "-" "Mozilla/5.0 (Windows NT 10.0; Win64; x64) AppleWebKit/537.36 (KHTML, like Gecko) Chrome/145.0.0.0 Safari/537.36 (compatible; meta-externalagent/1.1 (+https://developers.facebook.com/docs/sharing/webmasters/crawler))"
57.141.0.26 - - [21/Jul/2026:16:57:16 +0000] "GET /products/24706896/ HTTP/2" 404 31912 "-" "Mozilla/5.0 (Macintosh; Intel Mac OS X 10_15_7) AppleWebKit/537.36 (KHTML, like Gecko) Chrome/145.0.0.0 Safari/537.36 (compatible; meta-externalagent/1.1 (+https://developers.facebook.com/docs/sharing/webmasters/crawler))"
198.38.94.67 - - [21/Jul/2026:16:58:18 +0000] "POST /wp-cron.php?doing_wp_cron=1784653098.8026850223541259765625 HTTP/1.1" 200 0 "-" "WordPress/7.0.1; https://goldendunesfilmfestival.com"
57.141.0.58 - - [21/Jul/2026:16:58:18 +0000] "GET /products/4403696/ HTTP/2" 301 0 "-" "Mozilla/5.0 (Windows NT 10.0; Win64; x64) AppleWebKit/537.36 (KHTML, like Gecko) Chrome/145.0.0.0 Safari/537.36 (compatible; meta-externalagent/1.1 (+https://developers.facebook.com/docs/sharing/webmasters/crawler))"
213.209.159.254 - - [21/Jul/2026:16:56:30 +0000] "POST /wp-content/plugins/elementor-pro/modules/display-conditions/conditions/base/title.condition.base.php HTTP/2" 500 384 "-" "Mozilla/5.0 (Windows NT 10.0; Win64; x64) AppleWebKit/537.36 (KHTML, like Gecko) Chrome/110.0.0.0 Safari/537.36"
213.209.159.254 - - [21/Jul/2026:16:58:41 +0000] "POST /wp-content/plugins/elementor-pro/modules/display-conditions/conditions/base/title.condition.base.php HTTP/2" 200 29 "-" "Mozilla/5.0 (Windows NT 10.0; Win64; x64) AppleWebKit/537.36 (KHTML, like Gecko) Chrome/100.0.4896.75 Safari/537.36"
198.38.94.67 - - [21/Jul/2026:16:58:43 +0000] "POST /wp-cron.php?doing_wp_cron=1784653123.8239579200744628906250 HTTP/1.1" 200 0 "-" "WordPress/7.0.1; https://goldendunesfilmfestival.com"
57.141.0.17 - - [21/Jul/2026:16:58:43 +0000] "GET /products/25501329/ HTTP/2" 404 31916 "-" "Mozilla/5.0 (Windows NT 10.0; Win64; x64) AppleWebKit/537.36 (KHTML, like Gecko) Chrome/145.0.0.0 Safari/537.36 (compatible; meta-externalagent/1.1 (+https://developers.facebook.com/docs/sharing/webmasters/crawler))"
57.141.0.71 - - [21/Jul/2026:16:58:51 +0000] "GET /products/23335830/ HTTP/2" 301 0 "-" "Mozilla/5.0 (Windows NT 10.0; Win64; x64) AppleWebKit/537.36 (KHTML, like Gecko) Chrome/145.0.0.0 Safari/537.36 (compatible; meta-externalagent/1.1 (+https://developers.facebook.com/docs/sharing/webmasters/crawler))"
57.141.0.32 - - [21/Jul/2026:16:58:51 +0000] "GET /products/24878585/ HTTP/2" 404 31912 "-" "Mozilla/5.0 (Macintosh; Intel Mac OS X 10_15_7) AppleWebKit/537.36 (KHTML, like Gecko) Chrome/145.0.0.0 Safari/537.36 (compatible; meta-externalagent/1.1 (+https://developers.facebook.com/docs/sharing/webmasters/crawler))"
57.141.0.24 - - [21/Jul/2026:16:58:53 +0000] "GET /products/20100174/ HTTP/2" 404 31916 "-" "Mozilla/5.0 (Windows NT 10.0; Win64; x64) AppleWebKit/537.36 (KHTML, like Gecko) Chrome/145.0.0.0 Safari/537.36 (compatible; meta-externalagent/1.1 (+https://developers.facebook.com/docs/sharing/webmasters/crawler))"
57.141.0.38 - - [21/Jul/2026:16:58:57 +0000] "GET /products/18227907/ HTTP/2" 404 31916 "-" "Mozilla/5.0 (Windows NT 10.0; Win64; x64) AppleWebKit/537.36 (KHTML, like Gecko) Chrome/145.0.0.0 Safari/537.36 (compatible; meta-externalagent/1.1 (+https://developers.facebook.com/docs/sharing/webmasters/crawler))"
57.141.0.24 - - [21/Jul/2026:16:59:16 +0000] "GET /products/17887430/ HTTP/2" 404 31912 "-" "Mozilla/5.0 (Macintosh; Intel Mac OS X 10_15_7) AppleWebKit/537.36 (KHTML, like Gecko) Chrome/145.0.0.0 Safari/537.36 (compatible; meta-externalagent/1.1 (+https://developers.facebook.com/docs/sharing/webmasters/crawler))"
198.38.94.67 - - [21/Jul/2026:16:59:27 +0000] "POST /wp-cron.php?doing_wp_cron=1784653167.1432290077209472656250 HTTP/1.1" 200 0 "-" "WordPress/7.0.1; https://goldendunesfilmfestival.com"
57.141.0.53 - - [21/Jul/2026:16:59:26 +0000] "GET /products/4351030/ HTTP/2" 404 31912 "-" "Mozilla/5.0 (Macintosh; Intel Mac OS X 10_15_7) AppleWebKit/537.36 (KHTML, like Gecko) Chrome/145.0.0.0 Safari/537.36 (compatible; meta-externalagent/1.1 (+https://developers.facebook.com/docs/sharing/webmasters/crawler))"
57.141.0.35 - - [21/Jul/2026:16:59:30 +0000] "GET /products/5714485/ HTTP/2" 404 31916 "-" "Mozilla/5.0 (Windows NT 10.0; Win64; x64) AppleWebKit/537.36 (KHTML, like Gecko) Chrome/145.0.0.0 Safari/537.36 (compatible; meta-externalagent/1.1 (+https://developers.facebook.com/docs/sharing/webmasters/crawler))"
57.141.0.59 - - [21/Jul/2026:16:59:40 +0000] "GET /products/3606118/ HTTP/2" 301 0 "-" "Mozilla/5.0 (Windows NT 10.0; Win64; x64) AppleWebKit/537.36 (KHTML, like Gecko) Chrome/145.0.0.0 Safari/537.36 (compatible; meta-externalagent/1.1 (+https://developers.facebook.com/docs/sharing/webmasters/crawler))"
57.141.0.14 - - [21/Jul/2026:17:00:21 +0000] "GET /products/10264407/ HTTP/2" 404 31912 "-" "Mozilla/5.0 (Macintosh; Intel Mac OS X 10_15_7) AppleWebKit/537.36 (KHTML, like Gecko) Chrome/145.0.0.0 Safari/537.36 (compatible; meta-externalagent/1.1 (+https://developers.facebook.com/docs/sharing/webmasters/crawler))"
198.38.94.67 - - [21/Jul/2026:17:00:25 +0000] "POST /wp-cron.php?doing_wp_cron=1784653225.8674778938293457031250 HTTP/1.1" 200 0 "-" "WordPress/7.0.1; https://goldendunesfilmfestival.com"
57.141.0.35 - - [21/Jul/2026:17:00:25 +0000] "GET /products/13028074/ HTTP/2" 404 31916 "-" "Mozilla/5.0 (Windows NT 10.0; Win64; x64) AppleWebKit/537.36 (KHTML, like Gecko) Chrome/145.0.0.0 Safari/537.36 (compatible; meta-externalagent/1.1 (+https://developers.facebook.com/docs/sharing/webmasters/crawler))"
57.141.0.12 - - [21/Jul/2026:17:00:54 +0000] "GET /products/23204885/ HTTP/2" 301 0 "-" "Mozilla/5.0 (X11; Linux x86_64) AppleWebKit/537.36 (KHTML, like Gecko) Chrome/145.0.0.0 Safari/537.36 (compatible; meta-externalagent/1.1 (+https://developers.facebook.com/docs/sharing/webmasters/crawler))"
57.141.0.61 - - [21/Jul/2026:17:01:09 +0000] "GET /products/4182252/ HTTP/2" 404 31916 "-" "Mozilla/5.0 (Windows NT 10.0; Win64; x64) AppleWebKit/537.36 (KHTML, like Gecko) Chrome/145.0.0.0 Safari/537.36 (compatible; meta-externalagent/1.1 (+https://developers.facebook.com/docs/sharing/webmasters/crawler))"
198.38.94.67 - - [21/Jul/2026:17:01:58 +0000] "POST /wp-cron.php?doing_wp_cron=1784653317.9419229030609130859375 HTTP/1.1" 200 0 "-" "WordPress/7.0.1; https://goldendunesfilmfestival.com"
57.141.0.28 - - [21/Jul/2026:17:01:57 +0000] "GET /products/24590041/ HTTP/2" 301 0 "-" "Mozilla/5.0 (Macintosh; Intel Mac OS X 10_15_7) AppleWebKit/537.36 (KHTML, like Gecko) Chrome/145.0.0.0 Safari/537.36 (compatible; meta-externalagent/1.1 (+https://developers.facebook.com/docs/sharing/webmasters/crawler))"
