403Webshell
Server IP : 198.38.94.67  /  Your IP : 216.73.217.142
Web Server : LiteSpeed
System : Linux d6054.dxb1.stableserver.net 5.14.0-570.25.1.el9_6.x86_64 #1 SMP PREEMPT_DYNAMIC Wed Jul 9 04:57:09 EDT 2025 x86_64
User : azfilmst ( 1070)
PHP Version : 7.4.33
Disable Function : NONE
MySQL : OFF  |  cURL : ON  |  WGET : ON  |  Perl : ON  |  Python : OFF  |  Sudo : OFF  |  Pkexec : OFF
Directory :  /home/azfilmst/access-logs/

Upload File :
current_dir [ Writeable ] document_root [ Writeable ]

 

Command :


[ Back ]     

Current File : /home/azfilmst/access-logs/goldendunesfilmfestival.com.azfilmstudios.com-ssl_log
136.144.33.76 - - [21/Jul/2026:12:14:00 +0000] "POST /wp-login.php HTTP/1.1" 403 5812 "https://goldendunesfilmfestival.com/wp-admin/" "Mozilla/5.0 (Windows NT 10.0; Win64; x64) AppleWebKit/537.36 (KHTML, like Gecko) Chrome/90.0.4430.85 Safari/537.36"
136.144.33.76 - - [21/Jul/2026:12:14:01 +0000] "POST /admin HTTP/1.1" 302 0 "https://goldendunesfilmfestival.com/wp-admin/" "Mozilla/5.0 (Windows NT 10.0; Win64; x64) AppleWebKit/537.36 (KHTML, like Gecko) Chrome/90.0.4430.85 Safari/537.36"
136.144.33.76 - - [21/Jul/2026:12:14:01 +0000] "GET /wp-admin/ HTTP/1.1" 302 0 "https://goldendunesfilmfestival.com/wp-admin/" "Mozilla/5.0 (Windows NT 10.0; Win64; x64) AppleWebKit/537.36 (KHTML, like Gecko) Chrome/90.0.4430.85 Safari/537.36"
136.144.33.76 - - [21/Jul/2026:12:14:02 +0000] "GET /wp-login.php?redirect_to=https%3A%2F%2Fgoldendunesfilmfestival.com%2Fwp-admin%2F&reauth=1 HTTP/1.1" 200 2136 "https://goldendunesfilmfestival.com/wp-admin/" "Mozilla/5.0 (Windows NT 10.0; Win64; x64) AppleWebKit/537.36 (KHTML, like Gecko) Chrome/90.0.4430.85 Safari/537.36"
198.38.94.67 - - [21/Jul/2026:12:14:17 +0000] "POST /wp-cron.php?doing_wp_cron=1784636057.3782780170440673828125 HTTP/1.1" 200 0 "-" "WordPress/7.0.1; https://goldendunesfilmfestival.com"
57.141.0.8 - - [21/Jul/2026:12:14:17 +0000] "GET /products/16237929/ HTTP/2" 404 31914 "-" "Mozilla/5.0 (X11; Linux x86_64) AppleWebKit/537.36 (KHTML, like Gecko) Chrome/145.0.0.0 Safari/537.36 (compatible; meta-externalagent/1.1 (+https://developers.facebook.com/docs/sharing/webmasters/crawler))"
136.144.33.91 - - [21/Jul/2026:12:14:18 +0000] "POST /wp-login.php HTTP/1.1" 503 7519 "https://goldendunesfilmfestival.com/wp-admin/" "Mozilla/5.0 (Windows NT 10.0; Win64; x64) AppleWebKit/537.36 (KHTML, like Gecko) Chrome/90.0.4430.85 Safari/537.36"
136.144.33.91 - - [21/Jul/2026:12:14:19 +0000] "POST /admin HTTP/1.1" 503 7519 "https://goldendunesfilmfestival.com/wp-admin/" "Mozilla/5.0 (Windows NT 10.0; Win64; x64) AppleWebKit/537.36 (KHTML, like Gecko) Chrome/90.0.4430.85 Safari/537.36"
198.38.94.67 - - [21/Jul/2026:12:14:26 +0000] "POST /wp-cron.php?doing_wp_cron=1784636066.6569519042968750000000 HTTP/1.1" 200 0 "-" "WordPress/7.0.1; https://goldendunesfilmfestival.com"
198.38.94.67 - - [21/Jul/2026:12:14:26 +0000] "POST /?wordfence_syncAttackData=1784636066.4596 HTTP/1.1" 200 0 "-" "WordPress/7.0.1; https://goldendunesfilmfestival.com"
198.38.94.67 - - [21/Jul/2026:12:14:27 +0000] "POST /wp-cron.php?doing_wp_cron=1784636067.5386819839477539062500 HTTP/1.1" 200 0 "-" "WordPress/7.0.1; https://goldendunesfilmfestival.com"
136.144.33.89 - - [21/Jul/2026:12:14:26 +0000] "POST /wp-login.php HTTP/1.1" 503 7739 "https://goldendunesfilmfestival.com/wp-admin/" "Mozilla/5.0 (Windows NT 10.0; Win64; x64) AppleWebKit/537.36 (KHTML, like Gecko) Chrome/90.0.4430.85 Safari/537.36"
136.144.33.89 - - [21/Jul/2026:12:14:27 +0000] "POST /admin HTTP/1.1" 503 7519 "https://goldendunesfilmfestival.com/wp-admin/" "Mozilla/5.0 (Windows NT 10.0; Win64; x64) AppleWebKit/537.36 (KHTML, like Gecko) Chrome/90.0.4430.85 Safari/537.36"
57.141.0.23 - - [21/Jul/2026:12:14:30 +0000] "GET /products/13356896/ HTTP/2" 404 31916 "-" "Mozilla/5.0 (Windows NT 10.0; Win64; x64) AppleWebKit/537.36 (KHTML, like Gecko) Chrome/145.0.0.0 Safari/537.36 (compatible; meta-externalagent/1.1 (+https://developers.facebook.com/docs/sharing/webmasters/crawler))"
57.141.0.44 - - [21/Jul/2026:12:14:32 +0000] "GET /products/3004107/ HTTP/2" 404 31912 "-" "Mozilla/5.0 (Macintosh; Intel Mac OS X 10_15_7) AppleWebKit/537.36 (KHTML, like Gecko) Chrome/145.0.0.0 Safari/537.36 (compatible; meta-externalagent/1.1 (+https://developers.facebook.com/docs/sharing/webmasters/crawler))"
136.144.33.81 - - [21/Jul/2026:12:14:34 +0000] "POST /wp-login.php HTTP/1.1" 503 7519 "https://goldendunesfilmfestival.com/wp-admin/" "Mozilla/5.0 (Windows NT 10.0; Win64; x64) AppleWebKit/537.36 (KHTML, like Gecko) Chrome/90.0.4430.85 Safari/537.36"
136.144.33.81 - - [21/Jul/2026:12:14:34 +0000] "POST /admin HTTP/1.1" 503 7519 "https://goldendunesfilmfestival.com/wp-admin/" "Mozilla/5.0 (Windows NT 10.0; Win64; x64) AppleWebKit/537.36 (KHTML, like Gecko) Chrome/90.0.4430.85 Safari/537.36"
198.38.94.67 - - [21/Jul/2026:12:14:41 +0000] "POST /?wordfence_syncAttackData=1784636081.0673 HTTP/1.1" 200 0 "-" "WordPress/7.0.1; https://goldendunesfilmfestival.com"
57.141.0.62 - - [21/Jul/2026:12:14:40 +0000] "GET /products/4277763/ HTTP/2" 404 31916 "-" "Mozilla/5.0 (Windows NT 10.0; Win64; x64) AppleWebKit/537.36 (KHTML, like Gecko) Chrome/145.0.0.0 Safari/537.36 (compatible; meta-externalagent/1.1 (+https://developers.facebook.com/docs/sharing/webmasters/crawler))"
136.144.33.86 - - [21/Jul/2026:12:14:46 +0000] "POST /wp-login.php HTTP/1.1" 503 7513 "https://goldendunesfilmfestival.com/wp-admin/" "Mozilla/5.0 (Windows NT 10.0; Win64; x64) AppleWebKit/537.36 (KHTML, like Gecko) Chrome/90.0.4430.85 Safari/537.36"
136.144.33.86 - - [21/Jul/2026:12:14:46 +0000] "POST /admin HTTP/1.1" 503 7519 "https://goldendunesfilmfestival.com/wp-admin/" "Mozilla/5.0 (Windows NT 10.0; Win64; x64) AppleWebKit/537.36 (KHTML, like Gecko) Chrome/90.0.4430.85 Safari/537.36"
198.38.94.67 - - [21/Jul/2026:12:14:51 +0000] "POST /?wordfence_syncAttackData=1784636091.3724 HTTP/1.1" 200 0 "-" "WordPress/7.0.1; https://goldendunesfilmfestival.com"
136.144.33.60 - - [21/Jul/2026:12:14:51 +0000] "POST /wp-login.php HTTP/1.1" 503 7739 "https://goldendunesfilmfestival.com/wp-admin/" "Mozilla/5.0 (Windows NT 10.0; Win64; x64) AppleWebKit/537.36 (KHTML, like Gecko) Chrome/90.0.4430.85 Safari/537.36"
136.144.33.60 - - [21/Jul/2026:12:14:52 +0000] "POST /admin HTTP/1.1" 503 7519 "https://goldendunesfilmfestival.com/wp-admin/" "Mozilla/5.0 (Windows NT 10.0; Win64; x64) AppleWebKit/537.36 (KHTML, like Gecko) Chrome/90.0.4430.85 Safari/537.36"
57.141.0.34 - - [21/Jul/2026:12:14:55 +0000] "GET /products/5151285/ HTTP/2" 404 31916 "-" "Mozilla/5.0 (Windows NT 10.0; Win64; x64) AppleWebKit/537.36 (KHTML, like Gecko) Chrome/145.0.0.0 Safari/537.36 (compatible; meta-externalagent/1.1 (+https://developers.facebook.com/docs/sharing/webmasters/crawler))"
198.38.94.67 - - [21/Jul/2026:12:15:03 +0000] "POST /wp-cron.php?doing_wp_cron=1784636103.1953821182250976562500 HTTP/1.1" 200 0 "-" "WordPress/7.0.1; https://goldendunesfilmfestival.com"
198.38.94.67 - - [21/Jul/2026:12:15:02 +0000] "POST /?wordfence_syncAttackData=1784636102.896 HTTP/1.1" 200 0 "-" "WordPress/7.0.1; https://goldendunesfilmfestival.com"
198.38.94.67 - - [21/Jul/2026:12:15:04 +0000] "POST /wp-cron.php?doing_wp_cron=1784636104.1160669326782226562500 HTTP/1.1" 200 0 "-" "WordPress/7.0.1; https://goldendunesfilmfestival.com"
136.144.33.90 - - [21/Jul/2026:12:15:02 +0000] "POST /wp-login.php HTTP/1.1" 503 7739 "https://goldendunesfilmfestival.com/wp-admin/" "Mozilla/5.0 (Windows NT 10.0; Win64; x64) AppleWebKit/537.36 (KHTML, like Gecko) Chrome/90.0.4430.85 Safari/537.36"
136.144.33.90 - - [21/Jul/2026:12:15:04 +0000] "POST /admin HTTP/1.1" 503 7519 "https://goldendunesfilmfestival.com/wp-admin/" "Mozilla/5.0 (Windows NT 10.0; Win64; x64) AppleWebKit/537.36 (KHTML, like Gecko) Chrome/90.0.4430.85 Safari/537.36"
198.38.94.67 - - [21/Jul/2026:12:15:16 +0000] "POST /?wordfence_syncAttackData=1784636116.8734 HTTP/1.1" 200 0 "-" "WordPress/7.0.1; https://goldendunesfilmfestival.com"
136.144.33.249 - - [21/Jul/2026:12:15:16 +0000] "POST /wp-login.php HTTP/1.1" 503 7739 "https://goldendunesfilmfestival.com/wp-admin/" "Mozilla/5.0 (Windows NT 10.0; Win64; x64) AppleWebKit/537.36 (KHTML, like Gecko) Chrome/90.0.4430.85 Safari/537.36"
136.144.33.249 - - [21/Jul/2026:12:15:18 +0000] "POST /admin HTTP/1.1" 503 7519 "https://goldendunesfilmfestival.com/wp-admin/" "Mozilla/5.0 (Windows NT 10.0; Win64; x64) AppleWebKit/537.36 (KHTML, like Gecko) Chrome/90.0.4430.85 Safari/537.36"
81.173.115.7 - - [21/Jul/2026:12:15:19 +0000] "GET /wp-login.php HTTP/2" 200 1904 "-" "Mozilla/5.0 (Windows NT 10.0; Win64; x64) AppleWebKit/537.36 (KHTML, like Gecko) Chrome/150.0.0.0 Safari/537.36"
81.173.115.7 - - [21/Jul/2026:12:15:19 +0000] "POST /wp-login.php HTTP/2" 503 6946 "https://goldendunesfilmfestival.com.azfilmstudios.com/wp-login.php" "Mozilla/5.0 (Windows NT 10.0; Win64; x64) AppleWebKit/537.36 (KHTML, like Gecko) Chrome/150.0.0.0 Safari/537.36"
136.144.33.69 - - [21/Jul/2026:12:15:24 +0000] "POST /wp-login.php HTTP/1.1" 503 7519 "https://goldendunesfilmfestival.com/wp-admin/" "Mozilla/5.0 (Windows NT 10.0; Win64; x64) AppleWebKit/537.36 (KHTML, like Gecko) Chrome/90.0.4430.85 Safari/537.36"
136.144.33.69 - - [21/Jul/2026:12:15:25 +0000] "POST /admin HTTP/1.1" 503 7519 "https://goldendunesfilmfestival.com/wp-admin/" "Mozilla/5.0 (Windows NT 10.0; Win64; x64) AppleWebKit/537.36 (KHTML, like Gecko) Chrome/90.0.4430.85 Safari/537.36"
198.38.94.67 - - [21/Jul/2026:12:15:27 +0000] "POST /?wordfence_syncAttackData=1784636127.8847 HTTP/1.1" 200 0 "-" "WordPress/7.0.1; https://goldendunesfilmfestival.com"
92.222.104.219 - - [21/Jul/2026:12:15:27 +0000] "GET /jouez-en-toute-securite-et-profitez-de-transactions-rapides-en-france-au-julius-casino/ HTTP/2" 404 7090 "-" "Mozilla/5.0 (compatible; AhrefsBot/7.0; +http://ahrefs.com/robot/)"
136.144.33.68 - - [21/Jul/2026:12:15:35 +0000] "POST /wp-login.php HTTP/1.1" 503 7739 "https://goldendunesfilmfestival.com/wp-admin/" "Mozilla/5.0 (Windows NT 10.0; Win64; x64) AppleWebKit/537.36 (KHTML, like Gecko) Chrome/90.0.4430.85 Safari/537.36"
136.144.33.68 - - [21/Jul/2026:12:15:36 +0000] "POST /admin HTTP/1.1" 503 7519 "https://goldendunesfilmfestival.com/wp-admin/" "Mozilla/5.0 (Windows NT 10.0; Win64; x64) AppleWebKit/537.36 (KHTML, like Gecko) Chrome/90.0.4430.85 Safari/537.36"
172.245.102.91 - - [21/Jul/2026:12:15:44 +0000] "POST /wp-login.php HTTP/1.1" 503 7519 "https://goldendunesfilmfestival.com/wp-admin/" "Mozilla/5.0 (Windows NT 10.0; Win64; x64) AppleWebKit/537.36 (KHTML, like Gecko) Chrome/90.0.4430.85 Safari/537.36"
172.245.102.91 - - [21/Jul/2026:12:15:44 +0000] "POST /admin HTTP/1.1" 503 7513 "https://goldendunesfilmfestival.com/wp-admin/" "Mozilla/5.0 (Windows NT 10.0; Win64; x64) AppleWebKit/537.36 (KHTML, like Gecko) Chrome/90.0.4430.85 Safari/537.36"
213.209.159.254 - - [21/Jul/2026:12:13:47 +0000] "POST /wp-content/plugins/updraftplus/vendor/rackspace/php-opencloud/lib/OpenCloud/Identity/Resource/cache_icons.php HTTP/2" 200 0 "-" "Mozilla/5.0 (Linux; Android 12; Pixel 6) AppleWebKit/537.36 (KHTML, like Gecko) Chrome/99.0.4844.58 Mobile Safari/537.36"
136.144.33.91 - - [21/Jul/2026:12:15:55 +0000] "POST /wp-login.php HTTP/1.1" 503 7519 "https://goldendunesfilmfestival.com/wp-admin/" "Mozilla/5.0 (Windows NT 10.0; Win64; x64) AppleWebKit/537.36 (KHTML, like Gecko) Chrome/90.0.4430.85 Safari/537.36"
136.144.33.91 - - [21/Jul/2026:12:15:56 +0000] "POST /admin HTTP/1.1" 503 7519 "https://goldendunesfilmfestival.com/wp-admin/" "Mozilla/5.0 (Windows NT 10.0; Win64; x64) AppleWebKit/537.36 (KHTML, like Gecko) Chrome/90.0.4430.85 Safari/537.36"
213.209.159.254 - - [21/Jul/2026:12:15:58 +0000] "POST /wp-content/plugins/updraftplus/vendor/rackspace/php-opencloud/lib/OpenCloud/Identity/Resource/cache_icons.php HTTP/2" 200 29 "-" "Mozilla/5.0 (Macintosh; Intel Mac OS X 10_15_7) AppleWebKit/605.1.15 (KHTML, like Gecko) Version/15.3 Safari/605.1.15"
136.144.33.77 - - [21/Jul/2026:12:15:58 +0000] "POST /wp-login.php HTTP/1.1" 503 7519 "https://goldendunesfilmfestival.com/wp-admin/" "Mozilla/5.0 (Windows NT 10.0; Win64; x64) AppleWebKit/537.36 (KHTML, like Gecko) Chrome/90.0.4430.85 Safari/537.36"
136.144.33.77 - - [21/Jul/2026:12:15:58 +0000] "POST /admin HTTP/1.1" 503 7519 "https://goldendunesfilmfestival.com/wp-admin/" "Mozilla/5.0 (Windows NT 10.0; Win64; x64) AppleWebKit/537.36 (KHTML, like Gecko) Chrome/90.0.4430.85 Safari/537.36"
198.38.94.67 - - [21/Jul/2026:12:16:03 +0000] "POST /?wordfence_syncAttackData=1784636162.9485 HTTP/1.1" 200 0 "-" "WordPress/7.0.1; https://goldendunesfilmfestival.com"
198.38.94.67 - - [21/Jul/2026:12:16:04 +0000] "POST /wp-cron.php?doing_wp_cron=1784636164.3068370819091796875000 HTTP/1.1" 200 0 "-" "WordPress/7.0.1; https://goldendunesfilmfestival.com"
172.245.102.92 - - [21/Jul/2026:12:16:02 +0000] "POST /wp-login.php HTTP/1.1" 503 7739 "https://goldendunesfilmfestival.com/wp-admin/" "Mozilla/5.0 (Windows NT 10.0; Win64; x64) AppleWebKit/537.36 (KHTML, like Gecko) Chrome/90.0.4430.85 Safari/537.36"
172.245.102.92 - - [21/Jul/2026:12:16:04 +0000] "POST /admin HTTP/1.1" 503 7519 "https://goldendunesfilmfestival.com/wp-admin/" "Mozilla/5.0 (Windows NT 10.0; Win64; x64) AppleWebKit/537.36 (KHTML, like Gecko) Chrome/90.0.4430.85 Safari/537.36"
136.144.33.57 - - [21/Jul/2026:12:16:13 +0000] "POST /wp-login.php HTTP/1.1" 503 7522 "https://goldendunesfilmfestival.com/wp-admin/" "Mozilla/5.0 (Windows NT 10.0; Win64; x64) AppleWebKit/537.36 (KHTML, like Gecko) Chrome/90.0.4430.85 Safari/537.36"
136.144.33.57 - - [21/Jul/2026:12:16:13 +0000] "POST /admin HTTP/1.1" 503 7522 "https://goldendunesfilmfestival.com/wp-admin/" "Mozilla/5.0 (Windows NT 10.0; Win64; x64) AppleWebKit/537.36 (KHTML, like Gecko) Chrome/90.0.4430.85 Safari/537.36"
198.38.94.67 - - [21/Jul/2026:12:16:15 +0000] "POST /?wordfence_syncAttackData=1784636175.8064 HTTP/1.1" 200 0 "-" "WordPress/7.0.1; https://goldendunesfilmfestival.com"
136.144.33.68 - - [21/Jul/2026:12:16:20 +0000] "POST /wp-login.php HTTP/1.1" 403 5812 "https://goldendunesfilmfestival.com/wp-admin/" "Mozilla/5.0 (Windows NT 10.0; Win64; x64) AppleWebKit/537.36 (KHTML, like Gecko) Chrome/90.0.4430.85 Safari/537.36"
136.144.33.68 - - [21/Jul/2026:12:16:20 +0000] "POST /admin HTTP/1.1" 503 7519 "https://goldendunesfilmfestival.com/wp-admin/" "Mozilla/5.0 (Windows NT 10.0; Win64; x64) AppleWebKit/537.36 (KHTML, like Gecko) Chrome/90.0.4430.85 Safari/537.36"
198.38.94.67 - - [21/Jul/2026:12:16:24 +0000] "POST /?wordfence_syncAttackData=1784636184.0882 HTTP/1.1" 200 0 "-" "WordPress/7.0.1; https://goldendunesfilmfestival.com"
57.141.0.61 - - [21/Jul/2026:12:16:28 +0000] "GET /products/8940352/ HTTP/2" 404 31912 "-" "Mozilla/5.0 (Macintosh; Intel Mac OS X 10_15_7) AppleWebKit/537.36 (KHTML, like Gecko) Chrome/145.0.0.0 Safari/537.36 (compatible; meta-externalagent/1.1 (+https://developers.facebook.com/docs/sharing/webmasters/crawler))"
136.144.33.95 - - [21/Jul/2026:12:16:32 +0000] "POST /wp-login.php HTTP/1.1" 503 7739 "https://goldendunesfilmfestival.com/wp-admin/" "Mozilla/5.0 (Windows NT 10.0; Win64; x64) AppleWebKit/537.36 (KHTML, like Gecko) Chrome/90.0.4430.85 Safari/537.36"
136.144.33.95 - - [21/Jul/2026:12:16:33 +0000] "POST /admin HTTP/1.1" 503 7739 "https://goldendunesfilmfestival.com/wp-admin/" "Mozilla/5.0 (Windows NT 10.0; Win64; x64) AppleWebKit/537.36 (KHTML, like Gecko) Chrome/90.0.4430.85 Safari/537.36"
198.38.94.67 - - [21/Jul/2026:12:16:38 +0000] "POST /wp-cron.php?doing_wp_cron=1784636198.3354771137237548828125 HTTP/1.1" 200 0 "-" "WordPress/7.0.1; https://goldendunesfilmfestival.com"
172.245.102.94 - - [21/Jul/2026:12:16:37 +0000] "POST /wp-login.php HTTP/1.1" 503 7739 "https://goldendunesfilmfestival.com/wp-admin/" "Mozilla/5.0 (Windows NT 10.0; Win64; x64) AppleWebKit/537.36 (KHTML, like Gecko) Chrome/90.0.4430.85 Safari/537.36"
172.245.102.94 - - [21/Jul/2026:12:16:38 +0000] "POST /admin HTTP/1.1" 503 7519 "https://goldendunesfilmfestival.com/wp-admin/" "Mozilla/5.0 (Windows NT 10.0; Win64; x64) AppleWebKit/537.36 (KHTML, like Gecko) Chrome/90.0.4430.85 Safari/537.36"
198.38.94.67 - - [21/Jul/2026:12:16:41 +0000] "POST /?wordfence_syncAttackData=1784636201.9011 HTTP/1.1" 200 0 "-" "WordPress/7.0.1; https://goldendunesfilmfestival.com"
57.141.0.31 - - [21/Jul/2026:12:16:41 +0000] "GET /products/4630430/ HTTP/2" 301 0 "-" "Mozilla/5.0 (Macintosh; Intel Mac OS X 10_15_7) AppleWebKit/537.36 (KHTML, like Gecko) Chrome/145.0.0.0 Safari/537.36 (compatible; meta-externalagent/1.1 (+https://developers.facebook.com/docs/sharing/webmasters/crawler))"
136.144.33.55 - - [21/Jul/2026:12:16:46 +0000] "POST /wp-login.php HTTP/1.1" 503 7519 "https://goldendunesfilmfestival.com/wp-admin/" "Mozilla/5.0 (Windows NT 10.0; Win64; x64) AppleWebKit/537.36 (KHTML, like Gecko) Chrome/90.0.4430.85 Safari/537.36"
136.144.33.55 - - [21/Jul/2026:12:16:46 +0000] "POST /admin HTTP/1.1" 503 7519 "https://goldendunesfilmfestival.com/wp-admin/" "Mozilla/5.0 (Windows NT 10.0; Win64; x64) AppleWebKit/537.36 (KHTML, like Gecko) Chrome/90.0.4430.85 Safari/537.36"
198.38.94.67 - - [21/Jul/2026:12:16:52 +0000] "POST /wp-cron.php?doing_wp_cron=1784636212.1586589813232421875000 HTTP/1.1" 200 0 "-" "WordPress/7.0.1; https://goldendunesfilmfestival.com"
198.38.94.67 - - [21/Jul/2026:12:16:52 +0000] "POST /?wordfence_syncAttackData=1784636211.9989 HTTP/1.1" 200 0 "-" "WordPress/7.0.1; https://goldendunesfilmfestival.com"
136.144.33.66 - - [21/Jul/2026:12:16:53 +0000] "POST /wp-login.php HTTP/1.1" 503 7522 "https://goldendunesfilmfestival.com/wp-admin/" "Mozilla/5.0 (Windows NT 10.0; Win64; x64) AppleWebKit/537.36 (KHTML, like Gecko) Chrome/90.0.4430.85 Safari/537.36"
136.144.33.66 - - [21/Jul/2026:12:16:54 +0000] "POST /admin HTTP/1.1" 503 7522 "https://goldendunesfilmfestival.com/wp-admin/" "Mozilla/5.0 (Windows NT 10.0; Win64; x64) AppleWebKit/537.36 (KHTML, like Gecko) Chrome/90.0.4430.85 Safari/537.36"
57.141.0.25 - - [21/Jul/2026:12:16:58 +0000] "GET /products/15990574/ HTTP/2" 404 31916 "-" "Mozilla/5.0 (Windows NT 10.0; Win64; x64) AppleWebKit/537.36 (KHTML, like Gecko) Chrome/145.0.0.0 Safari/537.36 (compatible; meta-externalagent/1.1 (+https://developers.facebook.com/docs/sharing/webmasters/crawler))"
136.144.33.89 - - [21/Jul/2026:12:16:58 +0000] "POST /wp-login.php HTTP/1.1" 503 7519 "https://goldendunesfilmfestival.com/wp-admin/" "Mozilla/5.0 (Windows NT 10.0; Win64; x64) AppleWebKit/537.36 (KHTML, like Gecko) Chrome/90.0.4430.85 Safari/537.36"
136.144.33.89 - - [21/Jul/2026:12:16:59 +0000] "POST /admin HTTP/1.1" 503 7519 "https://goldendunesfilmfestival.com/wp-admin/" "Mozilla/5.0 (Windows NT 10.0; Win64; x64) AppleWebKit/537.36 (KHTML, like Gecko) Chrome/90.0.4430.85 Safari/537.36"
136.144.33.60 - - [21/Jul/2026:12:17:05 +0000] "POST /wp-login.php HTTP/1.1" 503 7519 "https://goldendunesfilmfestival.com/wp-admin/" "Mozilla/5.0 (Windows NT 10.0; Win64; x64) AppleWebKit/537.36 (KHTML, like Gecko) Chrome/90.0.4430.85 Safari/537.36"
136.144.33.60 - - [21/Jul/2026:12:17:06 +0000] "POST /admin HTTP/1.1" 503 7519 "https://goldendunesfilmfestival.com/wp-admin/" "Mozilla/5.0 (Windows NT 10.0; Win64; x64) AppleWebKit/537.36 (KHTML, like Gecko) Chrome/90.0.4430.85 Safari/537.36"
136.144.33.68 - - [21/Jul/2026:12:17:09 +0000] "POST /wp-login.php HTTP/1.1" 503 7519 "https://goldendunesfilmfestival.com/wp-admin/" "Mozilla/5.0 (Windows NT 10.0; Win64; x64) AppleWebKit/537.36 (KHTML, like Gecko) Chrome/90.0.4430.85 Safari/537.36"
136.144.33.68 - - [21/Jul/2026:12:17:10 +0000] "POST /admin HTTP/1.1" 503 7519 "https://goldendunesfilmfestival.com/wp-admin/" "Mozilla/5.0 (Windows NT 10.0; Win64; x64) AppleWebKit/537.36 (KHTML, like Gecko) Chrome/90.0.4430.85 Safari/537.36"
198.38.94.67 - - [21/Jul/2026:12:17:20 +0000] "POST /wp-cron.php?doing_wp_cron=1784636240.0489270687103271484375 HTTP/1.1" 200 0 "-" "WordPress/7.0.1; https://goldendunesfilmfestival.com"
198.38.94.67 - - [21/Jul/2026:12:17:19 +0000] "POST /?wordfence_syncAttackData=1784636239.6744 HTTP/1.1" 200 0 "-" "WordPress/7.0.1; https://goldendunesfilmfestival.com"
198.38.94.67 - - [21/Jul/2026:12:17:21 +0000] "POST /wp-cron.php?doing_wp_cron=1784636241.0592350959777832031250 HTTP/1.1" 200 0 "-" "WordPress/7.0.1; https://goldendunesfilmfestival.com"
136.144.33.94 - - [21/Jul/2026:12:17:19 +0000] "POST /wp-login.php HTTP/1.1" 503 7739 "https://goldendunesfilmfestival.com/wp-admin/" "Mozilla/5.0 (Windows NT 10.0; Win64; x64) AppleWebKit/537.36 (KHTML, like Gecko) Chrome/90.0.4430.85 Safari/537.36"
136.144.33.94 - - [21/Jul/2026:12:17:21 +0000] "POST /admin HTTP/1.1" 503 7519 "https://goldendunesfilmfestival.com/wp-admin/" "Mozilla/5.0 (Windows NT 10.0; Win64; x64) AppleWebKit/537.36 (KHTML, like Gecko) Chrome/90.0.4430.85 Safari/537.36"
57.141.0.36 - - [21/Jul/2026:12:17:25 +0000] "GET /products/1723707/ HTTP/2" 404 31916 "-" "Mozilla/5.0 (Windows NT 10.0; Win64; x64) AppleWebKit/537.36 (KHTML, like Gecko) Chrome/145.0.0.0 Safari/537.36 (compatible; meta-externalagent/1.1 (+https://developers.facebook.com/docs/sharing/webmasters/crawler))"
136.144.33.56 - - [21/Jul/2026:12:17:26 +0000] "POST /wp-login.php HTTP/1.1" 503 7739 "https://goldendunesfilmfestival.com/wp-admin/" "Mozilla/5.0 (Windows NT 10.0; Win64; x64) AppleWebKit/537.36 (KHTML, like Gecko) Chrome/90.0.4430.85 Safari/537.36"
136.144.33.56 - - [21/Jul/2026:12:17:27 +0000] "POST /admin HTTP/1.1" 503 7519 "https://goldendunesfilmfestival.com/wp-admin/" "Mozilla/5.0 (Windows NT 10.0; Win64; x64) AppleWebKit/537.36 (KHTML, like Gecko) Chrome/90.0.4430.85 Safari/537.36"
198.38.94.67 - - [21/Jul/2026:12:17:30 +0000] "POST /?wordfence_syncAttackData=1784636250.3241 HTTP/1.1" 200 0 "-" "WordPress/7.0.1; https://goldendunesfilmfestival.com"
136.144.33.91 - - [21/Jul/2026:12:17:38 +0000] "POST /wp-login.php HTTP/1.1" 503 7522 "https://goldendunesfilmfestival.com/wp-admin/" "Mozilla/5.0 (Windows NT 10.0; Win64; x64) AppleWebKit/537.36 (KHTML, like Gecko) Chrome/90.0.4430.85 Safari/537.36"
136.144.33.91 - - [21/Jul/2026:12:17:39 +0000] "POST /admin HTTP/1.1" 503 7522 "https://goldendunesfilmfestival.com/wp-admin/" "Mozilla/5.0 (Windows NT 10.0; Win64; x64) AppleWebKit/537.36 (KHTML, like Gecko) Chrome/90.0.4430.85 Safari/537.36"
136.144.33.90 - - [21/Jul/2026:12:17:41 +0000] "POST /wp-login.php HTTP/1.1" 403 5812 "https://goldendunesfilmfestival.com/wp-admin/" "Mozilla/5.0 (Windows NT 10.0; Win64; x64) AppleWebKit/537.36 (KHTML, like Gecko) Chrome/90.0.4430.85 Safari/537.36"
136.144.33.90 - - [21/Jul/2026:12:17:41 +0000] "POST /admin HTTP/1.1" 503 7522 "https://goldendunesfilmfestival.com/wp-admin/" "Mozilla/5.0 (Windows NT 10.0; Win64; x64) AppleWebKit/537.36 (KHTML, like Gecko) Chrome/90.0.4430.85 Safari/537.36"
136.144.33.55 - - [21/Jul/2026:12:17:48 +0000] "POST /wp-login.php HTTP/1.1" 503 7522 "https://goldendunesfilmfestival.com/wp-admin/" "Mozilla/5.0 (Windows NT 10.0; Win64; x64) AppleWebKit/537.36 (KHTML, like Gecko) Chrome/90.0.4430.85 Safari/537.36"
136.144.33.55 - - [21/Jul/2026:12:17:48 +0000] "POST /admin HTTP/1.1" 503 7522 "https://goldendunesfilmfestival.com/wp-admin/" "Mozilla/5.0 (Windows NT 10.0; Win64; x64) AppleWebKit/537.36 (KHTML, like Gecko) Chrome/90.0.4430.85 Safari/537.36"
198.38.94.67 - - [21/Jul/2026:12:17:53 +0000] "POST /?wordfence_syncAttackData=1784636273.3449 HTTP/1.1" 200 0 "-" "WordPress/7.0.1; https://goldendunesfilmfestival.com"
57.141.0.18 - - [21/Jul/2026:12:17:53 +0000] "GET /products/5253174/ HTTP/2" 301 0 "-" "Mozilla/5.0 (Macintosh; Intel Mac OS X 10_15_7) AppleWebKit/537.36 (KHTML, like Gecko) Chrome/145.0.0.0 Safari/537.36 (compatible; meta-externalagent/1.1 (+https://developers.facebook.com/docs/sharing/webmasters/crawler))"
57.141.0.32 - - [21/Jul/2026:12:17:55 +0000] "GET /products/21787974/ HTTP/2" 404 31916 "-" "Mozilla/5.0 (Windows NT 10.0; Win64; x64) AppleWebKit/537.36 (KHTML, like Gecko) Chrome/145.0.0.0 Safari/537.36 (compatible; meta-externalagent/1.1 (+https://developers.facebook.com/docs/sharing/webmasters/crawler))"
172.245.102.94 - - [21/Jul/2026:12:17:55 +0000] "POST /wp-login.php HTTP/1.1" 403 5812 "https://goldendunesfilmfestival.com/wp-admin/" "Mozilla/5.0 (Windows NT 10.0; Win64; x64) AppleWebKit/537.36 (KHTML, like Gecko) Chrome/90.0.4430.85 Safari/537.36"
172.245.102.94 - - [21/Jul/2026:12:17:56 +0000] "POST /admin HTTP/1.1" 503 7519 "https://goldendunesfilmfestival.com/wp-admin/" "Mozilla/5.0 (Windows NT 10.0; Win64; x64) AppleWebKit/537.36 (KHTML, like Gecko) Chrome/90.0.4430.85 Safari/537.36"
57.141.0.24 - - [21/Jul/2026:12:17:57 +0000] "GET /products/23967307/ HTTP/2" 301 0 "-" "Mozilla/5.0 (Macintosh; Intel Mac OS X 10_15_7) AppleWebKit/537.36 (KHTML, like Gecko) Chrome/145.0.0.0 Safari/537.36 (compatible; meta-externalagent/1.1 (+https://developers.facebook.com/docs/sharing/webmasters/crawler))"
198.38.94.67 - - [21/Jul/2026:12:18:05 +0000] "POST /?wordfence_syncAttackData=1784636285.0952 HTTP/1.1" 200 0 "-" "WordPress/7.0.1; https://goldendunesfilmfestival.com"
57.141.0.4 - - [21/Jul/2026:12:18:04 +0000] "GET /products/13540230/ HTTP/2" 404 31916 "-" "Mozilla/5.0 (Windows NT 10.0; Win64; x64) AppleWebKit/537.36 (KHTML, like Gecko) Chrome/145.0.0.0 Safari/537.36 (compatible; meta-externalagent/1.1 (+https://developers.facebook.com/docs/sharing/webmasters/crawler))"
136.144.33.80 - - [21/Jul/2026:12:18:05 +0000] "POST /wp-login.php HTTP/1.1" 503 7739 "https://goldendunesfilmfestival.com/wp-admin/" "Mozilla/5.0 (Windows NT 10.0; Win64; x64) AppleWebKit/537.36 (KHTML, like Gecko) Chrome/90.0.4430.85 Safari/537.36"
136.144.33.80 - - [21/Jul/2026:12:18:06 +0000] "POST /admin HTTP/1.1" 503 7519 "https://goldendunesfilmfestival.com/wp-admin/" "Mozilla/5.0 (Windows NT 10.0; Win64; x64) AppleWebKit/537.36 (KHTML, like Gecko) Chrome/90.0.4430.85 Safari/537.36"
136.144.33.95 - - [21/Jul/2026:12:18:11 +0000] "POST /wp-login.php HTTP/1.1" 503 7522 "https://goldendunesfilmfestival.com/wp-admin/" "Mozilla/5.0 (Windows NT 10.0; Win64; x64) AppleWebKit/537.36 (KHTML, like Gecko) Chrome/90.0.4430.85 Safari/537.36"
136.144.33.95 - - [21/Jul/2026:12:18:11 +0000] "POST /admin HTTP/1.1" 503 7522 "https://goldendunesfilmfestival.com/wp-admin/" "Mozilla/5.0 (Windows NT 10.0; Win64; x64) AppleWebKit/537.36 (KHTML, like Gecko) Chrome/90.0.4430.85 Safari/537.36"
136.144.33.56 - - [21/Jul/2026:12:18:13 +0000] "POST /wp-login.php HTTP/1.1" 503 7522 "https://goldendunesfilmfestival.com/wp-admin/" "Mozilla/5.0 (Windows NT 10.0; Win64; x64) AppleWebKit/537.36 (KHTML, like Gecko) Chrome/90.0.4430.85 Safari/537.36"
136.144.33.56 - - [21/Jul/2026:12:18:14 +0000] "POST /admin HTTP/1.1" 503 7522 "https://goldendunesfilmfestival.com/wp-admin/" "Mozilla/5.0 (Windows NT 10.0; Win64; x64) AppleWebKit/537.36 (KHTML, like Gecko) Chrome/90.0.4430.85 Safari/537.36"
198.38.94.67 - - [21/Jul/2026:12:18:20 +0000] "POST /?wordfence_syncAttackData=1784636300.1343 HTTP/1.1" 200 0 "-" "WordPress/7.0.1; https://goldendunesfilmfestival.com"
57.141.0.7 - - [21/Jul/2026:12:18:20 +0000] "GET /products/4536874/ HTTP/2" 404 31914 "-" "Mozilla/5.0 (Windows NT 10.0; Win64; x64) AppleWebKit/537.36 (KHTML, like Gecko) Chrome/145.0.0.0 Safari/537.36 Edg/145.0.0.0 (compatible; meta-externalagent/1.1 (+https://developers.facebook.com/docs/sharing/webmasters/crawler))"
198.38.94.67 - - [21/Jul/2026:12:18:24 +0000] "POST /wp-cron.php?doing_wp_cron=1784636304.5593268871307373046875 HTTP/1.1" 200 0 "-" "WordPress/7.0.1; https://goldendunesfilmfestival.com"
172.245.102.93 - - [21/Jul/2026:12:18:23 +0000] "POST /wp-login.php HTTP/1.1" 503 7739 "https://goldendunesfilmfestival.com/wp-admin/" "Mozilla/5.0 (Windows NT 10.0; Win64; x64) AppleWebKit/537.36 (KHTML, like Gecko) Chrome/90.0.4430.85 Safari/537.36"
172.245.102.93 - - [21/Jul/2026:12:18:24 +0000] "POST /admin HTTP/1.1" 503 7513 "https://goldendunesfilmfestival.com/wp-admin/" "Mozilla/5.0 (Windows NT 10.0; Win64; x64) AppleWebKit/537.36 (KHTML, like Gecko) Chrome/90.0.4430.85 Safari/537.36"
198.38.94.67 - - [21/Jul/2026:12:18:30 +0000] "POST /?wordfence_syncAttackData=1784636310.1976 HTTP/1.1" 200 0 "-" "WordPress/7.0.1; https://goldendunesfilmfestival.com"
57.141.0.69 - - [21/Jul/2026:12:18:30 +0000] "GET /products/18347218/ HTTP/2" 404 31912 "-" "Mozilla/5.0 (Macintosh; Intel Mac OS X 10_15_7) AppleWebKit/537.36 (KHTML, like Gecko) Chrome/145.0.0.0 Safari/537.36 (compatible; meta-externalagent/1.1 (+https://developers.facebook.com/docs/sharing/webmasters/crawler))"
136.144.33.77 - - [21/Jul/2026:12:18:34 +0000] "POST /wp-login.php HTTP/1.1" 403 5812 "https://goldendunesfilmfestival.com/wp-admin/" "Mozilla/5.0 (Windows NT 10.0; Win64; x64) AppleWebKit/537.36 (KHTML, like Gecko) Chrome/90.0.4430.85 Safari/537.36"
136.144.33.77 - - [21/Jul/2026:12:18:34 +0000] "POST /admin HTTP/1.1" 302 0 "https://goldendunesfilmfestival.com/wp-admin/" "Mozilla/5.0 (Windows NT 10.0; Win64; x64) AppleWebKit/537.36 (KHTML, like Gecko) Chrome/90.0.4430.85 Safari/537.36"
136.144.33.77 - - [21/Jul/2026:12:18:35 +0000] "GET /wp-admin/ HTTP/1.1" 302 0 "https://goldendunesfilmfestival.com/wp-admin/" "Mozilla/5.0 (Windows NT 10.0; Win64; x64) AppleWebKit/537.36 (KHTML, like Gecko) Chrome/90.0.4430.85 Safari/537.36"
136.144.33.77 - - [21/Jul/2026:12:18:35 +0000] "GET /wp-login.php?redirect_to=https%3A%2F%2Fgoldendunesfilmfestival.com%2Fwp-admin%2F&reauth=1 HTTP/1.1" 200 2136 "https://goldendunesfilmfestival.com/wp-admin/" "Mozilla/5.0 (Windows NT 10.0; Win64; x64) AppleWebKit/537.36 (KHTML, like Gecko) Chrome/90.0.4430.85 Safari/537.36"
136.144.33.44 - - [21/Jul/2026:12:18:39 +0000] "POST /wp-login.php HTTP/1.1" 503 7739 "https://goldendunesfilmfestival.com/wp-admin/" "Mozilla/5.0 (Windows NT 10.0; Win64; x64) AppleWebKit/537.36 (KHTML, like Gecko) Chrome/90.0.4430.85 Safari/537.36"
136.144.33.44 - - [21/Jul/2026:12:18:40 +0000] "POST /admin HTTP/1.1" 503 7519 "https://goldendunesfilmfestival.com/wp-admin/" "Mozilla/5.0 (Windows NT 10.0; Win64; x64) AppleWebKit/537.36 (KHTML, like Gecko) Chrome/90.0.4430.85 Safari/537.36"
136.144.33.80 - - [21/Jul/2026:12:18:56 +0000] "POST /wp-login.php HTTP/1.1" 503 7519 "https://goldendunesfilmfestival.com/wp-admin/" "Mozilla/5.0 (Windows NT 10.0; Win64; x64) AppleWebKit/537.36 (KHTML, like Gecko) Chrome/90.0.4430.85 Safari/537.36"
136.144.33.80 - - [21/Jul/2026:12:18:57 +0000] "POST /admin HTTP/1.1" 503 7519 "https://goldendunesfilmfestival.com/wp-admin/" "Mozilla/5.0 (Windows NT 10.0; Win64; x64) AppleWebKit/537.36 (KHTML, like Gecko) Chrome/90.0.4430.85 Safari/537.36"
198.38.94.67 - - [21/Jul/2026:12:19:02 +0000] "POST /wp-cron.php?doing_wp_cron=1784636342.0069599151611328125000 HTTP/1.1" 200 0 "-" "WordPress/7.0.1; https://goldendunesfilmfestival.com"
198.38.94.67 - - [21/Jul/2026:12:19:01 +0000] "POST /?wordfence_syncAttackData=1784636341.736 HTTP/1.1" 200 0 "-" "WordPress/7.0.1; https://goldendunesfilmfestival.com"
66.132.195.78 - - [21/Jul/2026:12:19:01 +0000] "GET /wp-json/?_fields=name,description,home,gmt_offset,timezone_string,namespaces HTTP/1.1" 200 253 "-" "Mozilla/5.0 (compatible; CensysInspect/1.1; +https://about.censys.io/)"
136.144.33.67 - - [21/Jul/2026:12:19:10 +0000] "POST /wp-login.php HTTP/1.1" 403 5812 "https://goldendunesfilmfestival.com/wp-admin/" "Mozilla/5.0 (Windows NT 10.0; Win64; x64) AppleWebKit/537.36 (KHTML, like Gecko) Chrome/90.0.4430.85 Safari/537.36"
136.144.33.67 - - [21/Jul/2026:12:19:10 +0000] "POST /admin HTTP/1.1" 302 0 "https://goldendunesfilmfestival.com/wp-admin/" "Mozilla/5.0 (Windows NT 10.0; Win64; x64) AppleWebKit/537.36 (KHTML, like Gecko) Chrome/90.0.4430.85 Safari/537.36"
136.144.33.67 - - [21/Jul/2026:12:19:11 +0000] "GET /wp-admin/ HTTP/1.1" 302 0 "https://goldendunesfilmfestival.com/wp-admin/" "Mozilla/5.0 (Windows NT 10.0; Win64; x64) AppleWebKit/537.36 (KHTML, like Gecko) Chrome/90.0.4430.85 Safari/537.36"
136.144.33.67 - - [21/Jul/2026:12:19:12 +0000] "GET /wp-login.php?redirect_to=https%3A%2F%2Fgoldendunesfilmfestival.com%2Fwp-admin%2F&reauth=1 HTTP/1.1" 200 2136 "https://goldendunesfilmfestival.com/wp-admin/" "Mozilla/5.0 (Windows NT 10.0; Win64; x64) AppleWebKit/537.36 (KHTML, like Gecko) Chrome/90.0.4430.85 Safari/537.36"
136.144.33.94 - - [21/Jul/2026:12:19:23 +0000] "POST /wp-login.php HTTP/1.1" 503 7522 "https://goldendunesfilmfestival.com/wp-admin/" "Mozilla/5.0 (Windows NT 10.0; Win64; x64) AppleWebKit/537.36 (KHTML, like Gecko) Chrome/90.0.4430.85 Safari/537.36"
136.144.33.94 - - [21/Jul/2026:12:19:24 +0000] "POST /admin HTTP/1.1" 503 7522 "https://goldendunesfilmfestival.com/wp-admin/" "Mozilla/5.0 (Windows NT 10.0; Win64; x64) AppleWebKit/537.36 (KHTML, like Gecko) Chrome/90.0.4430.85 Safari/537.36"
198.38.94.67 - - [21/Jul/2026:12:19:31 +0000] "POST /wp-cron.php?doing_wp_cron=1784636371.1844019889831542968750 HTTP/1.1" 200 0 "-" "WordPress/7.0.1; https://goldendunesfilmfestival.com"
198.38.94.67 - - [21/Jul/2026:12:19:31 +0000] "POST /?wordfence_syncAttackData=1784636370.8973 HTTP/1.1" 200 0 "-" "WordPress/7.0.1; https://goldendunesfilmfestival.com"
198.38.94.67 - - [21/Jul/2026:12:19:31 +0000] "POST /wp-cron.php?doing_wp_cron=1784636371.5320699214935302734375 HTTP/1.1" 200 0 "-" "WordPress/7.0.1; https://goldendunesfilmfestival.com"
57.141.0.48 - - [21/Jul/2026:12:19:30 +0000] "GET /products/24070274/ HTTP/2" 404 31916 "-" "Mozilla/5.0 (Windows NT 10.0; Win64; x64) AppleWebKit/537.36 (KHTML, like Gecko) Chrome/145.0.0.0 Safari/537.36 (compatible; meta-externalagent/1.1 (+https://developers.facebook.com/docs/sharing/webmasters/crawler))"
136.144.33.69 - - [21/Jul/2026:12:19:35 +0000] "POST /wp-login.php HTTP/1.1" 503 7519 "https://goldendunesfilmfestival.com/wp-admin/" "Mozilla/5.0 (Windows NT 10.0; Win64; x64) AppleWebKit/537.36 (KHTML, like Gecko) Chrome/90.0.4430.85 Safari/537.36"
136.144.33.69 - - [21/Jul/2026:12:19:35 +0000] "POST /admin HTTP/1.1" 503 7519 "https://goldendunesfilmfestival.com/wp-admin/" "Mozilla/5.0 (Windows NT 10.0; Win64; x64) AppleWebKit/537.36 (KHTML, like Gecko) Chrome/90.0.4430.85 Safari/537.36"
57.141.0.17 - - [21/Jul/2026:12:19:37 +0000] "GET /products/24136996/ HTTP/2" 404 31914 "-" "Mozilla/5.0 (Windows NT 10.0; Win64; x64) AppleWebKit/537.36 (KHTML, like Gecko) Chrome/145.0.0.0 Safari/537.36 Edg/145.0.0.0 (compatible; meta-externalagent/1.1 (+https://developers.facebook.com/docs/sharing/webmasters/crawler))"
172.245.102.91 - - [21/Jul/2026:12:19:47 +0000] "POST /wp-login.php HTTP/1.1" 503 7519 "https://goldendunesfilmfestival.com/wp-admin/" "Mozilla/5.0 (Windows NT 10.0; Win64; x64) AppleWebKit/537.36 (KHTML, like Gecko) Chrome/90.0.4430.85 Safari/537.36"
172.245.102.91 - - [21/Jul/2026:12:19:47 +0000] "POST /admin HTTP/1.1" 503 7519 "https://goldendunesfilmfestival.com/wp-admin/" "Mozilla/5.0 (Windows NT 10.0; Win64; x64) AppleWebKit/537.36 (KHTML, like Gecko) Chrome/90.0.4430.85 Safari/537.36"
198.38.94.67 - - [21/Jul/2026:12:19:56 +0000] "POST /?wordfence_syncAttackData=1784636396.5016 HTTP/1.1" 200 0 "-" "WordPress/7.0.1; https://goldendunesfilmfestival.com"
136.144.33.76 - - [21/Jul/2026:12:19:56 +0000] "POST /wp-login.php HTTP/1.1" 503 7739 "https://goldendunesfilmfestival.com/wp-admin/" "Mozilla/5.0 (Windows NT 10.0; Win64; x64) AppleWebKit/537.36 (KHTML, like Gecko) Chrome/90.0.4430.85 Safari/537.36"
136.144.33.76 - - [21/Jul/2026:12:19:57 +0000] "POST /admin HTTP/1.1" 503 7519 "https://goldendunesfilmfestival.com/wp-admin/" "Mozilla/5.0 (Windows NT 10.0; Win64; x64) AppleWebKit/537.36 (KHTML, like Gecko) Chrome/90.0.4430.85 Safari/537.36"
136.144.33.249 - - [21/Jul/2026:12:20:05 +0000] "POST /wp-login.php HTTP/1.1" 503 7519 "https://goldendunesfilmfestival.com/wp-admin/" "Mozilla/5.0 (Windows NT 10.0; Win64; x64) AppleWebKit/537.36 (KHTML, like Gecko) Chrome/90.0.4430.85 Safari/537.36"
136.144.33.249 - - [21/Jul/2026:12:20:05 +0000] "POST /admin HTTP/1.1" 503 7519 "https://goldendunesfilmfestival.com/wp-admin/" "Mozilla/5.0 (Windows NT 10.0; Win64; x64) AppleWebKit/537.36 (KHTML, like Gecko) Chrome/90.0.4430.85 Safari/537.36"
136.144.33.44 - - [21/Jul/2026:12:20:09 +0000] "POST /wp-login.php HTTP/1.1" 403 5812 "https://goldendunesfilmfestival.com/wp-admin/" "Mozilla/5.0 (Windows NT 10.0; Win64; x64) AppleWebKit/537.36 (KHTML, like Gecko) Chrome/90.0.4430.85 Safari/537.36"
136.144.33.44 - - [21/Jul/2026:12:20:10 +0000] "POST /admin HTTP/1.1" 503 7519 "https://goldendunesfilmfestival.com/wp-admin/" "Mozilla/5.0 (Windows NT 10.0; Win64; x64) AppleWebKit/537.36 (KHTML, like Gecko) Chrome/90.0.4430.85 Safari/537.36"
198.38.94.67 - - [21/Jul/2026:12:20:17 +0000] "POST /?wordfence_syncAttackData=1784636417.4418 HTTP/1.1" 200 0 "-" "WordPress/7.0.1; https://goldendunesfilmfestival.com"
57.141.0.62 - - [21/Jul/2026:12:20:17 +0000] "GET /products/20477929/ HTTP/2" 404 31916 "-" "Mozilla/5.0 (Windows NT 10.0; Win64; x64) AppleWebKit/537.36 (KHTML, like Gecko) Chrome/145.0.0.0 Safari/537.36 (compatible; meta-externalagent/1.1 (+https://developers.facebook.com/docs/sharing/webmasters/crawler))"
136.144.33.93 - - [21/Jul/2026:12:20:17 +0000] "POST /wp-login.php HTTP/1.1" 503 7739 "https://goldendunesfilmfestival.com/wp-admin/" "Mozilla/5.0 (Windows NT 10.0; Win64; x64) AppleWebKit/537.36 (KHTML, like Gecko) Chrome/90.0.4430.85 Safari/537.36"
136.144.33.93 - - [21/Jul/2026:12:20:19 +0000] "POST /admin HTTP/1.1" 503 7519 "https://goldendunesfilmfestival.com/wp-admin/" "Mozilla/5.0 (Windows NT 10.0; Win64; x64) AppleWebKit/537.36 (KHTML, like Gecko) Chrome/90.0.4430.85 Safari/537.36"
57.141.0.40 - - [21/Jul/2026:12:20:23 +0000] "GET /products/24306396/ HTTP/2" 404 31916 "-" "Mozilla/5.0 (Windows NT 10.0; Win64; x64) AppleWebKit/537.36 (KHTML, like Gecko) Chrome/145.0.0.0 Safari/537.36 (compatible; meta-externalagent/1.1 (+https://developers.facebook.com/docs/sharing/webmasters/crawler))"
136.144.33.82 - - [21/Jul/2026:12:20:22 +0000] "POST /wp-login.php HTTP/1.1" 503 7739 "https://goldendunesfilmfestival.com/wp-admin/" "Mozilla/5.0 (Windows NT 10.0; Win64; x64) AppleWebKit/537.36 (KHTML, like Gecko) Chrome/90.0.4430.85 Safari/537.36"
136.144.33.82 - - [21/Jul/2026:12:20:24 +0000] "POST /admin HTTP/1.1" 503 7519 "https://goldendunesfilmfestival.com/wp-admin/" "Mozilla/5.0 (Windows NT 10.0; Win64; x64) AppleWebKit/537.36 (KHTML, like Gecko) Chrome/90.0.4430.85 Safari/537.36"
136.144.33.85 - - [21/Jul/2026:12:20:28 +0000] "POST /wp-login.php HTTP/1.1" 503 7519 "https://goldendunesfilmfestival.com/wp-admin/" "Mozilla/5.0 (Windows NT 10.0; Win64; x64) AppleWebKit/537.36 (KHTML, like Gecko) Chrome/90.0.4430.85 Safari/537.36"
136.144.33.85 - - [21/Jul/2026:12:20:28 +0000] "POST /admin HTTP/1.1" 503 7519 "https://goldendunesfilmfestival.com/wp-admin/" "Mozilla/5.0 (Windows NT 10.0; Win64; x64) AppleWebKit/537.36 (KHTML, like Gecko) Chrome/90.0.4430.85 Safari/537.36"
198.38.94.67 - - [21/Jul/2026:12:20:44 +0000] "POST /wp-cron.php?doing_wp_cron=1784636443.9838631153106689453125 HTTP/1.1" 200 0 "-" "WordPress/7.0.1; https://goldendunesfilmfestival.com"
198.38.94.67 - - [21/Jul/2026:12:20:43 +0000] "POST /?wordfence_syncAttackData=1784636443.6809 HTTP/1.1" 200 0 "-" "WordPress/7.0.1; https://goldendunesfilmfestival.com"
198.38.94.67 - - [21/Jul/2026:12:20:45 +0000] "POST /wp-cron.php?doing_wp_cron=1784636445.0196199417114257812500 HTTP/1.1" 200 0 "-" "WordPress/7.0.1; https://goldendunesfilmfestival.com"
136.144.33.84 - - [21/Jul/2026:12:20:43 +0000] "POST /wp-login.php HTTP/1.1" 503 7739 "https://goldendunesfilmfestival.com/wp-admin/" "Mozilla/5.0 (Windows NT 10.0; Win64; x64) AppleWebKit/537.36 (KHTML, like Gecko) Chrome/90.0.4430.85 Safari/537.36"
136.144.33.84 - - [21/Jul/2026:12:20:45 +0000] "POST /admin HTTP/1.1" 503 7519 "https://goldendunesfilmfestival.com/wp-admin/" "Mozilla/5.0 (Windows NT 10.0; Win64; x64) AppleWebKit/537.36 (KHTML, like Gecko) Chrome/90.0.4430.85 Safari/537.36"
136.144.33.55 - - [21/Jul/2026:12:20:49 +0000] "POST /wp-login.php HTTP/1.1" 503 7519 "https://goldendunesfilmfestival.com/wp-admin/" "Mozilla/5.0 (Windows NT 10.0; Win64; x64) AppleWebKit/537.36 (KHTML, like Gecko) Chrome/90.0.4430.85 Safari/537.36"
136.144.33.55 - - [21/Jul/2026:12:20:50 +0000] "POST /admin HTTP/1.1" 503 7519 "https://goldendunesfilmfestival.com/wp-admin/" "Mozilla/5.0 (Windows NT 10.0; Win64; x64) AppleWebKit/537.36 (KHTML, like Gecko) Chrome/90.0.4430.85 Safari/537.36"
57.141.0.35 - - [21/Jul/2026:12:20:50 +0000] "GET /products/4994141/ HTTP/2" 404 31914 "-" "Mozilla/5.0 (X11; Linux x86_64) AppleWebKit/537.36 (KHTML, like Gecko) Chrome/145.0.0.0 Safari/537.36 (compatible; meta-externalagent/1.1 (+https://developers.facebook.com/docs/sharing/webmasters/crawler))"
198.38.94.67 - - [21/Jul/2026:12:21:00 +0000] "POST /?wordfence_syncAttackData=1784636460.6166 HTTP/1.1" 200 0 "-" "WordPress/7.0.1; https://goldendunesfilmfestival.com"
57.141.0.37 - - [21/Jul/2026:12:21:00 +0000] "GET /products/17176252/ HTTP/2" 404 31912 "-" "Mozilla/5.0 (Macintosh; Intel Mac OS X 10_15_7) AppleWebKit/537.36 (KHTML, like Gecko) Chrome/145.0.0.0 Safari/537.36 (compatible; meta-externalagent/1.1 (+https://developers.facebook.com/docs/sharing/webmasters/crawler))"
136.144.33.60 - - [21/Jul/2026:12:21:06 +0000] "POST /wp-login.php HTTP/1.1" 503 7519 "https://goldendunesfilmfestival.com/wp-admin/" "Mozilla/5.0 (Windows NT 10.0; Win64; x64) AppleWebKit/537.36 (KHTML, like Gecko) Chrome/90.0.4430.85 Safari/537.36"
136.144.33.60 - - [21/Jul/2026:12:21:06 +0000] "POST /admin HTTP/1.1" 503 7519 "https://goldendunesfilmfestival.com/wp-admin/" "Mozilla/5.0 (Windows NT 10.0; Win64; x64) AppleWebKit/537.36 (KHTML, like Gecko) Chrome/90.0.4430.85 Safari/537.36"
57.141.0.4 - - [21/Jul/2026:12:21:08 +0000] "GET /products/5988029/ HTTP/2" 404 31912 "-" "Mozilla/5.0 (Macintosh; Intel Mac OS X 10_15_7) AppleWebKit/537.36 (KHTML, like Gecko) Chrome/145.0.0.0 Safari/537.36 (compatible; meta-externalagent/1.1 (+https://developers.facebook.com/docs/sharing/webmasters/crawler))"
198.38.94.67 - - [21/Jul/2026:12:21:13 +0000] "POST /?wordfence_syncAttackData=1784636473.8259 HTTP/1.1" 200 0 "-" "WordPress/7.0.1; https://goldendunesfilmfestival.com"
136.144.33.71 - - [21/Jul/2026:12:21:13 +0000] "POST /wp-login.php HTTP/1.1" 503 7739 "https://goldendunesfilmfestival.com/wp-admin/" "Mozilla/5.0 (Windows NT 10.0; Win64; x64) AppleWebKit/537.36 (KHTML, like Gecko) Chrome/90.0.4430.85 Safari/537.36"
136.144.33.71 - - [21/Jul/2026:12:21:15 +0000] "POST /admin HTTP/1.1" 503 7519 "https://goldendunesfilmfestival.com/wp-admin/" "Mozilla/5.0 (Windows NT 10.0; Win64; x64) AppleWebKit/537.36 (KHTML, like Gecko) Chrome/90.0.4430.85 Safari/537.36"
57.141.0.69 - - [21/Jul/2026:12:21:20 +0000] "GET /products/14096163/ HTTP/2" 404 31916 "-" "Mozilla/5.0 (Windows NT 10.0; Win64; x64) AppleWebKit/537.36 (KHTML, like Gecko) Chrome/145.0.0.0 Safari/537.36 (compatible; meta-externalagent/1.1 (+https://developers.facebook.com/docs/sharing/webmasters/crawler))"
172.245.102.91 - - [21/Jul/2026:12:21:21 +0000] "POST /wp-login.php HTTP/1.1" 503 7739 "https://goldendunesfilmfestival.com/wp-admin/" "Mozilla/5.0 (Windows NT 10.0; Win64; x64) AppleWebKit/537.36 (KHTML, like Gecko) Chrome/90.0.4430.85 Safari/537.36"
172.245.102.91 - - [21/Jul/2026:12:21:22 +0000] "POST /admin HTTP/1.1" 503 7519 "https://goldendunesfilmfestival.com/wp-admin/" "Mozilla/5.0 (Windows NT 10.0; Win64; x64) AppleWebKit/537.36 (KHTML, like Gecko) Chrome/90.0.4430.85 Safari/537.36"
198.38.94.67 - - [21/Jul/2026:12:21:23 +0000] "POST /?wordfence_syncAttackData=1784636483.6179 HTTP/1.1" 200 0 "-" "WordPress/7.0.1; https://goldendunesfilmfestival.com"
57.141.0.14 - - [21/Jul/2026:12:21:23 +0000] "GET /products/3562463/ HTTP/2" 301 0 "-" "Mozilla/5.0 (Windows NT 10.0; Win64; x64) AppleWebKit/537.36 (KHTML, like Gecko) Chrome/145.0.0.0 Safari/537.36 (compatible; meta-externalagent/1.1 (+https://developers.facebook.com/docs/sharing/webmasters/crawler))"
136.144.33.85 - - [21/Jul/2026:12:21:27 +0000] "POST /wp-login.php HTTP/1.1" 503 7519 "https://goldendunesfilmfestival.com/wp-admin/" "Mozilla/5.0 (Windows NT 10.0; Win64; x64) AppleWebKit/537.36 (KHTML, like Gecko) Chrome/90.0.4430.85 Safari/537.36"
136.144.33.85 - - [21/Jul/2026:12:21:27 +0000] "POST /admin HTTP/1.1" 503 7519 "https://goldendunesfilmfestival.com/wp-admin/" "Mozilla/5.0 (Windows NT 10.0; Win64; x64) AppleWebKit/537.36 (KHTML, like Gecko) Chrome/90.0.4430.85 Safari/537.36"
57.141.0.47 - - [21/Jul/2026:12:21:28 +0000] "GET /products/23066118/ HTTP/2" 404 31916 "-" "Mozilla/5.0 (Windows NT 10.0; Win64; x64) AppleWebKit/537.36 (KHTML, like Gecko) Chrome/145.0.0.0 Safari/537.36 (compatible; meta-externalagent/1.1 (+https://developers.facebook.com/docs/sharing/webmasters/crawler))"
198.38.94.67 - - [21/Jul/2026:12:21:38 +0000] "POST /?wordfence_syncAttackData=1784636498.4494 HTTP/1.1" 200 0 "-" "WordPress/7.0.1; https://goldendunesfilmfestival.com"
57.141.0.5 - - [21/Jul/2026:12:21:38 +0000] "GET /products/24755918/ HTTP/2" 301 0 "-" "Mozilla/5.0 (Windows NT 10.0; Win64; x64) AppleWebKit/537.36 (KHTML, like Gecko) Chrome/145.0.0.0 Safari/537.36 (compatible; meta-externalagent/1.1 (+https://developers.facebook.com/docs/sharing/webmasters/crawler))"
136.144.33.95 - - [21/Jul/2026:12:21:46 +0000] "POST /wp-login.php HTTP/1.1" 503 7519 "https://goldendunesfilmfestival.com/wp-admin/" "Mozilla/5.0 (Windows NT 10.0; Win64; x64) AppleWebKit/537.36 (KHTML, like Gecko) Chrome/90.0.4430.85 Safari/537.36"
136.144.33.95 - - [21/Jul/2026:12:21:47 +0000] "POST /admin HTTP/1.1" 503 7519 "https://goldendunesfilmfestival.com/wp-admin/" "Mozilla/5.0 (Windows NT 10.0; Win64; x64) AppleWebKit/537.36 (KHTML, like Gecko) Chrome/90.0.4430.85 Safari/537.36"
198.38.94.67 - - [21/Jul/2026:12:21:48 +0000] "POST /wp-cron.php?doing_wp_cron=1784636508.1598811149597167968750 HTTP/1.1" 200 0 "-" "WordPress/7.0.1; https://goldendunesfilmfestival.com"
198.38.94.67 - - [21/Jul/2026:12:21:48 +0000] "POST /?wordfence_syncAttackData=1784636507.9005 HTTP/1.1" 200 0 "-" "WordPress/7.0.1; https://goldendunesfilmfestival.com"
198.38.94.67 - - [21/Jul/2026:12:21:48 +0000] "POST /wp-cron.php?doing_wp_cron=1784636508.3720870018005371093750 HTTP/1.1" 200 0 "-" "WordPress/7.0.1; https://goldendunesfilmfestival.com"
57.141.0.37 - - [21/Jul/2026:12:21:47 +0000] "GET /products/25475130/ HTTP/2" 404 31916 "-" "Mozilla/5.0 (Windows NT 10.0; Win64; x64) AppleWebKit/537.36 (KHTML, like Gecko) Chrome/145.0.0.0 Safari/537.36 (compatible; meta-externalagent/1.1 (+https://developers.facebook.com/docs/sharing/webmasters/crawler))"
37.59.204.147 - - [21/Jul/2026:12:21:51 +0000] "GET /unibet-%CE%BA%CE%B1%CE%B6%CE%AF%CE%BD%CE%BF/ HTTP/2" 404 7090 "-" "Mozilla/5.0 (compatible; AhrefsBot/7.0; +http://ahrefs.com/robot/)"
136.144.33.68 - - [21/Jul/2026:12:21:54 +0000] "POST /wp-login.php HTTP/1.1" 503 7519 "https://goldendunesfilmfestival.com/wp-admin/" "Mozilla/5.0 (Windows NT 10.0; Win64; x64) AppleWebKit/537.36 (KHTML, like Gecko) Chrome/90.0.4430.85 Safari/537.36"
136.144.33.68 - - [21/Jul/2026:12:21:55 +0000] "POST /admin HTTP/1.1" 503 7519 "https://goldendunesfilmfestival.com/wp-admin/" "Mozilla/5.0 (Windows NT 10.0; Win64; x64) AppleWebKit/537.36 (KHTML, like Gecko) Chrome/90.0.4430.85 Safari/537.36"
57.141.0.23 - - [21/Jul/2026:12:21:55 +0000] "GET /products/3163230/ HTTP/2" 404 31912 "-" "Mozilla/5.0 (Macintosh; Intel Mac OS X 10_15_7) AppleWebKit/537.36 (KHTML, like Gecko) Chrome/145.0.0.0 Safari/537.36 (compatible; meta-externalagent/1.1 (+https://developers.facebook.com/docs/sharing/webmasters/crawler))"
198.38.94.67 - - [21/Jul/2026:12:22:03 +0000] "POST /?wordfence_syncAttackData=1784636523.8685 HTTP/1.1" 200 0 "-" "WordPress/7.0.1; https://goldendunesfilmfestival.com"
136.144.33.88 - - [21/Jul/2026:12:22:03 +0000] "POST /wp-login.php HTTP/1.1" 503 7739 "https://goldendunesfilmfestival.com/wp-admin/" "Mozilla/5.0 (Windows NT 10.0; Win64; x64) AppleWebKit/537.36 (KHTML, like Gecko) Chrome/90.0.4430.85 Safari/537.36"
136.144.33.88 - - [21/Jul/2026:12:22:05 +0000] "POST /admin HTTP/1.1" 503 7519 "https://goldendunesfilmfestival.com/wp-admin/" "Mozilla/5.0 (Windows NT 10.0; Win64; x64) AppleWebKit/537.36 (KHTML, like Gecko) Chrome/90.0.4430.85 Safari/537.36"
57.141.0.22 - - [21/Jul/2026:12:22:09 +0000] "GET /products/17552296/ HTTP/2" 404 31912 "-" "Mozilla/5.0 (Macintosh; Intel Mac OS X 10_15_7) AppleWebKit/537.36 (KHTML, like Gecko) Chrome/145.0.0.0 Safari/537.36 (compatible; meta-externalagent/1.1 (+https://developers.facebook.com/docs/sharing/webmasters/crawler))"
57.141.0.20 - - [21/Jul/2026:12:22:11 +0000] "GET /products/23511963/ HTTP/2" 404 31914 "-" "Mozilla/5.0 (X11; Linux x86_64) AppleWebKit/537.36 (KHTML, like Gecko) Chrome/145.0.0.0 Safari/537.36 (compatible; meta-externalagent/1.1 (+https://developers.facebook.com/docs/sharing/webmasters/crawler))"
198.38.94.67 - - [21/Jul/2026:12:22:58 +0000] "POST /wp-cron.php?doing_wp_cron=1784636578.4413220882415771484375 HTTP/1.1" 200 0 "-" "WordPress/7.0.1; https://goldendunesfilmfestival.com"
198.38.94.67 - - [21/Jul/2026:12:22:58 +0000] "POST /?wordfence_syncAttackData=1784636578.1397 HTTP/1.1" 200 0 "-" "WordPress/7.0.1; https://goldendunesfilmfestival.com"
198.38.94.67 - - [21/Jul/2026:12:22:58 +0000] "POST /wp-cron.php?doing_wp_cron=1784636578.7141869068145751953125 HTTP/1.1" 200 0 "-" "WordPress/7.0.1; https://goldendunesfilmfestival.com"
57.141.0.30 - - [21/Jul/2026:12:22:58 +0000] "GET /products/20812574/ HTTP/2" 404 31915 "-" "Mozilla/5.0 (Windows NT 10.0; Win64; x64; rv:147.0) Gecko/20100101 Firefox/147.0 (compatible; meta-externalagent/1.1 (+https://developers.facebook.com/docs/sharing/webmasters/crawler))"
57.141.0.59 - - [21/Jul/2026:12:23:07 +0000] "GET /products/25392285/ HTTP/2" 404 31912 "-" "Mozilla/5.0 (Macintosh; Intel Mac OS X 10_15_7) AppleWebKit/537.36 (KHTML, like Gecko) Chrome/145.0.0.0 Safari/537.36 (compatible; meta-externalagent/1.1 (+https://developers.facebook.com/docs/sharing/webmasters/crawler))"
